[INFO] fetching crate stof 0.10.2...
[INFO] testing stof-0.10.2 against 1.100.0-beta.1 for beta-1.100-2
[INFO] extracting crate stof 0.10.2 into /workspace/builds/worker-2-tc2/source
[INFO] started tweaking crates.io crate stof 0.10.2
[INFO] finished tweaking crates.io crate stof 0.10.2
[INFO] tweaked toml for crates.io crate stof 0.10.2 written to /workspace/builds/worker-2-tc2/source/Cargo.toml
[INFO] validating manifest of crates.io crate stof 0.10.2 on toolchain 1.100.0-beta.1
[INFO] running `Command { std: CARGO_HOME="/workspace/cargo-home" RUSTUP_HOME="/workspace/rustup-home" "/workspace/cargo-home/bin/cargo" "+1.100.0-beta.1" "metadata" "--manifest-path" "Cargo.toml" "--no-deps", kill_on_drop: false }`
[INFO] crate crates.io crate stof 0.10.2 already has a lockfile, it will not be regenerated
[INFO] running `Command { std: CARGO_HOME="/workspace/cargo-home" RUSTUP_HOME="/workspace/rustup-home" "/workspace/cargo-home/bin/cargo" "+1.100.0-beta.1" "fetch" "--manifest-path" "Cargo.toml", kill_on_drop: false }`
[INFO] running `Command { std: "docker" "create" "-v" "/var/lib/crater-agent-workspace/builds/worker-2-tc2/source:/opt/rustwide/workdir:ro,Z" "-v" "/var/lib/crater-agent-workspace/builds/worker-2-tc2/target:/opt/rustwide/target:rw,Z" "-v" "/var/lib/crater-agent-workspace/cargo-home:/opt/rustwide/cargo-home:ro,Z" "-v" "/var/lib/crater-agent-workspace/rustup-home:/opt/rustwide/rustup-home:ro,Z" "-m" "1610612736" "--network" "none" "ghcr.io/rust-lang/crates-build-env/linux@sha256:3111399a4047eeb3a02b7a90e478d715f38a8c6669b5c4b49d30a17385265909" "sleep" "infinity", kill_on_drop: false }`
[INFO] [stdout] 68658976158ad7d92ef506d70a05e177a4874f381bda0f1369e71c55b1288364
[INFO] running `Command { std: "docker" "start" "68658976158ad7d92ef506d70a05e177a4874f381bda0f1369e71c55b1288364", kill_on_drop: false }`
[INFO] running `Command { std: "docker" "inspect" "68658976158ad7d92ef506d70a05e177a4874f381bda0f1369e71c55b1288364", kill_on_drop: false }`
[INFO] running `Command { std: "docker" "exec" "-e" "SOURCE_DIR=/opt/rustwide/workdir" "-e" "CARGO_HOME=/opt/rustwide/cargo-home" "-e" "RUSTUP_HOME=/opt/rustwide/rustup-home" "-e" "CARGO_TARGET_DIR=/opt/rustwide/target" "-w" "/opt/rustwide/workdir" "--user" "0:0" "68658976158ad7d92ef506d70a05e177a4874f381bda0f1369e71c55b1288364" "/opt/rustwide/cargo-home/bin/cargo" "+1.100.0-beta.1" "metadata" "--no-deps" "--format-version=1", kill_on_drop: false }`
[INFO] running `Command { std: "docker" "inspect" "68658976158ad7d92ef506d70a05e177a4874f381bda0f1369e71c55b1288364", kill_on_drop: false }`
[INFO] running `Command { std: "docker" "exec" "-e" "SOURCE_DIR=/opt/rustwide/workdir" "-e" "CARGO_HOME=/opt/rustwide/cargo-home" "-e" "RUSTUP_HOME=/opt/rustwide/rustup-home" "-e" "CARGO_TARGET_DIR=/opt/rustwide/target" "-e" "CARGO_INCREMENTAL=0" "-e" "RUST_BACKTRACE=full" "-e" "RUSTFLAGS=--cap-lints=warn" "-e" "RUSTDOCFLAGS=--cap-lints=warn" "-w" "/opt/rustwide/workdir" "--user" "0:0" "68658976158ad7d92ef506d70a05e177a4874f381bda0f1369e71c55b1288364" "/opt/rustwide/cargo-home/bin/cargo" "+1.100.0-beta.1" "build" "--frozen" "--message-format=json", kill_on_drop: false }`
[INFO] [stderr]    Compiling serde_core v1.0.229
[INFO] [stderr]    Compiling jobserver v0.1.35
[INFO] [stderr]    Compiling pkg-config v0.3.34
[INFO] [stderr]    Compiling serde v1.0.229
[INFO] [stderr]    Compiling zerocopy v0.8.59
[INFO] [stderr]    Compiling memchr v2.8.3
[INFO] [stderr]    Compiling getrandom v0.2.17
[INFO] [stderr]    Compiling typeid v1.0.3
[INFO] [stderr]    Compiling crc32fast v1.5.2
[INFO] [stderr]    Compiling zstd-safe v7.3.0
[INFO] [stderr]    Compiling num-traits v0.2.19
[INFO] [stderr]    Compiling getrandom v0.3.4
[INFO] [stderr]    Compiling inout v0.1.4
[INFO] [stderr]    Compiling digest v0.10.7
[INFO] [stderr]    Compiling syn v2.0.119
[INFO] [stderr]    Compiling bytemuck v1.25.2
[INFO] [stderr]    Compiling rand_core v0.6.4
[INFO] [stderr]    Compiling erased-serde v0.4.10
[INFO] [stderr]    Compiling hmac v0.12.1
[INFO] [stderr]    Compiling cipher v0.4.4
[INFO] [stderr]    Compiling cc v1.5.1
[INFO] [stderr]    Compiling safe_arch v0.7.4
[INFO] [stderr]    Compiling smallvec v1.16.2
[INFO] [stderr]    Compiling bumpalo v3.20.3
[INFO] [stderr]    Compiling log v0.4.34
[INFO] [stderr]    Compiling serde_json v1.0.151
[INFO] [stderr]    Compiling typetag v0.2.23
[INFO] [stderr]    Compiling rand_core v0.9.5
[INFO] [stderr]    Compiling triomphe v0.1.16
[INFO] [stderr]    Compiling num-conv v0.2.2
[INFO] [stderr]    Compiling simd-adler32 v0.3.10
[INFO] [stderr]    Compiling libbz2-rs-sys v0.2.5
[INFO] [stderr]    Compiling powerfmt v0.2.0
[INFO] [stderr]    Compiling deranged v0.5.8
[INFO] [stderr]    Compiling zlib-rs v0.6.8
[INFO] [stderr]    Compiling time-core v0.1.9
[INFO] [stderr]    Compiling winnow v1.0.4
[INFO] [stderr]    Compiling parking_lot_core v0.9.12
[INFO] [stderr]    Compiling rand_xoshiro v0.7.0
[INFO] [stderr]    Compiling archery v1.2.3
[INFO] [stderr]    Compiling wide v0.7.33
[INFO] [stderr]    Compiling aho-corasick v1.1.5
[INFO] [stderr]    Compiling aes v0.8.4
[INFO] [stderr]    Compiling zopfli v0.8.3
[INFO] [stderr]    Compiling toml_parser v1.1.3+spec-1.1.0
[INFO] [stderr]    Compiling castaway v0.2.4
[INFO] [stderr]    Compiling pbkdf2 v0.12.2
[INFO] [stderr]    Compiling sha1 v0.10.7
[INFO] [stderr]    Compiling typetag-impl v0.2.23
[INFO] [stderr]    Compiling bzip2 v0.6.1
[INFO] [stderr]    Compiling winnow v0.7.15
[INFO] [stderr]    Compiling constant_time_eq v0.3.1
[INFO] [stderr]    Compiling same-file v1.0.6
[INFO] [stderr]    Compiling deflate64 v0.1.12
[INFO] [stderr]    Compiling unicode-id v0.3.7
[INFO] [stderr]    Compiling time v0.3.55
[INFO] [stderr]    Compiling inventory v0.3.24
[INFO] [stderr]    Compiling imbl-sized-chunks v0.2.0
[INFO] [stderr]    Compiling iana-time-zone v0.1.65
[INFO] [stderr]    Compiling toml_writer v1.1.2+spec-1.1.0
[INFO] [stderr]    Compiling once_cell v1.21.4
[INFO] [stderr]    Compiling ppmd-rust v1.5.0
[INFO] [stderr]    Compiling chrono v0.4.45
[INFO] [stderr]    Compiling walkdir v2.5.0
[INFO] [stderr]    Compiling nom v8.0.0
[INFO] [stderr]    Compiling web-time v1.1.0
[INFO] [stderr]    Compiling colored v3.1.1
[INFO] [stderr]    Compiling rustc-hash v2.1.3
[INFO] [stderr]    Compiling urlencoding v2.1.3
[INFO] [stderr]    Compiling regex-automata v0.4.18
[INFO] [stderr]    Compiling zstd-sys v2.1.0+zstd.1.5.7
[INFO] [stderr]    Compiling liblzma-sys v0.4.9
[INFO] [stderr]    Compiling psm v0.1.32
[INFO] [stderr]    Compiling stacker v0.1.25
[INFO] [stderr]    Compiling indexmap v2.14.2
[INFO] [stderr]    Compiling serde_spanned v1.1.1
[INFO] [stderr]    Compiling toml_datetime v0.7.5+spec-1.1.0
[INFO] [stderr]    Compiling imbl v7.0.2
[INFO] [stderr]    Compiling lock_api v0.4.14
[INFO] [stderr]    Compiling compact_str v0.9.1
[INFO] [stderr]    Compiling serde_yaml v0.9.34+deprecated
[INFO] [stderr]    Compiling flate2 v1.1.10
[INFO] [stderr]    Compiling parking_lot v0.12.5
[INFO] [stderr]    Compiling toml v0.9.12+spec-1.1.0
[INFO] [stderr]    Compiling arcstr v1.2.0
[INFO] [stderr]    Compiling bytes v1.12.1
[INFO] [stderr]    Compiling markdown v1.0.0
[INFO] [stderr]    Compiling bincode v1.3.3
[INFO] [stderr]    Compiling regex v1.13.1
[INFO] [stderr]    Compiling ppv-lite86 v0.2.21
[INFO] [stderr]    Compiling zeroize_derive v1.5.0
[INFO] [stderr]    Compiling zstd v0.13.3
[INFO] [stderr]    Compiling rand_chacha v0.3.1
[INFO] [stderr]    Compiling rand v0.8.8
[INFO] [stderr]    Compiling zeroize v1.9.0
[INFO] [stderr]    Compiling liblzma v0.4.8
[INFO] [stderr]    Compiling zip v4.6.1
[INFO] [stderr]    Compiling nanoid v0.4.0
[INFO] [stderr]    Compiling stof v0.10.2 (/opt/rustwide/workdir)
[INFO] [stderr]     Finished `dev` profile [unoptimized + debuginfo] target(s) in 50.43s
[INFO] running `Command { std: "docker" "inspect" "68658976158ad7d92ef506d70a05e177a4874f381bda0f1369e71c55b1288364", kill_on_drop: false }`
[INFO] running `Command { std: "docker" "exec" "-e" "SOURCE_DIR=/opt/rustwide/workdir" "-e" "CARGO_HOME=/opt/rustwide/cargo-home" "-e" "RUSTUP_HOME=/opt/rustwide/rustup-home" "-e" "CARGO_TARGET_DIR=/opt/rustwide/target" "-e" "CARGO_INCREMENTAL=0" "-e" "RUST_BACKTRACE=full" "-e" "RUSTFLAGS=--cap-lints=warn" "-e" "RUSTDOCFLAGS=--cap-lints=warn" "-w" "/opt/rustwide/workdir" "--user" "0:0" "68658976158ad7d92ef506d70a05e177a4874f381bda0f1369e71c55b1288364" "/opt/rustwide/cargo-home/bin/cargo" "+1.100.0-beta.1" "test" "--frozen" "--no-run" "--message-format=json", kill_on_drop: false }`
[INFO] [stderr]    Compiling stof v0.10.2 (/opt/rustwide/workdir)
[INFO] [stderr]     Finished `test` profile [unoptimized + debuginfo] target(s) in 24.61s
[INFO] running `Command { std: "docker" "inspect" "68658976158ad7d92ef506d70a05e177a4874f381bda0f1369e71c55b1288364", kill_on_drop: false }`
[INFO] running `Command { std: "docker" "exec" "-e" "SOURCE_DIR=/opt/rustwide/workdir" "-e" "CARGO_HOME=/opt/rustwide/cargo-home" "-e" "RUSTUP_HOME=/opt/rustwide/rustup-home" "-e" "CARGO_TARGET_DIR=/opt/rustwide/target" "-e" "CARGO_INCREMENTAL=0" "-e" "RUST_BACKTRACE=full" "-e" "RUSTFLAGS=--cap-lints=warn" "-e" "RUSTDOCFLAGS=--cap-lints=warn" "-w" "/opt/rustwide/workdir" "--user" "0:0" "68658976158ad7d92ef506d70a05e177a4874f381bda0f1369e71c55b1288364" "/opt/rustwide/cargo-home/bin/cargo" "+1.100.0-beta.1" "test" "--frozen", kill_on_drop: false }`
[INFO] [stderr]     Finished `test` profile [unoptimized + debuginfo] target(s) in 0.33s
[INFO] [stderr]      Running unittests src/lib.rs (/opt/rustwide/target/debug/build/stof/110046aabf3347aa/out/stof-110046aabf3347aa)
[INFO] [stdout] 
[INFO] [stdout] running 157 tests
[INFO] [stdout] test model::formats::stof::tests::content_type_with_parameters ... ok
[INFO] [stdout] test model::cautious::tests::untrusted_bytes ... ok
[INFO] [stdout] test model::graph::tests::doc_field_interface ... ok
[INFO] [stdout] test model::formats::stof::tests::warns_on_library_shadowing ... ok
[INFO] [stdout] test model::formats::stof::tests::string_parse_keeps_root_objects_as_siblings ... ok
[INFO] [stdout] test model::graph::tests::create_named_path ... ok
[INFO] [stdout] test model::graph::tests::default_graph ... ok
[INFO] [stdout] test model::formats::stof::tests::sandboxed_by_default ... ok
[INFO] [stdout] test model::graph::tests::ensure_main_root ... ok
[INFO] [stdout] test model::formats::stof::tests::main_reports_functions_that_loop ... ok
[INFO] [stdout] test model::graph::tests::find_type_is_deterministic ... ok
[INFO] [stdout] test model::formats::stof::tests::library_calls_with_root_objects ... ok
[INFO] [stdout] test model::formats::stof::tests::warns_on_unknown_names ... ok
[INFO] [stdout] test model::formats::stof::tests::paths_without_self_are_absolute ... ok
[INFO] [stdout] test model::sid::tests::test_deserialize_new_format ... ok
[INFO] [stdout] test model::graph::tests::insert_node_as_root ... ok
[INFO] [stdout] test model::sid::tests::cloned ... ok
[INFO] [stdout] test model::sid::tests::default ... ok
[INFO] [stdout] test model::graph::tests::new_with_id ... ok
[INFO] [stdout] test model::graph::tests::insert_attach_data ... ok
[INFO] [stdout] test model::sid::tests::test_deserialize_old_bytes_format ... ok
[INFO] [stdout] test model::sid::tests::test_inline_optimization ... ok
[INFO] [stdout] test model::sid::tests::to_bytes ... ok
[INFO] [stdout] test model::sid::tests::test_roundtrip ... ok
[INFO] [stdout] test model::sid::tests::from_string ... ok
[INFO] [stdout] test parser::context::tests::bare_paths_are_relative_to_the_importing_file ... ok
[INFO] [stdout] test parser::context::tests::entry_file_in_working_directory ... ok
[INFO] [stdout] test parser::context::tests::extensions ... ok
[INFO] [stdout] test parser::context::tests::relative_to_importing_file ... ok
[INFO] [stdout] test parser::context::tests::relative_without_a_directory_errors ... ok
[INFO] [stdout] test model::graph::tests::move_node_up ... ok
[INFO] [stdout] test parser::context::tests::other_paths_are_used_as_given ... ok
[INFO] [stdout] test parser::context::tests::packages_spaces_and_at_signs ... ok
[INFO] [stdout] test model::sref::tests::distance_to ... ok
[INFO] [stdout] test model::graph::tests::host_paths_are_relative_to_main_root ... ok
[INFO] [stdout] test parser::expr::math::tests::bit_and ... ok
[INFO] [stdout] test parser::expr::math::tests::add ... ok
[INFO] [stdout] test model::graph::tests::paths ... ok
[INFO] [stdout] test parser::expr::math::tests::div ... ok
[INFO] [stdout] test parser::expr::math::tests::bit_xor ... ok
[INFO] [stdout] test parser::expr::math::tests::bit_shr ... ok
[INFO] [stdout] test parser::context::tests::relative_imports_on_disk ... ok
[INFO] [stdout] test parser::expr::math::tests::greater_or_eq ... ok
[INFO] [stdout] test parser::expr::math::tests::equal ... ok
[INFO] [stdout] test parser::expr::math::tests::greater ... ok
[INFO] [stdout] test parser::expr::math::tests::less_or_eq ... ok
[INFO] [stdout] test model::graph::tests::insert_external ... ok
[INFO] [stdout] test parser::expr::math::tests::bit_shl ... ok
[INFO] [stdout] test model::graph::tests::named_data ... ok
[INFO] [stdout] test parser::context::tests::import_formats ... ok
[INFO] [stdout] test parser::expr::math::tests::div_before_sub ... ok
[INFO] [stdout] test parser::expr::math::tests::less ... ok
[INFO] [stdout] test model::graph::tests::remove_node ... ok
[INFO] [stdout] test parser::expr::math::tests::bit_or ... ok
[INFO] [stdout] test model::graph::tests::runtime_errors_have_locations ... ok
[INFO] [stdout] test model::formats::stof::tests::stof_docs ... FAILED
[INFO] [stdout] test parser::expr::math::tests::logical_and ... ok
[INFO] [stdout] test parser::expr::math::tests::logical_or ... ok
[INFO] [stdout] test parser::expr::math::tests::not_equal ... ok
[INFO] [stdout] test parser::expr::math::tests::mul_before_add ... ok
[INFO] [stdout] test parser::expr::math::tests::rem ... ok
[INFO] [stdout] test parser::expr::math::tests::mul ... ok
[INFO] [stdout] test parser::expr::math::tests::sub ... ok
[INFO] [stdout] test parser::expr::math::tests::order ... ok
[INFO] [stdout] test parser::doc::tests::parse_errors_are_located ... ok
[INFO] [stdout] test parser::expr::math::tests::together ... ok
[INFO] [stdout] test parser::ident::tests::start_underscore ... ok
[INFO] [stdout] test parser::expr::tests::parse_set_expr ... ok
[INFO] [stdout] test parser::expr::tests::parse_tup_expr ... ok
[INFO] [stdout] test parser::expr::tests::parse_list_expr ... ok
[INFO] [stdout] test parser::import::tests::basic_import ... ok
[INFO] [stdout] test parser::import::tests::scope_import ... ok
[INFO] [stdout] test parser::import::tests::ext_import ... ok
[INFO] [stdout] test parser::import::tests::fmt_import ... ok
[INFO] [stdout] test parser::ident::tests::start_at ... ok
[INFO] [stdout] test parser::number::tests::integer_units ... ok
[INFO] [stdout] test parser::import::tests::together_import ... ok
[INFO] [stdout] test parser::number::tests::hex ... ok
[INFO] [stdout] test parser::number::tests::integer ... ok
[INFO] [stdout] test parser::number::tests::nbinary ... ok
[INFO] [stdout] test parser::number::tests::float ... ok
[INFO] [stdout] test parser::source::tests::locates_positions ... ok
[INFO] [stdout] test parser::number::tests::nhex ... ok
[INFO] [stdout] test parser::number::tests::octal ... ok
[INFO] [stdout] test parser::semver::tests::semver ... ok
[INFO] [stdout] test parser::expr::math::tests::wrapped ... ok
[INFO] [stdout] test parser::number::tests::noctal ... ok
[INFO] [stdout] test parser::ident::tests::ident_parse ... ok
[INFO] [stdout] test parser::statement::tests::declare_ret_block ... ok
[INFO] [stdout] test parser::string::tests::double ... ok
[INFO] [stdout] test parser::expr::tests::parse_wrapped_expr ... ok
[INFO] [stdout] test parser::number::tests::binary ... ok
[INFO] [stdout] test parser::number::tests::units ... ok
[INFO] [stdout] test parser::string::tests::double_esc ... ok
[INFO] [stdout] test parser::func::tests::basic_func ... ok
[INFO] [stdout] test parser::expr::tests::await_passthrough_expr ... ok
[INFO] [stdout] test parser::statement::tests::assignment ... ok
[INFO] [stdout] test parser::string::tests::raw_double_esc_quote ... ok
[INFO] [stdout] test parser::string::tests::single_esc ... ok
[INFO] [stdout] test parser::field::tests::basic_field ... ok
[INFO] [stdout] test parser::types::tests::parse_custom_data ... ok
[INFO] [stdout] test parser::types::tests::parse_littypes ... ok
[INFO] [stdout] test parser::types::tests::parse_promise_works ... ok
[INFO] [stdout] test parser::types::tests::parse_tuples ... ok
[INFO] [stdout] test parser::string::tests::raw ... ok
[INFO] [stdout] test parser::string::tests::single ... ok
[INFO] [stdout] test parser::whitespace::tests::block_comment ... ok
[INFO] [stdout] test parser::whitespace::tests::doc_comments ... ok
[INFO] [stdout] test parser::types::tests::from_str ... ok
[INFO] [stdout] test parser::statement::tests::try_catch_statement ... ok
[INFO] [stdout] test parser::whitespace::tests::whitespace_test ... ok
[INFO] [stdout] test parser::statement::tests::if_statement ... ok
[INFO] [stdout] test parser::whitespace::tests::single_line_comment ... ok
[INFO] [stdout] test parser::expr::tests::parse_map_expr ... ok
[INFO] [stdout] test parser::types::tests::parse_union ... ok
[INFO] [stdout] test parser::types::tests::type_equality ... ok
[INFO] [stdout] test runtime::error::tests::readable_messages ... ok
[INFO] [stdout] test runtime::instructions::empty::tests::empty ... ok
[INFO] [stdout] test runtime::instructions::ifs::tests::if_false ... ok
[INFO] [stdout] test runtime::instructions::ifs::tests::if_true ... ok
[INFO] [stdout] test runtime::error::tests::argument_errors ... ok
[INFO] [stdout] test runtime::instructions::ops::tests::and_op_false_second ... ok
[INFO] [stdout] test runtime::instructions::ops::tests::bit_or ... ok
[INFO] [stdout] test runtime::instructions::ops::tests::and_op_false_first ... ok
[INFO] [stdout] test parser::string::tests::value ... ok
[INFO] [stdout] test runtime::instructions::ops::tests::add_op ... ok
[INFO] [stdout] test runtime::instructions::ops::tests::bit_shift_right ... ok
[INFO] [stdout] test runtime::instructions::ops::tests::and_op_true ... ok
[INFO] [stdout] test runtime::instructions::ops::tests::bit_xor ... ok
[INFO] [stdout] test runtime::instructions::ops::tests::bit_and ... ok
[INFO] [stdout] test runtime::instructions::ops::tests::bit_shift_left ... ok
[INFO] [stdout] test runtime::instructions::ops::tests::greater_than_op_false ... ok
[INFO] [stdout] test runtime::instructions::ops::tests::neq_op_false ... ok
[INFO] [stdout] test runtime::instructions::ops::tests::less_than_op_true ... ok
[INFO] [stdout] test runtime::instructions::ops::tests::less_than_op_false ... ok
[INFO] [stdout] test runtime::instructions::ops::tests::greater_than_op_true ... ok
[INFO] [stdout] test runtime::instructions::ops::tests::eq_op_false ... ok
[INFO] [stdout] test runtime::instructions::ops::tests::div_op ... ok
[INFO] [stdout] test runtime::instructions::ops::tests::greater_than_eq_op_true ... ok
[INFO] [stdout] test parser::statement::tests::while_statement ... ok
[INFO] [stdout] test runtime::instructions::ops::tests::less_than_eq_op_true ... ok
[INFO] [stdout] test runtime::instructions::ops::tests::mul_op ... ok
[INFO] [stdout] test runtime::instructions::ops::tests::eq_op_true ... ok
[INFO] [stdout] test runtime::instructions::ops::tests::neq_op_true ... ok
[INFO] [stdout] test runtime::instructions::ops::tests::or_op_true_second ... ok
[INFO] [stdout] test runtime::instructions::switch::tests::switch_pass ... ok
[INFO] [stdout] test parser::statement::tests::switch_statement ... ok
[INFO] [stdout] test runtime::instructions::ops::tests::or_op_false ... ok
[INFO] [stdout] test runtime::instructions::ops::tests::or_op_true_first ... ok
[INFO] [stdout] test runtime::instructions::trycatch::tests::no_catch ... ok
[INFO] [stdout] test runtime::instructions::ops::tests::sub_op ... ok
[INFO] [stdout] test runtime::instructions::whiles::tests::loop_keeps_execution_history ... ok
[INFO] [stdout] test runtime::instructions::ops::tests::rem_op ... ok
[INFO] [stdout] test runtime::instructions::whiles::tests::for_range_loop ... ok
[INFO] [stdout] test parser::doc::tests::basic_doc ... ok
[INFO] [stdout] test parser::statement::tests::for_statement ... ok
[INFO] [stdout] test model::formats::stof::tests::stof_suite ... FAILED
[INFO] [stdout] 
[INFO] [stdout] failures:
[INFO] [stdout] 
[INFO] [stdout] ---- model::formats::stof::tests::stof_docs stdout ----
[INFO] [stdout] 
[INFO] [stdout] thread 'model::formats::stof::tests::stof_docs' (1868) panicked at src/model/formats/stof/mod.rs:443:39:
[INFO] [stdout] called `Result::unwrap()` on an `Err` value: FormatFileExportFsError("Read-only file system (os error 30)")
[INFO] [stdout] stack backtrace:
[INFO] [stdout]    0:     0x60bb72e32081 - std[617be2ca0a6fd877]::backtrace_rs::backtrace::libunwind::trace
[INFO] [stdout]                                at /rustc/e3feeb59cd1bdd011a2bfcc0747b55125d9b8527/library/std/src/../../backtrace/src/backtrace/libunwind.rs:117:9
[INFO] [stdout]    1:     0x60bb72e32081 - std[617be2ca0a6fd877]::backtrace_rs::backtrace::trace_unsynchronized::<std[617be2ca0a6fd877]::sys::backtrace::_print_fmt::{closure#1}>
[INFO] [stdout]                                at /rustc/e3feeb59cd1bdd011a2bfcc0747b55125d9b8527/library/std/src/../../backtrace/src/backtrace/mod.rs:66:14
[INFO] [stdout]    2:     0x60bb72e32081 - std[617be2ca0a6fd877]::sys::backtrace::_print_fmt
[INFO] [stdout]                                at /rustc/e3feeb59cd1bdd011a2bfcc0747b55125d9b8527/library/std/src/sys/backtrace.rs:74:9
[INFO] [stdout]    3:     0x60bb72e32081 - <<std[617be2ca0a6fd877]::sys::backtrace::BacktraceLock>::print::DisplayBacktrace as core[a373ad73a504971]::fmt::Display>::fmt
[INFO] [stdout]                                at /rustc/e3feeb59cd1bdd011a2bfcc0747b55125d9b8527/library/std/src/sys/backtrace.rs:44:26
[INFO] [stdout]    4:     0x60bb72e4af5a - <core[a373ad73a504971]::fmt::rt::Argument>::fmt
[INFO] [stdout]                                at /rustc/e3feeb59cd1bdd011a2bfcc0747b55125d9b8527/library/core/src/fmt/rt.rs:152:76
[INFO] [stdout]    5:     0x60bb72e4af5a - core[a373ad73a504971]::fmt::write
[INFO] [stdout]    6:     0x60bb72e368dc - core[a373ad73a504971]::io::write::default_write_fmt::<alloc[2e1b2a31b91974c5]::vec::Vec<u8>>
[INFO] [stdout]                                at /rustc/e3feeb59cd1bdd011a2bfcc0747b55125d9b8527/library/core/src/io/write.rs:402:11
[INFO] [stdout]    7:     0x60bb72e368dc - <alloc[2e1b2a31b91974c5]::vec::Vec<u8> as core[a373ad73a504971]::io::write::Write>::write_fmt
[INFO] [stdout]                                at /rustc/e3feeb59cd1bdd011a2bfcc0747b55125d9b8527/library/core/src/io/write.rs:335:13
[INFO] [stdout]    8:     0x60bb72e0c046 - <std[617be2ca0a6fd877]::sys::backtrace::BacktraceLock>::print
[INFO] [stdout]                                at /rustc/e3feeb59cd1bdd011a2bfcc0747b55125d9b8527/library/std/src/sys/backtrace.rs:47:9
[INFO] [stdout]    9:     0x60bb72e0c046 - std[617be2ca0a6fd877]::panicking::default_hook::{closure#0}
[INFO] [stdout]                                at /rustc/e3feeb59cd1bdd011a2bfcc0747b55125d9b8527/library/std/src/panicking.rs:289:27
[INFO] [stdout]   10:     0x60bb72e293b9 - std[617be2ca0a6fd877]::panicking::default_hook
[INFO] [stdout]                                at /rustc/e3feeb59cd1bdd011a2bfcc0747b55125d9b8527/library/std/src/panicking.rs:313:9
[INFO] [stdout]   11:     0x60bb728c7980 - <alloc[2e1b2a31b91974c5]::boxed::Box<dyn for<'a, 'b> core[a373ad73a504971]::ops::function::Fn<(&'a std[617be2ca0a6fd877]::panic::PanicHookInfo<'b>,), Output = ()> + core[a373ad73a504971]::marker::Sync + core[a373ad73a504971]::marker::Send> as core[a373ad73a504971]::ops::function::Fn<(&std[617be2ca0a6fd877]::panic::PanicHookInfo,)>>::call
[INFO] [stdout]                                at /rustc/e3feeb59cd1bdd011a2bfcc0747b55125d9b8527/library/alloc/src/boxed.rs:2328:9
[INFO] [stdout]   12:     0x60bb728c7980 - test[aada8e7e76ba119b]::test_main_inner::{closure#0}
[INFO] [stdout]                                at /rustc/e3feeb59cd1bdd011a2bfcc0747b55125d9b8527/library/test/src/lib.rs:137:21
[INFO] [stdout]   13:     0x60bb72e296e2 - <alloc[2e1b2a31b91974c5]::boxed::Box<dyn for<'a, 'b> core[a373ad73a504971]::ops::function::Fn<(&'a std[617be2ca0a6fd877]::panic::PanicHookInfo<'b>,), Output = ()> + core[a373ad73a504971]::marker::Sync + core[a373ad73a504971]::marker::Send> as core[a373ad73a504971]::ops::function::Fn<(&std[617be2ca0a6fd877]::panic::PanicHookInfo,)>>::call
[INFO] [stdout]                                at /rustc/e3feeb59cd1bdd011a2bfcc0747b55125d9b8527/library/alloc/src/boxed.rs:2328:9
[INFO] [stdout]   14:     0x60bb72e296e2 - std[617be2ca0a6fd877]::panicking::panic_with_hook
[INFO] [stdout]                                at /rustc/e3feeb59cd1bdd011a2bfcc0747b55125d9b8527/library/std/src/panicking.rs:819:13
[INFO] [stdout]   15:     0x60bb72e0c0f2 - std[617be2ca0a6fd877]::panicking::panic_handler::{closure#0}
[INFO] [stdout]                                at /rustc/e3feeb59cd1bdd011a2bfcc0747b55125d9b8527/library/std/src/panicking.rs:685:13
[INFO] [stdout]   16:     0x60bb72e04999 - std[617be2ca0a6fd877]::sys::backtrace::__rust_end_short_backtrace::<std[617be2ca0a6fd877]::panicking::panic_handler::{closure#0}, !>
[INFO] [stdout]                                at /rustc/e3feeb59cd1bdd011a2bfcc0747b55125d9b8527/library/std/src/sys/backtrace.rs:182:18
[INFO] [stdout]   17:     0x60bb72e0cf1d - __rustc[ea4f61d10b84890b]::rust_begin_unwind
[INFO] [stdout]                                at /rustc/e3feeb59cd1bdd011a2bfcc0747b55125d9b8527/library/std/src/panicking.rs:676:5
[INFO] [stdout]   18:     0x60bb72e4b7fc - core[a373ad73a504971]::panicking::panic_fmt
[INFO] [stdout]                                at /rustc/e3feeb59cd1bdd011a2bfcc0747b55125d9b8527/library/core/src/panicking.rs:80:14
[INFO] [stdout]   19:     0x60bb72e4b552 - core[a373ad73a504971]::result::unwrap_failed
[INFO] [stdout]                                at /rustc/e3feeb59cd1bdd011a2bfcc0747b55125d9b8527/library/core/src/result.rs:1870:5
[INFO] [stdout]   20:     0x60bb72312c30 - <core[a373ad73a504971]::result::Result<(), stof[43246b0c0edd1b46]::runtime::error::Error>>::unwrap
[INFO] [stdout]                                at /rustc/e3feeb59cd1bdd011a2bfcc0747b55125d9b8527/library/core/src/result.rs:1232:23
[INFO] [stdout]   21:     0x60bb72312c30 - stof[43246b0c0edd1b46]::model::formats::stof::tests::stof_docs
[INFO] [stdout]                                at /opt/rustwide/workdir/src/model/formats/stof/mod.rs:443:39
[INFO] [stdout]   22:     0x60bb722c5307 - stof[43246b0c0edd1b46]::model::formats::stof::tests::stof_docs::{closure#0}
[INFO] [stdout]                                at /opt/rustwide/workdir/src/model/formats/stof/mod.rs:435:19
[INFO] [stdout]   23:     0x60bb72146c96 - <stof[43246b0c0edd1b46]::model::formats::stof::tests::stof_docs::{closure#0} as core[a373ad73a504971]::ops::function::FnOnce<()>>::call_once
[INFO] [stdout]                                at /rustc/e3feeb59cd1bdd011a2bfcc0747b55125d9b8527/library/core/src/ops/function.rs:250:5
[INFO] [stdout]   24:     0x60bb728badcb - <fn() -> core[a373ad73a504971]::result::Result<(), alloc[2e1b2a31b91974c5]::string::String> as core[a373ad73a504971]::ops::function::FnOnce<()>>::call_once
[INFO] [stdout]                                at /rustc/e3feeb59cd1bdd011a2bfcc0747b55125d9b8527/library/core/src/ops/function.rs:250:5
[INFO] [stdout]   25:     0x60bb728badcb - test[aada8e7e76ba119b]::__rust_begin_short_backtrace::<core[a373ad73a504971]::result::Result<(), alloc[2e1b2a31b91974c5]::string::String>, fn() -> core[a373ad73a504971]::result::Result<(), alloc[2e1b2a31b91974c5]::string::String>>
[INFO] [stdout]                                at /rustc/e3feeb59cd1bdd011a2bfcc0747b55125d9b8527/library/test/src/lib.rs:701:18
[INFO] [stdout]   26:     0x60bb728c7fa5 - test[aada8e7e76ba119b]::run_test_in_process::{closure#0}
[INFO] [stdout]                                at /rustc/e3feeb59cd1bdd011a2bfcc0747b55125d9b8527/library/test/src/lib.rs:724:74
[INFO] [stdout]   27:     0x60bb728c7fa5 - <core[a373ad73a504971]::panic::unwind_safe::AssertUnwindSafe<test[aada8e7e76ba119b]::run_test_in_process::{closure#0}> as core[a373ad73a504971]::ops::function::FnOnce<()>>::call_once
[INFO] [stdout]                                at /rustc/e3feeb59cd1bdd011a2bfcc0747b55125d9b8527/library/core/src/panic/unwind_safe.rs:275:9
[INFO] [stdout]   28:     0x60bb728c7fa5 - std[617be2ca0a6fd877]::panicking::catch_unwind::do_call::<core[a373ad73a504971]::panic::unwind_safe::AssertUnwindSafe<test[aada8e7e76ba119b]::run_test_in_process::{closure#0}>, core[a373ad73a504971]::result::Result<(), alloc[2e1b2a31b91974c5]::string::String>>
[INFO] [stdout]                                at /rustc/e3feeb59cd1bdd011a2bfcc0747b55125d9b8527/library/std/src/panicking.rs:573:43
[INFO] [stdout]   29:     0x60bb728c7fa5 - std[617be2ca0a6fd877]::panicking::catch_unwind::<core[a373ad73a504971]::result::Result<(), alloc[2e1b2a31b91974c5]::string::String>, core[a373ad73a504971]::panic::unwind_safe::AssertUnwindSafe<test[aada8e7e76ba119b]::run_test_in_process::{closure#0}>>
[INFO] [stdout]                                at /rustc/e3feeb59cd1bdd011a2bfcc0747b55125d9b8527/library/std/src/panicking.rs:541:19
[INFO] [stdout]   30:     0x60bb728c7fa5 - std[617be2ca0a6fd877]::panic::catch_unwind::<core[a373ad73a504971]::panic::unwind_safe::AssertUnwindSafe<test[aada8e7e76ba119b]::run_test_in_process::{closure#0}>, core[a373ad73a504971]::result::Result<(), alloc[2e1b2a31b91974c5]::string::String>>
[INFO] [stdout]                                at /rustc/e3feeb59cd1bdd011a2bfcc0747b55125d9b8527/library/std/src/panic.rs:359:14
[INFO] [stdout]   31:     0x60bb728c7fa5 - test[aada8e7e76ba119b]::run_test_in_process
[INFO] [stdout]                                at /rustc/e3feeb59cd1bdd011a2bfcc0747b55125d9b8527/library/test/src/lib.rs:724:27
[INFO] [stdout]   32:     0x60bb728c7fa5 - test[aada8e7e76ba119b]::run_test::{closure#0}
[INFO] [stdout]                                at /rustc/e3feeb59cd1bdd011a2bfcc0747b55125d9b8527/library/test/src/lib.rs:645:43
[INFO] [stdout]   33:     0x60bb728c1894 - test[aada8e7e76ba119b]::run_test::{closure#1}
[INFO] [stdout]                                at /rustc/e3feeb59cd1bdd011a2bfcc0747b55125d9b8527/library/test/src/lib.rs:675:41
[INFO] [stdout]   34:     0x60bb728c1894 - std[617be2ca0a6fd877]::sys::backtrace::__rust_begin_short_backtrace::<test[aada8e7e76ba119b]::run_test::{closure#1}, ()>
[INFO] [stdout]                                at /rustc/e3feeb59cd1bdd011a2bfcc0747b55125d9b8527/library/std/src/sys/backtrace.rs:166:18
[INFO] [stdout]   35:     0x60bb728cb032 - std[617be2ca0a6fd877]::thread::lifecycle::spawn_unchecked::<test[aada8e7e76ba119b]::run_test::{closure#1}, ()>::{closure#1}::{closure#0}
[INFO] [stdout]                                at /rustc/e3feeb59cd1bdd011a2bfcc0747b55125d9b8527/library/std/src/thread/lifecycle.rs:70:13
[INFO] [stdout]   36:     0x60bb728cb032 - <core[a373ad73a504971]::panic::unwind_safe::AssertUnwindSafe<std[617be2ca0a6fd877]::thread::lifecycle::spawn_unchecked<test[aada8e7e76ba119b]::run_test::{closure#1}, ()>::{closure#1}::{closure#0}> as core[a373ad73a504971]::ops::function::FnOnce<()>>::call_once
[INFO] [stdout]                                at /rustc/e3feeb59cd1bdd011a2bfcc0747b55125d9b8527/library/core/src/panic/unwind_safe.rs:275:9
[INFO] [stdout]   37:     0x60bb728cb032 - std[617be2ca0a6fd877]::panicking::catch_unwind::do_call::<core[a373ad73a504971]::panic::unwind_safe::AssertUnwindSafe<std[617be2ca0a6fd877]::thread::lifecycle::spawn_unchecked<test[aada8e7e76ba119b]::run_test::{closure#1}, ()>::{closure#1}::{closure#0}>, ()>
[INFO] [stdout]                                at /rustc/e3feeb59cd1bdd011a2bfcc0747b55125d9b8527/library/std/src/panicking.rs:573:43
[INFO] [stdout]   38:     0x60bb728cb032 - std[617be2ca0a6fd877]::panicking::catch_unwind::<(), core[a373ad73a504971]::panic::unwind_safe::AssertUnwindSafe<std[617be2ca0a6fd877]::thread::lifecycle::spawn_unchecked<test[aada8e7e76ba119b]::run_test::{closure#1}, ()>::{closure#1}::{closure#0}>>
[INFO] [stdout]                                at /rustc/e3feeb59cd1bdd011a2bfcc0747b55125d9b8527/library/std/src/panicking.rs:541:19
[INFO] [stdout]   39:     0x60bb728cb032 - std[617be2ca0a6fd877]::panic::catch_unwind::<core[a373ad73a504971]::panic::unwind_safe::AssertUnwindSafe<std[617be2ca0a6fd877]::thread::lifecycle::spawn_unchecked<test[aada8e7e76ba119b]::run_test::{closure#1}, ()>::{closure#1}::{closure#0}>, ()>
[INFO] [stdout]                                at /rustc/e3feeb59cd1bdd011a2bfcc0747b55125d9b8527/library/std/src/panic.rs:359:14
[INFO] [stdout]   40:     0x60bb728cb032 - std[617be2ca0a6fd877]::thread::lifecycle::spawn_unchecked::<test[aada8e7e76ba119b]::run_test::{closure#1}, ()>::{closure#1}
[INFO] [stdout]                                at /rustc/e3feeb59cd1bdd011a2bfcc0747b55125d9b8527/library/std/src/thread/lifecycle.rs:68:26
[INFO] [stdout]   41:     0x60bb728cb032 - <std[617be2ca0a6fd877]::thread::lifecycle::spawn_unchecked<test[aada8e7e76ba119b]::run_test::{closure#1}, ()>::{closure#1} as core[a373ad73a504971]::ops::function::FnOnce<()>>::call_once::{shim:vtable#0}
[INFO] [stdout]                                at /rustc/e3feeb59cd1bdd011a2bfcc0747b55125d9b8527/library/core/src/ops/function.rs:250:5
[INFO] [stdout]   42:     0x60bb72e3107f - <alloc[2e1b2a31b91974c5]::boxed::Box<dyn core[a373ad73a504971]::ops::function::FnOnce<(), Output = ()> + core[a373ad73a504971]::marker::Send> as core[a373ad73a504971]::ops::function::FnOnce<()>>::call_once
[INFO] [stdout]                                at /rustc/e3feeb59cd1bdd011a2bfcc0747b55125d9b8527/library/alloc/src/boxed.rs:2314:9
[INFO] [stdout]   43:     0x60bb72e3107f - <std[617be2ca0a6fd877]::sys::thread::unix::Thread>::new::thread_start
[INFO] [stdout]                                at /rustc/e3feeb59cd1bdd011a2bfcc0747b55125d9b8527/library/std/src/sys/thread/unix.rs:127:17
[INFO] [stdout]   44:     0x7b6e4ae63dfa - <unknown>
[INFO] [stdout]   45:     0x7b6e4aef73d4 - clone
[INFO] [stdout]   46:                0x0 - <unknown>
[INFO] [stdout] 
[INFO] [stdout] ---- model::formats::stof::tests::stof_suite stdout ----
[INFO] [stdout] warning: unknown name 'Age' in fn root.Lang.Control.Try.ExampleContext.ShareLink.open (/opt/rustwide/workdir/src/model/formats/stof/tests/lang/control/try.stof:165:13): not a parameter, variable, or root, so it is always null (use self.Age for a field)
[INFO] [stdout] warning: unknown name 'Age' in fn root.Lang.Control.Try.ExampleContext.example_age_context (/opt/rustwide/workdir/src/model/formats/stof/tests/lang/control/try.stof:173:25): not a parameter, variable, or root, so it is always null (use self.Age for a field)
[INFO] [stdout] warning: variable 'Num' in fn explicit_call_ignores_shadowing_variables shadows the Num library: Num.func(..) in this function calls through the variable (use Num::func(..) to always call the library)
[INFO] [stdout] 	in /opt/rustwide/workdir/src/model/formats/stof/tests/lang/funcs/libcalls.stof
[INFO] [stdout] warning: variable 'Str' in fn explicit_call_ignores_shadowing_variables shadows the Str library: Str.func(..) in this function calls through the variable (use Str::func(..) to always call the library)
[INFO] [stdout] 	in /opt/rustwide/workdir/src/model/formats/stof/tests/lang/funcs/libcalls.stof
[INFO] [stdout] warning: variable 'Num' in fn uses_param shadows the Num library: Num.func(..) in this function calls through the variable (use Num::func(..) to always call the library)
[INFO] [stdout] 	in /opt/rustwide/workdir/src/model/formats/stof/tests/lang/funcs/libcalls.stof
[INFO] [stdout] warning: unknown name 'secret' in fn root.Lang.Funcs.Scoping.reads_secret (/opt/rustwide/workdir/src/model/formats/stof/tests/lang/funcs/scoping.stof:22:39): not a parameter, variable, or root, so it is always null (use self.secret for a field)
[INFO] [stdout] warning: unknown name 'totl' in fn root.Lang.Funcs.Scoping.typo (/opt/rustwide/workdir/src/model/formats/stof/tests/lang/funcs/scoping.stof:31:41): not a parameter, variable, or root, so it is always null (use self.totl for a field)
[INFO] [stdout] warning: unknown name 'Http' in fn root.Libs.HttpLib.get_request (/opt/rustwide/workdir/src/model/formats/stof/tests/libs/http.stof:21:33): not a parameter, variable, or root, so it is always null (use self.Http for a field)
[INFO] [stdout] warning: unknown name 'Http' in fn root.Libs.HttpLib.get_requests (/opt/rustwide/workdir/src/model/formats/stof/tests/libs/http.stof:40:31): not a parameter, variable, or root, so it is always null (use self.Http for a field)
[INFO] [stdout] warning: unknown name 'Age' in fn root.Libs.AgeLib.generate_identity (/opt/rustwide/workdir/src/model/formats/stof/tests/libs/age.stof:21:26): not a parameter, variable, or root, so it is always null (use self.Age for a field)
[INFO] [stdout] warning: unknown name 'Age' in fn root.Libs.AgeLib.public_key (/opt/rustwide/workdir/src/model/formats/stof/tests/libs/age.stof:33:26): not a parameter, variable, or root, so it is always null (use self.Age for a field)
[INFO] [stdout] warning: unknown name 'Age' in fn root.Libs.AgeLib.BlobifyParse.encrypt_decrypt_payload (/opt/rustwide/workdir/src/model/formats/stof/tests/libs/age.stof:63:21): not a parameter, variable, or root, so it is always null (use self.Age for a field)
[INFO] [stdout] 
[INFO] [stdout] thread 'model::formats::stof::tests::stof_suite' (1869) panicked at src/model/formats/stof/mod.rs:259:17:
[INFO] [stdout] Stof Suite Parse Error @ parse error: import of './norse.png' failed: format file import fs error failed: No such file or directory (os error 2): /opt/rustwide/workdir/src/model/formats/stof/tests/formats/norse.png
[INFO] [stdout]   --> /opt/rustwide/workdir/src/model/formats/stof/tests/formats/image.stof:1:1
[INFO] [stdout]    |
[INFO] [stdout]  1 | //
[INFO] [stdout]    | ^
[INFO] [stdout] stack backtrace:
[INFO] [stdout]    0:     0x60bb72e32081 - std[617be2ca0a6fd877]::backtrace_rs::backtrace::libunwind::trace
[INFO] [stdout]                                at /rustc/e3feeb59cd1bdd011a2bfcc0747b55125d9b8527/library/std/src/../../backtrace/src/backtrace/libunwind.rs:117:9
[INFO] [stdout]    1:     0x60bb72e32081 - std[617be2ca0a6fd877]::backtrace_rs::backtrace::trace_unsynchronized::<std[617be2ca0a6fd877]::sys::backtrace::_print_fmt::{closure#1}>
[INFO] [stdout]                                at /rustc/e3feeb59cd1bdd011a2bfcc0747b55125d9b8527/library/std/src/../../backtrace/src/backtrace/mod.rs:66:14
[INFO] [stdout]    2:     0x60bb72e32081 - std[617be2ca0a6fd877]::sys::backtrace::_print_fmt
[INFO] [stdout]                                at /rustc/e3feeb59cd1bdd011a2bfcc0747b55125d9b8527/library/std/src/sys/backtrace.rs:74:9
[INFO] [stdout]    3:     0x60bb72e32081 - <<std[617be2ca0a6fd877]::sys::backtrace::BacktraceLock>::print::DisplayBacktrace as core[a373ad73a504971]::fmt::Display>::fmt
[INFO] [stdout]                                at /rustc/e3feeb59cd1bdd011a2bfcc0747b55125d9b8527/library/std/src/sys/backtrace.rs:44:26
[INFO] [stdout]    4:     0x60bb72e4af5a - <core[a373ad73a504971]::fmt::rt::Argument>::fmt
[INFO] [stdout]                                at /rustc/e3feeb59cd1bdd011a2bfcc0747b55125d9b8527/library/core/src/fmt/rt.rs:152:76
[INFO] [stdout]    5:     0x60bb72e4af5a - core[a373ad73a504971]::fmt::write
[INFO] [stdout]    6:     0x60bb72e368dc - core[a373ad73a504971]::io::write::default_write_fmt::<alloc[2e1b2a31b91974c5]::vec::Vec<u8>>
[INFO] [stdout]                                at /rustc/e3feeb59cd1bdd011a2bfcc0747b55125d9b8527/library/core/src/io/write.rs:402:11
[INFO] [stdout]    7:     0x60bb72e368dc - <alloc[2e1b2a31b91974c5]::vec::Vec<u8> as core[a373ad73a504971]::io::write::Write>::write_fmt
[INFO] [stdout]                                at /rustc/e3feeb59cd1bdd011a2bfcc0747b55125d9b8527/library/core/src/io/write.rs:335:13
[INFO] [stdout]    8:     0x60bb72e0c046 - <std[617be2ca0a6fd877]::sys::backtrace::BacktraceLock>::print
[INFO] [stdout]                                at /rustc/e3feeb59cd1bdd011a2bfcc0747b55125d9b8527/library/std/src/sys/backtrace.rs:47:9
[INFO] [stdout]    9:     0x60bb72e0c046 - std[617be2ca0a6fd877]::panicking::default_hook::{closure#0}
[INFO] [stdout]                                at /rustc/e3feeb59cd1bdd011a2bfcc0747b55125d9b8527/library/std/src/panicking.rs:289:27
[INFO] [stdout]   10:     0x60bb72e293b9 - std[617be2ca0a6fd877]::panicking::default_hook
[INFO] [stdout]                                at /rustc/e3feeb59cd1bdd011a2bfcc0747b55125d9b8527/library/std/src/panicking.rs:313:9
[INFO] [stdout]   11:     0x60bb728c7980 - <alloc[2e1b2a31b91974c5]::boxed::Box<dyn for<'a, 'b> core[a373ad73a504971]::ops::function::Fn<(&'a std[617be2ca0a6fd877]::panic::PanicHookInfo<'b>,), Output = ()> + core[a373ad73a504971]::marker::Sync + core[a373ad73a504971]::marker::Send> as core[a373ad73a504971]::ops::function::Fn<(&std[617be2ca0a6fd877]::panic::PanicHookInfo,)>>::call
[INFO] [stdout]                                at /rustc/e3feeb59cd1bdd011a2bfcc0747b55125d9b8527/library/alloc/src/boxed.rs:2328:9
[INFO] [stdout]   12:     0x60bb728c7980 - test[aada8e7e76ba119b]::test_main_inner::{closure#0}
[INFO] [stdout]                                at /rustc/e3feeb59cd1bdd011a2bfcc0747b55125d9b8527/library/test/src/lib.rs:137:21
[INFO] [stdout]   13:     0x60bb72e296e2 - <alloc[2e1b2a31b91974c5]::boxed::Box<dyn for<'a, 'b> core[a373ad73a504971]::ops::function::Fn<(&'a std[617be2ca0a6fd877]::panic::PanicHookInfo<'b>,), Output = ()> + core[a373ad73a504971]::marker::Sync + core[a373ad73a504971]::marker::Send> as core[a373ad73a504971]::ops::function::Fn<(&std[617be2ca0a6fd877]::panic::PanicHookInfo,)>>::call
[INFO] [stdout]                                at /rustc/e3feeb59cd1bdd011a2bfcc0747b55125d9b8527/library/alloc/src/boxed.rs:2328:9
[INFO] [stdout]   14:     0x60bb72e296e2 - std[617be2ca0a6fd877]::panicking::panic_with_hook
[INFO] [stdout]                                at /rustc/e3feeb59cd1bdd011a2bfcc0747b55125d9b8527/library/std/src/panicking.rs:819:13
[INFO] [stdout]   15:     0x60bb72e0c0f2 - std[617be2ca0a6fd877]::panicking::panic_handler::{closure#0}
[INFO] [stdout]                                at /rustc/e3feeb59cd1bdd011a2bfcc0747b55125d9b8527/library/std/src/panicking.rs:685:13
[INFO] [stdout]   16:     0x60bb72e04999 - std[617be2ca0a6fd877]::sys::backtrace::__rust_end_short_backtrace::<std[617be2ca0a6fd877]::panicking::panic_handler::{closure#0}, !>
[INFO] [stdout]                                at /rustc/e3feeb59cd1bdd011a2bfcc0747b55125d9b8527/library/std/src/sys/backtrace.rs:182:18
[INFO] [stdout]   17:     0x60bb72e0cf1d - __rustc[ea4f61d10b84890b]::rust_begin_unwind
[INFO] [stdout]                                at /rustc/e3feeb59cd1bdd011a2bfcc0747b55125d9b8527/library/std/src/panicking.rs:676:5
[INFO] [stdout]   18:     0x60bb72e4b7fc - core[a373ad73a504971]::panicking::panic_fmt
[INFO] [stdout]                                at /rustc/e3feeb59cd1bdd011a2bfcc0747b55125d9b8527/library/core/src/panicking.rs:80:14
[INFO] [stdout]   19:     0x60bb7230ffae - stof[43246b0c0edd1b46]::model::formats::stof::tests::stof_suite
[INFO] [stdout]                                at /opt/rustwide/workdir/src/model/formats/stof/mod.rs:259:17
[INFO] [stdout]   20:     0x60bb722c5157 - stof[43246b0c0edd1b46]::model::formats::stof::tests::stof_suite::{closure#0}
[INFO] [stdout]                                at /opt/rustwide/workdir/src/model/formats/stof/mod.rs:251:20
[INFO] [stdout]   21:     0x60bb72146b76 - <stof[43246b0c0edd1b46]::model::formats::stof::tests::stof_suite::{closure#0} as core[a373ad73a504971]::ops::function::FnOnce<()>>::call_once
[INFO] [stdout]                                at /rustc/e3feeb59cd1bdd011a2bfcc0747b55125d9b8527/library/core/src/ops/function.rs:250:5
[INFO] [stdout]   22:     0x60bb728badcb - <fn() -> core[a373ad73a504971]::result::Result<(), alloc[2e1b2a31b91974c5]::string::String> as core[a373ad73a504971]::ops::function::FnOnce<()>>::call_once
[INFO] [stdout]                                at /rustc/e3feeb59cd1bdd011a2bfcc0747b55125d9b8527/library/core/src/ops/function.rs:250:5
[INFO] [stdout]   23:     0x60bb728badcb - test[aada8e7e76ba119b]::__rust_begin_short_backtrace::<core[a373ad73a504971]::result::Result<(), alloc[2e1b2a31b91974c5]::string::String>, fn() -> core[a373ad73a504971]::result::Result<(), alloc[2e1b2a31b91974c5]::string::String>>
[INFO] [stdout]                                at /rustc/e3feeb59cd1bdd011a2bfcc0747b55125d9b8527/library/test/src/lib.rs:701:18
[INFO] [stdout]   24:     0x60bb728c7fa5 - test[aada8e7e76ba119b]::run_test_in_process::{closure#0}
[INFO] [stdout]                                at /rustc/e3feeb59cd1bdd011a2bfcc0747b55125d9b8527/library/test/src/lib.rs:724:74
[INFO] [stdout]   25:     0x60bb728c7fa5 - <core[a373ad73a504971]::panic::unwind_safe::AssertUnwindSafe<test[aada8e7e76ba119b]::run_test_in_process::{closure#0}> as core[a373ad73a504971]::ops::function::FnOnce<()>>::call_once
[INFO] [stdout]                                at /rustc/e3feeb59cd1bdd011a2bfcc0747b55125d9b8527/library/core/src/panic/unwind_safe.rs:275:9
[INFO] [stdout]   26:     0x60bb728c7fa5 - std[617be2ca0a6fd877]::panicking::catch_unwind::do_call::<core[a373ad73a504971]::panic::unwind_safe::AssertUnwindSafe<test[aada8e7e76ba119b]::run_test_in_process::{closure#0}>, core[a373ad73a504971]::result::Result<(), alloc[2e1b2a31b91974c5]::string::String>>
[INFO] [stdout]                                at /rustc/e3feeb59cd1bdd011a2bfcc0747b55125d9b8527/library/std/src/panicking.rs:573:43
[INFO] [stdout]   27:     0x60bb728c7fa5 - std[617be2ca0a6fd877]::panicking::catch_unwind::<core[a373ad73a504971]::result::Result<(), alloc[2e1b2a31b91974c5]::string::String>, core[a373ad73a504971]::panic::unwind_safe::AssertUnwindSafe<test[aada8e7e76ba119b]::run_test_in_process::{closure#0}>>
[INFO] [stdout]                                at /rustc/e3feeb59cd1bdd011a2bfcc0747b55125d9b8527/library/std/src/panicking.rs:541:19
[INFO] [stdout]   28:     0x60bb728c7fa5 - std[617be2ca0a6fd877]::panic::catch_unwind::<core[a373ad73a504971]::panic::unwind_safe::AssertUnwindSafe<test[aada8e7e76ba119b]::run_test_in_process::{closure#0}>, core[a373ad73a504971]::result::Result<(), alloc[2e1b2a31b91974c5]::string::String>>
[INFO] [stdout]                                at /rustc/e3feeb59cd1bdd011a2bfcc0747b55125d9b8527/library/std/src/panic.rs:359:14
[INFO] [stdout]   29:     0x60bb728c7fa5 - test[aada8e7e76ba119b]::run_test_in_process
[INFO] [stdout]                                at /rustc/e3feeb59cd1bdd011a2bfcc0747b55125d9b8527/library/test/src/lib.rs:724:27
[INFO] [stdout]   30:     0x60bb728c7fa5 - test[aada8e7e76ba119b]::run_test::{closure#0}
[INFO] [stdout]                                at /rustc/e3feeb59cd1bdd011a2bfcc0747b55125d9b8527/library/test/src/lib.rs:645:43
[INFO] [stdout]   31:     0x60bb728c1894 - test[aada8e7e76ba119b]::run_test::{closure#1}
[INFO] [stdout]                                at /rustc/e3feeb59cd1bdd011a2bfcc0747b55125d9b8527/library/test/src/lib.rs:675:41
[INFO] [stdout]   32:     0x60bb728c1894 - std[617be2ca0a6fd877]::sys::backtrace::__rust_begin_short_backtrace::<test[aada8e7e76ba119b]::run_test::{closure#1}, ()>
[INFO] [stdout]                                at /rustc/e3feeb59cd1bdd011a2bfcc0747b55125d9b8527/library/std/src/sys/backtrace.rs:166:18
[INFO] [stdout]   33:     0x60bb728cb032 - std[617be2ca0a6fd877]::thread::lifecycle::spawn_unchecked::<test[aada8e7e76ba119b]::run_test::{closure#1}, ()>::{closure#1}::{closure#0}
[INFO] [stdout]                                at /rustc/e3feeb59cd1bdd011a2bfcc0747b55125d9b8527/library/std/src/thread/lifecycle.rs:70:13
[INFO] [stdout]   34:     0x60bb728cb032 - <core[a373ad73a504971]::panic::unwind_safe::AssertUnwindSafe<std[617be2ca0a6fd877]::thread::lifecycle::spawn_unchecked<test[aada8e7e76ba119b]::run_test::{closure#1}, ()>::{closure#1}::{closure#0}> as core[a373ad73a504971]::ops::function::FnOnce<()>>::call_once
[INFO] [stdout]                                at /rustc/e3feeb59cd1bdd011a2bfcc0747b55125d9b8527/library/core/src/panic/unwind_safe.rs:275:9
[INFO] [stdout]   35:     0x60bb728cb032 - std[617be2ca0a6fd877]::panicking::catch_unwind::do_call::<core[a373ad73a504971]::panic::unwind_safe::AssertUnwindSafe<std[617be2ca0a6fd877]::thread::lifecycle::spawn_unchecked<test[aada8e7e76ba119b]::run_test::{closure#1}, ()>::{closure#1}::{closure#0}>, ()>
[INFO] [stdout]                                at /rustc/e3feeb59cd1bdd011a2bfcc0747b55125d9b8527/library/std/src/panicking.rs:573:43
[INFO] [stdout]   36:     0x60bb728cb032 - std[617be2ca0a6fd877]::panicking::catch_unwind::<(), core[a373ad73a504971]::panic::unwind_safe::AssertUnwindSafe<std[617be2ca0a6fd877]::thread::lifecycle::spawn_unchecked<test[aada8e7e76ba119b]::run_test::{closure#1}, ()>::{closure#1}::{closure#0}>>
[INFO] [stdout]                                at /rustc/e3feeb59cd1bdd011a2bfcc0747b55125d9b8527/library/std/src/panicking.rs:541:19
[INFO] [stdout]   37:     0x60bb728cb032 - std[617be2ca0a6fd877]::panic::catch_unwind::<core[a373ad73a504971]::panic::unwind_safe::AssertUnwindSafe<std[617be2ca0a6fd877]::thread::lifecycle::spawn_unchecked<test[aada8e7e76ba119b]::run_test::{closure#1}, ()>::{closure#1}::{closure#0}>, ()>
[INFO] [stdout]                                at /rustc/e3feeb59cd1bdd011a2bfcc0747b55125d9b8527/library/std/src/panic.rs:359:14
[INFO] [stdout]   38:     0x60bb728cb032 - std[617be2ca0a6fd877]::thread::lifecycle::spawn_unchecked::<test[aada8e7e76ba119b]::run_test::{closure#1}, ()>::{closure#1}
[INFO] [stdout]                                at /rustc/e3feeb59cd1bdd011a2bfcc0747b55125d9b8527/library/std/src/thread/lifecycle.rs:68:26
[INFO] [stdout]   39:     0x60bb728cb032 - <std[617be2ca0a6fd877]::thread::lifecycle::spawn_unchecked<test[aada8e7e76ba119b]::run_test::{closure#1}, ()>::{closure#1} as core[a373ad73a504971]::ops::function::FnOnce<()>>::call_once::{shim:vtable#0}
[INFO] [stdout]                                at /rustc/e3feeb59cd1bdd011a2bfcc0747b55125d9b8527/library/core/src/ops/function.rs:250:5
[INFO] [stdout]   40:     0x60bb72e3107f - <alloc[2e1b2a31b91974c5]::boxed::Box<dyn core[a373ad73a504971]::ops::function::FnOnce<(), Output = ()> + core[a373ad73a504971]::marker::Send> as core[a373ad73a504971]::ops::function::FnOnce<()>>::call_once
[INFO] [stdout]                                at /rustc/e3feeb59cd1bdd011a2bfcc0747b55125d9b8527/library/alloc/src/boxed.rs:2314:9
[INFO] [stdout]   41:     0x60bb72e3107f - <std[617be2ca0a6fd877]::sys::thread::unix::Thread>::new::thread_start
[INFO] [stdout]                                at /rustc/e3feeb59cd1bdd011a2bfcc0747b55125d9b8527/library/std/src/sys/thread/unix.rs:127:17
[INFO] [stdout]   42:     0x7b6e4ae63dfa - <unknown>
[INFO] [stdout]   43:     0x7b6e4aef73d4 - clone
[INFO] [stdout]   44:                0x0 - <unknown>
[INFO] [stdout] 
[INFO] [stdout] 
[INFO] [stdout] failures:
[INFO] [stdout]     model::formats::stof::tests::stof_docs
[INFO] [stdout]     model::formats::stof::tests::stof_suite
[INFO] [stdout] 
[INFO] [stdout] test result: FAILED. 155 passed; 2 failed; 0 ignored; 0 measured; 0 filtered out; finished in 2.04s
[INFO] [stdout] 
[INFO] [stderr] error: test failed, to rerun pass `--lib`
[INFO] running `Command { std: "docker" "inspect" "68658976158ad7d92ef506d70a05e177a4874f381bda0f1369e71c55b1288364", kill_on_drop: false }`
[INFO] running `Command { std: "docker" "rm" "-f" "68658976158ad7d92ef506d70a05e177a4874f381bda0f1369e71c55b1288364", kill_on_drop: false }`
[INFO] [stdout] 68658976158ad7d92ef506d70a05e177a4874f381bda0f1369e71c55b1288364
