[INFO] fetching crate statsai 0.5.0...
[INFO] testing statsai-0.5.0 against 1.99.0-beta.8 for beta-1.100-2
[INFO] extracting crate statsai 0.5.0 into /workspace/builds/worker-0-tc1/source
[INFO] started tweaking crates.io crate statsai 0.5.0
[INFO] removed 0 missing tests
[INFO] finished tweaking crates.io crate statsai 0.5.0
[INFO] tweaked toml for crates.io crate statsai 0.5.0 written to /workspace/builds/worker-0-tc1/source/Cargo.toml
[INFO] validating manifest of crates.io crate statsai 0.5.0 on toolchain 1.99.0-beta.8
[INFO] running `Command { std: CARGO_HOME="/workspace/cargo-home" RUSTUP_HOME="/workspace/rustup-home" "/workspace/cargo-home/bin/cargo" "+1.99.0-beta.8" "metadata" "--manifest-path" "Cargo.toml" "--no-deps", kill_on_drop: false }`
[INFO] crate crates.io crate statsai 0.5.0 already has a lockfile, it will not be regenerated
[INFO] running `Command { std: CARGO_HOME="/workspace/cargo-home" RUSTUP_HOME="/workspace/rustup-home" "/workspace/cargo-home/bin/cargo" "+1.99.0-beta.8" "fetch" "--manifest-path" "Cargo.toml", kill_on_drop: false }`
[INFO] [stderr]     Updating crates.io index
[INFO] [stderr]  Downloading crates ...
[INFO] [stderr]   Downloaded statsai-sync v0.5.0
[INFO] [stderr]   Downloaded statsai-pricing v0.5.0
[INFO] [stderr]   Downloaded statsai-sdk v0.5.0
[INFO] [stderr]   Downloaded notify-types v1.0.1
[INFO] [stderr]   Downloaded kqueue-sys v1.1.2
[INFO] [stderr]   Downloaded dbus-secret-service v4.1.0
[INFO] [stderr]   Downloaded opf-mlx v0.2.1
[INFO] [stderr]   Downloaded statsai-privacy v0.5.0
[INFO] [stderr]   Downloaded statsai-daemon v0.5.0
[INFO] [stderr]   Downloaded kqueue v1.1.1
[INFO] [stderr]   Downloaded inotify v0.10.2
[INFO] [stderr]   Downloaded statsai-core v0.5.0
[INFO] [stderr]   Downloaded notify v7.0.0
[INFO] [stderr]   Downloaded keyring v3.6.3
[INFO] [stderr]   Downloaded statsai-store v0.5.0
[INFO] [stderr]   Downloaded dbus v0.9.11
[INFO] [stderr]   Downloaded ruzstd v0.8.3
[INFO] [stderr]   Downloaded statsai-adapters v0.5.0
[INFO] [stderr]   Downloaded libdbus-sys v0.2.7
[INFO] [stderr]   Downloaded tiktoken v3.5.1
[INFO] running `Command { std: "docker" "create" "-v" "/var/lib/crater-agent-workspace/builds/worker-0-tc1/source:/opt/rustwide/workdir:ro,Z" "-v" "/var/lib/crater-agent-workspace/builds/worker-0-tc1/target:/opt/rustwide/target:rw,Z" "-v" "/var/lib/crater-agent-workspace/cargo-home:/opt/rustwide/cargo-home:ro,Z" "-v" "/var/lib/crater-agent-workspace/rustup-home:/opt/rustwide/rustup-home:ro,Z" "-m" "1610612736" "--network" "none" "ghcr.io/rust-lang/crates-build-env/linux@sha256:3111399a4047eeb3a02b7a90e478d715f38a8c6669b5c4b49d30a17385265909" "sleep" "infinity", kill_on_drop: false }`
[INFO] [stdout] fb503f46f6bbd19b446211d80c002d85e8a8e9c2abbb96c3a8ea1fa27a03a486
[INFO] running `Command { std: "docker" "start" "fb503f46f6bbd19b446211d80c002d85e8a8e9c2abbb96c3a8ea1fa27a03a486", kill_on_drop: false }`
[INFO] running `Command { std: "docker" "inspect" "fb503f46f6bbd19b446211d80c002d85e8a8e9c2abbb96c3a8ea1fa27a03a486", kill_on_drop: false }`
[INFO] running `Command { std: "docker" "exec" "-e" "SOURCE_DIR=/opt/rustwide/workdir" "-e" "CARGO_HOME=/opt/rustwide/cargo-home" "-e" "RUSTUP_HOME=/opt/rustwide/rustup-home" "-e" "CARGO_TARGET_DIR=/opt/rustwide/target" "-w" "/opt/rustwide/workdir" "--user" "0:0" "fb503f46f6bbd19b446211d80c002d85e8a8e9c2abbb96c3a8ea1fa27a03a486" "/opt/rustwide/cargo-home/bin/cargo" "+1.99.0-beta.8" "metadata" "--no-deps" "--format-version=1", kill_on_drop: false }`
[INFO] running `Command { std: "docker" "inspect" "fb503f46f6bbd19b446211d80c002d85e8a8e9c2abbb96c3a8ea1fa27a03a486", kill_on_drop: false }`
[INFO] running `Command { std: "docker" "exec" "-e" "SOURCE_DIR=/opt/rustwide/workdir" "-e" "CARGO_HOME=/opt/rustwide/cargo-home" "-e" "RUSTUP_HOME=/opt/rustwide/rustup-home" "-e" "CARGO_TARGET_DIR=/opt/rustwide/target" "-e" "CARGO_INCREMENTAL=0" "-e" "RUST_BACKTRACE=full" "-e" "RUSTFLAGS=--cap-lints=warn" "-e" "RUSTDOCFLAGS=--cap-lints=warn" "-w" "/opt/rustwide/workdir" "--user" "0:0" "fb503f46f6bbd19b446211d80c002d85e8a8e9c2abbb96c3a8ea1fa27a03a486" "/opt/rustwide/cargo-home/bin/cargo" "+1.99.0-beta.8" "build" "--frozen" "--message-format=json", kill_on_drop: false }`
[INFO] [stderr]    Compiling libc v0.2.186
[INFO] [stderr]    Compiling serde_core v1.0.228
[INFO] [stderr]    Compiling cc v1.2.62
[INFO] [stderr]    Compiling typenum v1.20.0
[INFO] [stderr]    Compiling displaydoc v0.2.6
[INFO] [stderr]    Compiling zerofrom v0.1.8
[INFO] [stderr]    Compiling serde_json v1.0.150
[INFO] [stderr]    Compiling zeroize_derive v1.4.3
[INFO] [stderr]    Compiling bitflags v2.11.1
[INFO] [stderr]    Compiling yoke v0.8.2
[INFO] [stderr]    Compiling serde_derive_internals v0.29.1
[INFO] [stderr]    Compiling zerovec v0.11.6
[INFO] [stderr]    Compiling zeroize v1.8.2
[INFO] [stderr]    Compiling schemars v0.8.22
[INFO] [stderr]    Compiling zerotrie v0.2.4
[INFO] [stderr]    Compiling tinyvec v1.12.0
[INFO] [stderr]    Compiling generic-array v0.14.7
[INFO] [stderr]    Compiling tinystr v0.8.3
[INFO] [stderr]    Compiling potential_utf v0.1.5
[INFO] [stderr]    Compiling thiserror-impl v1.0.69
[INFO] [stderr]    Compiling icu_collections v2.2.0
[INFO] [stderr]    Compiling icu_locale_core v2.2.0
[INFO] [stderr]    Compiling schemars_derive v0.8.22
[INFO] [stderr]    Compiling ring v0.17.14
[INFO] [stderr]    Compiling crypto-common v0.1.7
[INFO] [stderr]    Compiling block-buffer v0.10.4
[INFO] [stderr]    Compiling unicode-normalization v0.1.25
[INFO] [stderr]    Compiling digest v0.10.7
[INFO] [stderr]    Compiling regex-automata v0.4.15
[INFO] [stderr]    Compiling sha2 v0.10.9
[INFO] [stderr]    Compiling getrandom v0.2.17
[INFO] [stderr]    Compiling libsqlite3-sys v0.30.1
[INFO] [stderr]    Compiling thiserror v1.0.69
[INFO] [stderr]    Compiling icu_provider v2.2.0
[INFO] [stderr]    Compiling serde v1.0.228
[INFO] [stderr]    Compiling ahash v0.8.12
[INFO] [stderr]    Compiling rustls-pki-types v1.14.1
[INFO] [stderr]    Compiling crossbeam-deque v0.8.7
[INFO] [stderr]    Compiling icu_properties v2.2.0
[INFO] [stderr]    Compiling icu_normalizer v2.2.0
[INFO] [stderr]    Compiling anyhow v1.0.103
[INFO] [stderr]    Compiling hashbrown v0.14.5
[INFO] [stderr]    Compiling chrono v0.4.44
[INFO] [stderr]    Compiling crossbeam-epoch v0.9.20
[INFO] [stderr]    Compiling rustix v1.1.4
[INFO] [stderr]    Compiling hashlink v0.9.1
[INFO] [stderr]    Compiling idna_adapter v1.2.2
[INFO] [stderr]    Compiling idna v1.1.0
[INFO] [stderr]    Compiling url v2.5.8
[INFO] [stderr]    Compiling getrandom v0.4.2
[INFO] [stderr]    Compiling libdbus-sys v0.2.7
[INFO] [stderr]    Compiling regex v1.13.0
[INFO] [stderr]    Compiling rustls v0.23.40
[INFO] [stderr]    Compiling simd-adler32 v0.3.9
[INFO] [stderr]    Compiling miniz_oxide v0.8.9
[INFO] [stderr]    Compiling nix v0.30.1
[INFO] [stderr]    Compiling tempfile v3.27.0
[INFO] [stderr]    Compiling rayon-core v1.13.0
[INFO] [stderr]    Compiling webpki-roots v1.0.7
[INFO] [stderr]    Compiling statsai-core v0.5.0
[INFO] [stderr]    Compiling either v1.16.0
[INFO] [stderr]    Compiling twox-hash v2.1.2
[INFO] [stderr]    Compiling ruzstd v0.8.3
[INFO] [stderr]    Compiling anstyle-parse v1.0.0
[INFO] [stderr]    Compiling rustls-webpki v0.103.13
[INFO] [stderr]    Compiling rayon v1.12.0
[INFO] [stderr]    Compiling webpki-roots v0.26.11
[INFO] [stderr]    Compiling flate2 v1.1.9
[INFO] [stderr]    Compiling inotify-sys v0.1.5
[INFO] [stderr]    Compiling hmac v0.12.1
[INFO] [stderr]    Compiling thiserror-impl v2.0.18
[INFO] [stderr]    Compiling instant v0.1.13
[INFO] [stderr]    Compiling anstyle v1.0.14
[INFO] [stderr]    Compiling colorchoice v1.0.5
[INFO] [stderr]    Compiling rustc-hash v2.1.3
[INFO] [stderr]    Compiling anstream v1.0.0
[INFO] [stderr]    Compiling inotify v0.10.2
[INFO] [stderr]    Compiling notify-types v1.0.1
[INFO] [stderr]    Compiling thiserror v2.0.18
[INFO] [stderr]    Compiling dbus v0.9.11
[INFO] [stderr]    Compiling mio v1.2.0
[INFO] [stderr]    Compiling filetime v0.2.29
[INFO] [stderr]    Compiling clap_lex v1.1.0
[INFO] [stderr]    Compiling notify v7.0.0
[INFO] [stderr]    Compiling clap_builder v4.6.0
[INFO] [stderr]    Compiling tiktoken v3.5.1
[INFO] [stderr]    Compiling clap_derive v4.6.1
[INFO] [stderr]    Compiling opf-mlx v0.2.1
[INFO] [stderr]    Compiling csv-core v0.1.13
[INFO] [stderr]    Compiling csv v1.4.0
[INFO] [stderr]    Compiling dbus-secret-service v4.1.0
[INFO] [stderr]    Compiling ureq v2.12.1
[INFO] [stderr]    Compiling clap v4.6.1
[INFO] [stderr]    Compiling keyring v3.6.3
[INFO] [stderr]    Compiling statsai-pricing v0.5.0
[INFO] [stderr]    Compiling statsai-sync v0.5.0
[INFO] [stderr]    Compiling statsai-privacy v0.5.0
[INFO] [stderr]    Compiling rusqlite v0.32.1
[INFO] [stderr]    Compiling statsai-store v0.5.0
[INFO] [stderr]    Compiling statsai-adapters v0.5.0
[INFO] [stderr]    Compiling statsai-daemon v0.5.0
[INFO] [stderr]    Compiling statsai-sdk v0.5.0
[INFO] [stderr]    Compiling statsai v0.5.0 (/opt/rustwide/workdir)
[INFO] [stderr]     Finished `dev` profile [unoptimized + debuginfo] target(s) in 2m 13s
[INFO] running `Command { std: "docker" "inspect" "fb503f46f6bbd19b446211d80c002d85e8a8e9c2abbb96c3a8ea1fa27a03a486", kill_on_drop: false }`
[INFO] running `Command { std: "docker" "exec" "-e" "SOURCE_DIR=/opt/rustwide/workdir" "-e" "CARGO_HOME=/opt/rustwide/cargo-home" "-e" "RUSTUP_HOME=/opt/rustwide/rustup-home" "-e" "CARGO_TARGET_DIR=/opt/rustwide/target" "-e" "CARGO_INCREMENTAL=0" "-e" "RUST_BACKTRACE=full" "-e" "RUSTFLAGS=--cap-lints=warn" "-e" "RUSTDOCFLAGS=--cap-lints=warn" "-w" "/opt/rustwide/workdir" "--user" "0:0" "fb503f46f6bbd19b446211d80c002d85e8a8e9c2abbb96c3a8ea1fa27a03a486" "/opt/rustwide/cargo-home/bin/cargo" "+1.99.0-beta.8" "test" "--frozen" "--no-run" "--message-format=json", kill_on_drop: false }`
[INFO] [stderr]    Compiling statsai v0.5.0 (/opt/rustwide/workdir)
[INFO] [stderr]     Finished `test` profile [unoptimized + debuginfo] target(s) in 19.53s
[INFO] running `Command { std: "docker" "inspect" "fb503f46f6bbd19b446211d80c002d85e8a8e9c2abbb96c3a8ea1fa27a03a486", kill_on_drop: false }`
[INFO] running `Command { std: "docker" "exec" "-e" "SOURCE_DIR=/opt/rustwide/workdir" "-e" "CARGO_HOME=/opt/rustwide/cargo-home" "-e" "RUSTUP_HOME=/opt/rustwide/rustup-home" "-e" "CARGO_TARGET_DIR=/opt/rustwide/target" "-e" "CARGO_INCREMENTAL=0" "-e" "RUST_BACKTRACE=full" "-e" "RUSTFLAGS=--cap-lints=warn" "-e" "RUSTDOCFLAGS=--cap-lints=warn" "-w" "/opt/rustwide/workdir" "--user" "0:0" "fb503f46f6bbd19b446211d80c002d85e8a8e9c2abbb96c3a8ea1fa27a03a486" "/opt/rustwide/cargo-home/bin/cargo" "+1.99.0-beta.8" "test" "--frozen", kill_on_drop: false }`
[INFO] [stderr]     Finished `test` profile [unoptimized + debuginfo] target(s) in 0.27s
[INFO] [stderr]      Running unittests src/lib.rs (/opt/rustwide/target/debug/deps/statsai-b990436096126c53)
[INFO] [stdout] 
[INFO] [stdout] running 58 tests
[INFO] [stdout] test auth::tests::keyring_session_requires_matching_embedded_backend ... ok
[INFO] [stdout] test auth::tests::auth_path_is_scoped_by_api_url ... ok
[INFO] [stdout] test auth::tests::credential_transport_allows_https_and_explicit_loopback_http_only ... ok
[INFO] [stdout] test auth::tests::colliding_legacy_backend_names_have_distinct_auth_namespaces ... ok
[INFO] [stdout] test auth::tests::atomic_auth_write_preserves_destination_on_serialization_failure ... ok
[INFO] [stdout] test auth::tests::legacy_keyring_session_hydrates_validated_upgrade_credentials ... ok
[INFO] [stdout] test auth::tests::logout_removes_corrupt_scoped_metadata_and_runs_keyring_cleanup ... ok
[INFO] [stdout] test auth::tests::atomic_auth_write_replaces_destination_privately ... ok
[INFO] [stdout] test auth::tests::colliding_legacy_auth_file_is_not_migrated_for_another_backend ... ok
[INFO] [stdout] test auth::tests::missing_auth_metadata_does_not_create_a_refresh_lock ... ok
[INFO] [stdout] test auth::tests::logout_runs_keyring_cleanup_when_legacy_metadata_is_corrupt ... ok
[INFO] [stdout] test auth::tests::preferred_auth_device_id_falls_back_when_auth_record_is_corrupt ... ok
[INFO] [stdout] test auth::tests::preferred_auth_device_id_reuses_stored_backend_device_id_when_sidecar_is_missing ... ok
[INFO] [stdout] test auth::tests::read_only_auth_directory_without_metadata_does_not_require_a_refresh_lock ... ok
[INFO] [stdout] test auth::tests::refresh_rotation_ids_have_256_bits_of_hex_encoded_entropy ... ok
[INFO] [stdout] test auth::tests::legacy_local_cloudflare_session_migrates_to_backend_scoped_path ... ok
[INFO] [stdout] test auth::tests::scoped_auth_file_with_mismatched_backend_is_rejected ... ok
[INFO] [stdout] test auth::tests::split_legacy_keyring_tokens_hydrate_validated_upgrade_credentials ... ok
[INFO] [stdout] test auth::tests::stored_session_requires_cloudflare_refresh_token ... ok
[INFO] [stdout] test auth::tests::token_refresh_does_not_retry_http_status_failures ... ok
[INFO] [stdout] test auth::tests::token_refresh_retries_one_transport_failure ... ok
[INFO] [stdout] test auth::tests::token_refresh_sends_current_collector_metadata ... ok
[INFO] [stdout] test auth::tests::with_device_id_retry_propagates_fatal_errors ... ok
[INFO] [stdout] test auth::tests::with_device_id_retry_retries_after_invalid_device_id ... ok
[INFO] [stdout] test privacy::tests::dataset_keys_and_value_hmacs_are_stable_and_domain_separated ... ok
[INFO] [stdout] test auth::tests::scoped_auth_file_without_embedded_backend_is_rejected ... ok
[INFO] [stdout] test privacy::tests::fallback_key_rejects_group_or_world_access ... ok
[INFO] [stdout] test privacy::tests::fallback_keys_are_scoped_to_each_store_in_one_directory ... ok
[INFO] [stdout] test privacy::tests::legacy_fallback_migrates_only_after_matching_the_store_verifier ... ok
[INFO] [stdout] test privacy::tests::missing_key_fails_when_pseudonym_state_already_exists ... ok
[INFO] [stdout] test auth::tests::local_session_does_not_bleed_into_other_backend ... ok
[INFO] [stdout] test auth::tests::legacy_scoped_auth_record_hydrates_before_session_check ... ok
[INFO] [stdout] test snapshot::tests::background_status_maps_launch_agent_state ... ok
[INFO] [stdout] test snapshot::tests::discovered_configured_source_is_not_counted_or_enabled_twice ... ok
[INFO] [stdout] test snapshot::tests::failed_sync_state_does_not_count_as_synced ... ok
[INFO] [stdout] test snapshot::tests::first_run_unlinked_state_is_local_first ... ok
[INFO] [stdout] test snapshot::tests::format_tokens_scales ... ok
[INFO] [stdout] test snapshot::tests::fresh_sync_with_no_unsynced_does_not_need_upload ... ok
[INFO] [stdout] test snapshot::tests::local_usage_exits_first_run_state_without_dashboard_sync ... ok
[INFO] [stdout] test snapshot::tests::pending_rollups_need_upload ... ok
[INFO] [stdout] test snapshot::tests::pending_upload_copy_names_dashboard_state ... ok
[INFO] [stdout] test snapshot::tests::retirement_only_pending_upload_precedes_no_usage_state ... ok
[INFO] [stdout] test snapshot::tests::scan_summary_prefers_today_then_week ... ok
[INFO] [stdout] test snapshot::tests::source_status_formats_tracking_disabled_and_missing_states ... ok
[INFO] [stdout] test snapshot::tests::source_status_list_hides_unconfigured_empty_sources ... ok
[INFO] [stdout] test snapshot::tests::stale_sync_without_pending_rollups_does_not_offer_empty_upload ... ok
[INFO] [stdout] test auth::tests::logout_preserves_legacy_metadata_for_another_backend ... ok
[INFO] [stdout] test auth::tests::concurrent_refresh_processes_share_one_pending_rotation ... ok
[INFO] [stdout] test privacy::tests::legacy_runtime_configuration_migrates_without_removing_it ... ok
[INFO] [stdout] test tests::concurrent_first_runs_settle_on_one_device_identity ... ok
[INFO] [stdout] test auth::tests::pending_refresh_rotation_survives_invocations_until_credentials_advance ... ok
[INFO] [stdout] test auth::tests::logout_removes_metadata_even_when_keyring_cleanup_fails ... ok
[INFO] [stdout] test privacy::tests::runtime_configuration_is_private_and_rejects_changed_assets ... ok
[INFO] [stdout] test privacy::tests::store_scoped_privacy_paths_use_one_canonical_identity ... FAILED
[INFO] [stdout] test tests::corrupt_daemon_auth_token_is_not_silently_replaced ... ok
[INFO] [stdout] test tests::daemon_auth_token_is_random_persistent_and_private ... ok
[INFO] [stdout] test tests::open_operational_store_refuses_a_newer_pricing_ruleset ... ok
[INFO] [stdout] test tests::open_operational_store_reprices_a_legacy_store ... ok
[INFO] [stdout] 
[INFO] [stdout] failures:
[INFO] [stdout] 
[INFO] [stdout] ---- privacy::tests::store_scoped_privacy_paths_use_one_canonical_identity stdout ----
[INFO] [stdout] 
[INFO] [stdout] thread 'privacy::tests::store_scoped_privacy_paths_use_one_canonical_identity' (1772) panicked at src/privacy.rs:623:14:
[INFO] [stdout] tempdir in current directory: Custom { kind: ReadOnlyFilesystem, error: PathError { path: "/opt/rustwide/workdir/statsai-canonical-store-1hmzAv", err: Os { code: 30, kind: ReadOnlyFilesystem, message: "Read-only file system" } } }
[INFO] [stdout] stack backtrace:
[INFO] [stdout]    0:     0x65470ee33901 - std[70759c8f55707aa4]::backtrace_rs::backtrace::libunwind::trace
[INFO] [stdout]                                at /rustc/dfb0accb7f508ae8be965d8629557221c889dd98/library/std/src/../../backtrace/src/backtrace/libunwind.rs:117:9
[INFO] [stdout]    1:     0x65470ee33901 - std[70759c8f55707aa4]::backtrace_rs::backtrace::trace_unsynchronized::<std[70759c8f55707aa4]::sys::backtrace::_print_fmt::{closure#1}>
[INFO] [stdout]                                at /rustc/dfb0accb7f508ae8be965d8629557221c889dd98/library/std/src/../../backtrace/src/backtrace/mod.rs:66:14
[INFO] [stdout]    2:     0x65470ee33901 - std[70759c8f55707aa4]::sys::backtrace::_print_fmt
[INFO] [stdout]                                at /rustc/dfb0accb7f508ae8be965d8629557221c889dd98/library/std/src/sys/backtrace.rs:74:9
[INFO] [stdout]    3:     0x65470ee33901 - <<std[70759c8f55707aa4]::sys::backtrace::BacktraceLock>::print::DisplayBacktrace as core[df12db4294e9bfd3]::fmt::Display>::fmt
[INFO] [stdout]                                at /rustc/dfb0accb7f508ae8be965d8629557221c889dd98/library/std/src/sys/backtrace.rs:44:26
[INFO] [stdout]    4:     0x65470ee4be3a - <core[df12db4294e9bfd3]::fmt::rt::Argument>::fmt
[INFO] [stdout]                                at /rustc/dfb0accb7f508ae8be965d8629557221c889dd98/library/core/src/fmt/rt.rs:152:76
[INFO] [stdout]    5:     0x65470ee4be3a - core[df12db4294e9bfd3]::fmt::write
[INFO] [stdout]    6:     0x65470ee38d6c - core[df12db4294e9bfd3]::io::write::default_write_fmt::<alloc[2182bb758b4b3781]::vec::Vec<u8>>
[INFO] [stdout]                                at /rustc/dfb0accb7f508ae8be965d8629557221c889dd98/library/core/src/io/write.rs:402:11
[INFO] [stdout]    7:     0x65470ee38d6c - <alloc[2182bb758b4b3781]::vec::Vec<u8> as core[df12db4294e9bfd3]::io::write::Write>::write_fmt
[INFO] [stdout]                                at /rustc/dfb0accb7f508ae8be965d8629557221c889dd98/library/core/src/io/write.rs:335:13
[INFO] [stdout]    8:     0x65470ee0a696 - <std[70759c8f55707aa4]::sys::backtrace::BacktraceLock>::print
[INFO] [stdout]                                at /rustc/dfb0accb7f508ae8be965d8629557221c889dd98/library/std/src/sys/backtrace.rs:47:9
[INFO] [stdout]    9:     0x65470ee0a696 - std[70759c8f55707aa4]::panicking::default_hook::{closure#0}
[INFO] [stdout]                                at /rustc/dfb0accb7f508ae8be965d8629557221c889dd98/library/std/src/panicking.rs:292:27
[INFO] [stdout]   10:     0x65470ee295c9 - std[70759c8f55707aa4]::panicking::default_hook
[INFO] [stdout]                                at /rustc/dfb0accb7f508ae8be965d8629557221c889dd98/library/std/src/panicking.rs:316:9
[INFO] [stdout]   11:     0x65470e857440 - <alloc[2182bb758b4b3781]::boxed::Box<dyn for<'a, 'b> core[df12db4294e9bfd3]::ops::function::Fn<(&'a std[70759c8f55707aa4]::panic::PanicHookInfo<'b>,), Output = ()> + core[df12db4294e9bfd3]::marker::Send + core[df12db4294e9bfd3]::marker::Sync> as core[df12db4294e9bfd3]::ops::function::Fn<(&std[70759c8f55707aa4]::panic::PanicHookInfo,)>>::call
[INFO] [stdout]                                at /rustc/dfb0accb7f508ae8be965d8629557221c889dd98/library/alloc/src/boxed.rs:2334:9
[INFO] [stdout]   12:     0x65470e857440 - test[9d35eded1c95d3be]::test_main_inner::<test[9d35eded1c95d3be]::test_main_static::{closure#0}>::{closure#0}
[INFO] [stdout]                                at /rustc/dfb0accb7f508ae8be965d8629557221c889dd98/library/test/src/lib.rs:155:21
[INFO] [stdout]   13:     0x65470ee298f2 - <alloc[2182bb758b4b3781]::boxed::Box<dyn for<'a, 'b> core[df12db4294e9bfd3]::ops::function::Fn<(&'a std[70759c8f55707aa4]::panic::PanicHookInfo<'b>,), Output = ()> + core[df12db4294e9bfd3]::marker::Send + core[df12db4294e9bfd3]::marker::Sync> as core[df12db4294e9bfd3]::ops::function::Fn<(&std[70759c8f55707aa4]::panic::PanicHookInfo,)>>::call
[INFO] [stdout]                                at /rustc/dfb0accb7f508ae8be965d8629557221c889dd98/library/alloc/src/boxed.rs:2334:9
[INFO] [stdout]   14:     0x65470ee298f2 - std[70759c8f55707aa4]::panicking::panic_with_hook
[INFO] [stdout]                                at /rustc/dfb0accb7f508ae8be965d8629557221c889dd98/library/std/src/panicking.rs:823:13
[INFO] [stdout]   15:     0x65470ee0a742 - std[70759c8f55707aa4]::panicking::panic_handler::{closure#0}
[INFO] [stdout]                                at /rustc/dfb0accb7f508ae8be965d8629557221c889dd98/library/std/src/panicking.rs:688:13
[INFO] [stdout]   16:     0x65470ee02a39 - std[70759c8f55707aa4]::sys::backtrace::__rust_end_short_backtrace::<std[70759c8f55707aa4]::panicking::panic_handler::{closure#0}, !>
[INFO] [stdout]                                at /rustc/dfb0accb7f508ae8be965d8629557221c889dd98/library/std/src/sys/backtrace.rs:182:18
[INFO] [stdout]   17:     0x65470ee0b8dd - __rustc[8fa7c3cbc660c2b3]::rust_begin_unwind
[INFO] [stdout]                                at /rustc/dfb0accb7f508ae8be965d8629557221c889dd98/library/std/src/panicking.rs:679:5
[INFO] [stdout]   18:     0x65470ee4c65c - core[df12db4294e9bfd3]::panicking::panic_fmt
[INFO] [stdout]                                at /rustc/dfb0accb7f508ae8be965d8629557221c889dd98/library/core/src/panicking.rs:80:14
[INFO] [stdout]   19:     0x65470ee4c3b2 - core[df12db4294e9bfd3]::result::unwrap_failed
[INFO] [stdout]                                at /rustc/dfb0accb7f508ae8be965d8629557221c889dd98/library/core/src/result.rs:1871:5
[INFO] [stdout]   20:     0x65470e57f8e2 - <core[df12db4294e9bfd3]::result::Result<tempfile[71570e4c0df0f3a0]::dir::TempDir, core[df12db4294e9bfd3]::io::error::Error>>::expect
[INFO] [stdout]                                at /rustc/dfb0accb7f508ae8be965d8629557221c889dd98/library/core/src/result.rs:1184:23
[INFO] [stdout]   21:     0x65470e5840d1 - statsai[26a320ce7e313be0]::privacy::tests::store_scoped_privacy_paths_use_one_canonical_identity
[INFO] [stdout]                                at /opt/rustwide/workdir/src/privacy.rs:623:14
[INFO] [stdout]   22:     0x65470e582a47 - statsai[26a320ce7e313be0]::privacy::tests::store_scoped_privacy_paths_use_one_canonical_identity::{closure#0}
[INFO] [stdout]                                at /opt/rustwide/workdir/src/privacy.rs:618:63
[INFO] [stdout]   23:     0x65470e58f8b6 - <statsai[26a320ce7e313be0]::privacy::tests::store_scoped_privacy_paths_use_one_canonical_identity::{closure#0} as core[df12db4294e9bfd3]::ops::function::FnOnce<()>>::call_once
[INFO] [stdout]                                at /rustc/dfb0accb7f508ae8be965d8629557221c889dd98/library/core/src/ops/function.rs:250:5
[INFO] [stdout]   24:     0x65470e84a72b - <fn() -> core[df12db4294e9bfd3]::result::Result<(), alloc[2182bb758b4b3781]::string::String> as core[df12db4294e9bfd3]::ops::function::FnOnce<()>>::call_once
[INFO] [stdout]                                at /rustc/dfb0accb7f508ae8be965d8629557221c889dd98/library/core/src/ops/function.rs:250:5
[INFO] [stdout]   25:     0x65470e84a72b - test[9d35eded1c95d3be]::__rust_begin_short_backtrace::<core[df12db4294e9bfd3]::result::Result<(), alloc[2182bb758b4b3781]::string::String>, fn() -> core[df12db4294e9bfd3]::result::Result<(), alloc[2182bb758b4b3781]::string::String>>
[INFO] [stdout]                                at /rustc/dfb0accb7f508ae8be965d8629557221c889dd98/library/test/src/lib.rs:733:18
[INFO] [stdout]   26:     0x65470e857d95 - test[9d35eded1c95d3be]::run_test_in_process::{closure#0}
[INFO] [stdout]                                at /rustc/dfb0accb7f508ae8be965d8629557221c889dd98/library/test/src/lib.rs:756:74
[INFO] [stdout]   27:     0x65470e857d95 - <core[df12db4294e9bfd3]::panic::unwind_safe::AssertUnwindSafe<test[9d35eded1c95d3be]::run_test_in_process::{closure#0}> as core[df12db4294e9bfd3]::ops::function::FnOnce<()>>::call_once
[INFO] [stdout]                                at /rustc/dfb0accb7f508ae8be965d8629557221c889dd98/library/core/src/panic/unwind_safe.rs:275:9
[INFO] [stdout]   28:     0x65470e857d95 - std[70759c8f55707aa4]::panicking::catch_unwind::do_call::<core[df12db4294e9bfd3]::panic::unwind_safe::AssertUnwindSafe<test[9d35eded1c95d3be]::run_test_in_process::{closure#0}>, core[df12db4294e9bfd3]::result::Result<(), alloc[2182bb758b4b3781]::string::String>>
[INFO] [stdout]                                at /rustc/dfb0accb7f508ae8be965d8629557221c889dd98/library/std/src/panicking.rs:576:43
[INFO] [stdout]   29:     0x65470e857d95 - std[70759c8f55707aa4]::panicking::catch_unwind::<core[df12db4294e9bfd3]::result::Result<(), alloc[2182bb758b4b3781]::string::String>, core[df12db4294e9bfd3]::panic::unwind_safe::AssertUnwindSafe<test[9d35eded1c95d3be]::run_test_in_process::{closure#0}>>
[INFO] [stdout]                                at /rustc/dfb0accb7f508ae8be965d8629557221c889dd98/library/std/src/panicking.rs:544:19
[INFO] [stdout]   30:     0x65470e857d95 - std[70759c8f55707aa4]::panic::catch_unwind::<core[df12db4294e9bfd3]::panic::unwind_safe::AssertUnwindSafe<test[9d35eded1c95d3be]::run_test_in_process::{closure#0}>, core[df12db4294e9bfd3]::result::Result<(), alloc[2182bb758b4b3781]::string::String>>
[INFO] [stdout]                                at /rustc/dfb0accb7f508ae8be965d8629557221c889dd98/library/std/src/panic.rs:359:14
[INFO] [stdout]   31:     0x65470e857d95 - test[9d35eded1c95d3be]::run_test_in_process
[INFO] [stdout]                                at /rustc/dfb0accb7f508ae8be965d8629557221c889dd98/library/test/src/lib.rs:756:27
[INFO] [stdout]   32:     0x65470e857d95 - test[9d35eded1c95d3be]::run_test::{closure#0}
[INFO] [stdout]                                at /rustc/dfb0accb7f508ae8be965d8629557221c889dd98/library/test/src/lib.rs:677:43
[INFO] [stdout]   33:     0x65470e851654 - test[9d35eded1c95d3be]::run_test::{closure#1}
[INFO] [stdout]                                at /rustc/dfb0accb7f508ae8be965d8629557221c889dd98/library/test/src/lib.rs:707:41
[INFO] [stdout]   34:     0x65470e851654 - std[70759c8f55707aa4]::sys::backtrace::__rust_begin_short_backtrace::<test[9d35eded1c95d3be]::run_test::{closure#1}, ()>
[INFO] [stdout]                                at /rustc/dfb0accb7f508ae8be965d8629557221c889dd98/library/std/src/sys/backtrace.rs:166:18
[INFO] [stdout]   35:     0x65470e85aef2 - std[70759c8f55707aa4]::thread::lifecycle::spawn_unchecked::<test[9d35eded1c95d3be]::run_test::{closure#1}, ()>::{closure#1}::{closure#0}
[INFO] [stdout]                                at /rustc/dfb0accb7f508ae8be965d8629557221c889dd98/library/std/src/thread/lifecycle.rs:70:13
[INFO] [stdout]   36:     0x65470e85aef2 - <core[df12db4294e9bfd3]::panic::unwind_safe::AssertUnwindSafe<std[70759c8f55707aa4]::thread::lifecycle::spawn_unchecked<test[9d35eded1c95d3be]::run_test::{closure#1}, ()>::{closure#1}::{closure#0}> as core[df12db4294e9bfd3]::ops::function::FnOnce<()>>::call_once
[INFO] [stdout]                                at /rustc/dfb0accb7f508ae8be965d8629557221c889dd98/library/core/src/panic/unwind_safe.rs:275:9
[INFO] [stdout]   37:     0x65470e85aef2 - std[70759c8f55707aa4]::panicking::catch_unwind::do_call::<core[df12db4294e9bfd3]::panic::unwind_safe::AssertUnwindSafe<std[70759c8f55707aa4]::thread::lifecycle::spawn_unchecked<test[9d35eded1c95d3be]::run_test::{closure#1}, ()>::{closure#1}::{closure#0}>, ()>
[INFO] [stdout]                                at /rustc/dfb0accb7f508ae8be965d8629557221c889dd98/library/std/src/panicking.rs:576:43
[INFO] [stdout]   38:     0x65470e85aef2 - std[70759c8f55707aa4]::panicking::catch_unwind::<(), core[df12db4294e9bfd3]::panic::unwind_safe::AssertUnwindSafe<std[70759c8f55707aa4]::thread::lifecycle::spawn_unchecked<test[9d35eded1c95d3be]::run_test::{closure#1}, ()>::{closure#1}::{closure#0}>>
[INFO] [stdout]                                at /rustc/dfb0accb7f508ae8be965d8629557221c889dd98/library/std/src/panicking.rs:544:19
[INFO] [stdout]   39:     0x65470e85aef2 - std[70759c8f55707aa4]::panic::catch_unwind::<core[df12db4294e9bfd3]::panic::unwind_safe::AssertUnwindSafe<std[70759c8f55707aa4]::thread::lifecycle::spawn_unchecked<test[9d35eded1c95d3be]::run_test::{closure#1}, ()>::{closure#1}::{closure#0}>, ()>
[INFO] [stdout]                                at /rustc/dfb0accb7f508ae8be965d8629557221c889dd98/library/std/src/panic.rs:359:14
[INFO] [stdout]   40:     0x65470e85aef2 - std[70759c8f55707aa4]::thread::lifecycle::spawn_unchecked::<test[9d35eded1c95d3be]::run_test::{closure#1}, ()>::{closure#1}
[INFO] [stdout]                                at /rustc/dfb0accb7f508ae8be965d8629557221c889dd98/library/std/src/thread/lifecycle.rs:68:26
[INFO] [stdout]   41:     0x65470e85aef2 - <std[70759c8f55707aa4]::thread::lifecycle::spawn_unchecked<test[9d35eded1c95d3be]::run_test::{closure#1}, ()>::{closure#1} as core[df12db4294e9bfd3]::ops::function::FnOnce<()>>::call_once::{shim:vtable#0}
[INFO] [stdout]                                at /rustc/dfb0accb7f508ae8be965d8629557221c889dd98/library/core/src/ops/function.rs:250:5
[INFO] [stdout]   42:     0x65470ee321a9 - <alloc[2182bb758b4b3781]::boxed::Box<dyn core[df12db4294e9bfd3]::ops::function::FnOnce<(), Output = ()> + core[df12db4294e9bfd3]::marker::Send> as core[df12db4294e9bfd3]::ops::function::FnOnce<()>>::call_once
[INFO] [stdout]                                at /rustc/dfb0accb7f508ae8be965d8629557221c889dd98/library/alloc/src/boxed.rs:2320:9
[INFO] [stdout]   43:     0x65470ee321a9 - <std[70759c8f55707aa4]::sys::thread::unix::Thread>::new::thread_start
[INFO] [stdout]                                at /rustc/dfb0accb7f508ae8be965d8629557221c889dd98/library/std/src/sys/thread/unix.rs:123:17
[INFO] [stdout]   44:     0x762f98283dfa - <unknown>
[INFO] [stdout]   45:     0x762f983173d4 - clone
[INFO] [stdout]   46:                0x0 - <unknown>
[INFO] [stdout] 
[INFO] [stdout] 
[INFO] [stdout] failures:
[INFO] [stdout]     privacy::tests::store_scoped_privacy_paths_use_one_canonical_identity
[INFO] [stdout] 
[INFO] [stdout] test result: FAILED. 57 passed; 1 failed; 0 ignored; 0 measured; 0 filtered out; finished in 0.93s
[INFO] [stdout] 
[INFO] [stderr] error: test failed, to rerun pass `--lib`
[INFO] running `Command { std: "docker" "inspect" "fb503f46f6bbd19b446211d80c002d85e8a8e9c2abbb96c3a8ea1fa27a03a486", kill_on_drop: false }`
[INFO] running `Command { std: "docker" "rm" "-f" "fb503f46f6bbd19b446211d80c002d85e8a8e9c2abbb96c3a8ea1fa27a03a486", kill_on_drop: false }`
[INFO] [stdout] fb503f46f6bbd19b446211d80c002d85e8a8e9c2abbb96c3a8ea1fa27a03a486
