[INFO] fetching crate stateset-a2a 1.36.0...
[INFO] testing stateset-a2a-1.36.0 against 1.100.0-beta.1 for beta-1.100-2
[INFO] extracting crate stateset-a2a 1.36.0 into /workspace/builds/worker-6-tc2/source
[INFO] started tweaking crates.io crate stateset-a2a 1.36.0
[INFO] removed 0 missing tests
[INFO] finished tweaking crates.io crate stateset-a2a 1.36.0
[INFO] tweaked toml for crates.io crate stateset-a2a 1.36.0 written to /workspace/builds/worker-6-tc2/source/Cargo.toml
[INFO] validating manifest of crates.io crate stateset-a2a 1.36.0 on toolchain 1.100.0-beta.1
[INFO] running `Command { std: CARGO_HOME="/workspace/cargo-home" RUSTUP_HOME="/workspace/rustup-home" "/workspace/cargo-home/bin/cargo" "+1.100.0-beta.1" "metadata" "--manifest-path" "Cargo.toml" "--no-deps", kill_on_drop: false }`
[INFO] crate crates.io crate stateset-a2a 1.36.0 already has a lockfile, it will not be regenerated
[INFO] running `Command { std: CARGO_HOME="/workspace/cargo-home" RUSTUP_HOME="/workspace/rustup-home" "/workspace/cargo-home/bin/cargo" "+1.100.0-beta.1" "fetch" "--manifest-path" "Cargo.toml", kill_on_drop: false }`
[INFO] running `Command { std: "docker" "create" "-v" "/var/lib/crater-agent-workspace/builds/worker-6-tc2/source:/opt/rustwide/workdir:ro,Z" "-v" "/var/lib/crater-agent-workspace/builds/worker-6-tc2/target:/opt/rustwide/target:rw,Z" "-v" "/var/lib/crater-agent-workspace/cargo-home:/opt/rustwide/cargo-home:ro,Z" "-v" "/var/lib/crater-agent-workspace/rustup-home:/opt/rustwide/rustup-home:ro,Z" "-m" "1610612736" "--network" "none" "ghcr.io/rust-lang/crates-build-env/linux@sha256:3111399a4047eeb3a02b7a90e478d715f38a8c6669b5c4b49d30a17385265909" "sleep" "infinity", kill_on_drop: false }`
[INFO] [stdout] c99c4a0abff38a80bcc244ca6bce01289deb3af04ff70dde82de74f7a780482f
[INFO] running `Command { std: "docker" "start" "c99c4a0abff38a80bcc244ca6bce01289deb3af04ff70dde82de74f7a780482f", kill_on_drop: false }`
[INFO] running `Command { std: "docker" "inspect" "c99c4a0abff38a80bcc244ca6bce01289deb3af04ff70dde82de74f7a780482f", kill_on_drop: false }`
[INFO] running `Command { std: "docker" "exec" "-e" "SOURCE_DIR=/opt/rustwide/workdir" "-e" "CARGO_HOME=/opt/rustwide/cargo-home" "-e" "RUSTUP_HOME=/opt/rustwide/rustup-home" "-e" "CARGO_TARGET_DIR=/opt/rustwide/target" "-w" "/opt/rustwide/workdir" "--user" "0:0" "c99c4a0abff38a80bcc244ca6bce01289deb3af04ff70dde82de74f7a780482f" "/opt/rustwide/cargo-home/bin/cargo" "+1.100.0-beta.1" "metadata" "--no-deps" "--format-version=1", kill_on_drop: false }`
[INFO] running `Command { std: "docker" "inspect" "c99c4a0abff38a80bcc244ca6bce01289deb3af04ff70dde82de74f7a780482f", kill_on_drop: false }`
[INFO] running `Command { std: "docker" "exec" "-e" "SOURCE_DIR=/opt/rustwide/workdir" "-e" "CARGO_HOME=/opt/rustwide/cargo-home" "-e" "RUSTUP_HOME=/opt/rustwide/rustup-home" "-e" "CARGO_TARGET_DIR=/opt/rustwide/target" "-e" "CARGO_INCREMENTAL=0" "-e" "RUST_BACKTRACE=full" "-e" "RUSTFLAGS=--cap-lints=warn" "-e" "RUSTDOCFLAGS=--cap-lints=warn" "-w" "/opt/rustwide/workdir" "--user" "0:0" "c99c4a0abff38a80bcc244ca6bce01289deb3af04ff70dde82de74f7a780482f" "/opt/rustwide/cargo-home/bin/cargo" "+1.100.0-beta.1" "build" "--frozen" "--message-format=json", kill_on_drop: false }`
[INFO] [stderr]    Compiling proc-macro2 v1.0.106
[INFO] [stderr]    Compiling quote v1.0.45
[INFO] [stderr]    Compiling unicode-ident v1.0.24
[INFO] [stderr]    Compiling typenum v1.19.0
[INFO] [stderr]    Compiling serde_core v1.0.228
[INFO] [stderr]    Compiling autocfg v1.5.0
[INFO] [stderr]    Compiling serde v1.0.228
[INFO] [stderr]    Compiling libc v0.2.183
[INFO] [stderr]    Compiling getrandom v0.4.2
[INFO] [stderr]    Compiling subtle v2.6.1
[INFO] [stderr]    Compiling thiserror v2.0.18
[INFO] [stderr]    Compiling rust_decimal v1.40.0
[INFO] [stderr]    Compiling iana-time-zone v0.1.65
[INFO] [stderr]    Compiling arrayvec v0.7.6
[INFO] [stderr]    Compiling num-traits v0.2.19
[INFO] [stderr]    Compiling syn v2.0.117
[INFO] [stderr]    Compiling generic-array v0.14.7
[INFO] [stderr]    Compiling block-buffer v0.10.4
[INFO] [stderr]    Compiling crypto-common v0.1.7
[INFO] [stderr]    Compiling digest v0.10.7
[INFO] [stderr]    Compiling hmac v0.12.1
[INFO] [stderr]    Compiling sha2 v0.10.9
[INFO] [stderr]    Compiling uuid v1.22.0
[INFO] [stderr]    Compiling serde_derive v1.0.228
[INFO] [stderr]    Compiling thiserror-impl v2.0.18
[INFO] [stderr]    Compiling rust_decimal_macros v1.40.0
[INFO] [stderr]    Compiling chrono v0.4.44
[INFO] [stderr]    Compiling stateset-a2a v1.36.0 (/opt/rustwide/workdir)
[INFO] [stderr]     Finished `dev` profile [unoptimized + debuginfo] target(s) in 23.03s
[INFO] running `Command { std: "docker" "inspect" "c99c4a0abff38a80bcc244ca6bce01289deb3af04ff70dde82de74f7a780482f", kill_on_drop: false }`
[INFO] running `Command { std: "docker" "exec" "-e" "SOURCE_DIR=/opt/rustwide/workdir" "-e" "CARGO_HOME=/opt/rustwide/cargo-home" "-e" "RUSTUP_HOME=/opt/rustwide/rustup-home" "-e" "CARGO_TARGET_DIR=/opt/rustwide/target" "-e" "CARGO_INCREMENTAL=0" "-e" "RUST_BACKTRACE=full" "-e" "RUSTFLAGS=--cap-lints=warn" "-e" "RUSTDOCFLAGS=--cap-lints=warn" "-w" "/opt/rustwide/workdir" "--user" "0:0" "c99c4a0abff38a80bcc244ca6bce01289deb3af04ff70dde82de74f7a780482f" "/opt/rustwide/cargo-home/bin/cargo" "+1.100.0-beta.1" "test" "--frozen" "--no-run" "--message-format=json", kill_on_drop: false }`
[INFO] [stderr]    Compiling libc v0.2.183
[INFO] [stderr]    Compiling rustix v1.1.4
[INFO] [stderr]    Compiling zmij v1.0.21
[INFO] [stderr]    Compiling bitflags v2.11.0
[INFO] [stderr]    Compiling linux-raw-sys v0.12.1
[INFO] [stderr]    Compiling serde_json v1.0.149
[INFO] [stderr]    Compiling fastrand v2.3.0
[INFO] [stderr]    Compiling similar v2.7.0
[INFO] [stderr]    Compiling memchr v2.8.0
[INFO] [stderr]    Compiling itoa v1.0.17
[INFO] [stderr]    Compiling getrandom v0.4.2
[INFO] [stderr]    Compiling console v0.16.4
[INFO] [stderr]    Compiling uuid v1.22.0
[INFO] [stderr]    Compiling stateset-a2a v1.36.0 (/opt/rustwide/workdir)
[INFO] [stderr]    Compiling tempfile v3.27.0
[INFO] [stderr]    Compiling insta v1.48.0
[INFO] [stderr]     Finished `test` profile [unoptimized + debuginfo] target(s) in 22.56s
[INFO] running `Command { std: "docker" "inspect" "c99c4a0abff38a80bcc244ca6bce01289deb3af04ff70dde82de74f7a780482f", kill_on_drop: false }`
[INFO] running `Command { std: "docker" "exec" "-e" "SOURCE_DIR=/opt/rustwide/workdir" "-e" "CARGO_HOME=/opt/rustwide/cargo-home" "-e" "RUSTUP_HOME=/opt/rustwide/rustup-home" "-e" "CARGO_TARGET_DIR=/opt/rustwide/target" "-e" "CARGO_INCREMENTAL=0" "-e" "RUST_BACKTRACE=full" "-e" "RUSTFLAGS=--cap-lints=warn" "-e" "RUSTDOCFLAGS=--cap-lints=warn" "-w" "/opt/rustwide/workdir" "--user" "0:0" "c99c4a0abff38a80bcc244ca6bce01289deb3af04ff70dde82de74f7a780482f" "/opt/rustwide/cargo-home/bin/cargo" "+1.100.0-beta.1" "test" "--frozen", kill_on_drop: false }`
[INFO] [stderr]     Finished `test` profile [unoptimized + debuginfo] target(s) in 0.09s
[INFO] [stderr]      Running unittests src/lib.rs (/opt/rustwide/target/debug/build/stateset-a2a/46df130a6c9718bf/out/stateset_a2a-46df130a6c9718bf)
[INFO] [stdout] 
[INFO] [stdout] running 497 tests
[INFO] [stdout] test agent_cards::types::tests::card_with_skills ... ok
[INFO] [stdout] test agent_cards::types::tests::card_with_networks ... ok
[INFO] [stdout] test agent_cards::types::tests::card_with_assets ... ok
[INFO] [stdout] test agent_cards::types::tests::card_creation ... ok
[INFO] [stdout] test agent_cards::types::tests::filter_by_asset ... ok
[INFO] [stdout] test agent_cards::types::tests::filter_agents_excludes_suspended ... ok
[INFO] [stdout] test agent_cards::types::tests::filter_agents_respects_limit ... ok
[INFO] [stdout] test agent_cards::types::tests::filter_by_trust_tier ... ok
[INFO] [stdout] test agent_cards::types::tests::filter_rejects_inactive_card ... ok
[INFO] [stdout] test agent_cards::types::tests::skill_display ... ok
[INFO] [stdout] test agent_cards::types::tests::validate_empty_assets ... ok
[INFO] [stdout] test agent_cards::types::tests::card_suspension ... ok
[INFO] [stdout] test agent_cards::types::tests::filter_matches_active_card ... ok
[INFO] [stdout] test agent_cards::types::tests::validate_empty_name ... ok
[INFO] [stdout] test agent_cards::types::tests::validate_empty_networks ... ok
[INFO] [stdout] test agent_cards::types::tests::validate_empty_skills ... ok
[INFO] [stdout] test agent_cards::types::tests::validate_empty_description ... ok
[INFO] [stdout] test agent_cards::types::tests::validate_valid_card ... ok
[INFO] [stdout] test circuit_breaker::config::tests::config_builder_pattern ... ok
[INFO] [stdout] test agent_cards::types::tests::validate_empty_wallet ... ok
[INFO] [stdout] test circuit_breaker::config::tests::config_serde_roundtrip ... ok
[INFO] [stdout] test circuit_breaker::config::tests::default_config_values ... ok
[INFO] [stdout] test circuit_breaker::limits::tests::allowed_at_per_transaction_boundary ... ok
[INFO] [stdout] test circuit_breaker::limits::tests::allowed_normal_transaction ... ok
[INFO] [stdout] test circuit_breaker::config::tests::kill_switch ... ok
[INFO] [stdout] test circuit_breaker::limits::tests::allowed_at_failure_rate_boundary ... ok
[INFO] [stdout] test circuit_breaker::limits::tests::blocked_daily_limit_exceeded ... ok
[INFO] [stdout] test circuit_breaker::limits::tests::blocked_failure_rate_exceeded ... ok
[INFO] [stdout] test agent_cards::types::tests::card_serde_roundtrip ... ok
[INFO] [stdout] test circuit_breaker::limits::tests::blocked_kill_switch ... ok
[INFO] [stdout] test circuit_breaker::limits::tests::blocked_per_transaction_exceeded ... ok
[INFO] [stdout] test agent_cards::types::tests::filter_agents_sorted_by_tier_then_name ... ok
[INFO] [stdout] test circuit_breaker::limits::tests::priority_kill_switch_over_circuit_open ... ok
[INFO] [stdout] test agent_cards::types::tests::filter_by_skill ... ok
[INFO] [stdout] test circuit_breaker::limits::tests::blocked_monthly_limit_exceeded ... ok
[INFO] [stdout] test circuit_breaker::limits::tests::require_allowed_ok ... ok
[INFO] [stdout] test circuit_breaker::limits::tests::require_allowed_spending_exceeded ... ok
[INFO] [stdout] test circuit_breaker::state_machine::tests::closed_can_go_to_open ... ok
[INFO] [stdout] test agent_cards::types::tests::filter_by_network ... ok
[INFO] [stdout] test circuit_breaker::limits::tests::blocked_circuit_open ... ok
[INFO] [stdout] test circuit_breaker::state_machine::tests::default_is_closed ... ok
[INFO] [stdout] test circuit_breaker::state_machine::tests::closed_is_normal ... ok
[INFO] [stdout] test circuit_breaker::state_machine::tests::full_recovery_cycle ... ok
[INFO] [stdout] test circuit_breaker::state_machine::tests::closed_cannot_go_to_half_open ... ok
[INFO] [stdout] test circuit_breaker::state_machine::tests::half_open_can_go_to_closed ... ok
[INFO] [stdout] test circuit_breaker::state_machine::tests::half_open_is_testing ... ok
[INFO] [stdout] test circuit_breaker::state_machine::tests::open_can_go_to_half_open ... ok
[INFO] [stdout] test circuit_breaker::state_machine::tests::open_cannot_go_to_closed ... ok
[INFO] [stdout] test circuit_breaker::state_machine::tests::transition_invalid ... ok
[INFO] [stdout] test circuit_breaker::limits::tests::require_allowed_circuit_blocked ... ok
[INFO] [stdout] test circuit_breaker::state_machine::tests::open_is_blocking ... ok
[INFO] [stdout] test circuit_breaker::limits::tests::half_open_allows_transactions ... ok
[INFO] [stdout] test circuit_breaker::state_machine::tests::state_display ... ok
[INFO] [stdout] test circuit_breaker::limits::tests::limit_check_result_reasons ... ok
[INFO] [stdout] test circuit_breaker::state_machine::tests::transition_valid ... ok
[INFO] [stdout] test credit::tests::close_with_outstanding_fails ... ok
[INFO] [stdout] test dispute_rules::tests::auto_refund_small_dispute ... ok
[INFO] [stdout] test credit::tests::create_and_charge ... ok
[INFO] [stdout] test credit::tests::payment_reduces_balance ... ok
[INFO] [stdout] test circuit_breaker::state_machine::tests::half_open_can_go_to_open ... ok
[INFO] [stdout] test dispute_rules::tests::favor_buyer_low_rep_seller ... ok
[INFO] [stdout] test dispute_rules::tests::no_match_returns_none ... ok
[INFO] [stdout] test circuit_breaker::state_machine::tests::half_open_failure_reopens ... ok
[INFO] [stdout] test dispute_rules::tests::priority_ordering ... ok
[INFO] [stdout] test disputes::evidence::tests::hash_evidence_deterministic ... ok
[INFO] [stdout] test disputes::evidence::tests::hash_evidence_empty ... ok
[INFO] [stdout] test disputes::evidence::tests::hash_evidence_is_64_hex_chars ... ok
[INFO] [stdout] test disputes::evidence::tests::evidence_tampered_content_fails_verification ... ok
[INFO] [stdout] test dispute_rules::tests::escalate_when_both_submit_evidence ... ok
[INFO] [stdout] test disputes::evidence::tests::evidence_creation ... ok
[INFO] [stdout] test credit::tests::charge_exceeding_limit_fails ... ok
[INFO] [stdout] test disputes::evidence::tests::hash_evidence_different_content ... ok
[INFO] [stdout] test disputes::evidence::tests::verify_evidence_hash_mismatch ... ok
[INFO] [stdout] test disputes::state_machine::tests::escalated_does_not_allow_resolution ... ok
[INFO] [stdout] test disputes::state_machine::tests::escalated_is_terminal ... ok
[INFO] [stdout] test disputes::state_machine::tests::filed_allows_evidence ... ok
[INFO] [stdout] test disputes::state_machine::tests::filed_allows_resolution ... ok
[INFO] [stdout] test disputes::state_machine::tests::filed_can_go_to_evidence_period ... ok
[INFO] [stdout] test disputes::state_machine::tests::filed_cannot_go_to_resolved ... ok
[INFO] [stdout] test disputes::state_machine::tests::filed_cannot_go_to_under_review ... ok
[INFO] [stdout] test disputes::state_machine::tests::filed_is_not_terminal ... ok
[INFO] [stdout] test disputes::state_machine::tests::full_lifecycle_transition ... ok
[INFO] [stdout] test disputes::state_machine::tests::resolved_does_not_allow_evidence ... ok
[INFO] [stdout] test disputes::state_machine::tests::resolved_does_not_allow_resolution ... ok
[INFO] [stdout] test disputes::state_machine::tests::resolved_is_terminal ... ok
[INFO] [stdout] test disputes::state_machine::tests::status_display ... ok
[INFO] [stdout] test disputes::state_machine::tests::transition_from_terminal_fails ... ok
[INFO] [stdout] test disputes::state_machine::tests::transition_invalid ... ok
[INFO] [stdout] test disputes::state_machine::tests::transition_valid ... ok
[INFO] [stdout] test disputes::state_machine::tests::under_review_allows_resolution ... ok
[INFO] [stdout] test dispute_rules::tests::split_after_30_days ... ok
[INFO] [stdout] test disputes::evidence::tests::evidence_content_hash_integrity ... ok
[INFO] [stdout] test disputes::state_machine::tests::under_review_can_go_to_escalated ... ok
[INFO] [stdout] test disputes::evidence::tests::verify_evidence_hash_matches ... ok
[INFO] [stdout] test disputes::state_machine::tests::evidence_period_can_go_to_under_review ... ok
[INFO] [stdout] test disputes::state_machine::tests::under_review_can_go_to_resolved ... ok
[INFO] [stdout] test disputes::state_machine::tests::under_review_does_not_allow_evidence ... ok
[INFO] [stdout] test disputes::state_machine::tests::under_review_cannot_go_back_to_filed ... ok
[INFO] [stdout] test disputes::types::tests::dispute_category_serde_roundtrip ... ok
[INFO] [stdout] test disputes::types::tests::deadline_constants ... ok
[INFO] [stdout] test disputes::types::tests::dispute_record_creation ... ok
[INFO] [stdout] test disputes::types::tests::dispute_record_with_amount ... ok
[INFO] [stdout] test disputes::types::tests::evidence_type_display ... ok
[INFO] [stdout] test disputes::types::tests::resolution_escalated ... ok
[INFO] [stdout] test disputes::state_machine::tests::evidence_period_allows_evidence ... ok
[INFO] [stdout] test disputes::types::tests::dispute_category_display ... ok
[INFO] [stdout] test disputes::state_machine::tests::evidence_period_cannot_go_to_resolved ... ok
[INFO] [stdout] test disputes::state_machine::tests::evidence_period_is_not_terminal ... ok
[INFO] [stdout] test disputes::types::tests::resolution_full_refund ... ok
[INFO] [stdout] test disputes::types::tests::resolution_type_display ... ok
[INFO] [stdout] test disputes::types::tests::resolution_release_to_seller ... ok
[INFO] [stdout] test disputes::types::tests::resolution_split ... ok
[INFO] [stdout] test disputes::types::tests::resolution_split_odd_amount ... ok
[INFO] [stdout] test error::tests::circuit_breaker_blocked_display ... ok
[INFO] [stdout] test error::tests::dispute_error_display ... ok
[INFO] [stdout] test error::tests::deadline_missed_display ... ok
[INFO] [stdout] test error::tests::percentage_sum_mismatch_display ... ok
[INFO] [stdout] test error::tests::rfq_expired_display ... ok
[INFO] [stdout] test error::tests::score_out_of_range_display ... ok
[INFO] [stdout] test error::tests::sla_violation_display ... ok
[INFO] [stdout] test error::tests::marketplace_error_display ... ok
[INFO] [stdout] test error::tests::agent_card_error_display ... ok
[INFO] [stdout] test error::tests::spending_limit_exceeded_display ... ok
[INFO] [stdout] test error::tests::negotiation_limit_exceeded_display ... ok
[INFO] [stdout] test error::tests::not_found_display ... ok
[INFO] [stdout] test error::tests::ssrf_blocked_display ... ok
[INFO] [stdout] test error::tests::trust_tier_insufficient_display ... ok
[INFO] [stdout] test escrow::conditions::tests::all_conditions_met_single_confirmed ... ok
[INFO] [stdout] test escrow::conditions::tests::all_conditions_not_met_one_unconfirmed ... ok
[INFO] [stdout] test escrow::conditions::tests::all_conditions_met_mixed_types ... ok
[INFO] [stdout] test escrow::conditions::tests::buyer_confirmed_met_when_completed ... ok
[INFO] [stdout] test escrow::conditions::tests::buyer_confirmed_not_met_by_default ... ok
[INFO] [stdout] test escrow::conditions::tests::condition_round_trips_json ... ok
[INFO] [stdout] test escrow::conditions::tests::condition_seller_fulfilled_defaults ... ok
[INFO] [stdout] test escrow::conditions::tests::condition_serializes_to_json ... ok
[INFO] [stdout] test escrow::conditions::tests::condition_time_lock_has_release_after ... ok
[INFO] [stdout] test escrow::conditions::tests::condition_type_display ... ok
[INFO] [stdout] test escrow::conditions::tests::evaluate_condition_dispatches_buyer_confirmed ... ok
[INFO] [stdout] test escrow::conditions::tests::evaluate_condition_dispatches_milestone ... ok
[INFO] [stdout] test escrow::conditions::tests::evaluate_condition_dispatches_seller_fulfilled ... ok
[INFO] [stdout] test escrow::conditions::tests::evaluate_condition_dispatches_time_lock ... ok
[INFO] [stdout] test escrow::conditions::tests::milestone_met_when_completed ... ok
[INFO] [stdout] test escrow::conditions::tests::milestone_not_met_by_default ... ok
[INFO] [stdout] test escrow::conditions::tests::seller_fulfilled_met_when_quote_fulfilled ... ok
[INFO] [stdout] test escrow::conditions::tests::seller_fulfilled_not_met_when_no_quote ... ok
[INFO] [stdout] test error::tests::validation_error_display ... ok
[INFO] [stdout] test error::tests::failure_rate_exceeded_display ... ok
[INFO] [stdout] test escrow::conditions::tests::seller_fulfilled_with_quote_lookup ... ok
[INFO] [stdout] test escrow::conditions::tests::time_lock_met_when_exactly_at_release ... ok
[INFO] [stdout] test escrow::conditions::tests::time_lock_met_when_past_release ... ok
[INFO] [stdout] test escrow::conditions::tests::seller_fulfilled_not_met_when_quote_pending ... ok
[INFO] [stdout] test escrow::conditions::tests::time_lock_not_met_when_before_release ... ok
[INFO] [stdout] test escrow::conditions::tests::time_lock_not_met_without_release_after ... ok
[INFO] [stdout] test escrow::state_machine::tests::active_can_go_to_disputed ... ok
[INFO] [stdout] test escrow::state_machine::tests::active_can_go_to_expired ... ok
[INFO] [stdout] test escrow::conditions::tests::all_conditions_met_empty_list ... ok
[INFO] [stdout] test error::tests::invalid_transition_display ... ok
[INFO] [stdout] test escrow::conditions::tests::condition_milestone_has_description ... ok
[INFO] [stdout] test escrow::state_machine::tests::active_can_go_to_refunded ... ok
[INFO] [stdout] test escrow::state_machine::tests::active_can_go_to_released ... ok
[INFO] [stdout] test escrow::state_machine::tests::created_can_go_to_funded ... ok
[INFO] [stdout] test escrow::state_machine::tests::active_cannot_go_back_to_created ... ok
[INFO] [stdout] test escrow::state_machine::tests::active_is_not_terminal ... ok
[INFO] [stdout] test escrow::state_machine::tests::created_can_go_to_refunded ... ok
[INFO] [stdout] test escrow::state_machine::tests::created_cannot_go_to_active ... ok
[INFO] [stdout] test escrow::state_machine::tests::disputed_is_terminal ... ok
[INFO] [stdout] test escrow::state_machine::tests::created_is_not_terminal ... ok
[INFO] [stdout] test escrow::state_machine::tests::expired_is_terminal ... ok
[INFO] [stdout] test escrow::state_machine::tests::funded_can_go_to_expired ... ok
[INFO] [stdout] test escrow::state_machine::tests::funded_can_go_to_released ... ok
[INFO] [stdout] test escrow::state_machine::tests::refunded_is_terminal ... ok
[INFO] [stdout] test escrow::state_machine::tests::status_display ... ok
[INFO] [stdout] test escrow::state_machine::tests::transition_active_to_released ... ok
[INFO] [stdout] test escrow::state_machine::tests::transition_from_terminal_fails ... ok
[INFO] [stdout] test disputes::types::tests::resolution_partial_refund ... ok
[INFO] [stdout] test escrow::state_machine::tests::created_cannot_go_to_released ... ok
[INFO] [stdout] test escrow::state_machine::tests::funded_can_go_to_active ... ok
[INFO] [stdout] test escrow::state_machine::tests::funded_can_go_to_disputed ... ok
[INFO] [stdout] test escrow::state_machine::tests::transition_funded_to_active ... ok
[INFO] [stdout] test escrow::state_machine::tests::released_is_terminal ... ok
[INFO] [stdout] test escrow::state_machine::tests::funded_is_not_terminal ... ok
[INFO] [stdout] test escrow::state_machine::tests::transition_new_invalid ... ok
[INFO] [stdout] test events::filters::tests::empty_filters_never_match ... ok
[INFO] [stdout] test events::filters::tests::exact_match ... ok
[INFO] [stdout] test escrow::state_machine::tests::transition_new_valid ... ok
[INFO] [stdout] test escrow::state_machine::tests::funded_can_go_to_refunded ... ok
[INFO] [stdout] test events::filters::tests::empty_event_type_exact ... ok
[INFO] [stdout] test events::filters::tests::empty_event_type_no_match ... ok
[INFO] [stdout] test events::filters::tests::event_type_with_many_dots ... ok
[INFO] [stdout] test events::filters::tests::exact_match_case_sensitive ... ok
[INFO] [stdout] test events::filters::tests::exact_no_match ... ok
[INFO] [stdout] test events::filters::tests::filter_is_just_star_dot ... ok
[INFO] [stdout] test events::filters::tests::owned_wildcard ... ok
[INFO] [stdout] test events::filters::tests::prefix_wildcard_does_not_match_different_prefix ... ok
[INFO] [stdout] test events::filters::tests::prefix_wildcard_matches ... ok
[INFO] [stdout] test events::filters::tests::prefix_wildcard_requires_dot_separator ... ok
[INFO] [stdout] test events::filters::tests::wildcard_in_list_matches_all ... ok
[INFO] [stdout] test events::filters::tests::matches_event_filter_owned_strings ... ok
[INFO] [stdout] test inventory_commitment::tests::create_and_fulfill_commitment ... ok
[INFO] [stdout] test events::filters::tests::mixed_exact_and_prefix ... ok
[INFO] [stdout] test inventory_commitment::tests::expire_past_deadline ... ok
[INFO] [stdout] test events::filters::tests::owned_empty ... ok
[INFO] [stdout] test events::filters::tests::wildcard_matches_everything ... ok
[INFO] [stdout] test events::filters::tests::multiple_prefix_wildcards ... ok
[INFO] [stdout] test inventory_commitment::tests::total_committed_for_sku ... ok
[INFO] [stdout] test marketplace::scoring::tests::cheapest_lower_price_wins ... ok
[INFO] [stdout] test inventory_commitment::tests::release_commitment ... ok
[INFO] [stdout] test marketplace::scoring::tests::best_value_default_reputation ... ok
[INFO] [stdout] test marketplace::scoring::tests::best_value_price_matters ... ok
[INFO] [stdout] test marketplace::scoring::tests::best_value_reputation_matters ... ok
[INFO] [stdout] test marketplace::scoring::tests::cheapest_equal_prices ... ok
[INFO] [stdout] test marketplace::scoring::tests::rank_responses_cheapest ... ok
[INFO] [stdout] test marketplace::scoring::tests::rank_responses_single ... ok
[INFO] [stdout] test marketplace::scoring::tests::scoring_criteria_display ... ok
[INFO] [stdout] test marketplace::scoring::tests::scoring_criteria_serde_roundtrip ... ok
[INFO] [stdout] test marketplace::state_machine::tests::awarded_is_terminal ... ok
[INFO] [stdout] test marketplace::state_machine::tests::awarded_response_is_terminal ... ok
[INFO] [stdout] test marketplace::state_machine::tests::closed_is_terminal ... ok
[INFO] [stdout] test marketplace::state_machine::tests::declined_response_is_terminal ... ok
[INFO] [stdout] test marketplace::state_machine::tests::expired_is_terminal ... ok
[INFO] [stdout] test marketplace::state_machine::tests::open_can_go_to_awarded ... ok
[INFO] [stdout] test marketplace::state_machine::tests::open_can_go_to_closed ... ok
[INFO] [stdout] test marketplace::state_machine::tests::open_can_go_to_expired ... ok
[INFO] [stdout] test marketplace::state_machine::tests::open_is_not_terminal ... ok
[INFO] [stdout] test marketplace::state_machine::tests::pending_can_go_to_declined ... ok
[INFO] [stdout] test marketplace::state_machine::tests::pending_can_go_to_scored ... ok
[INFO] [stdout] test marketplace::state_machine::tests::response_display ... ok
[INFO] [stdout] test marketplace::state_machine::tests::rfq_display ... ok
[INFO] [stdout] test marketplace::state_machine::tests::scored_can_go_to_awarded ... ok
[INFO] [stdout] test marketplace::state_machine::tests::scored_can_go_to_declined ... ok
[INFO] [stdout] test marketplace::scoring::tests::cheapest_zero_price ... ok
[INFO] [stdout] test marketplace::scoring::tests::fastest_default_time ... ok
[INFO] [stdout] test marketplace::scoring::tests::fastest_price_also_matters ... ok
[INFO] [stdout] test marketplace::state_machine::tests::transition_open_to_awarded ... ok
[INFO] [stdout] test marketplace::scoring::tests::fastest_speed_matters ... ok
[INFO] [stdout] test messaging::tests::acknowledge_marks_delivered ... ok
[INFO] [stdout] test marketplace::scoring::tests::rank_responses_all_scored ... ok
[INFO] [stdout] test marketplace::scoring::tests::rank_responses_empty ... ok
[INFO] [stdout] test marketplace::scoring::tests::rfq_response_builder ... ok
[INFO] [stdout] test marketplace::state_machine::tests::transition_from_terminal_fails ... ok
[INFO] [stdout] test messaging::tests::enqueue_and_get_pending ... ok
[INFO] [stdout] test messaging::tests::exponential_backoff_capped_at_16s ... ok
[INFO] [stdout] test messaging::tests::failed_message_schedules_retry ... ok
[INFO] [stdout] test negotiation::tests::accept_from_open ... ok
[INFO] [stdout] test negotiation::tests::create_negotiation ... ok
[INFO] [stdout] test negotiation::tests::evaluate_auto_rules_below_accept_threshold_continues ... ok
[INFO] [stdout] test negotiation::tests::auto_decision_display_values ... ok
[INFO] [stdout] test negotiation::tests::auto_accept_when_below_threshold ... ok
[INFO] [stdout] test negotiation::tests::max_rounds_exceeded_rejects ... ok
[INFO] [stdout] test negotiation::tests::auto_reject_when_above_threshold ... ok
[INFO] [stdout] test negotiation::tests::evaluate_auto_rules_continue_when_no_thresholds ... ok
[INFO] [stdout] test negotiation::tests::cannot_accept_already_rejected ... ok
[INFO] [stdout] test negotiation::tests::cannot_counter_offer_on_accepted ... ok
[INFO] [stdout] test negotiation::tests::counter_offer_increments_rounds ... ok
[INFO] [stdout] test negotiation::tests::evaluate_auto_rules_below_reject_threshold_continues ... ok
[INFO] [stdout] test notifications::hmac::tests::sign_both_empty ... ok
[INFO] [stdout] test notifications::hmac::tests::sign_deterministic ... ok
[INFO] [stdout] test negotiation::tests::reject_from_open ... ok
[INFO] [stdout] test negotiation::tests::status_display_values ... ok
[INFO] [stdout] test negotiation::tests::terminal_states_are_correct ... ok
[INFO] [stdout] test notifications::hmac::tests::known_vector ... ok
[INFO] [stdout] test notifications::hmac::tests::sign_different_secrets_differ ... ok
[INFO] [stdout] test notifications::hmac::tests::sign_produces_64_char_hex ... ok
[INFO] [stdout] test notifications::hmac::tests::verify_correct_signature ... ok
[INFO] [stdout] test notifications::hmac::tests::verify_invalid_hex ... ok
[INFO] [stdout] test notifications::hmac::tests::sign_different_payloads_differ ... ok
[INFO] [stdout] test notifications::hmac::tests::sign_empty_payload ... ok
[INFO] [stdout] test notifications::hmac::tests::verify_wrong_length ... ok
[INFO] [stdout] test notifications::hmac::tests::sign_empty_secret ... ok
[INFO] [stdout] test notifications::hmac::tests::sign_json_payload ... ok
[INFO] [stdout] test notifications::hmac::tests::try_sign_and_verify_success ... ok
[INFO] [stdout] test notifications::hmac::tests::verify_wrong_secret ... ok
[INFO] [stdout] test notifications::hmac::tests::verify_wrong_payload ... ok
[INFO] [stdout] test notifications::ssrf::tests::allowlist_allows_exact_host ... ok
[INFO] [stdout] test notifications::ssrf::tests::allowlist_cannot_override_private_ip_blocks ... ok
[INFO] [stdout] test negotiation::tests::negotiation_serialization_round_trip ... ok
[INFO] [stdout] test notifications::ssrf::tests::allowlist_dns_rebinding_style_resolution_is_still_blocked ... ok
[INFO] [stdout] test negotiation::tests::offer_type_display_values ... ok
[INFO] [stdout] test notifications::ssrf::tests::allowlist_empty_preserves_default_behavior ... ok
[INFO] [stdout] test notifications::ssrf::tests::allowlist_blocks_non_listed_host ... ok
[INFO] [stdout] test notifications::ssrf::tests::allows_public_ip ... ok
[INFO] [stdout] test notifications::ssrf::tests::blocks_0_0_0_0 ... ok
[INFO] [stdout] test notifications::ssrf::tests::allowlist_supports_wildcard_subdomains_only ... ok
[INFO] [stdout] test notifications::ssrf::tests::blocks_10_0_0_1 ... ok
[INFO] [stdout] test notifications::ssrf::tests::blocks_127_0_0_1 ... ok
[INFO] [stdout] test notifications::ssrf::tests::allows_public_with_port ... ok
[INFO] [stdout] test notifications::ssrf::tests::blocks_169_254_link_local ... ok
[INFO] [stdout] test notifications::ssrf::tests::blocks_benchmark_ipv4_range ... ok
[INFO] [stdout] test notifications::ssrf::tests::blocks_documentation_ipv4_range ... ok
[INFO] [stdout] test notifications::ssrf::tests::allows_public_http ... ok
[INFO] [stdout] test notifications::ssrf::tests::blocks_172_16_to_31 ... ok
[INFO] [stdout] test notifications::ssrf::tests::blocks_documentation_ipv6_range ... ok
[INFO] [stdout] test notifications::ssrf::tests::allows_public_https ... ok
[INFO] [stdout] test notifications::ssrf::tests::blocks_192_168 ... ok
[INFO] [stdout] test notifications::ssrf::tests::blocks_dot_local ... ok
[INFO] [stdout] test notifications::ssrf::tests::blocks_ftp ... ok
[INFO] [stdout] test notifications::ssrf::tests::blocks_ipv4_mapped_ipv6_loopback ... ok
[INFO] [stdout] test notifications::ssrf::tests::blocks_dot_home_arpa ... ok
[INFO] [stdout] test notifications::ssrf::tests::blocks_ipv6_loopback ... ok
[INFO] [stdout] test notifications::ssrf::tests::blocks_dot_internal ... ok
[INFO] [stdout] test notifications::ssrf::tests::blocks_carrier_grade_nat_range ... ok
[INFO] [stdout] test notifications::ssrf::tests::blocks_dot_localhost ... ok
[INFO] [stdout] test notifications::ssrf::tests::blocks_ipv6_link_local ... ok
[INFO] [stdout] test notifications::ssrf::tests::dns_resolution_allows_public_target ... ok
[INFO] [stdout] test notifications::ssrf::tests::dns_resolution_blocks_mixed_public_and_private_targets ... ok
[INFO] [stdout] test notifications::ssrf::tests::blocks_ipv6_unique_local ... ok
[INFO] [stdout] test notifications::ssrf::tests::dns_resolution_blocks_private_target ... ok
[INFO] [stdout] test notifications::ssrf::tests::parse_components_query_and_fragment ... ok
[INFO] [stdout] test notifications::ssrf::tests::parse_components_basic ... ok
[INFO] [stdout] test notifications::ssrf::tests::parse_components_ipv6 ... ok
[INFO] [stdout] test notifications::ssrf::tests::parse_components_with_port ... ok
[INFO] [stdout] test notifications::ssrf::tests::blocks_localhost ... ok
[INFO] [stdout] test notifications::ssrf::tests::decimal_ipv4_literal_is_blocked ... ok
[INFO] [stdout] test notifications::ssrf::tests::rejects_empty_url ... ok
[INFO] [stdout] test notifications::ssrf::tests::rejects_hex_ipv4_literal_encoding ... ok
[INFO] [stdout] test notifications::ssrf::tests::rejects_invalid_port_non_numeric ... ok
[INFO] [stdout] test notifications::ssrf::tests::allows_subdomain ... ok
[INFO] [stdout] test notifications::ssrf::tests::dns_resolution_failure_style_empty_result_is_blocked ... ok
[INFO] [stdout] test notifications::ssrf::tests::rejects_invalid_port_zero ... ok
[INFO] [stdout] test notifications::ssrf::tests::rejects_ipv4_mapped_ipv6_even_when_mapped_ip_is_public ... ok
[INFO] [stdout] test notifications::ssrf::tests::rejects_malformed_empty_ipv6_authority ... ok
[INFO] [stdout] test notifications::ssrf::tests::rejects_octal_ipv4_literal_encoding ... ok
[INFO] [stdout] test notifications::ssrf::tests::rejects_short_ipv4_literal_encoding ... ok
[INFO] [stdout] test notifications::ssrf::tests::rejects_unbracketed_ipv6 ... ok
[INFO] [stdout] test notifications::ssrf::tests::rejects_ipv6_zone_identifier ... ok
[INFO] [stdout] test notifications::ssrf::tests::rejects_userinfo_confusion_variant ... ok
[INFO] [stdout] test notifications::ssrf::tests::rejects_userinfo_host_confusion ... ok
[INFO] [stdout] test notifications::ssrf::tests::rejects_malformed_empty_authority_host_with_port ... ok
[INFO] [stdout] test notifications::ssrf::tests::blocks_file ... ok
[INFO] [stdout] test reputation::scoring::tests::aggregate_feedback_counts_successful_and_disputed ... ok
[INFO] [stdout] test reputation::scoring::tests::aggregate_feedback_dimension_averaging ... ok
[INFO] [stdout] test reputation::scoring::tests::aggregate_feedback_enterprise_tier_promotion ... ok
[INFO] [stdout] test reputation::scoring::tests::aggregate_feedback_skips_revoked ... ok
[INFO] [stdout] test reputation::scoring::tests::aggregate_feedback_verified_tier_promotion ... ok
[INFO] [stdout] test reputation::scoring::tests::aggregate_feedback_empty ... ok
[INFO] [stdout] test reputation::scoring::tests::average_scores_empty ... ok
[INFO] [stdout] test reputation::scoring::tests::aggregate_feedback_standard_tier_promotion ... ok
[INFO] [stdout] test reputation::scoring::tests::average_scores_fractional ... ok
[INFO] [stdout] test reputation::scoring::tests::average_scores_multiple ... ok
[INFO] [stdout] test reputation::scoring::tests::average_scores_rounds_to_2dp ... ok
[INFO] [stdout] test reputation::scoring::tests::average_scores_single ... ok
[INFO] [stdout] test reputation::scoring::tests::dimension_display ... ok
[INFO] [stdout] test reputation::scoring::tests::dispute_rate_all_disputed ... ok
[INFO] [stdout] test reputation::scoring::tests::dispute_rate_no_disputes ... ok
[INFO] [stdout] test reputation::scoring::tests::dispute_rate_zero_total ... ok
[INFO] [stdout] test reputation::scoring::tests::is_successful_boundary ... ok
[INFO] [stdout] test reputation::scoring::tests::is_disputed_boundary ... ok
[INFO] [stdout] test reputation::scoring::tests::score_distribution_all_fives ... ok
[INFO] [stdout] test reputation::scoring::tests::score_distribution_empty ... ok
[INFO] [stdout] test reputation::scoring::tests::dimension_scores_get_set ... ok
[INFO] [stdout] test notifications::ssrf::tests::rejects_malformed_unterminated_ipv6_authority ... ok
[INFO] [stdout] test notifications::ssrf::tests::rejects_no_scheme ... ok
[INFO] [stdout] test reputation::scoring::tests::dispute_rate_calculation ... ok
[INFO] [stdout] test reputation::scoring::tests::validate_score_out_of_range_high ... ok
[INFO] [stdout] test reputation::tiers::tests::compute_tier_enterprise ... ok
[INFO] [stdout] test reputation::scoring::tests::score_distribution_mixed ... ok
[INFO] [stdout] test reputation::scoring::tests::validate_score_negative ... ok
[INFO] [stdout] test reputation::tiers::tests::compute_tier_enterprise_boundary ... ok
[INFO] [stdout] test reputation::tiers::tests::compute_tier_enterprise_high_dispute_rate_falls_to_verified ... ok
[INFO] [stdout] test reputation::tiers::tests::compute_tier_sandbox_low_score ... ok
[INFO] [stdout] test reputation::tiers::tests::compute_tier_standard ... ok
[INFO] [stdout] test reputation::scoring::tests::reputation_summary_default ... ok
[INFO] [stdout] test reputation::scoring::tests::aggregate_feedback_with_dimensions ... ok
[INFO] [stdout] test reputation::scoring::tests::validate_score_out_of_range_low ... ok
[INFO] [stdout] test reputation::tiers::tests::compute_tier_sandbox_insufficient_transactions ... ok
[INFO] [stdout] test reputation::tiers::tests::compute_tier_standard_boundary ... ok
[INFO] [stdout] test reputation::tiers::tests::compute_tier_verified ... ok
[INFO] [stdout] test reputation::tiers::tests::default_tier_is_sandbox ... ok
[INFO] [stdout] test reputation::tiers::tests::compute_tier_verified_blocked_by_disputes ... ok
[INFO] [stdout] test reputation::tiers::tests::compute_tier_sandbox_default ... ok
[INFO] [stdout] test reputation::tiers::tests::all_tiers_returns_ascending ... ok
[INFO] [stdout] test reputation::tiers::tests::is_at_least ... ok
[INFO] [stdout] test reputation::tiers::tests::display_tiers ... ok
[INFO] [stdout] test reputation::tiers::tests::requirements_enterprise ... ok
[INFO] [stdout] test sla::compliance::tests::all_compliant ... ok
[INFO] [stdout] test sla::compliance::tests::at_boundary_passes ... ok
[INFO] [stdout] test sla::compliance::tests::missing_actual_metric_is_not_violation ... ok
[INFO] [stdout] test sla::compliance::tests::no_metrics_configured_error ... ok
[INFO] [stdout] test reputation::scoring::tests::validate_score_valid_range ... ok
[INFO] [stdout] test reputation::tiers::tests::tier_ordering ... ok
[INFO] [stdout] test sla::compliance::tests::quality_violation ... ok
[INFO] [stdout] test reputation::tiers::tests::requirements_sandbox ... ok
[INFO] [stdout] test reputation::tiers::tests::requirements_standard ... ok
[INFO] [stdout] test sla::compliance::tests::uptime_violation ... ok
[INFO] [stdout] test sla::compliance::tests::violation_severity_included ... ok
[INFO] [stdout] test reputation::tiers::tests::requirements_verified ... ok
[INFO] [stdout] test sla::compliance::tests::response_time_violation ... ok
[INFO] [stdout] test reputation::tiers::tests::transaction_type_display ... ok
[INFO] [stdout] test sla::compliance::tests::throughput_violation ... ok
[INFO] [stdout] test sla::compliance::tests::multiple_violations ... ok
[INFO] [stdout] test sla::metrics::tests::has_metrics_none ... ok
[INFO] [stdout] test sla::metrics::tests::has_metrics_with_one ... ok
[INFO] [stdout] test sla::compliance::tests::penalty_amount_computed ... ok
[INFO] [stdout] test sla::metrics::tests::metric_type_display ... ok
[INFO] [stdout] test sla::metrics::tests::penalty_type_default ... ok
[INFO] [stdout] test sla::metrics::tests::penalty_type_display ... ok
[INFO] [stdout] test sla::metrics::tests::configured_metrics_all ... ok
[INFO] [stdout] test sla::metrics::tests::configured_metrics_partial ... ok
[INFO] [stdout] test sla::metrics::tests::sla_definition_builder ... ok
[INFO] [stdout] test sla::violations::tests::penalty_10_percent_of_250 ... ok
[INFO] [stdout] test sla::violations::tests::penalty_zero_value ... ok
[INFO] [stdout] test sla::violations::tests::quality_slight_violation_is_warning ... ok
[INFO] [stdout] test sla::violations::tests::response_time_severe_violation_is_critical ... ok
[INFO] [stdout] test sla::metrics::tests::sla_definition_defaults ... ok
[INFO] [stdout] test sla::metrics::tests::sla_serde_roundtrip ... ok
[INFO] [stdout] test sla::violations::tests::penalty_5_percent_of_100 ... ok
[INFO] [stdout] test sla::violations::tests::penalty_rounds_to_2dp ... ok
[INFO] [stdout] test sla::violations::tests::penalty_zero_percent ... ok
[INFO] [stdout] test sla::violations::tests::quality_severe_violation_is_critical ... ok
[INFO] [stdout] test sla::violations::tests::throughput_violation_warning ... ok
[INFO] [stdout] test sla::violations::tests::response_time_slight_violation_is_warning ... ok
[INFO] [stdout] test sla::violations::tests::uptime_slight_violation_is_warning ... ok
[INFO] [stdout] test sla::violations::tests::zero_required_is_critical ... ok
[INFO] [stdout] test splits::calculation::tests::fixed_split_basic ... ok
[INFO] [stdout] test sla::violations::tests::response_time_zero_actual_is_warning ... ok
[INFO] [stdout] test splits::calculation::tests::fixed_split_allows_one_unit_tolerance ... ok
[INFO] [stdout] test splits::calculation::tests::fixed_split_normalizes_residual_to_match_total_exactly ... ok
[INFO] [stdout] test splits::calculation::tests::fixed_split_rejects_missing_amount ... ok
[INFO] [stdout] test splits::calculation::tests::fixed_split_rejects_negative_platform_fee_pct ... ok
[INFO] [stdout] test splits::calculation::tests::fixed_split_rejects_platform_fee_pct_above_100 ... ok
[INFO] [stdout] test splits::calculation::tests::fixed_split_rejects_single_recipient ... ok
[INFO] [stdout] test splits::calculation::tests::fixed_split_rejects_values_over_six_decimal_places ... ok
[INFO] [stdout] test splits::calculation::tests::percentage_split_large_amount ... ok
[INFO] [stdout] test splits::calculation::tests::fixed_split_rejects_negative_amount ... ok
[INFO] [stdout] test sla::violations::tests::uptime_severe_violation_is_critical ... ok
[INFO] [stdout] test splits::calculation::tests::percentage_split_many_recipients ... ok
[INFO] [stdout] test splits::calculation::tests::percentage_split_rejects_missing_percent ... ok
[INFO] [stdout] test splits::calculation::tests::percentage_split_rejects_negative_platform_fee_pct ... ok
[INFO] [stdout] test splits::calculation::tests::percentage_split_rejects_platform_fee_pct_above_100 ... ok
[INFO] [stdout] test splits::calculation::tests::percentage_split_rejects_recipient_percent_above_100 ... ok
[INFO] [stdout] test splits::calculation::tests::percentage_split_rejects_single_recipient ... ok
[INFO] [stdout] test splits::calculation::tests::percentage_split_rejects_values_over_six_decimal_places ... ok
[INFO] [stdout] test splits::calculation::tests::percentage_split_rejects_wrong_sum ... ok
[INFO] [stdout] test splits::calculation::tests::percentage_split_rejects_negative_recipient_percent ... ok
[INFO] [stdout] test splits::calculation::tests::percentage_split_rejects_zero_total ... ok
[INFO] [stdout] test sla::violations::tests::severity_display ... ok
[INFO] [stdout] test sla::violations::tests::throughput_violation_critical ... ok
[INFO] [stdout] test splits::calculation::tests::percentage_split_rounding_drift_prevention ... ok
[INFO] [stdout] test splits::calculation::tests::fixed_split_with_platform_fee ... ok
[INFO] [stdout] test splits::calculation::tests::percentage_split_rejects_negative_total ... ok
[INFO] [stdout] test splits::calculation::tests::percentage_split_three_way_with_platform_fee ... ok
[INFO] [stdout] test splits::state_machine::tests::completed_is_terminal ... ok
[INFO] [stdout] test splits::state_machine::tests::determine_final_partial ... ok
[INFO] [stdout] test splits::state_machine::tests::failed_is_terminal ... ok
[INFO] [stdout] test splits::state_machine::tests::partial_is_terminal ... ok
[INFO] [stdout] test splits::state_machine::tests::determine_final_all_failed ... ok
[INFO] [stdout] test splits::state_machine::tests::pending_can_go_to_processing ... ok
[INFO] [stdout] test splits::calculation::tests::percentage_split_tiny_amount ... ok
[INFO] [stdout] test splits::calculation::tests::fixed_split_rejects_wrong_sum ... ok
[INFO] [stdout] test splits::state_machine::tests::processing_can_go_to_completed ... ok
[INFO] [stdout] test splits::state_machine::tests::pending_cannot_go_to_completed ... ok
[INFO] [stdout] test splits::calculation::tests::percentage_split_uneven_three_way ... ok
[INFO] [stdout] test splits::calculation::tests::percentage_split_basic_two_way ... ok
[INFO] [stdout] test splits::state_machine::tests::determine_final_all_completed ... ok
[INFO] [stdout] test splits::state_machine::tests::transition_new_invalid ... ok
[INFO] [stdout] test subscriptions::billing::tests::annual_leap_year_feb_29 ... ok
[INFO] [stdout] test splits::state_machine::tests::transition_new_valid ... ok
[INFO] [stdout] test subscriptions::billing::tests::billing_interval_all_has_five_entries ... ok
[INFO] [stdout] test subscriptions::billing::tests::annual_adds_one_year ... ok
[INFO] [stdout] test subscriptions::billing::tests::billing_interval_from_str_invalid ... ok
[INFO] [stdout] test subscriptions::billing::tests::billing_interval_from_str_valid ... ok
[INFO] [stdout] test subscriptions::billing::tests::biweekly_adds_14_days ... ok
[INFO] [stdout] test subscriptions::billing::tests::monthly_adds_one_month ... ok
[INFO] [stdout] test subscriptions::billing::tests::billing_interval_display ... ok
[INFO] [stdout] test subscriptions::billing::tests::monthly_end_of_month_jan_to_feb ... ok
[INFO] [stdout] test subscriptions::billing::tests::quarterly_adds_three_months ... ok
[INFO] [stdout] test subscriptions::billing::tests::quarterly_crosses_year_boundary ... ok
[INFO] [stdout] test subscriptions::billing::tests::trial_end_14_days ... ok
[INFO] [stdout] test subscriptions::billing::tests::trial_end_crosses_month ... ok
[INFO] [stdout] test splits::state_machine::tests::processing_can_go_to_failed ... ok
[INFO] [stdout] test splits::state_machine::tests::processing_can_go_to_partial ... ok
[INFO] [stdout] test splits::state_machine::tests::status_display ... ok
[INFO] [stdout] test subscriptions::billing::tests::trial_end_zero_days ... ok
[INFO] [stdout] test subscriptions::billing::tests::weekly_adds_7_days ... ok
[INFO] [stdout] test subscriptions::billing::tests::weekly_crosses_month_boundary ... ok
[INFO] [stdout] test subscriptions::state_machine::tests::active_cannot_go_to_trial ... ok
[INFO] [stdout] test subscriptions::state_machine::tests::active_is_not_terminal ... ok
[INFO] [stdout] test subscriptions::state_machine::tests::active_to_past_due ... ok
[INFO] [stdout] test subscriptions::state_machine::tests::active_to_paused ... ok
[INFO] [stdout] test subscriptions::state_machine::tests::cancelled_cannot_go_anywhere ... ok
[INFO] [stdout] test subscriptions::state_machine::tests::cancelled_is_terminal ... ok
[INFO] [stdout] test subscriptions::state_machine::tests::past_due_cannot_go_to_paused ... ok
[INFO] [stdout] test subscriptions::state_machine::tests::past_due_to_cancelled ... ok
[INFO] [stdout] test subscriptions::state_machine::tests::paused_cannot_go_to_trial ... ok
[INFO] [stdout] test subscriptions::state_machine::tests::past_due_to_active ... ok
[INFO] [stdout] test subscriptions::state_machine::tests::paused_to_active ... ok
[INFO] [stdout] test subscriptions::state_machine::tests::transition_new_invalid ... ok
[INFO] [stdout] test subscriptions::state_machine::tests::paused_to_cancelled ... ok
[INFO] [stdout] test subscriptions::state_machine::tests::trial_cannot_go_to_past_due ... ok
[INFO] [stdout] test subscriptions::state_machine::tests::transition_new_valid ... ok
[INFO] [stdout] test subscriptions::state_machine::tests::transition_trial_to_active ... ok
[INFO] [stdout] test subscriptions::state_machine::tests::trial_cannot_go_to_paused ... ok
[INFO] [stdout] test subscriptions::state_machine::tests::status_display ... ok
[INFO] [stdout] test subscriptions::state_machine::tests::trial_to_active ... ok
[INFO] [stdout] test subscriptions::state_machine::tests::trial_is_not_terminal ... ok
[INFO] [stdout] test subscriptions::state_machine::tests::trial_to_cancelled ... ok
[INFO] [stdout] test subscriptions::state_machine::tests::active_to_cancelled ... ok
[INFO] [stdout] 
[INFO] [stdout] test result: ok. 497 passed; 0 failed; 0 ignored; 0 measured; 0 filtered out; finished in 0.06s
[INFO] [stdout] 
[INFO] [stderr]      Running tests/a2a_integration.rs (/opt/rustwide/target/debug/build/stateset-a2a/11e0763139eac27c/out/a2a_integration-11e0763139eac27c)
[INFO] [stdout] 
[INFO] [stdout] running 81 tests
[INFO] [stdout] test billing_annual_feb_29_leap_to_feb_28_next_year ... ok
[INFO] [stdout] test agent_card_validation_and_discovery ... ok
[INFO] [stdout] test billing_monthly_jan_15_to_feb_15 ... ok
[INFO] [stdout] test billing_biweekly_adds_14_days ... ok
[INFO] [stdout] test billing_monthly_end_of_month_jan_31_to_feb_28_non_leap ... ok
[INFO] [stdout] test billing_quarterly_jan_15_to_apr_15 ... ok
[INFO] [stdout] test billing_monthly_end_of_month_jan_31_to_feb_29_leap ... ok
[INFO] [stdout] test circuit_breaker_spending_limits ... ok
[INFO] [stdout] test cross_module_sla_violation_with_penalty ... ok
[INFO] [stdout] test dispute_evidence_hashing_and_verification ... ok
[INFO] [stdout] test billing_weekly_adds_7_days ... ok
[INFO] [stdout] test billing_weekly_crosses_month_boundary ... ok
[INFO] [stdout] test dispute_escalation_path ... ok
[INFO] [stdout] test circuit_breaker_lifecycle ... ok
[INFO] [stdout] test cross_module_dispute_impacts_reputation ... ok
[INFO] [stdout] test escrow_buyer_confirmed_condition ... ok
[INFO] [stdout] test escrow_evaluate_all_conditions_one_unmet ... ok
[INFO] [stdout] test escrow_evaluate_all_conditions_all_met ... ok
[INFO] [stdout] test escrow_milestone_condition ... ok
[INFO] [stdout] test escrow_seller_fulfilled_condition ... ok
[INFO] [stdout] test dispute_full_lifecycle_to_resolution ... ok
[INFO] [stdout] test escrow_all_four_condition_types_evaluate_correctly ... ok
[INFO] [stdout] test escrow_evaluate_dispatch_routes_correctly ... ok
[INFO] [stdout] test fixed_split_total_distributed_equals_shares_plus_fee ... ok
[INFO] [stdout] test escrow_time_lock_condition_with_future_date ... ok
[INFO] [stdout] test cross_module_circuit_breaker_blocks_then_recovers ... ok
[INFO] [stdout] test fixed_split_amounts_per_recipient ... ok
[INFO] [stdout] test fixed_split_error_when_amounts_exceed_total ... ok
[INFO] [stdout] test fixed_split_error_when_amounts_under_total ... ok
[INFO] [stdout] test fixed_split_rejects_negative_amount ... ok
[INFO] [stdout] test fixed_split_rejects_platform_fee_above_100_pct ... ok
[INFO] [stdout] test hmac_verify_fails_with_tampered_payload ... ok
[INFO] [stdout] test hmac_signature_is_64_hex_chars ... ok
[INFO] [stdout] test hmac_verify_fails_with_wrong_secret ... ok
[INFO] [stdout] test hmac_signature_is_deterministic ... ok
[INFO] [stdout] test hmac_verify_rejects_invalid_hex ... ok
[INFO] [stdout] test integration_event_filter_realistic_patterns ... ok
[INFO] [stdout] test integration_subscription_billing_chain ... ok
[INFO] [stdout] test integration_escrow_progressive_completion ... ok
[INFO] [stdout] test integration_split_then_webhook_notify ... ok
[INFO] [stdout] test marketplace_rfq_scoring_and_ranking ... ok
[INFO] [stdout] test pct_split_edge_large_total ... ok
[INFO] [stdout] test pct_split_platform_fee_matches_expected_percentage ... ok
[INFO] [stdout] test marketplace_rfq_state_machine ... ok
[INFO] [stdout] test pct_split_edge_very_small_total ... ok
[INFO] [stdout] test pct_split_rejects_negative_platform_fee ... ok
[INFO] [stdout] test pct_split_equal_two_way_50_50 ... ok
[INFO] [stdout] test pct_split_rounding_drift_last_recipient_absorbs_remainder ... ok
[INFO] [stdout] test pct_split_three_recipients_50_30_20_shares_sum_to_total ... ok
[INFO] [stdout] test pct_split_zero_platform_fee ... ok
[INFO] [stdout] test reputation_tier_progression ... ok
[INFO] [stdout] test sla_compliance_all_pass ... ok
[INFO] [stdout] test sla_compliance_violations_and_penalties ... ok
[INFO] [stdout] test ssrf_allows_172_15_and_172_32 ... ok
[INFO] [stdout] test ssrf_allows_public_ip ... ok
[INFO] [stdout] test pct_split_rejects_negative_recipient_percent ... ok
[INFO] [stdout] test pct_split_rejects_percentages_not_summing_to_100 ... ok
[INFO] [stdout] test hmac_sign_then_verify_same_secret ... ok
[INFO] [stdout] test hmac_empty_payload ... ok
[INFO] [stdout] test pct_split_rejects_single_recipient ... ok
[INFO] [stdout] test hmac_known_test_vector ... ok
[INFO] [stdout] test ssrf_blocks_10_x_x_x ... ok
[INFO] [stdout] test ssrf_blocks_192_168_x_x ... ok
[INFO] [stdout] test ssrf_blocks_dot_internal_tld ... ok
[INFO] [stdout] test ssrf_blocks_dot_local_tld ... ok
[INFO] [stdout] test ssrf_blocks_127_0_0_1 ... ok
[INFO] [stdout] test ssrf_blocks_dot_localhost_tld ... ok
[INFO] [stdout] test ssrf_blocks_localhost ... ok
[INFO] [stdout] test ssrf_blocks_localhost_with_port ... ok
[INFO] [stdout] test ssrf_blocks_ftp_scheme ... ok
[INFO] [stdout] test ssrf_blocks_ipv6_loopback ... ok
[INFO] [stdout] test ssrf_blocks_reserved_documentation_ip ... ok
[INFO] [stdout] test ssrf_blocks_gopher_scheme ... ok
[INFO] [stdout] test reputation_scoring_and_tier_promotion ... ok
[INFO] [stdout] test ssrf_rejects_url_without_scheme ... ok
[INFO] [stdout] test ssrf_valid_http_passes ... ok
[INFO] [stdout] test ssrf_rejects_empty_url ... ok
[INFO] [stdout] test ssrf_blocks_172_16_through_31 ... ok
[INFO] [stdout] test ssrf_blocks_file_scheme ... ok
[INFO] [stdout] test ssrf_valid_https_passes ... FAILED
[INFO] [stdout] test ssrf_allows_subdomain ... FAILED
[INFO] [stdout] 
[INFO] [stdout] failures:
[INFO] [stdout] 
[INFO] [stdout] ---- ssrf_valid_https_passes stdout ----
[INFO] [stdout] 
[INFO] [stdout] thread 'ssrf_valid_https_passes' (1535) panicked at tests/a2a_integration.rs:516:5:
[INFO] [stdout] assertion failed: validate_url("https://example.com/webhooks").is_ok()
[INFO] [stdout] stack backtrace:
[INFO] [stdout]    0:     0x5bff65460371 - std[617be2ca0a6fd877]::backtrace_rs::backtrace::libunwind::trace
[INFO] [stdout]                                at /rustc/e3feeb59cd1bdd011a2bfcc0747b55125d9b8527/library/std/src/../../backtrace/src/backtrace/libunwind.rs:117:9
[INFO] [stdout]    1:     0x5bff65460371 - std[617be2ca0a6fd877]::backtrace_rs::backtrace::trace_unsynchronized::<std[617be2ca0a6fd877]::sys::backtrace::_print_fmt::{closure#1}>
[INFO] [stdout]                                at /rustc/e3feeb59cd1bdd011a2bfcc0747b55125d9b8527/library/std/src/../../backtrace/src/backtrace/mod.rs:66:14
[INFO] [stdout]    2:     0x5bff65460371 - std[617be2ca0a6fd877]::sys::backtrace::_print_fmt
[INFO] [stdout]                                at /rustc/e3feeb59cd1bdd011a2bfcc0747b55125d9b8527/library/std/src/sys/backtrace.rs:74:9
[INFO] [stdout]    3:     0x5bff65460371 - <<std[617be2ca0a6fd877]::sys::backtrace::BacktraceLock>::print::DisplayBacktrace as core[a373ad73a504971]::fmt::Display>::fmt
[INFO] [stdout]                                at /rustc/e3feeb59cd1bdd011a2bfcc0747b55125d9b8527/library/std/src/sys/backtrace.rs:44:26
[INFO] [stdout]    4:     0x5bff6547513a - <core[a373ad73a504971]::fmt::rt::Argument>::fmt
[INFO] [stdout]                                at /rustc/e3feeb59cd1bdd011a2bfcc0747b55125d9b8527/library/core/src/fmt/rt.rs:152:76
[INFO] [stdout]    5:     0x5bff6547513a - core[a373ad73a504971]::fmt::write
[INFO] [stdout]    6:     0x5bff654648cc - core[a373ad73a504971]::io::write::default_write_fmt::<alloc[2e1b2a31b91974c5]::vec::Vec<u8>>
[INFO] [stdout]                                at /rustc/e3feeb59cd1bdd011a2bfcc0747b55125d9b8527/library/core/src/io/write.rs:402:11
[INFO] [stdout]    7:     0x5bff654648cc - <alloc[2e1b2a31b91974c5]::vec::Vec<u8> as core[a373ad73a504971]::io::write::Write>::write_fmt
[INFO] [stdout]                                at /rustc/e3feeb59cd1bdd011a2bfcc0747b55125d9b8527/library/core/src/io/write.rs:335:13
[INFO] [stdout]    8:     0x5bff6543c276 - <std[617be2ca0a6fd877]::sys::backtrace::BacktraceLock>::print
[INFO] [stdout]                                at /rustc/e3feeb59cd1bdd011a2bfcc0747b55125d9b8527/library/std/src/sys/backtrace.rs:47:9
[INFO] [stdout]    9:     0x5bff6543c276 - std[617be2ca0a6fd877]::panicking::default_hook::{closure#0}
[INFO] [stdout]                                at /rustc/e3feeb59cd1bdd011a2bfcc0747b55125d9b8527/library/std/src/panicking.rs:289:27
[INFO] [stdout]   10:     0x5bff65458699 - std[617be2ca0a6fd877]::panicking::default_hook
[INFO] [stdout]                                at /rustc/e3feeb59cd1bdd011a2bfcc0747b55125d9b8527/library/std/src/panicking.rs:313:9
[INFO] [stdout]   11:     0x5bff6539c910 - <alloc[2e1b2a31b91974c5]::boxed::Box<dyn for<'a, 'b> core[a373ad73a504971]::ops::function::Fn<(&'a std[617be2ca0a6fd877]::panic::PanicHookInfo<'b>,), Output = ()> + core[a373ad73a504971]::marker::Sync + core[a373ad73a504971]::marker::Send> as core[a373ad73a504971]::ops::function::Fn<(&std[617be2ca0a6fd877]::panic::PanicHookInfo,)>>::call
[INFO] [stdout]                                at /rustc/e3feeb59cd1bdd011a2bfcc0747b55125d9b8527/library/alloc/src/boxed.rs:2328:9
[INFO] [stdout]   12:     0x5bff6539c910 - test[aada8e7e76ba119b]::test_main_inner::{closure#0}
[INFO] [stdout]                                at /rustc/e3feeb59cd1bdd011a2bfcc0747b55125d9b8527/library/test/src/lib.rs:137:21
[INFO] [stdout]   13:     0x5bff65458852 - <alloc[2e1b2a31b91974c5]::boxed::Box<dyn for<'a, 'b> core[a373ad73a504971]::ops::function::Fn<(&'a std[617be2ca0a6fd877]::panic::PanicHookInfo<'b>,), Output = ()> + core[a373ad73a504971]::marker::Sync + core[a373ad73a504971]::marker::Send> as core[a373ad73a504971]::ops::function::Fn<(&std[617be2ca0a6fd877]::panic::PanicHookInfo,)>>::call
[INFO] [stdout]                                at /rustc/e3feeb59cd1bdd011a2bfcc0747b55125d9b8527/library/alloc/src/boxed.rs:2328:9
[INFO] [stdout]   14:     0x5bff65458852 - std[617be2ca0a6fd877]::panicking::panic_with_hook
[INFO] [stdout]                                at /rustc/e3feeb59cd1bdd011a2bfcc0747b55125d9b8527/library/std/src/panicking.rs:819:13
[INFO] [stdout]   15:     0x5bff6543c354 - std[617be2ca0a6fd877]::panicking::panic_handler::{closure#0}
[INFO] [stdout]                                at /rustc/e3feeb59cd1bdd011a2bfcc0747b55125d9b8527/library/std/src/panicking.rs:678:13
[INFO] [stdout]   16:     0x5bff65434f89 - std[617be2ca0a6fd877]::sys::backtrace::__rust_end_short_backtrace::<std[617be2ca0a6fd877]::panicking::panic_handler::{closure#0}, !>
[INFO] [stdout]                                at /rustc/e3feeb59cd1bdd011a2bfcc0747b55125d9b8527/library/std/src/sys/backtrace.rs:182:18
[INFO] [stdout]   17:     0x5bff6543d11d - __rustc[ea4f61d10b84890b]::rust_begin_unwind
[INFO] [stdout]                                at /rustc/e3feeb59cd1bdd011a2bfcc0747b55125d9b8527/library/std/src/panicking.rs:676:5
[INFO] [stdout]   18:     0x5bff6547590c - core[a373ad73a504971]::panicking::panic_fmt
[INFO] [stdout]                                at /rustc/e3feeb59cd1bdd011a2bfcc0747b55125d9b8527/library/core/src/panicking.rs:80:14
[INFO] [stdout]   19:     0x5bff654758d2 - core[a373ad73a504971]::panicking::panic
[INFO] [stdout]                                at /rustc/e3feeb59cd1bdd011a2bfcc0747b55125d9b8527/library/core/src/panicking.rs:150:5
[INFO] [stdout]   20:     0x5bff6537561a - a2a_integration[166de38cdfdbd8d8]::ssrf_valid_https_passes
[INFO] [stdout]                                at /opt/rustwide/workdir/tests/a2a_integration.rs:516:5
[INFO] [stdout]   21:     0x5bff65372b67 - a2a_integration[166de38cdfdbd8d8]::ssrf_valid_https_passes::{closure#0}
[INFO] [stdout]                                at /opt/rustwide/workdir/tests/a2a_integration.rs:515:29
[INFO] [stdout]   22:     0x5bff65389e66 - <a2a_integration[166de38cdfdbd8d8]::ssrf_valid_https_passes::{closure#0} as core[a373ad73a504971]::ops::function::FnOnce<()>>::call_once
[INFO] [stdout]                                at /rustc/e3feeb59cd1bdd011a2bfcc0747b55125d9b8527/library/core/src/ops/function.rs:250:5
[INFO] [stdout]   23:     0x5bff6538fd5b - <fn() -> core[a373ad73a504971]::result::Result<(), alloc[2e1b2a31b91974c5]::string::String> as core[a373ad73a504971]::ops::function::FnOnce<()>>::call_once
[INFO] [stdout]                                at /rustc/e3feeb59cd1bdd011a2bfcc0747b55125d9b8527/library/core/src/ops/function.rs:250:5
[INFO] [stdout]   24:     0x5bff6538fd5b - test[aada8e7e76ba119b]::__rust_begin_short_backtrace::<core[a373ad73a504971]::result::Result<(), alloc[2e1b2a31b91974c5]::string::String>, fn() -> core[a373ad73a504971]::result::Result<(), alloc[2e1b2a31b91974c5]::string::String>>
[INFO] [stdout]                                at /rustc/e3feeb59cd1bdd011a2bfcc0747b55125d9b8527/library/test/src/lib.rs:701:18
[INFO] [stdout]   25:     0x5bff6539cf35 - test[aada8e7e76ba119b]::run_test_in_process::{closure#0}
[INFO] [stdout]                                at /rustc/e3feeb59cd1bdd011a2bfcc0747b55125d9b8527/library/test/src/lib.rs:724:74
[INFO] [stdout]   26:     0x5bff6539cf35 - <core[a373ad73a504971]::panic::unwind_safe::AssertUnwindSafe<test[aada8e7e76ba119b]::run_test_in_process::{closure#0}> as core[a373ad73a504971]::ops::function::FnOnce<()>>::call_once
[INFO] [stdout]                                at /rustc/e3feeb59cd1bdd011a2bfcc0747b55125d9b8527/library/core/src/panic/unwind_safe.rs:275:9
[INFO] [stdout]   27:     0x5bff6539cf35 - std[617be2ca0a6fd877]::panicking::catch_unwind::do_call::<core[a373ad73a504971]::panic::unwind_safe::AssertUnwindSafe<test[aada8e7e76ba119b]::run_test_in_process::{closure#0}>, core[a373ad73a504971]::result::Result<(), alloc[2e1b2a31b91974c5]::string::String>>
[INFO] [stdout]                                at /rustc/e3feeb59cd1bdd011a2bfcc0747b55125d9b8527/library/std/src/panicking.rs:573:43
[INFO] [stdout]   28:     0x5bff6539cf35 - std[617be2ca0a6fd877]::panicking::catch_unwind::<core[a373ad73a504971]::result::Result<(), alloc[2e1b2a31b91974c5]::string::String>, core[a373ad73a504971]::panic::unwind_safe::AssertUnwindSafe<test[aada8e7e76ba119b]::run_test_in_process::{closure#0}>>
[INFO] [stdout]                                at /rustc/e3feeb59cd1bdd011a2bfcc0747b55125d9b8527/library/std/src/panicking.rs:541:19
[INFO] [stdout]   29:     0x5bff6539cf35 - std[617be2ca0a6fd877]::panic::catch_unwind::<core[a373ad73a504971]::panic::unwind_safe::AssertUnwindSafe<test[aada8e7e76ba119b]::run_test_in_process::{closure#0}>, core[a373ad73a504971]::result::Result<(), alloc[2e1b2a31b91974c5]::string::String>>
[INFO] [stdout]                                at /rustc/e3feeb59cd1bdd011a2bfcc0747b55125d9b8527/library/std/src/panic.rs:359:14
[INFO] [stdout]   30:     0x5bff6539cf35 - test[aada8e7e76ba119b]::run_test_in_process
[INFO] [stdout]                                at /rustc/e3feeb59cd1bdd011a2bfcc0747b55125d9b8527/library/test/src/lib.rs:724:27
[INFO] [stdout]   31:     0x5bff6539cf35 - test[aada8e7e76ba119b]::run_test::{closure#0}
[INFO] [stdout]                                at /rustc/e3feeb59cd1bdd011a2bfcc0747b55125d9b8527/library/test/src/lib.rs:645:43
[INFO] [stdout]   32:     0x5bff65396824 - test[aada8e7e76ba119b]::run_test::{closure#1}
[INFO] [stdout]                                at /rustc/e3feeb59cd1bdd011a2bfcc0747b55125d9b8527/library/test/src/lib.rs:675:41
[INFO] [stdout]   33:     0x5bff65396824 - std[617be2ca0a6fd877]::sys::backtrace::__rust_begin_short_backtrace::<test[aada8e7e76ba119b]::run_test::{closure#1}, ()>
[INFO] [stdout]                                at /rustc/e3feeb59cd1bdd011a2bfcc0747b55125d9b8527/library/std/src/sys/backtrace.rs:166:18
[INFO] [stdout]   34:     0x5bff6539ffc2 - std[617be2ca0a6fd877]::thread::lifecycle::spawn_unchecked::<test[aada8e7e76ba119b]::run_test::{closure#1}, ()>::{closure#1}::{closure#0}
[INFO] [stdout]                                at /rustc/e3feeb59cd1bdd011a2bfcc0747b55125d9b8527/library/std/src/thread/lifecycle.rs:70:13
[INFO] [stdout]   35:     0x5bff6539ffc2 - <core[a373ad73a504971]::panic::unwind_safe::AssertUnwindSafe<std[617be2ca0a6fd877]::thread::lifecycle::spawn_unchecked<test[aada8e7e76ba119b]::run_test::{closure#1}, ()>::{closure#1}::{closure#0}> as core[a373ad73a504971]::ops::function::FnOnce<()>>::call_once
[INFO] [stdout]                                at /rustc/e3feeb59cd1bdd011a2bfcc0747b55125d9b8527/library/core/src/panic/unwind_safe.rs:275:9
[INFO] [stdout]   36:     0x5bff6539ffc2 - std[617be2ca0a6fd877]::panicking::catch_unwind::do_call::<core[a373ad73a504971]::panic::unwind_safe::AssertUnwindSafe<std[617be2ca0a6fd877]::thread::lifecycle::spawn_unchecked<test[aada8e7e76ba119b]::run_test::{closure#1}, ()>::{closure#1}::{closure#0}>, ()>
[INFO] [stdout]                                at /rustc/e3feeb59cd1bdd011a2bfcc0747b55125d9b8527/library/std/src/panicking.rs:573:43
[INFO] [stdout]   37:     0x5bff6539ffc2 - std[617be2ca0a6fd877]::panicking::catch_unwind::<(), core[a373ad73a504971]::panic::unwind_safe::AssertUnwindSafe<std[617be2ca0a6fd877]::thread::lifecycle::spawn_unchecked<test[aada8e7e76ba119b]::run_test::{closure#1}, ()>::{closure#1}::{closure#0}>>
[INFO] [stdout]                                at /rustc/e3feeb59cd1bdd011a2bfcc0747b55125d9b8527/library/std/src/panicking.rs:541:19
[INFO] [stdout]   38:     0x5bff6539ffc2 - std[617be2ca0a6fd877]::panic::catch_unwind::<core[a373ad73a504971]::panic::unwind_safe::AssertUnwindSafe<std[617be2ca0a6fd877]::thread::lifecycle::spawn_unchecked<test[aada8e7e76ba119b]::run_test::{closure#1}, ()>::{closure#1}::{closure#0}>, ()>
[INFO] [stdout]                                at /rustc/e3feeb59cd1bdd011a2bfcc0747b55125d9b8527/library/std/src/panic.rs:359:14
[INFO] [stdout]   39:     0x5bff6539ffc2 - std[617be2ca0a6fd877]::thread::lifecycle::spawn_unchecked::<test[aada8e7e76ba119b]::run_test::{closure#1}, ()>::{closure#1}
[INFO] [stdout]                                at /rustc/e3feeb59cd1bdd011a2bfcc0747b55125d9b8527/library/std/src/thread/lifecycle.rs:68:26
[INFO] [stdout]   40:     0x5bff6539ffc2 - <std[617be2ca0a6fd877]::thread::lifecycle::spawn_unchecked<test[aada8e7e76ba119b]::run_test::{closure#1}, ()>::{closure#1} as core[a373ad73a504971]::ops::function::FnOnce<()>>::call_once::{shim:vtable#0}
[INFO] [stdout]                                at /rustc/e3feeb59cd1bdd011a2bfcc0747b55125d9b8527/library/core/src/ops/function.rs:250:5
[INFO] [stdout]   41:     0x5bff6545f85f - <alloc[2e1b2a31b91974c5]::boxed::Box<dyn core[a373ad73a504971]::ops::function::FnOnce<(), Output = ()> + core[a373ad73a504971]::marker::Send> as core[a373ad73a504971]::ops::function::FnOnce<()>>::call_once
[INFO] [stdout]                                at /rustc/e3feeb59cd1bdd011a2bfcc0747b55125d9b8527/library/alloc/src/boxed.rs:2314:9
[INFO] [stdout]   42:     0x5bff6545f85f - <std[617be2ca0a6fd877]::sys::thread::unix::Thread>::new::thread_start
[INFO] [stdout]                                at /rustc/e3feeb59cd1bdd011a2bfcc0747b55125d9b8527/library/std/src/sys/thread/unix.rs:127:17
[INFO] [stdout]   43:     0x79b37c0dfdfa - <unknown>
[INFO] [stdout]   44:     0x79b37c1733d4 - clone
[INFO] [stdout]   45:                0x0 - <unknown>
[INFO] [stdout] 
[INFO] [stdout] ---- ssrf_allows_subdomain stdout ----
[INFO] [stdout] 
[INFO] [stdout] thread 'ssrf_allows_subdomain' (1517) panicked at tests/a2a_integration.rs:645:5:
[INFO] [stdout] assertion failed: validate_url("https://www.example.com/a2a").is_ok()
[INFO] [stdout] stack backtrace:
[INFO] [stdout]    0:     0x5bff65460371 - std[617be2ca0a6fd877]::backtrace_rs::backtrace::libunwind::trace
[INFO] [stdout]                                at /rustc/e3feeb59cd1bdd011a2bfcc0747b55125d9b8527/library/std/src/../../backtrace/src/backtrace/libunwind.rs:117:9
[INFO] [stdout]    1:     0x5bff65460371 - std[617be2ca0a6fd877]::backtrace_rs::backtrace::trace_unsynchronized::<std[617be2ca0a6fd877]::sys::backtrace::_print_fmt::{closure#1}>
[INFO] [stdout]                                at /rustc/e3feeb59cd1bdd011a2bfcc0747b55125d9b8527/library/std/src/../../backtrace/src/backtrace/mod.rs:66:14
[INFO] [stdout]    2:     0x5bff65460371 - std[617be2ca0a6fd877]::sys::backtrace::_print_fmt
[INFO] [stdout]                                at /rustc/e3feeb59cd1bdd011a2bfcc0747b55125d9b8527/library/std/src/sys/backtrace.rs:74:9
[INFO] [stdout]    3:     0x5bff65460371 - <<std[617be2ca0a6fd877]::sys::backtrace::BacktraceLock>::print::DisplayBacktrace as core[a373ad73a504971]::fmt::Display>::fmt
[INFO] [stdout]                                at /rustc/e3feeb59cd1bdd011a2bfcc0747b55125d9b8527/library/std/src/sys/backtrace.rs:44:26
[INFO] [stdout]    4:     0x5bff6547513a - <core[a373ad73a504971]::fmt::rt::Argument>::fmt
[INFO] [stdout]                                at /rustc/e3feeb59cd1bdd011a2bfcc0747b55125d9b8527/library/core/src/fmt/rt.rs:152:76
[INFO] [stdout]    5:     0x5bff6547513a - core[a373ad73a504971]::fmt::write
[INFO] [stdout]    6:     0x5bff654648cc - core[a373ad73a504971]::io::write::default_write_fmt::<alloc[2e1b2a31b91974c5]::vec::Vec<u8>>
[INFO] [stdout]                                at /rustc/e3feeb59cd1bdd011a2bfcc0747b55125d9b8527/library/core/src/io/write.rs:402:11
[INFO] [stdout]    7:     0x5bff654648cc - <alloc[2e1b2a31b91974c5]::vec::Vec<u8> as core[a373ad73a504971]::io::write::Write>::write_fmt
[INFO] [stdout]                                at /rustc/e3feeb59cd1bdd011a2bfcc0747b55125d9b8527/library/core/src/io/write.rs:335:13
[INFO] [stdout]    8:     0x5bff6543c276 - <std[617be2ca0a6fd877]::sys::backtrace::BacktraceLock>::print
[INFO] [stdout]                                at /rustc/e3feeb59cd1bdd011a2bfcc0747b55125d9b8527/library/std/src/sys/backtrace.rs:47:9
[INFO] [stdout]    9:     0x5bff6543c276 - std[617be2ca0a6fd877]::panicking::default_hook::{closure#0}
[INFO] [stdout]                                at /rustc/e3feeb59cd1bdd011a2bfcc0747b55125d9b8527/library/std/src/panicking.rs:289:27
[INFO] [stdout]   10:     0x5bff65458699 - std[617be2ca0a6fd877]::panicking::default_hook
[INFO] [stdout]                                at /rustc/e3feeb59cd1bdd011a2bfcc0747b55125d9b8527/library/std/src/panicking.rs:313:9
[INFO] [stdout]   11:     0x5bff6539c910 - <alloc[2e1b2a31b91974c5]::boxed::Box<dyn for<'a, 'b> core[a373ad73a504971]::ops::function::Fn<(&'a std[617be2ca0a6fd877]::panic::PanicHookInfo<'b>,), Output = ()> + core[a373ad73a504971]::marker::Sync + core[a373ad73a504971]::marker::Send> as core[a373ad73a504971]::ops::function::Fn<(&std[617be2ca0a6fd877]::panic::PanicHookInfo,)>>::call
[INFO] [stdout]                                at /rustc/e3feeb59cd1bdd011a2bfcc0747b55125d9b8527/library/alloc/src/boxed.rs:2328:9
[INFO] [stdout]   12:     0x5bff6539c910 - test[aada8e7e76ba119b]::test_main_inner::{closure#0}
[INFO] [stdout]                                at /rustc/e3feeb59cd1bdd011a2bfcc0747b55125d9b8527/library/test/src/lib.rs:137:21
[INFO] [stdout]   13:     0x5bff65458852 - <alloc[2e1b2a31b91974c5]::boxed::Box<dyn for<'a, 'b> core[a373ad73a504971]::ops::function::Fn<(&'a std[617be2ca0a6fd877]::panic::PanicHookInfo<'b>,), Output = ()> + core[a373ad73a504971]::marker::Sync + core[a373ad73a504971]::marker::Send> as core[a373ad73a504971]::ops::function::Fn<(&std[617be2ca0a6fd877]::panic::PanicHookInfo,)>>::call
[INFO] [stdout]                                at /rustc/e3feeb59cd1bdd011a2bfcc0747b55125d9b8527/library/alloc/src/boxed.rs:2328:9
[INFO] [stdout]   14:     0x5bff65458852 - std[617be2ca0a6fd877]::panicking::panic_with_hook
[INFO] [stdout]                                at /rustc/e3feeb59cd1bdd011a2bfcc0747b55125d9b8527/library/std/src/panicking.rs:819:13
[INFO] [stdout]   15:     0x5bff6543c354 - std[617be2ca0a6fd877]::panicking::panic_handler::{closure#0}
[INFO] [stdout]                                at /rustc/e3feeb59cd1bdd011a2bfcc0747b55125d9b8527/library/std/src/panicking.rs:678:13
[INFO] [stdout]   16:     0x5bff65434f89 - std[617be2ca0a6fd877]::sys::backtrace::__rust_end_short_backtrace::<std[617be2ca0a6fd877]::panicking::panic_handler::{closure#0}, !>
[INFO] [stdout]                                at /rustc/e3feeb59cd1bdd011a2bfcc0747b55125d9b8527/library/std/src/sys/backtrace.rs:182:18
[INFO] [stdout]   17:     0x5bff6543d11d - __rustc[ea4f61d10b84890b]::rust_begin_unwind
[INFO] [stdout]                                at /rustc/e3feeb59cd1bdd011a2bfcc0747b55125d9b8527/library/std/src/panicking.rs:676:5
[INFO] [stdout]   18:     0x5bff6547590c - core[a373ad73a504971]::panicking::panic_fmt
[INFO] [stdout]                                at /rustc/e3feeb59cd1bdd011a2bfcc0747b55125d9b8527/library/core/src/panicking.rs:80:14
[INFO] [stdout]   19:     0x5bff654758d2 - core[a373ad73a504971]::panicking::panic
[INFO] [stdout]                                at /rustc/e3feeb59cd1bdd011a2bfcc0747b55125d9b8527/library/core/src/panicking.rs:150:5
[INFO] [stdout]   20:     0x5bff6537450a - a2a_integration[166de38cdfdbd8d8]::ssrf_allows_subdomain
[INFO] [stdout]                                at /opt/rustwide/workdir/tests/a2a_integration.rs:645:5
[INFO] [stdout]   21:     0x5bff65372957 - a2a_integration[166de38cdfdbd8d8]::ssrf_allows_subdomain::{closure#0}
[INFO] [stdout]                                at /opt/rustwide/workdir/tests/a2a_integration.rs:644:27
[INFO] [stdout]   22:     0x5bff65389d06 - <a2a_integration[166de38cdfdbd8d8]::ssrf_allows_subdomain::{closure#0} as core[a373ad73a504971]::ops::function::FnOnce<()>>::call_once
[INFO] [stdout]                                at /rustc/e3feeb59cd1bdd011a2bfcc0747b55125d9b8527/library/core/src/ops/function.rs:250:5
[INFO] [stdout]   23:     0x5bff6538fd5b - <fn() -> core[a373ad73a504971]::result::Result<(), alloc[2e1b2a31b91974c5]::string::String> as core[a373ad73a504971]::ops::function::FnOnce<()>>::call_once
[INFO] [stdout]                                at /rustc/e3feeb59cd1bdd011a2bfcc0747b55125d9b8527/library/core/src/ops/function.rs:250:5
[INFO] [stdout]   24:     0x5bff6538fd5b - test[aada8e7e76ba119b]::__rust_begin_short_backtrace::<core[a373ad73a504971]::result::Result<(), alloc[2e1b2a31b91974c5]::string::String>, fn() -> core[a373ad73a504971]::result::Result<(), alloc[2e1b2a31b91974c5]::string::String>>
[INFO] [stdout]                                at /rustc/e3feeb59cd1bdd011a2bfcc0747b55125d9b8527/library/test/src/lib.rs:701:18
[INFO] [stdout]   25:     0x5bff6539cf35 - test[aada8e7e76ba119b]::run_test_in_process::{closure#0}
[INFO] [stdout]                                at /rustc/e3feeb59cd1bdd011a2bfcc0747b55125d9b8527/library/test/src/lib.rs:724:74
[INFO] [stdout]   26:     0x5bff6539cf35 - <core[a373ad73a504971]::panic::unwind_safe::AssertUnwindSafe<test[aada8e7e76ba119b]::run_test_in_process::{closure#0}> as core[a373ad73a504971]::ops::function::FnOnce<()>>::call_once
[INFO] [stdout]                                at /rustc/e3feeb59cd1bdd011a2bfcc0747b55125d9b8527/library/core/src/panic/unwind_safe.rs:275:9
[INFO] [stdout]   27:     0x5bff6539cf35 - std[617be2ca0a6fd877]::panicking::catch_unwind::do_call::<core[a373ad73a504971]::panic::unwind_safe::AssertUnwindSafe<test[aada8e7e76ba119b]::run_test_in_process::{closure#0}>, core[a373ad73a504971]::result::Result<(), alloc[2e1b2a31b91974c5]::string::String>>
[INFO] [stdout]                                at /rustc/e3feeb59cd1bdd011a2bfcc0747b55125d9b8527/library/std/src/panicking.rs:573:43
[INFO] [stdout]   28:     0x5bff6539cf35 - std[617be2ca0a6fd877]::panicking::catch_unwind::<core[a373ad73a504971]::result::Result<(), alloc[2e1b2a31b91974c5]::string::String>, core[a373ad73a504971]::panic::unwind_safe::AssertUnwindSafe<test[aada8e7e76ba119b]::run_test_in_process::{closure#0}>>
[INFO] [stdout]                                at /rustc/e3feeb59cd1bdd011a2bfcc0747b55125d9b8527/library/std/src/panicking.rs:541:19
[INFO] [stdout]   29:     0x5bff6539cf35 - std[617be2ca0a6fd877]::panic::catch_unwind::<core[a373ad73a504971]::panic::unwind_safe::AssertUnwindSafe<test[aada8e7e76ba119b]::run_test_in_process::{closure#0}>, core[a373ad73a504971]::result::Result<(), alloc[2e1b2a31b91974c5]::string::String>>
[INFO] [stdout]                                at /rustc/e3feeb59cd1bdd011a2bfcc0747b55125d9b8527/library/std/src/panic.rs:359:14
[INFO] [stdout]   30:     0x5bff6539cf35 - test[aada8e7e76ba119b]::run_test_in_process
[INFO] [stdout]                                at /rustc/e3feeb59cd1bdd011a2bfcc0747b55125d9b8527/library/test/src/lib.rs:724:27
[INFO] [stdout]   31:     0x5bff6539cf35 - test[aada8e7e76ba119b]::run_test::{closure#0}
[INFO] [stdout]                                at /rustc/e3feeb59cd1bdd011a2bfcc0747b55125d9b8527/library/test/src/lib.rs:645:43
[INFO] [stdout]   32:     0x5bff65396824 - test[aada8e7e76ba119b]::run_test::{closure#1}
[INFO] [stdout]                                at /rustc/e3feeb59cd1bdd011a2bfcc0747b55125d9b8527/library/test/src/lib.rs:675:41
[INFO] [stdout]   33:     0x5bff65396824 - std[617be2ca0a6fd877]::sys::backtrace::__rust_begin_short_backtrace::<test[aada8e7e76ba119b]::run_test::{closure#1}, ()>
[INFO] [stdout]                                at /rustc/e3feeb59cd1bdd011a2bfcc0747b55125d9b8527/library/std/src/sys/backtrace.rs:166:18
[INFO] [stdout]   34:     0x5bff6539ffc2 - std[617be2ca0a6fd877]::thread::lifecycle::spawn_unchecked::<test[aada8e7e76ba119b]::run_test::{closure#1}, ()>::{closure#1}::{closure#0}
[INFO] [stdout]                                at /rustc/e3feeb59cd1bdd011a2bfcc0747b55125d9b8527/library/std/src/thread/lifecycle.rs:70:13
[INFO] [stdout]   35:     0x5bff6539ffc2 - <core[a373ad73a504971]::panic::unwind_safe::AssertUnwindSafe<std[617be2ca0a6fd877]::thread::lifecycle::spawn_unchecked<test[aada8e7e76ba119b]::run_test::{closure#1}, ()>::{closure#1}::{closure#0}> as core[a373ad73a504971]::ops::function::FnOnce<()>>::call_once
[INFO] [stdout]                                at /rustc/e3feeb59cd1bdd011a2bfcc0747b55125d9b8527/library/core/src/panic/unwind_safe.rs:275:9
[INFO] [stdout]   36:     0x5bff6539ffc2 - std[617be2ca0a6fd877]::panicking::catch_unwind::do_call::<core[a373ad73a504971]::panic::unwind_safe::AssertUnwindSafe<std[617be2ca0a6fd877]::thread::lifecycle::spawn_unchecked<test[aada8e7e76ba119b]::run_test::{closure#1}, ()>::{closure#1}::{closure#0}>, ()>
[INFO] [stdout]                                at /rustc/e3feeb59cd1bdd011a2bfcc0747b55125d9b8527/library/std/src/panicking.rs:573:43
[INFO] [stdout]   37:     0x5bff6539ffc2 - std[617be2ca0a6fd877]::panicking::catch_unwind::<(), core[a373ad73a504971]::panic::unwind_safe::AssertUnwindSafe<std[617be2ca0a6fd877]::thread::lifecycle::spawn_unchecked<test[aada8e7e76ba119b]::run_test::{closure#1}, ()>::{closure#1}::{closure#0}>>
[INFO] [stdout]                                at /rustc/e3feeb59cd1bdd011a2bfcc0747b55125d9b8527/library/std/src/panicking.rs:541:19
[INFO] [stdout]   38:     0x5bff6539ffc2 - std[617be2ca0a6fd877]::panic::catch_unwind::<core[a373ad73a504971]::panic::unwind_safe::AssertUnwindSafe<std[617be2ca0a6fd877]::thread::lifecycle::spawn_unchecked<test[aada8e7e76ba119b]::run_test::{closure#1}, ()>::{closure#1}::{closure#0}>, ()>
[INFO] [stdout]                                at /rustc/e3feeb59cd1bdd011a2bfcc0747b55125d9b8527/library/std/src/panic.rs:359:14
[INFO] [stdout]   39:     0x5bff6539ffc2 - std[617be2ca0a6fd877]::thread::lifecycle::spawn_unchecked::<test[aada8e7e76ba119b]::run_test::{closure#1}, ()>::{closure#1}
[INFO] [stdout]                                at /rustc/e3feeb59cd1bdd011a2bfcc0747b55125d9b8527/library/std/src/thread/lifecycle.rs:68:26
[INFO] [stdout]   40:     0x5bff6539ffc2 - <std[617be2ca0a6fd877]::thread::lifecycle::spawn_unchecked<test[aada8e7e76ba119b]::run_test::{closure#1}, ()>::{closure#1} as core[a373ad73a504971]::ops::function::FnOnce<()>>::call_once::{shim:vtable#0}
[INFO] [stdout]                                at /rustc/e3feeb59cd1bdd011a2bfcc0747b55125d9b8527/library/core/src/ops/function.rs:250:5
[INFO] [stdout]   41:     0x5bff6545f85f - <alloc[2e1b2a31b91974c5]::boxed::Box<dyn core[a373ad73a504971]::ops::function::FnOnce<(), Output = ()> + core[a373ad73a504971]::marker::Send> as core[a373ad73a504971]::ops::function::FnOnce<()>>::call_once
[INFO] [stdout]                                at /rustc/e3feeb59cd1bdd011a2bfcc0747b55125d9b8527/library/alloc/src/boxed.rs:2314:9
[INFO] [stdout]   42:     0x5bff6545f85f - <std[617be2ca0a6fd877]::sys::thread::unix::Thread>::new::thread_start
[INFO] [stdout]                                at /rustc/e3feeb59cd1bdd011a2bfcc0747b55125d9b8527/library/std/src/sys/thread/unix.rs:127:17
[INFO] [stdout]   43:     0x79b37c0dfdfa - <unknown>
[INFO] [stdout]   44:     0x79b37c1733d4 - clone
[INFO] [stdout]   45:                0x0 - <unknown>
[INFO] [stdout] 
[INFO] [stdout] 
[INFO] [stdout] failures:
[INFO] [stdout]     ssrf_allows_subdomain
[INFO] [stdout]     ssrf_valid_https_passes
[INFO] [stdout] 
[INFO] [stdout] test result: FAILED. 79 passed; 2 failed; 0 ignored; 0 measured; 0 filtered out; finished in 0.09s
[INFO] [stdout] 
[INFO] [stderr] error: test failed, to rerun pass `--test a2a_integration`
[INFO] running `Command { std: "docker" "inspect" "c99c4a0abff38a80bcc244ca6bce01289deb3af04ff70dde82de74f7a780482f", kill_on_drop: false }`
[INFO] running `Command { std: "docker" "rm" "-f" "c99c4a0abff38a80bcc244ca6bce01289deb3af04ff70dde82de74f7a780482f", kill_on_drop: false }`
[INFO] [stdout] c99c4a0abff38a80bcc244ca6bce01289deb3af04ff70dde82de74f7a780482f
