[INFO] fetching crate standard_knowledge_cli 0.1.1...
[INFO] testing standard_knowledge_cli-0.1.1 against 1.99.0-beta.8 for beta-1.100-2
[INFO] extracting crate standard_knowledge_cli 0.1.1 into /workspace/builds/worker-3-tc1/source
[INFO] started tweaking crates.io crate standard_knowledge_cli 0.1.1
[INFO] removed 0 missing tests
[INFO] finished tweaking crates.io crate standard_knowledge_cli 0.1.1
[INFO] tweaked toml for crates.io crate standard_knowledge_cli 0.1.1 written to /workspace/builds/worker-3-tc1/source/Cargo.toml
[INFO] validating manifest of crates.io crate standard_knowledge_cli 0.1.1 on toolchain 1.99.0-beta.8
[INFO] running `Command { std: CARGO_HOME="/workspace/cargo-home" RUSTUP_HOME="/workspace/rustup-home" "/workspace/cargo-home/bin/cargo" "+1.99.0-beta.8" "metadata" "--manifest-path" "Cargo.toml" "--no-deps", kill_on_drop: false }`
[INFO] crate crates.io crate standard_knowledge_cli 0.1.1 already has a lockfile, it will not be regenerated
[INFO] running `Command { std: CARGO_HOME="/workspace/cargo-home" RUSTUP_HOME="/workspace/rustup-home" "/workspace/cargo-home/bin/cargo" "+1.99.0-beta.8" "fetch" "--manifest-path" "Cargo.toml", kill_on_drop: false }`
[INFO] [stderr]     Updating crates.io index
[INFO] [stderr]  Downloading crates ...
[INFO] [stderr]   Downloaded once_cell_polyfill v1.70.1
[INFO] [stderr]   Downloaded trycmd v1.2.0
[INFO] [stderr]   Downloaded snapbox v1.2.2
[INFO] [stderr]   Downloaded anstyle-wincon v3.0.9
[INFO] [stderr]   Downloaded snapbox-macros v1.1.0
[INFO] [stderr]   Downloaded os_pipe v1.2.2
[INFO] [stderr]   Downloaded beef v0.5.2
[INFO] [stderr]   Downloaded wasm-bindgen-futures v0.4.73
[INFO] [stderr]   Downloaded automod v1.0.17
[INFO] [stderr]   Downloaded indicium v0.6.5
[INFO] [stderr]   Downloaded wasm-bindgen-shared v0.2.123
[INFO] [stderr]   Downloaded wasm-bindgen-macro v0.2.123
[INFO] [stderr]   Downloaded anstyle-query v1.1.3
[INFO] [stderr]   Downloaded content_inspector v0.2.4
[INFO] [stderr]   Downloaded kstring v2.0.2
[INFO] [stderr]   Downloaded filetime v0.2.27
[INFO] [stderr]   Downloaded find-msvc-tools v0.1.8
[INFO] [stderr]   Downloaded humantime v2.2.0
[INFO] [stderr]   Downloaded libredox v0.1.6
[INFO] [stderr]   Downloaded openssl-probe v0.2.0
[INFO] [stderr]   Downloaded redox_syscall v0.5.16
[INFO] [stderr]   Downloaded wasm-bindgen v0.2.123
[INFO] [stderr]   Downloaded cc v1.2.53
[INFO] [stderr]   Downloaded similar v3.1.1
[INFO] [stderr]   Downloaded security-framework v3.5.1
[INFO] [stderr]   Downloaded wasm-bindgen-macro-support v0.2.123
[INFO] [stderr]   Downloaded js-sys v0.3.100
[INFO] [stderr]   Downloaded reqwest v0.13.1
[INFO] [stderr]   Downloaded webpki-root-certs v1.0.5
[INFO] [stderr]   Downloaded rapidfuzz v0.5.0
[INFO] [stderr]   Downloaded aws-lc-rs v1.15.3
[INFO] [stderr]   Downloaded standard_knowledge v0.1.1
[INFO] [stderr]   Downloaded web-sys v0.3.100
[INFO] [stderr]   Downloaded aws-lc-sys v0.36.0
[INFO] running `Command { std: "docker" "create" "-v" "/var/lib/crater-agent-workspace/builds/worker-3-tc1/source:/opt/rustwide/workdir:ro,Z" "-v" "/var/lib/crater-agent-workspace/builds/worker-3-tc1/target:/opt/rustwide/target:rw,Z" "-v" "/var/lib/crater-agent-workspace/cargo-home:/opt/rustwide/cargo-home:ro,Z" "-v" "/var/lib/crater-agent-workspace/rustup-home:/opt/rustwide/rustup-home:ro,Z" "-m" "1610612736" "--network" "none" "ghcr.io/rust-lang/crates-build-env/linux@sha256:3111399a4047eeb3a02b7a90e478d715f38a8c6669b5c4b49d30a17385265909" "sleep" "infinity", kill_on_drop: false }`
[INFO] [stdout] 9983c46d07298777eb0b267f61aca1402bb6fb79f829b6ab3e7f1bdfd6cdb36f
[INFO] running `Command { std: "docker" "start" "9983c46d07298777eb0b267f61aca1402bb6fb79f829b6ab3e7f1bdfd6cdb36f", kill_on_drop: false }`
[INFO] running `Command { std: "docker" "inspect" "9983c46d07298777eb0b267f61aca1402bb6fb79f829b6ab3e7f1bdfd6cdb36f", kill_on_drop: false }`
[INFO] running `Command { std: "docker" "exec" "-e" "SOURCE_DIR=/opt/rustwide/workdir" "-e" "CARGO_HOME=/opt/rustwide/cargo-home" "-e" "RUSTUP_HOME=/opt/rustwide/rustup-home" "-e" "CARGO_TARGET_DIR=/opt/rustwide/target" "-w" "/opt/rustwide/workdir" "--user" "0:0" "9983c46d07298777eb0b267f61aca1402bb6fb79f829b6ab3e7f1bdfd6cdb36f" "/opt/rustwide/cargo-home/bin/cargo" "+1.99.0-beta.8" "metadata" "--no-deps" "--format-version=1", kill_on_drop: false }`
[INFO] running `Command { std: "docker" "inspect" "9983c46d07298777eb0b267f61aca1402bb6fb79f829b6ab3e7f1bdfd6cdb36f", kill_on_drop: false }`
[INFO] running `Command { std: "docker" "exec" "-e" "SOURCE_DIR=/opt/rustwide/workdir" "-e" "CARGO_HOME=/opt/rustwide/cargo-home" "-e" "RUSTUP_HOME=/opt/rustwide/rustup-home" "-e" "CARGO_TARGET_DIR=/opt/rustwide/target" "-e" "CARGO_INCREMENTAL=0" "-e" "RUST_BACKTRACE=full" "-e" "RUSTFLAGS=--cap-lints=warn" "-e" "RUSTDOCFLAGS=--cap-lints=warn" "-w" "/opt/rustwide/workdir" "--user" "0:0" "9983c46d07298777eb0b267f61aca1402bb6fb79f829b6ab3e7f1bdfd6cdb36f" "/opt/rustwide/cargo-home/bin/cargo" "+1.99.0-beta.8" "build" "--frozen" "--message-format=json", kill_on_drop: false }`
[INFO] [stderr]    Compiling proc-macro2 v1.0.95
[INFO] [stderr]    Compiling unicode-ident v1.0.18
[INFO] [stderr]    Compiling libc v0.2.186
[INFO] [stderr]    Compiling find-msvc-tools v0.1.8
[INFO] [stderr]    Compiling bytes v1.12.0
[INFO] [stderr]    Compiling indexmap v2.13.0
[INFO] [stderr]    Compiling aws-lc-rs v1.15.3
[INFO] [stderr]    Compiling tracing-core v0.1.34
[INFO] [stderr]    Compiling writeable v0.6.1
[INFO] [stderr]    Compiling litemap v0.8.0
[INFO] [stderr]    Compiling smallvec v1.15.1
[INFO] [stderr]    Compiling rustls-pki-types v1.12.0
[INFO] [stderr]    Compiling cfg-if v1.0.1
[INFO] [stderr]    Compiling icu_normalizer_data v2.0.0
[INFO] [stderr]    Compiling memchr v2.7.5
[INFO] [stderr]    Compiling icu_properties_data v2.0.1
[INFO] [stderr]    Compiling quote v1.0.40
[INFO] [stderr]    Compiling http v1.3.1
[INFO] [stderr]    Compiling serde_core v1.0.228
[INFO] [stderr]    Compiling rustls v0.23.31
[INFO] [stderr]    Compiling syn v2.0.104
[INFO] [stderr]    Compiling serde v1.0.228
[INFO] [stderr]    Compiling simd-adler32 v0.3.7
[INFO] [stderr]    Compiling miniz_oxide v0.8.9
[INFO] [stderr]    Compiling crc32fast v1.5.0
[INFO] [stderr]    Compiling sync_wrapper v1.0.2
[INFO] [stderr]    Compiling anstyle v1.0.14
[INFO] [stderr]    Compiling futures-util v0.3.31
[INFO] [stderr]    Compiling openssl-probe v0.2.0
[INFO] [stderr]    Compiling jobserver v0.1.34
[INFO] [stderr]    Compiling socket2 v0.6.0
[INFO] [stderr]    Compiling mio v1.0.4
[INFO] [stderr]    Compiling cc v1.2.53
[INFO] [stderr]    Compiling tokio v1.47.1
[INFO] [stderr]    Compiling http-body v1.0.1
[INFO] [stderr]    Compiling flate2 v1.1.9
[INFO] [stderr]    Compiling ipnet v2.11.0
[INFO] [stderr]    Compiling anstyle-query v1.1.3
[INFO] [stderr]    Compiling anstream v0.6.21
[INFO] [stderr]    Compiling rustls-native-certs v0.8.3
[INFO] [stderr]    Compiling kstring v2.0.2
[INFO] [stderr]    Compiling form_urlencoded v1.2.1
[INFO] [stderr]    Compiling rapidfuzz v0.5.0
[INFO] [stderr]    Compiling rustc-hash v2.1.1
[INFO] [stderr]    Compiling iri-string v0.7.8
[INFO] [stderr]    Compiling log v0.4.27
[INFO] [stderr]    Compiling cmake v0.1.57
[INFO] [stderr]    Compiling bitflags v2.9.1
[INFO] [stderr]    Compiling clap_lex v0.7.5
[INFO] [stderr]    Compiling beef v0.5.2
[INFO] [stderr]    Compiling aws-lc-sys v0.36.0
[INFO] [stderr]    Compiling clap_builder v4.5.54
[INFO] [stderr]    Compiling http-body-util v0.1.3
[INFO] [stderr]    Compiling encoding_rs v0.8.35
[INFO] [stderr]    Compiling dyn-clone v1.0.20
[INFO] [stderr]    Compiling synstructure v0.13.2
[INFO] [stderr]    Compiling zerofrom-derive v0.1.6
[INFO] [stderr]    Compiling yoke-derive v0.8.0
[INFO] [stderr]    Compiling zerovec-derive v0.11.1
[INFO] [stderr]    Compiling displaydoc v0.2.5
[INFO] [stderr]    Compiling tracing-attributes v0.1.30
[INFO] [stderr]    Compiling tokio-util v0.7.16
[INFO] [stderr]    Compiling serde_derive v1.0.228
[INFO] [stderr]    Compiling tower v0.5.2
[INFO] [stderr]    Compiling zerofrom v0.1.6
[INFO] [stderr]    Compiling yoke v0.8.0
[INFO] [stderr]    Compiling zerovec v0.11.4
[INFO] [stderr]    Compiling zerotrie v0.2.2
[INFO] [stderr]    Compiling tower-http v0.6.8
[INFO] [stderr]    Compiling clap_derive v4.5.49
[INFO] [stderr]    Compiling tracing v0.1.41
[INFO] [stderr]    Compiling h2 v0.4.12
[INFO] [stderr]    Compiling indicium v0.6.5
[INFO] [stderr]    Compiling tinystr v0.8.1
[INFO] [stderr]    Compiling potential_utf v0.1.2
[INFO] [stderr]    Compiling icu_locale_core v2.0.0
[INFO] [stderr]    Compiling icu_collections v2.0.0
[INFO] [stderr]    Compiling clap v4.5.54
[INFO] [stderr]    Compiling icu_provider v2.0.0
[INFO] [stderr]    Compiling icu_normalizer v2.0.0
[INFO] [stderr]    Compiling icu_properties v2.0.1
[INFO] [stderr]    Compiling idna_adapter v1.2.1
[INFO] [stderr]    Compiling idna v1.0.3
[INFO] [stderr]    Compiling serde_yaml_ng v0.10.0
[INFO] [stderr]    Compiling url v2.5.4
[INFO] [stderr]    Compiling hyper v1.6.0
[INFO] [stderr]    Compiling hyper-util v0.1.16
[INFO] [stderr]    Compiling standard_knowledge v0.1.1
[INFO] [stderr]    Compiling rustls-webpki v0.103.13
[INFO] [stderr]    Compiling tokio-rustls v0.26.2
[INFO] [stderr]    Compiling rustls-platform-verifier v0.6.2
[INFO] [stderr]    Compiling hyper-rustls v0.27.7
[INFO] [stderr]    Compiling reqwest v0.13.1
[INFO] [stderr]    Compiling standard_knowledge_cli v0.1.1 (/opt/rustwide/workdir)
[INFO] [stderr]     Finished `dev` profile [unoptimized + debuginfo] target(s) in 2m 08s
[INFO] running `Command { std: "docker" "inspect" "9983c46d07298777eb0b267f61aca1402bb6fb79f829b6ab3e7f1bdfd6cdb36f", kill_on_drop: false }`
[INFO] running `Command { std: "docker" "exec" "-e" "SOURCE_DIR=/opt/rustwide/workdir" "-e" "CARGO_HOME=/opt/rustwide/cargo-home" "-e" "RUSTUP_HOME=/opt/rustwide/rustup-home" "-e" "CARGO_TARGET_DIR=/opt/rustwide/target" "-e" "CARGO_INCREMENTAL=0" "-e" "RUST_BACKTRACE=full" "-e" "RUSTFLAGS=--cap-lints=warn" "-e" "RUSTDOCFLAGS=--cap-lints=warn" "-w" "/opt/rustwide/workdir" "--user" "0:0" "9983c46d07298777eb0b267f61aca1402bb6fb79f829b6ab3e7f1bdfd6cdb36f" "/opt/rustwide/cargo-home/bin/cargo" "+1.99.0-beta.8" "test" "--frozen" "--no-run" "--message-format=json", kill_on_drop: false }`
[INFO] [stderr]    Compiling shlex v1.3.0
[INFO] [stderr]    Compiling dunce v1.0.5
[INFO] [stderr]    Compiling serde_core v1.0.228
[INFO] [stderr]    Compiling bitflags v2.9.1
[INFO] [stderr]    Compiling serde v1.0.228
[INFO] [stderr]    Compiling rustix v1.1.4
[INFO] [stderr]    Compiling anstyle-parse v1.0.0
[INFO] [stderr]    Compiling linux-raw-sys v0.12.1
[INFO] [stderr]    Compiling same-file v1.0.6
[INFO] [stderr]    Compiling anstream v1.0.0
[INFO] [stderr]    Compiling cc v1.2.53
[INFO] [stderr]    Compiling winnow v1.0.3
[INFO] [stderr]    Compiling tower-http v0.6.8
[INFO] [stderr]    Compiling walkdir v2.5.0
[INFO] [stderr]    Compiling snapbox-macros v1.1.0
[INFO] [stderr]    Compiling content_inspector v0.2.4
[INFO] [stderr]    Compiling serde_yaml_ng v0.10.0
[INFO] [stderr]    Compiling filetime v0.2.27
[INFO] [stderr]    Compiling wait-timeout v0.2.1
[INFO] [stderr]    Compiling os_pipe v1.2.2
[INFO] [stderr]    Compiling normalize-line-endings v0.3.0
[INFO] [stderr]    Compiling similar v3.1.1
[INFO] [stderr]    Compiling toml_writer v1.1.1+spec-1.1.0
[INFO] [stderr]    Compiling humantime v2.2.0
[INFO] [stderr]    Compiling rayon v1.12.0
[INFO] [stderr]    Compiling cmake v0.1.57
[INFO] [stderr]    Compiling toml_parser v1.1.2+spec-1.1.0
[INFO] [stderr]    Compiling automod v1.0.17
[INFO] [stderr]    Compiling glob v0.3.3
[INFO] [stderr]    Compiling aws-lc-sys v0.36.0
[INFO] [stderr]    Compiling tempfile v3.27.0
[INFO] [stderr]    Compiling snapbox v1.2.2
[INFO] [stderr]    Compiling standard_knowledge v0.1.1
[INFO] [stderr]    Compiling toml_datetime v1.1.1+spec-1.1.0
[INFO] [stderr]    Compiling serde_spanned v1.1.1
[INFO] [stderr]    Compiling toml_edit v0.25.12+spec-1.1.0
[INFO] [stderr]    Compiling humantime-serde v1.1.1
[INFO] [stderr]    Compiling trycmd v1.2.0
[INFO] [stderr]    Compiling aws-lc-rs v1.15.3
[INFO] [stderr]    Compiling rustls v0.23.31
[INFO] [stderr]    Compiling rustls-webpki v0.103.13
[INFO] [stderr]    Compiling tokio-rustls v0.26.2
[INFO] [stderr]    Compiling rustls-platform-verifier v0.6.2
[INFO] [stderr]    Compiling hyper-rustls v0.27.7
[INFO] [stderr]    Compiling reqwest v0.13.1
[INFO] [stderr]    Compiling standard_knowledge_cli v0.1.1 (/opt/rustwide/workdir)
[INFO] [stderr]     Finished `test` profile [unoptimized + debuginfo] target(s) in 1m 40s
[INFO] running `Command { std: "docker" "inspect" "9983c46d07298777eb0b267f61aca1402bb6fb79f829b6ab3e7f1bdfd6cdb36f", kill_on_drop: false }`
[INFO] running `Command { std: "docker" "exec" "-e" "SOURCE_DIR=/opt/rustwide/workdir" "-e" "CARGO_HOME=/opt/rustwide/cargo-home" "-e" "RUSTUP_HOME=/opt/rustwide/rustup-home" "-e" "CARGO_TARGET_DIR=/opt/rustwide/target" "-e" "CARGO_INCREMENTAL=0" "-e" "RUST_BACKTRACE=full" "-e" "RUSTFLAGS=--cap-lints=warn" "-e" "RUSTDOCFLAGS=--cap-lints=warn" "-w" "/opt/rustwide/workdir" "--user" "0:0" "9983c46d07298777eb0b267f61aca1402bb6fb79f829b6ab3e7f1bdfd6cdb36f" "/opt/rustwide/cargo-home/bin/cargo" "+1.99.0-beta.8" "test" "--frozen", kill_on_drop: false }`
[INFO] [stderr]     Finished `test` profile [unoptimized + debuginfo] target(s) in 0.33s
[INFO] [stderr]      Running unittests src/main.rs (/opt/rustwide/target/debug/deps/standard_knowledge-41b36c62d3084def)
[INFO] [stdout] 
[INFO] [stdout] running 1 test
[INFO] [stdout] test verify_cli ... ok
[INFO] [stderr]      Running tests/cmd.rs (/opt/rustwide/target/debug/deps/cmd-ebd406a7ea623249)
[INFO] [stdout] 
[INFO] [stdout] test result: ok. 1 passed; 0 failed; 0 ignored; 0 measured; 0 filtered out; finished in 0.08s
[INFO] [stdout] 
[INFO] [stdout] 
[INFO] [stdout] running 1 test
[INFO] [stderr] Testing tests/cmd/help.toml ... ok 41ms 324us 318ns
[INFO] [stderr] Testing tests/cmd/filter-variable-no.toml ... ok 217ms 756us 843ns
[INFO] [stderr] Testing tests/cmd/get-no.toml ... ok 4ms 86us 380ns
[INFO] [stderr] Testing tests/cmd/get-with-tests.toml ... ok 6s 317ms 272us 484ns
[INFO] [stderr] Testing tests/cmd/get-xarray.toml ... ok 7s 315ms 111us 713ns
[INFO] [stderr] Testing tests/cmd/knowledge-lib-and-url.toml ... failed 7s 437ms 11us 720ns
[INFO] [stderr] Expected success, was 1
[INFO] [stderr] 
[INFO] [stderr] ---- expected: stdout
[INFO] [stderr] ++++ actual:   stdout
[INFO] [stderr]    1      - air_temperature - Weird Air Temperature - K
[INFO] [stderr]    2      -   IOOS Category: Meteorology
[INFO] [stderr]    3      -   Common variables: temp, temperature, air_temp, airtemp
[INFO] [stderr]    4      -   Sibling standards: air_pressure
[INFO] [stderr]    5      -   Extra attributes:
[INFO] [stderr]    6      -  {
[INFO] [stderr]    7      -   "comment": "Air temperature is the temperature of air in situ. (IOOS)",
[INFO] [stderr]    8      -   "coverage_content_type": "physicalMeasurement",
[INFO] [stderr]    9      -   "ioos_category": "Meteorology",
[INFO] [stderr]   10      -   "long_name": "Weird Air Temperature",
[INFO] [stderr]   11      -   "ncei_name": "AIR TEMPERATURE",
[INFO] [stderr]   12      -   "standard_name": "air_temperature",
[INFO] [stderr]   13      -   "standard_name_url": "https://vocab.nerc.ac.uk/collection/P07/current/CFSN0023",
[INFO] [stderr]   14      -   "units": "K",
[INFO] [stderr]   15      - }
[INFO] [stderr]   16      - 
[INFO] [stderr]   17      - QARTOD Test Suites:
[INFO] [stderr]   18      - - GLOS Seagull (glos): QARTOD tests that GLOS uses for Seagull data
[INFO] [stderr]   19      - 
[INFO] [stderr]   20      - Air temperature is the bulk temperature of the air, not the surface (skin) temperature. It is strongly recommended that a variable with this standard name should have a units_metadata attribute, with one of the values "on-scale" or "difference", whichever is appropriate for the data, because it is essential to know whether the temperature is on-scale (meaning relative to the origin of the scale indicated by the units) or refers to temperature differences (implying that the origin of the temperature scale is irrevelant), in order to convert the units correctly (cf. https://cfconventions.org/cf-conventions/cf-conventions.html#temperature-units).
[INFO] [stderr] 
[INFO] [stderr] ---- expected: stderr
[INFO] [stderr] ++++ actual:   stderr
[INFO] [stderr]         1 + Error loading knowledge from URL 'https://gist.githubusercontent.com/abkfenris/ea3cd2eadff0d0ad35fee20d13fb51ab/raw/fce404c8ed3263512281f58d8d1fb629a828323e/multiple.yaml': Failed to fetch URL https://gist.githubusercontent.com/abkfenris/ea3cd2eadff0d0ad35fee20d13fb51ab/raw/fce404c8ed3263512281f58d8d1fb629a828323e/multiple.yaml: error sending request for url (https://gist.githubusercontent.com/abkfenris/ea3cd2eadff0d0ad35fee20d13fb51ab/raw/fce404c8ed3263512281f58d8d1fb629a828323e/multiple.yaml)
[INFO] [stderr] Testing tests/cmd/knowledge-lib-explicit.toml ... ok 7s 488ms 455us 858ns
[INFO] [stderr] Testing tests/cmd/filter-unit.toml ... ok 7s 735ms 754us 490ns
[INFO] [stderr] Testing tests/cmd/knowledge-url-error.toml ... failed 8s 626ms 240us 913ns
[INFO] [stderr] Exit: 1
[INFO] [stderr] stdout:
[INFO] [stderr] 
[INFO] [stderr] 
[INFO] [stderr] ---- expected: stderr
[INFO] [stderr] ++++ actual:   stderr
[INFO] [stderr]    1      - Error loading knowledge from URL 'https://example.com/test.yaml': HTTP error 404 Not Found when fetching https://example.com/test.yaml
[INFO] [stderr]         1 + Error loading knowledge from URL 'https://example.com/test.yaml': Failed to fetch URL https://example.com/test.yaml: error sending request for url (https://example.com/test.yaml)
[INFO] [stderr] Testing tests/cmd/get-short.toml ... ok 8s 643ms 450us 312ns
[INFO] [stderr] Testing tests/cmd/knowledge-url-multiple.toml ... failed 5s 542ms 747us 208ns
[INFO] [stderr] Expected success, was 1
[INFO] [stderr] 
[INFO] [stderr] ---- expected: stdout
[INFO] [stderr] ++++ actual:   stdout
[INFO] [stderr]    1      - sea_water_temperature - Weird Sea Temperature - K
[INFO] [stderr]    2      - 
[INFO] [stderr]    3      - Sea water temperature is the in situ temperature of the sea water. To specify the depth at which the temperature applies use a vertical coordinate variable or scalar coordinate variable. There are standard names for sea_surface_temperature, sea_surface_skin_temperature, sea_surface_subskin_temperature and sea_surface_foundation_temperature which can be used to describe data located at the specified surfaces. For observed data, depending on the period during which the observation was made, the measured in situ temperature was recorded against standard "scales". These historical scales include the International Practical Temperature Scale of 1948 (IPTS-48; 1948-1967), the International Practical Temperature Scale of 1968 (IPTS-68, Barber, 1969; 1968-1989) and the International Temperature Scale of 1990 (ITS-90, Saunders 1990; 1990 onwards). Conversion of data between these scales follows t68 = t48 - (4.4 x 10e-6) * t48(100 - t - 48); t90 = 0.99976 * t68. Observations made prior to 1948 (IPTS-48) have not been documented and therefore a conversion cannot be certain. Differences between t90 and t68 can be up to 0.01 at temperatures of 40 C and above; differences of 0.002-0.007 occur across the standard range of ocean temperatures (-10 - 30 C). The International Equation of State of Seawater 1980 (EOS-80, UNESCO, 1981) and the Practical Salinity Scale (PSS-78) were both based on IPTS-68, while the Thermodynamic Equation of Seawater 2010 (TEOS-10) is based on ITS-90. References: Barber, 1969, doi: 10.1088/0026-1394/5/2/001; UNESCO, 1981; Saunders, 1990, WOCE Newsletter, 10, September 1990. It is strongly recommended that a variable with this standard name should have a units_metadata attribute, with one of the values "on-scale" or "difference", whichever is appropriate for the data, because it is essential to know whether the temperature is on-scale (meaning relative to the origin of the scale indicated by the units) or refers to temperature differences (implying that the origin of the temperature scale is irrevelant), in order to convert the units correctly (cf. https://cfconventions.org/cf-conventions/cf-conventions.html#temperature-units).
[INFO] [stderr] 
[INFO] [stderr] ---- expected: stderr
[INFO] [stderr] ++++ actual:   stderr
[INFO] [stderr]         1 + Error loading knowledge from URL 'https://gist.githubusercontent.com/abkfenris/ea3cd2eadff0d0ad35fee20d13fb51ab/raw/fce404c8ed3263512281f58d8d1fb629a828323e/multiple.yaml': Failed to fetch URL https://gist.githubusercontent.com/abkfenris/ea3cd2eadff0d0ad35fee20d13fb51ab/raw/fce404c8ed3263512281f58d8d1fb629a828323e/multiple.yaml: error sending request for url (https://gist.githubusercontent.com/abkfenris/ea3cd2eadff0d0ad35fee20d13fb51ab/raw/fce404c8ed3263512281f58d8d1fb629a828323e/multiple.yaml)
[INFO] [stderr] Testing tests/cmd/get.toml ... ok 7s 508ms 506us 228ns
[INFO] [stderr] Testing tests/cmd/no-command.toml ... ok 34ms 808us 839ns
[INFO] [stderr] Testing tests/cmd/qc-config-static.toml ... ok 8s 933ms 583us 444ns
[INFO] [stderr] Testing tests/cmd/filter-var-ioos.toml ... ok 7s 899ms 604us 16ns
[INFO] [stderr] Testing tests/cmd/filter-search-no.toml ... ok 42ms 413us 398ns
[INFO] [stderr] Testing tests/cmd/filter-var.toml ... ok 8s 702ms 40us 791ns
[INFO] [stderr] Testing tests/cmd/knowledge-path-dir.toml ... ok 9s 66ms 766us 819ns
[INFO] [stderr] Testing tests/cmd/filter-variable-no-match.toml ... ok 8s 584ms 530us 565ns
[INFO] [stderr] Testing tests/cmd/qc-help.toml ... ok 45ms 464us 499ns
[INFO] [stderr] Testing tests/cmd/knowledge-url-single.toml ... failed 7s 841ms 962us 227ns
[INFO] [stderr] Expected success, was 1
[INFO] [stderr] 
[INFO] [stderr] ---- expected: stdout
[INFO] [stderr] ++++ actual:   stdout
[INFO] [stderr]    1      - air_temperature - K
[INFO] [stderr]    2      - 
[INFO] [stderr]    3      - Air temperature is the bulk temperature of the air, not the surface (skin) temperature. It is strongly recommended that a variable with this standard name should have a units_metadata attribute, with one of the values "on-scale" or "difference", whichever is appropriate for the data, because it is essential to know whether the temperature is on-scale (meaning relative to the origin of the scale indicated by the units) or refers to temperature differences (implying that the origin of the temperature scale is irrevelant), in order to convert the units correctly (cf. https://cfconventions.org/cf-conventions/cf-conventions.html#temperature-units).
[INFO] [stderr] 
[INFO] [stderr] ---- expected: stderr
[INFO] [stderr] ++++ actual:   stderr
[INFO] [stderr]         1 + Error loading knowledge from URL 'https://gist.githubusercontent.com/abkfenris/ea3cd2eadff0d0ad35fee20d13fb51ab/raw/b894760f1cfe3ee8b6c89750ef7da91b0333c403/ait_temperature.yaml': Failed to fetch URL https://gist.githubusercontent.com/abkfenris/ea3cd2eadff0d0ad35fee20d13fb51ab/raw/b894760f1cfe3ee8b6c89750ef7da91b0333c403/ait_temperature.yaml: error sending request for url (https://gist.githubusercontent.com/abkfenris/ea3cd2eadff0d0ad35fee20d13fb51ab/raw/b894760f1cfe3ee8b6c89750ef7da91b0333c403/ait_temperature.yaml)
[INFO] [stderr] Testing tests/cmd/qc-config.toml ... ok 7s 301ms 250us 805ns
[INFO] [stderr] Testing tests/cmd/knowledge-path-not-found.toml ... ok 8s 416ms 299us 420ns
[INFO] [stderr] Testing tests/cmd/qc-get.toml ... ok 7s 661ms 842us 513ns
[INFO] [stderr] Testing tests/cmd/qc-list.toml ... ok 7s 874ms 509us 26ns
[INFO] [stderr] Testing tests/cmd/knowledge-path-multiple-files.toml ... ok 9s 712ms 249us 260ns
[INFO] [stderr] Testing tests/cmd/knowledge-path-single.toml ... ok 7s 255ms 926us 315ns
[INFO] [stderr] Testing tests/cmd/knowledge-path-single-by-filename.toml ... ok 7s 44ms 423us 342ns
[INFO] [stderr] Testing tests/cmd/knowledge-url-and-path.toml ... failed 7s 681ms 284us 972ns
[INFO] [stderr] Expected success, was 1
[INFO] [stderr] 
[INFO] [stderr] ---- expected: stdout
[INFO] [stderr] ++++ actual:   stdout
[INFO] [stderr]    1      - sea_water_temperature - Weird Sea Temperature - K
[INFO] [stderr]    2      - 
[INFO] [stderr]    3      - Sea water temperature is the in situ temperature of the sea water. To specify the depth at which the temperature applies use a vertical coordinate variable or scalar coordinate variable. There are standard names for sea_surface_temperature, sea_surface_skin_temperature, sea_surface_subskin_temperature and sea_surface_foundation_temperature which can be used to describe data located at the specified surfaces. For observed data, depending on the period during which the observation was made, the measured in situ temperature was recorded against standard "scales". These historical scales include the International Practical Temperature Scale of 1948 (IPTS-48; 1948-1967), the International Practical Temperature Scale of 1968 (IPTS-68, Barber, 1969; 1968-1989) and the International Temperature Scale of 1990 (ITS-90, Saunders 1990; 1990 onwards). Conversion of data between these scales follows t68 = t48 - (4.4 x 10e-6) * t48(100 - t - 48); t90 = 0.99976 * t68. Observations made prior to 1948 (IPTS-48) have not been documented and therefore a conversion cannot be certain. Differences between t90 and t68 can be up to 0.01 at temperatures of 40 C and above; differences of 0.002-0.007 occur across the standard range of ocean temperatures (-10 - 30 C). The International Equation of State of Seawater 1980 (EOS-80, UNESCO, 1981) and the Practical Salinity Scale (PSS-78) were both based on IPTS-68, while the Thermodynamic Equation of Seawater 2010 (TEOS-10) is based on ITS-90. References: Barber, 1969, doi: 10.1088/0026-1394/5/2/001; UNESCO, 1981; Saunders, 1990, WOCE Newsletter, 10, September 1990. It is strongly recommended that a variable with this standard name should have a units_metadata attribute, with one of the values "on-scale" or "difference", whichever is appropriate for the data, because it is essential to know whether the temperature is on-scale (meaning relative to the origin of the scale indicated by the units) or refers to temperature differences (implying that the origin of the temperature scale is irrevelant), in order to convert the units correctly (cf. https://cfconventions.org/cf-conventions/cf-conventions.html#temperature-units).
[INFO] [stderr] 
[INFO] [stderr] ---- expected: stderr
[INFO] [stderr] ++++ actual:   stderr
[INFO] [stderr]         1 + Error loading knowledge from URL 'https://gist.githubusercontent.com/abkfenris/ea3cd2eadff0d0ad35fee20d13fb51ab/raw/fce404c8ed3263512281f58d8d1fb629a828323e/multiple.yaml': Failed to fetch URL https://gist.githubusercontent.com/abkfenris/ea3cd2eadff0d0ad35fee20d13fb51ab/raw/fce404c8ed3263512281f58d8d1fb629a828323e/multiple.yaml: error sending request for url (https://gist.githubusercontent.com/abkfenris/ea3cd2eadff0d0ad35fee20d13fb51ab/raw/fce404c8ed3263512281f58d8d1fb629a828323e/multiple.yaml)
[INFO] [stderr] Testing tests/cmd/knowledge-path-multiple.toml ... ok 7s 292ms 56us 425ns
[INFO] [stderr] Testing tests/cmd/filter-search-no-match.toml ... ok 36s 235ms 714us 888ns
[INFO] [stderr] Testing tests/cmd/filter-search-xarray.toml ... ok 24s 997ms 256us 816ns
[INFO] [stderr] Testing tests/cmd/filter-search.toml ... ok 19s 427ms 705us 239ns
[INFO] [stderr] Update snapshots with `TRYCMD=overwrite`
[INFO] [stderr] Debug output with `TRYCMD=dump`
[INFO] [stdout] test cli_tests ... FAILED
[INFO] [stdout] 
[INFO] [stdout] failures:
[INFO] [stdout] 
[INFO] [stdout] ---- cli_tests stdout ----
[INFO] [stdout] 
[INFO] [stdout] thread 'cli_tests' (4195) panicked at /opt/rustwide/cargo-home/registry/src/index.crates.io-1949cf8c6b5b557f/trycmd-1.2.0/src/runner.rs:123:17:
[INFO] [stdout] 5 of 33 tests failed
[INFO] [stdout] stack backtrace:
[INFO] [stdout]    0:     0x5e8d96aa3d61 - std[70759c8f55707aa4]::backtrace_rs::backtrace::libunwind::trace
[INFO] [stdout]                                at /rustc/dfb0accb7f508ae8be965d8629557221c889dd98/library/std/src/../../backtrace/src/backtrace/libunwind.rs:117:9
[INFO] [stdout]    1:     0x5e8d96aa3d61 - std[70759c8f55707aa4]::backtrace_rs::backtrace::trace_unsynchronized::<std[70759c8f55707aa4]::sys::backtrace::_print_fmt::{closure#1}>
[INFO] [stdout]                                at /rustc/dfb0accb7f508ae8be965d8629557221c889dd98/library/std/src/../../backtrace/src/backtrace/mod.rs:66:14
[INFO] [stdout]    2:     0x5e8d96aa3d61 - std[70759c8f55707aa4]::sys::backtrace::_print_fmt
[INFO] [stdout]                                at /rustc/dfb0accb7f508ae8be965d8629557221c889dd98/library/std/src/sys/backtrace.rs:74:9
[INFO] [stdout]    3:     0x5e8d96aa3d61 - <<std[70759c8f55707aa4]::sys::backtrace::BacktraceLock>::print::DisplayBacktrace as core[df12db4294e9bfd3]::fmt::Display>::fmt
[INFO] [stdout]                                at /rustc/dfb0accb7f508ae8be965d8629557221c889dd98/library/std/src/sys/backtrace.rs:44:26
[INFO] [stdout]    4:     0x5e8d96aba7ea - <core[df12db4294e9bfd3]::fmt::rt::Argument>::fmt
[INFO] [stdout]                                at /rustc/dfb0accb7f508ae8be965d8629557221c889dd98/library/core/src/fmt/rt.rs:152:76
[INFO] [stdout]    5:     0x5e8d96aba7ea - core[df12db4294e9bfd3]::fmt::write
[INFO] [stdout]    6:     0x5e8d96aa92ac - core[df12db4294e9bfd3]::io::write::default_write_fmt::<alloc[2182bb758b4b3781]::vec::Vec<u8>>
[INFO] [stdout]                                at /rustc/dfb0accb7f508ae8be965d8629557221c889dd98/library/core/src/io/write.rs:402:11
[INFO] [stdout]    7:     0x5e8d96aa92ac - <alloc[2182bb758b4b3781]::vec::Vec<u8> as core[df12db4294e9bfd3]::io::write::Write>::write_fmt
[INFO] [stdout]                                at /rustc/dfb0accb7f508ae8be965d8629557221c889dd98/library/core/src/io/write.rs:335:13
[INFO] [stdout]    8:     0x5e8d96a7b256 - <std[70759c8f55707aa4]::sys::backtrace::BacktraceLock>::print
[INFO] [stdout]                                at /rustc/dfb0accb7f508ae8be965d8629557221c889dd98/library/std/src/sys/backtrace.rs:47:9
[INFO] [stdout]    9:     0x5e8d96a7b256 - std[70759c8f55707aa4]::panicking::default_hook::{closure#0}
[INFO] [stdout]                                at /rustc/dfb0accb7f508ae8be965d8629557221c889dd98/library/std/src/panicking.rs:292:27
[INFO] [stdout]   10:     0x5e8d96a99ee9 - std[70759c8f55707aa4]::panicking::default_hook
[INFO] [stdout]                                at /rustc/dfb0accb7f508ae8be965d8629557221c889dd98/library/std/src/panicking.rs:316:9
[INFO] [stdout]   11:     0x5e8d96a32740 - <alloc[2182bb758b4b3781]::boxed::Box<dyn for<'a, 'b> core[df12db4294e9bfd3]::ops::function::Fn<(&'a std[70759c8f55707aa4]::panic::PanicHookInfo<'b>,), Output = ()> + core[df12db4294e9bfd3]::marker::Send + core[df12db4294e9bfd3]::marker::Sync> as core[df12db4294e9bfd3]::ops::function::Fn<(&std[70759c8f55707aa4]::panic::PanicHookInfo,)>>::call
[INFO] [stdout]                                at /rustc/dfb0accb7f508ae8be965d8629557221c889dd98/library/alloc/src/boxed.rs:2334:9
[INFO] [stdout]   12:     0x5e8d96a32740 - test[9d35eded1c95d3be]::test_main_inner::<test[9d35eded1c95d3be]::test_main_static::{closure#0}>::{closure#0}
[INFO] [stdout]                                at /rustc/dfb0accb7f508ae8be965d8629557221c889dd98/library/test/src/lib.rs:155:21
[INFO] [stdout]   13:     0x5e8d96a9a212 - <alloc[2182bb758b4b3781]::boxed::Box<dyn for<'a, 'b> core[df12db4294e9bfd3]::ops::function::Fn<(&'a std[70759c8f55707aa4]::panic::PanicHookInfo<'b>,), Output = ()> + core[df12db4294e9bfd3]::marker::Send + core[df12db4294e9bfd3]::marker::Sync> as core[df12db4294e9bfd3]::ops::function::Fn<(&std[70759c8f55707aa4]::panic::PanicHookInfo,)>>::call
[INFO] [stdout]                                at /rustc/dfb0accb7f508ae8be965d8629557221c889dd98/library/alloc/src/boxed.rs:2334:9
[INFO] [stdout]   14:     0x5e8d96a9a212 - std[70759c8f55707aa4]::panicking::panic_with_hook
[INFO] [stdout]                                at /rustc/dfb0accb7f508ae8be965d8629557221c889dd98/library/std/src/panicking.rs:823:13
[INFO] [stdout]   15:     0x5e8d96a7b302 - std[70759c8f55707aa4]::panicking::panic_handler::{closure#0}
[INFO] [stdout]                                at /rustc/dfb0accb7f508ae8be965d8629557221c889dd98/library/std/src/panicking.rs:688:13
[INFO] [stdout]   16:     0x5e8d96a73ca9 - std[70759c8f55707aa4]::sys::backtrace::__rust_end_short_backtrace::<std[70759c8f55707aa4]::panicking::panic_handler::{closure#0}, !>
[INFO] [stdout]                                at /rustc/dfb0accb7f508ae8be965d8629557221c889dd98/library/std/src/sys/backtrace.rs:182:18
[INFO] [stdout]   17:     0x5e8d96a7bfed - __rustc[8fa7c3cbc660c2b3]::rust_begin_unwind
[INFO] [stdout]                                at /rustc/dfb0accb7f508ae8be965d8629557221c889dd98/library/std/src/panicking.rs:679:5
[INFO] [stdout]   18:     0x5e8d96abb00c - core[df12db4294e9bfd3]::panicking::panic_fmt
[INFO] [stdout]                                at /rustc/dfb0accb7f508ae8be965d8629557221c889dd98/library/core/src/panicking.rs:80:14
[INFO] [stdout]   19:     0x5e8d968a1ef8 - core[df12db4294e9bfd3]::panicking::panic_display::<alloc[2182bb758b4b3781]::string::String>
[INFO] [stdout]                                at /rustc/dfb0accb7f508ae8be965d8629557221c889dd98/library/core/src/panicking.rs:259:5
[INFO] [stdout]   20:     0x5e8d96777ad7 - <trycmd[260b6069abd67381]::runner::Runner>::run
[INFO] [stdout]                                at /opt/rustwide/cargo-home/registry/src/index.crates.io-1949cf8c6b5b557f/trycmd-1.2.0/src/runner.rs:123:17
[INFO] [stdout]   21:     0x5e8d967b9bef - <trycmd[260b6069abd67381]::cases::TestCases>::run
[INFO] [stdout]                                at /opt/rustwide/cargo-home/registry/src/index.crates.io-1949cf8c6b5b557f/trycmd-1.2.0/src/cases.rs:182:16
[INFO] [stdout]   22:     0x5e8d967bab5a - <trycmd[260b6069abd67381]::cases::TestCases as core[df12db4294e9bfd3]::ops::drop::Drop>::drop
[INFO] [stdout]                                at /opt/rustwide/cargo-home/registry/src/index.crates.io-1949cf8c6b5b557f/trycmd-1.2.0/src/cases.rs:192:18
[INFO] [stdout]   23:     0x5e8d967b7837 - core[df12db4294e9bfd3]::ptr::drop_glue::<trycmd[260b6069abd67381]::cases::TestCases>
[INFO] [stdout]                                at /rustc/dfb0accb7f508ae8be965d8629557221c889dd98/library/core/src/ptr/mod.rs:847:1
[INFO] [stdout]   24:     0x5e8d967316c3 - cmd[4a5b4458cd3199ed]::cli_tests
[INFO] [stdout]                                at /opt/rustwide/workdir/tests/cmd.rs:6:1
[INFO] [stdout]   25:     0x5e8d96731607 - cmd[4a5b4458cd3199ed]::cli_tests::{closure#0}
[INFO] [stdout]                                at /opt/rustwide/workdir/tests/cmd.rs:2:15
[INFO] [stdout]   26:     0x5e8d967318e6 - <cmd[4a5b4458cd3199ed]::cli_tests::{closure#0} as core[df12db4294e9bfd3]::ops::function::FnOnce<()>>::call_once
[INFO] [stdout]                                at /rustc/dfb0accb7f508ae8be965d8629557221c889dd98/library/core/src/ops/function.rs:250:5
[INFO] [stdout]   27:     0x5e8d96a25a2b - <fn() -> core[df12db4294e9bfd3]::result::Result<(), alloc[2182bb758b4b3781]::string::String> as core[df12db4294e9bfd3]::ops::function::FnOnce<()>>::call_once
[INFO] [stdout]                                at /rustc/dfb0accb7f508ae8be965d8629557221c889dd98/library/core/src/ops/function.rs:250:5
[INFO] [stdout]   28:     0x5e8d96a25a2b - test[9d35eded1c95d3be]::__rust_begin_short_backtrace::<core[df12db4294e9bfd3]::result::Result<(), alloc[2182bb758b4b3781]::string::String>, fn() -> core[df12db4294e9bfd3]::result::Result<(), alloc[2182bb758b4b3781]::string::String>>
[INFO] [stdout]                                at /rustc/dfb0accb7f508ae8be965d8629557221c889dd98/library/test/src/lib.rs:733:18
[INFO] [stdout]   29:     0x5e8d96a33095 - test[9d35eded1c95d3be]::run_test_in_process::{closure#0}
[INFO] [stdout]                                at /rustc/dfb0accb7f508ae8be965d8629557221c889dd98/library/test/src/lib.rs:756:74
[INFO] [stdout]   30:     0x5e8d96a33095 - <core[df12db4294e9bfd3]::panic::unwind_safe::AssertUnwindSafe<test[9d35eded1c95d3be]::run_test_in_process::{closure#0}> as core[df12db4294e9bfd3]::ops::function::FnOnce<()>>::call_once
[INFO] [stdout]                                at /rustc/dfb0accb7f508ae8be965d8629557221c889dd98/library/core/src/panic/unwind_safe.rs:275:9
[INFO] [stdout]   31:     0x5e8d96a33095 - std[70759c8f55707aa4]::panicking::catch_unwind::do_call::<core[df12db4294e9bfd3]::panic::unwind_safe::AssertUnwindSafe<test[9d35eded1c95d3be]::run_test_in_process::{closure#0}>, core[df12db4294e9bfd3]::result::Result<(), alloc[2182bb758b4b3781]::string::String>>
[INFO] [stdout]                                at /rustc/dfb0accb7f508ae8be965d8629557221c889dd98/library/std/src/panicking.rs:576:43
[INFO] [stdout]   32:     0x5e8d96a33095 - std[70759c8f55707aa4]::panicking::catch_unwind::<core[df12db4294e9bfd3]::result::Result<(), alloc[2182bb758b4b3781]::string::String>, core[df12db4294e9bfd3]::panic::unwind_safe::AssertUnwindSafe<test[9d35eded1c95d3be]::run_test_in_process::{closure#0}>>
[INFO] [stdout]                                at /rustc/dfb0accb7f508ae8be965d8629557221c889dd98/library/std/src/panicking.rs:544:19
[INFO] [stdout]   33:     0x5e8d96a33095 - std[70759c8f55707aa4]::panic::catch_unwind::<core[df12db4294e9bfd3]::panic::unwind_safe::AssertUnwindSafe<test[9d35eded1c95d3be]::run_test_in_process::{closure#0}>, core[df12db4294e9bfd3]::result::Result<(), alloc[2182bb758b4b3781]::string::String>>
[INFO] [stdout]                                at /rustc/dfb0accb7f508ae8be965d8629557221c889dd98/library/std/src/panic.rs:359:14
[INFO] [stdout]   34:     0x5e8d96a33095 - test[9d35eded1c95d3be]::run_test_in_process
[INFO] [stdout]                                at /rustc/dfb0accb7f508ae8be965d8629557221c889dd98/library/test/src/lib.rs:756:27
[INFO] [stdout]   35:     0x5e8d96a33095 - test[9d35eded1c95d3be]::run_test::{closure#0}
[INFO] [stdout]                                at /rustc/dfb0accb7f508ae8be965d8629557221c889dd98/library/test/src/lib.rs:677:43
[INFO] [stdout]   36:     0x5e8d96a2c954 - test[9d35eded1c95d3be]::run_test::{closure#1}
[INFO] [stdout]                                at /rustc/dfb0accb7f508ae8be965d8629557221c889dd98/library/test/src/lib.rs:707:41
[INFO] [stdout]   37:     0x5e8d96a2c954 - std[70759c8f55707aa4]::sys::backtrace::__rust_begin_short_backtrace::<test[9d35eded1c95d3be]::run_test::{closure#1}, ()>
[INFO] [stdout]                                at /rustc/dfb0accb7f508ae8be965d8629557221c889dd98/library/std/src/sys/backtrace.rs:166:18
[INFO] [stdout]   38:     0x5e8d96a361f2 - std[70759c8f55707aa4]::thread::lifecycle::spawn_unchecked::<test[9d35eded1c95d3be]::run_test::{closure#1}, ()>::{closure#1}::{closure#0}
[INFO] [stdout]                                at /rustc/dfb0accb7f508ae8be965d8629557221c889dd98/library/std/src/thread/lifecycle.rs:70:13
[INFO] [stdout]   39:     0x5e8d96a361f2 - <core[df12db4294e9bfd3]::panic::unwind_safe::AssertUnwindSafe<std[70759c8f55707aa4]::thread::lifecycle::spawn_unchecked<test[9d35eded1c95d3be]::run_test::{closure#1}, ()>::{closure#1}::{closure#0}> as core[df12db4294e9bfd3]::ops::function::FnOnce<()>>::call_once
[INFO] [stdout]                                at /rustc/dfb0accb7f508ae8be965d8629557221c889dd98/library/core/src/panic/unwind_safe.rs:275:9
[INFO] [stdout]   40:     0x5e8d96a361f2 - std[70759c8f55707aa4]::panicking::catch_unwind::do_call::<core[df12db4294e9bfd3]::panic::unwind_safe::AssertUnwindSafe<std[70759c8f55707aa4]::thread::lifecycle::spawn_unchecked<test[9d35eded1c95d3be]::run_test::{closure#1}, ()>::{closure#1}::{closure#0}>, ()>
[INFO] [stdout]                                at /rustc/dfb0accb7f508ae8be965d8629557221c889dd98/library/std/src/panicking.rs:576:43
[INFO] [stdout]   41:     0x5e8d96a361f2 - std[70759c8f55707aa4]::panicking::catch_unwind::<(), core[df12db4294e9bfd3]::panic::unwind_safe::AssertUnwindSafe<std[70759c8f55707aa4]::thread::lifecycle::spawn_unchecked<test[9d35eded1c95d3be]::run_test::{closure#1}, ()>::{closure#1}::{closure#0}>>
[INFO] [stdout]                                at /rustc/dfb0accb7f508ae8be965d8629557221c889dd98/library/std/src/panicking.rs:544:19
[INFO] [stdout]   42:     0x5e8d96a361f2 - std[70759c8f55707aa4]::panic::catch_unwind::<core[df12db4294e9bfd3]::panic::unwind_safe::AssertUnwindSafe<std[70759c8f55707aa4]::thread::lifecycle::spawn_unchecked<test[9d35eded1c95d3be]::run_test::{closure#1}, ()>::{closure#1}::{closure#0}>, ()>
[INFO] [stdout]                                at /rustc/dfb0accb7f508ae8be965d8629557221c889dd98/library/std/src/panic.rs:359:14
[INFO] [stdout]   43:     0x5e8d96a361f2 - std[70759c8f55707aa4]::thread::lifecycle::spawn_unchecked::<test[9d35eded1c95d3be]::run_test::{closure#1}, ()>::{closure#1}
[INFO] [stdout]                                at /rustc/dfb0accb7f508ae8be965d8629557221c889dd98/library/std/src/thread/lifecycle.rs:68:26
[INFO] [stdout]   44:     0x5e8d96a361f2 - <std[70759c8f55707aa4]::thread::lifecycle::spawn_unchecked<test[9d35eded1c95d3be]::run_test::{closure#1}, ()>::{closure#1} as core[df12db4294e9bfd3]::ops::function::FnOnce<()>>::call_once::{shim:vtable#0}
[INFO] [stdout]                                at /rustc/dfb0accb7f508ae8be965d8629557221c889dd98/library/core/src/ops/function.rs:250:5
[INFO] [stdout]   45:     0x5e8d96aa2ce9 - <alloc[2182bb758b4b3781]::boxed::Box<dyn core[df12db4294e9bfd3]::ops::function::FnOnce<(), Output = ()> + core[df12db4294e9bfd3]::marker::Send> as core[df12db4294e9bfd3]::ops::function::FnOnce<()>>::call_once
[INFO] [stdout]                                at /rustc/dfb0accb7f508ae8be965d8629557221c889dd98/library/alloc/src/boxed.rs:2320:9
[INFO] [stdout]   46:     0x5e8d96aa2ce9 - <std[70759c8f55707aa4]::sys::thread::unix::Thread>::new::thread_start
[INFO] [stdout]                                at /rustc/dfb0accb7f508ae8be965d8629557221c889dd98/library/std/src/sys/thread/unix.rs:123:17
[INFO] [stdout]   47:     0x7ea68713bdfa - <unknown>
[INFO] [stdout]   48:     0x7ea6871cf3d4 - clone
[INFO] [stdout]   49:                0x0 - <unknown>
[INFO] [stdout] 
[INFO] [stdout] 
[INFO] [stdout] failures:
[INFO] [stdout]     cli_tests
[INFO] [stdout] 
[INFO] [stdout] test result: FAILED. 0 passed; 1 failed; 0 ignored; 0 measured; 0 filtered out; finished in 41.53s
[INFO] [stdout] 
[INFO] [stderr] error: test failed, to rerun pass `--test cmd`
[INFO] running `Command { std: "docker" "inspect" "9983c46d07298777eb0b267f61aca1402bb6fb79f829b6ab3e7f1bdfd6cdb36f", kill_on_drop: false }`
[INFO] running `Command { std: "docker" "rm" "-f" "9983c46d07298777eb0b267f61aca1402bb6fb79f829b6ab3e7f1bdfd6cdb36f", kill_on_drop: false }`
[INFO] [stdout] 9983c46d07298777eb0b267f61aca1402bb6fb79f829b6ab3e7f1bdfd6cdb36f
