[INFO] fetching crate stakpak-ak 0.3.88...
[INFO] testing stakpak-ak-0.3.88 against 1.99.0-beta.8 for beta-1.100-2
[INFO] extracting crate stakpak-ak 0.3.88 into /workspace/builds/worker-5-tc1/source
[INFO] started tweaking crates.io crate stakpak-ak 0.3.88
[INFO] finished tweaking crates.io crate stakpak-ak 0.3.88
[INFO] tweaked toml for crates.io crate stakpak-ak 0.3.88 written to /workspace/builds/worker-5-tc1/source/Cargo.toml
[INFO] validating manifest of crates.io crate stakpak-ak 0.3.88 on toolchain 1.99.0-beta.8
[INFO] running `Command { std: CARGO_HOME="/workspace/cargo-home" RUSTUP_HOME="/workspace/rustup-home" "/workspace/cargo-home/bin/cargo" "+1.99.0-beta.8" "metadata" "--manifest-path" "Cargo.toml" "--no-deps", kill_on_drop: false }`
[INFO] crate crates.io crate stakpak-ak 0.3.88 already has a lockfile, it will not be regenerated
[INFO] running `Command { std: CARGO_HOME="/workspace/cargo-home" RUSTUP_HOME="/workspace/rustup-home" "/workspace/cargo-home/bin/cargo" "+1.99.0-beta.8" "fetch" "--manifest-path" "Cargo.toml", kill_on_drop: false }`
[INFO] [stderr]     Updating crates.io index
[INFO] [stderr]  Downloading crates ...
[INFO] [stderr]   Downloaded xterm-query v0.5.2
[INFO] [stderr]   Downloaded terminal-light v1.8.0
[INFO] [stderr]   Downloaded webpki-root-certs v0.26.11
[INFO] [stderr]   Downloaded rustls-native-certs v0.8.2
[INFO] [stderr]   Downloaded rustls-platform-verifier v0.5.3
[INFO] [stderr]   Downloaded coolor v1.1.0
[INFO] [stderr]   Downloaded webpki-root-certs v1.0.4
[INFO] [stderr]   Downloaded stakpak-shared v0.3.88
[INFO] [stderr]   Downloaded stakai v0.3.88
[INFO] [stderr]   Downloaded seize v0.3.3
[INFO] [stderr]   Downloaded russh-sftp v2.1.1
[INFO] [stderr]   Downloaded stakpak-api v0.3.88
[INFO] [stderr]   Downloaded reqwest v0.12.15
[INFO] [stderr]   Downloaded flurry v0.5.2
[INFO] [stderr]   Downloaded aws-lc-rs v1.15.0
[INFO] [stderr]   Downloaded rsa v0.9.9
[INFO] [stderr]   Downloaded aws-lc-sys v0.33.0
[INFO] [stderr]   Downloaded sse-stream v0.2.1
[INFO] [stderr]   Downloaded schemars_derive v1.1.0
[INFO] [stderr]   Downloaded rmcp-macros v0.11.0
[INFO] [stderr]   Downloaded rmcp v0.11.0
[INFO] [stderr]   Downloaded pastey v0.2.0
[INFO] [stderr]   Downloaded reqwest-retry v0.8.0
[INFO] [stderr]   Downloaded retry-policies v0.5.1
[INFO] [stderr]   Downloaded tower-http v0.4.4
[INFO] [stderr]   Downloaded http-range-header v0.3.1
[INFO] [stderr]   Downloaded tonic v0.11.0
[INFO] [stderr]   Downloaded tonic-web v0.11.0
[INFO] [stderr]   Downloaded libsql_replication v0.9.29
[INFO] [stderr]   Downloaded libsql-sys v0.9.29
[INFO] [stderr]   Downloaded libsql-rusqlite v0.9.29
[INFO] [stderr]   Downloaded libsql-hrana v0.9.29
[INFO] [stderr]   Downloaded libsql v0.9.29
[INFO] [stderr]   Downloaded grep-matcher v0.1.8
[INFO] [stderr]   Downloaded libsql-ffi v0.9.29
[INFO] running `Command { std: "docker" "create" "-v" "/var/lib/crater-agent-workspace/builds/worker-5-tc1/source:/opt/rustwide/workdir:ro,Z" "-v" "/var/lib/crater-agent-workspace/builds/worker-5-tc1/target:/opt/rustwide/target:rw,Z" "-v" "/var/lib/crater-agent-workspace/cargo-home:/opt/rustwide/cargo-home:ro,Z" "-v" "/var/lib/crater-agent-workspace/rustup-home:/opt/rustwide/rustup-home:ro,Z" "-m" "1610612736" "--network" "none" "ghcr.io/rust-lang/crates-build-env/linux@sha256:3111399a4047eeb3a02b7a90e478d715f38a8c6669b5c4b49d30a17385265909" "sleep" "infinity", kill_on_drop: false }`
[INFO] [stdout] 23d3342b89c69c163c5e07116ee70b0f2122fec234d687443363c9fe894d5cd6
[INFO] running `Command { std: "docker" "start" "23d3342b89c69c163c5e07116ee70b0f2122fec234d687443363c9fe894d5cd6", kill_on_drop: false }`
[INFO] running `Command { std: "docker" "inspect" "23d3342b89c69c163c5e07116ee70b0f2122fec234d687443363c9fe894d5cd6", kill_on_drop: false }`
[INFO] running `Command { std: "docker" "exec" "-e" "SOURCE_DIR=/opt/rustwide/workdir" "-e" "CARGO_HOME=/opt/rustwide/cargo-home" "-e" "RUSTUP_HOME=/opt/rustwide/rustup-home" "-e" "CARGO_TARGET_DIR=/opt/rustwide/target" "-w" "/opt/rustwide/workdir" "--user" "0:0" "23d3342b89c69c163c5e07116ee70b0f2122fec234d687443363c9fe894d5cd6" "/opt/rustwide/cargo-home/bin/cargo" "+1.99.0-beta.8" "metadata" "--no-deps" "--format-version=1", kill_on_drop: false }`
[INFO] running `Command { std: "docker" "inspect" "23d3342b89c69c163c5e07116ee70b0f2122fec234d687443363c9fe894d5cd6", kill_on_drop: false }`
[INFO] running `Command { std: "docker" "exec" "-e" "SOURCE_DIR=/opt/rustwide/workdir" "-e" "CARGO_HOME=/opt/rustwide/cargo-home" "-e" "RUSTUP_HOME=/opt/rustwide/rustup-home" "-e" "CARGO_TARGET_DIR=/opt/rustwide/target" "-e" "CARGO_INCREMENTAL=0" "-e" "RUST_BACKTRACE=full" "-e" "RUSTFLAGS=--cap-lints=warn" "-e" "RUSTDOCFLAGS=--cap-lints=warn" "-w" "/opt/rustwide/workdir" "--user" "0:0" "23d3342b89c69c163c5e07116ee70b0f2122fec234d687443363c9fe894d5cd6" "/opt/rustwide/cargo-home/bin/cargo" "+1.99.0-beta.8" "build" "--frozen" "--message-format=json", kill_on_drop: false }`
[INFO] [stderr]    Compiling quote v1.0.42
[INFO] [stderr]    Compiling subtle v2.6.1
[INFO] [stderr]    Compiling libc v0.2.177
[INFO] [stderr]    Compiling generic-array v0.14.7
[INFO] [stderr]    Compiling const-oid v0.9.6
[INFO] [stderr]    Compiling getrandom v0.2.16
[INFO] [stderr]    Compiling tracing-core v0.1.36
[INFO] [stderr]    Compiling bitflags v2.10.0
[INFO] [stderr]    Compiling rustls-pki-types v1.13.0
[INFO] [stderr]    Compiling pem-rfc7468 v0.7.0
[INFO] [stderr]    Compiling libm v0.2.15
[INFO] [stderr]    Compiling either v1.15.0
[INFO] [stderr]    Compiling aws-lc-rs v1.15.0
[INFO] [stderr]    Compiling num-traits v0.2.19
[INFO] [stderr]    Compiling crunchy v0.2.4
[INFO] [stderr]    Compiling memchr v2.7.6
[INFO] [stderr]    Compiling tiny-keccak v2.0.2
[INFO] [stderr]    Compiling rand_core v0.6.4
[INFO] [stderr]    Compiling der v0.7.10
[INFO] [stderr]    Compiling untrusted v0.7.1
[INFO] [stderr]    Compiling clang-sys v1.8.1
[INFO] [stderr]    Compiling rustix v0.38.44
[INFO] [stderr]    Compiling prettyplease v0.2.37
[INFO] [stderr]    Compiling rand_chacha v0.3.1
[INFO] [stderr]    Compiling rustls v0.23.35
[INFO] [stderr]    Compiling webpki-roots v1.0.4
[INFO] [stderr]    Compiling ahash v0.8.12
[INFO] [stderr]    Compiling regex-syntax v0.8.8
[INFO] [stderr]    Compiling linux-raw-sys v0.4.15
[INFO] [stderr]    Compiling syn v2.0.110
[INFO] [stderr]    Compiling serde_json v1.0.145
[INFO] [stderr]    Compiling home v0.5.12
[INFO] [stderr]    Compiling ff v0.13.1
[INFO] [stderr]    Compiling rustls-pemfile v2.2.0
[INFO] [stderr]    Compiling indexmap v1.9.3
[INFO] [stderr]    Compiling libloading v0.8.9
[INFO] [stderr]    Compiling bindgen v0.66.1
[INFO] [stderr]    Compiling rand v0.8.5
[INFO] [stderr]    Compiling group v0.13.0
[INFO] [stderr]    Compiling nom v7.1.3
[INFO] [stderr]    Compiling webpki-roots v0.26.11
[INFO] [stderr]    Compiling socket2 v0.5.10
[INFO] [stderr]    Compiling hashbrown v0.12.3
[INFO] [stderr]    Compiling lazy_static v1.5.0
[INFO] [stderr]    Compiling lazycell v1.3.0
[INFO] [stderr]    Compiling rustc-hash v1.1.0
[INFO] [stderr]    Compiling peeking_take_while v0.1.2
[INFO] [stderr]    Compiling axum-core v0.3.4
[INFO] [stderr]    Compiling itertools v0.12.1
[INFO] [stderr]    Compiling sync_wrapper v1.0.2
[INFO] [stderr]    Compiling semver v1.0.27
[INFO] [stderr]    Compiling phf_shared v0.11.3
[INFO] [stderr]    Compiling axum v0.6.20
[INFO] [stderr]    Compiling nix v0.29.0
[INFO] [stderr]    Compiling crypto-common v0.1.7
[INFO] [stderr]    Compiling block-buffer v0.10.4
[INFO] [stderr]    Compiling block-padding v0.3.3
[INFO] [stderr]    Compiling crypto-bigint v0.5.5
[INFO] [stderr]    Compiling digest v0.10.7
[INFO] [stderr]    Compiling inout v0.1.4
[INFO] [stderr]    Compiling cipher v0.4.4
[INFO] [stderr]    Compiling spki v0.7.3
[INFO] [stderr]    Compiling hmac v0.12.1
[INFO] [stderr]    Compiling sha2 v0.10.9
[INFO] [stderr]    Compiling signature v2.2.0
[INFO] [stderr]    Compiling pbkdf2 v0.12.2
[INFO] [stderr]    Compiling jobserver v0.1.34
[INFO] [stderr]    Compiling hkdf v0.12.4
[INFO] [stderr]    Compiling aes v0.8.4
[INFO] [stderr]    Compiling cbc v0.1.2
[INFO] [stderr]    Compiling salsa20 v0.10.2
[INFO] [stderr]    Compiling const-random-macro v0.1.16
[INFO] [stderr]    Compiling cc v1.2.56
[INFO] [stderr]    Compiling scrypt v0.11.0
[INFO] [stderr]    Compiling universal-hash v0.5.1
[INFO] [stderr]    Compiling num-integer v0.1.46
[INFO] [stderr]    Compiling const-random v0.1.18
[INFO] [stderr]    Compiling rfc6979 v0.4.0
[INFO] [stderr]    Compiling rustc_version v0.4.1
[INFO] [stderr]    Compiling ipnet v2.11.0
[INFO] [stderr]    Compiling openssl-probe v0.1.6
[INFO] [stderr]    Compiling polyval v0.6.2
[INFO] [stderr]    Compiling hashbrown v0.14.5
[INFO] [stderr]    Compiling curve25519-dalek v4.1.3
[INFO] [stderr]    Compiling phf_generator v0.11.3
[INFO] [stderr]    Compiling aho-corasick v1.1.4
[INFO] [stderr]    Compiling serde_core v1.0.228
[INFO] [stderr]    Compiling pkcs5 v0.7.1
[INFO] [stderr]    Compiling num-bigint-dig v0.8.6
[INFO] [stderr]    Compiling rustix v1.1.2
[INFO] [stderr]    Compiling cexpr v0.6.0
[INFO] [stderr]    Compiling spin v0.9.8
[INFO] [stderr]    Compiling matchit v0.7.3
[INFO] [stderr]    Compiling rustls v0.22.4
[INFO] [stderr]    Compiling regex-automata v0.4.13
[INFO] [stderr]    Compiling phf_codegen v0.11.3
[INFO] [stderr]    Compiling ghash v0.5.1
[INFO] [stderr]    Compiling num-iter v0.1.45
[INFO] [stderr]    Compiling ctr v0.9.2
[INFO] [stderr]    Compiling aead v0.5.2
[INFO] [stderr]    Compiling nix v0.30.1
[INFO] [stderr]    Compiling pkcs8 v0.10.2
[INFO] [stderr]    Compiling time-core v0.1.6
[INFO] [stderr]    Compiling fallible-streaming-iterator v0.1.9
[INFO] [stderr]    Compiling deranged v0.5.5
[INFO] [stderr]    Compiling sec1 v0.7.3
[INFO] [stderr]    Compiling time-macros v0.2.24
[INFO] [stderr]    Compiling ed25519 v2.2.3
[INFO] [stderr]    Compiling pkcs1 v0.7.5
[INFO] [stderr]    Compiling hashlink v0.8.4
[INFO] [stderr]    Compiling cmake v0.1.54
[INFO] [stderr]    Compiling which v4.4.2
[INFO] [stderr]    Compiling elliptic-curve v0.13.8
[INFO] [stderr]    Compiling aes-gcm v0.10.3
[INFO] [stderr]    Compiling poly1305 v0.8.0
[INFO] [stderr]    Compiling chacha20 v0.9.1
[INFO] [stderr]    Compiling blowfish v0.9.1
[INFO] [stderr]    Compiling blake2 v0.10.6
[INFO] [stderr]    Compiling password-hash v0.5.0
[INFO] [stderr]    Compiling ecdsa v0.16.9
[INFO] [stderr]    Compiling primeorder v0.13.6
[INFO] [stderr]    Compiling simd-adler32 v0.3.7
[INFO] [stderr]    Compiling http-range-header v0.3.1
[INFO] [stderr]    Compiling ring v0.17.14
[INFO] [stderr]    Compiling aws-lc-sys v0.33.0
[INFO] [stderr]    Compiling libsql-sqlite3-parser v0.13.0
[INFO] [stderr]    Compiling miniz_oxide v0.8.9
[INFO] [stderr]    Compiling argon2 v0.5.3
[INFO] [stderr]    Compiling p521 v0.13.3
[INFO] [stderr]    Compiling p384 v0.13.1
[INFO] [stderr]    Compiling synstructure v0.13.2
[INFO] [stderr]    Compiling regex v1.12.2
[INFO] [stderr]    Compiling darling_core v0.21.3
[INFO] [stderr]    Compiling serde_derive_internals v0.29.1
[INFO] [stderr]    Compiling rsa v0.9.9
[INFO] [stderr]    Compiling time v0.3.44
[INFO] [stderr]    Compiling p256 v0.13.2
[INFO] [stderr]    Compiling dirs-sys v0.4.1
[INFO] [stderr]    Compiling phf v0.11.3
[INFO] [stderr]    Compiling eventsource-stream v0.2.3
[INFO] [stderr]    Compiling bcrypt-pbkdf v0.10.0
[INFO] [stderr]    Compiling signal-hook-mio v0.2.5
[INFO] [stderr]    Compiling rustls-native-certs v0.8.2
[INFO] [stderr]    Compiling rustls-native-certs v0.7.3
[INFO] [stderr]    Compiling sha1 v0.10.6
[INFO] [stderr]    Compiling num_cpus v1.17.0
[INFO] [stderr]    Compiling fallible-iterator v0.3.0
[INFO] [stderr]    Compiling seize v0.3.3
[INFO] [stderr]    Compiling serde_derive v1.0.228
[INFO] [stderr]    Compiling tokio-macros v2.6.0
[INFO] [stderr]    Compiling futures-macro v0.3.31
[INFO] [stderr]    Compiling tracing-attributes v0.1.31
[INFO] [stderr]    Compiling zerofrom-derive v0.1.6
[INFO] [stderr]    Compiling yoke-derive v0.8.1
[INFO] [stderr]    Compiling zerovec-derive v0.11.2
[INFO] [stderr]    Compiling displaydoc v0.2.5
[INFO] [stderr]    Compiling thiserror-impl v1.0.69
[INFO] [stderr]    Compiling async-trait v0.1.89
[INFO] [stderr]    Compiling pin-project-internal v1.1.10
[INFO] [stderr]    Compiling futures-util v0.3.31
[INFO] [stderr]    Compiling async-stream-impl v0.3.6
[INFO] [stderr]    Compiling prost-derive v0.12.6
[INFO] [stderr]    Compiling async-stream v0.3.6
[INFO] [stderr]    Compiling thiserror-impl v2.0.17
[INFO] [stderr]    Compiling zerocopy-derive v0.7.35
[INFO] [stderr]    Compiling curve25519-dalek-derive v0.1.1
[INFO] [stderr]    Compiling tracing v0.1.44
[INFO] [stderr]    Compiling thiserror v1.0.69
[INFO] [stderr]    Compiling derive_more-impl v2.0.1
[INFO] [stderr]    Compiling zerofrom v0.1.6
[INFO] [stderr]    Compiling ref-cast-impl v1.0.25
[INFO] [stderr]    Compiling yoke v0.8.1
[INFO] [stderr]    Compiling pin-project v1.1.10
[INFO] [stderr]    Compiling zerovec v0.11.5
[INFO] [stderr]    Compiling zerotrie v0.2.3
[INFO] [stderr]    Compiling zerocopy v0.7.35
[INFO] [stderr]    Compiling ref-cast v1.0.25
[INFO] [stderr]    Compiling schemars_derive v1.1.0
[INFO] [stderr]    Compiling xterm-query v0.5.2
[INFO] [stderr]    Compiling derive_more v2.0.1
[INFO] [stderr]    Compiling thiserror v2.0.17
[INFO] [stderr]    Compiling crossterm v0.29.0
[INFO] [stderr]    Compiling flurry v0.5.2
[INFO] [stderr]    Compiling darling_macro v0.21.3
[INFO] [stderr]    Compiling enum_dispatch v0.3.13
[INFO] [stderr]    Compiling delegate v0.13.5
[INFO] [stderr]    Compiling darling v0.21.3
[INFO] [stderr]    Compiling inotify v0.11.0
[INFO] [stderr]    Compiling tinystr v0.8.2
[INFO] [stderr]    Compiling potential_utf v0.1.4
[INFO] [stderr]    Compiling icu_collections v2.1.1
[INFO] [stderr]    Compiling icu_locale_core v2.1.1
[INFO] [stderr]    Compiling rustls-webpki v0.102.8
[INFO] [stderr]    Compiling serde v1.0.228
[INFO] [stderr]    Compiling ed25519-dalek v2.2.0
[INFO] [stderr]    Compiling yasna v0.5.2
[INFO] [stderr]    Compiling bytes v1.11.0
[INFO] [stderr]    Compiling serde_urlencoded v0.7.1
[INFO] [stderr]    Compiling chrono v0.4.42
[INFO] [stderr]    Compiling uuid v1.18.1
[INFO] [stderr]    Compiling toml_datetime v0.6.11
[INFO] [stderr]    Compiling serde_spanned v0.6.9
[INFO] [stderr]    Compiling rmcp-macros v0.11.0
[INFO] [stderr]    Compiling bincode v1.3.3
[INFO] [stderr]    Compiling toml_edit v0.22.27
[INFO] [stderr]    Compiling dirs v5.0.1
[INFO] [stderr]    Compiling flate2 v1.1.5
[INFO] [stderr]    Compiling tokio v1.48.0
[INFO] [stderr]    Compiling http v0.2.12
[INFO] [stderr]    Compiling http v1.3.1
[INFO] [stderr]    Compiling icu_provider v2.1.1
[INFO] [stderr]    Compiling prost v0.12.6
[INFO] [stderr]    Compiling ssh-encoding v0.2.0
[INFO] [stderr]    Compiling icu_normalizer v2.1.1
[INFO] [stderr]    Compiling http-body v1.0.1
[INFO] [stderr]    Compiling icu_properties v2.1.1
[INFO] [stderr]    Compiling http-body-util v0.1.3
[INFO] [stderr]    Compiling libsql-ffi v0.9.29
[INFO] [stderr]    Compiling ssh-cipher v0.2.0
[INFO] [stderr]    Compiling russh-cryptovec v0.52.0
[INFO] [stderr]    Compiling libsql-hrana v0.9.29
[INFO] [stderr]    Compiling futures-executor v0.3.31
[INFO] [stderr]    Compiling sse-stream v0.2.1
[INFO] [stderr]    Compiling schemars v1.1.0
[INFO] [stderr]    Compiling retry-policies v0.5.1
[INFO] [stderr]    Compiling futures v0.3.31
[INFO] [stderr]    Compiling internal-russh-forked-ssh-key v0.6.11+upstream-0.6.7
[INFO] [stderr]    Compiling http-body v0.4.6
[INFO] [stderr]    Compiling num-bigint v0.4.6
[INFO] [stderr]    Compiling pem v3.0.6
[INFO] [stderr]    Compiling pastey v0.2.0
[INFO] [stderr]    Compiling md5 v0.7.0
[INFO] [stderr]    Compiling coolor v1.1.0
[INFO] [stderr]    Compiling hex-literal v0.4.1
[INFO] [stderr]    Compiling notify v8.2.0
[INFO] [stderr]    Compiling rcgen v0.12.1
[INFO] [stderr]    Compiling itertools v0.14.0
[INFO] [stderr]    Compiling idna_adapter v1.2.1
[INFO] [stderr]    Compiling terminal-light v1.8.0
[INFO] [stderr]    Compiling idna v1.1.0
[INFO] [stderr]    Compiling toml v0.8.23
[INFO] [stderr]    Compiling bstr v1.12.1
[INFO] [stderr]    Compiling url v2.5.7
[INFO] [stderr]    Compiling include_dir_macros v0.7.4
[INFO] [stderr]    Compiling unsafe-libyaml v0.2.11
[INFO] [stderr]    Compiling tempfile v3.23.0
[INFO] [stderr]    Compiling grep-matcher v0.1.8
[INFO] [stderr]    Compiling globset v0.4.18
[INFO] [stderr]    Compiling grep-regex v0.1.14
[INFO] [stderr]    Compiling include_dir v0.7.4
[INFO] [stderr]    Compiling serde_yaml v0.9.34+deprecated
[INFO] [stderr]    Compiling tokio-util v0.7.17
[INFO] [stderr]    Compiling hyper v1.8.1
[INFO] [stderr]    Compiling tower v0.5.2
[INFO] [stderr]    Compiling tokio-io-timeout v1.2.1
[INFO] [stderr]    Compiling tokio-stream v0.1.17
[INFO] [stderr]    Compiling tokio-rustls v0.25.0
[INFO] [stderr]    Compiling russh-util v0.52.0
[INFO] [stderr]    Compiling process-wrap v8.2.1
[INFO] [stderr]    Compiling h2 v0.3.27
[INFO] [stderr]    Compiling tower v0.4.13
[INFO] [stderr]    Compiling russh-sftp v2.1.1
[INFO] [stderr]    Compiling hyper-util v0.1.18
[INFO] [stderr]    Compiling tower-http v0.4.4
[INFO] [stderr]    Compiling hyper v0.14.32
[INFO] [stderr]    Compiling libsql-rusqlite v0.9.29
[INFO] [stderr]    Compiling libsql-sys v0.9.29
[INFO] [stderr]    Compiling rustls-webpki v0.103.8
[INFO] [stderr]    Compiling russh v0.53.0
[INFO] [stderr]    Compiling hyper-timeout v0.4.1
[INFO] [stderr]    Compiling hyper-rustls v0.25.0
[INFO] [stderr]    Compiling tokio-rustls v0.26.4
[INFO] [stderr]    Compiling hyper-rustls v0.27.7
[INFO] [stderr]    Compiling reqwest v0.12.15
[INFO] [stderr]    Compiling tonic v0.11.0
[INFO] [stderr]    Compiling rustls-platform-verifier v0.5.3
[INFO] [stderr]    Compiling reqwest-eventsource v0.6.0
[INFO] [stderr]    Compiling reqwest-middleware v0.4.2
[INFO] [stderr]    Compiling rmcp v0.11.0
[INFO] [stderr]    Compiling stakai v0.3.88
[INFO] [stderr]    Compiling reqwest-retry v0.8.0
[INFO] [stderr]    Compiling tonic-web v0.11.0
[INFO] [stderr]    Compiling libsql_replication v0.9.29
[INFO] [stderr]    Compiling libsql v0.9.29
[INFO] [stderr]    Compiling stakpak-shared v0.3.88
[INFO] [stderr]    Compiling stakpak-api v0.3.88
[INFO] [stderr]    Compiling stakpak-ak v0.3.88 (/opt/rustwide/workdir)
[INFO] [stderr]     Finished `dev` profile [unoptimized + debuginfo] target(s) in 3m 11s
[INFO] running `Command { std: "docker" "inspect" "23d3342b89c69c163c5e07116ee70b0f2122fec234d687443363c9fe894d5cd6", kill_on_drop: false }`
[INFO] running `Command { std: "docker" "exec" "-e" "SOURCE_DIR=/opt/rustwide/workdir" "-e" "CARGO_HOME=/opt/rustwide/cargo-home" "-e" "RUSTUP_HOME=/opt/rustwide/rustup-home" "-e" "CARGO_TARGET_DIR=/opt/rustwide/target" "-e" "CARGO_INCREMENTAL=0" "-e" "RUST_BACKTRACE=full" "-e" "RUSTFLAGS=--cap-lints=warn" "-e" "RUSTDOCFLAGS=--cap-lints=warn" "-w" "/opt/rustwide/workdir" "--user" "0:0" "23d3342b89c69c163c5e07116ee70b0f2122fec234d687443363c9fe894d5cd6" "/opt/rustwide/cargo-home/bin/cargo" "+1.99.0-beta.8" "test" "--frozen" "--no-run" "--message-format=json", kill_on_drop: false }`
[INFO] [stderr]    Compiling stakpak-ak v0.3.88 (/opt/rustwide/workdir)
[INFO] [stderr]     Finished `test` profile [unoptimized + debuginfo] target(s) in 6.49s
[INFO] running `Command { std: "docker" "inspect" "23d3342b89c69c163c5e07116ee70b0f2122fec234d687443363c9fe894d5cd6", kill_on_drop: false }`
[INFO] running `Command { std: "docker" "exec" "-e" "SOURCE_DIR=/opt/rustwide/workdir" "-e" "CARGO_HOME=/opt/rustwide/cargo-home" "-e" "RUSTUP_HOME=/opt/rustwide/rustup-home" "-e" "CARGO_TARGET_DIR=/opt/rustwide/target" "-e" "CARGO_INCREMENTAL=0" "-e" "RUST_BACKTRACE=full" "-e" "RUSTFLAGS=--cap-lints=warn" "-e" "RUSTDOCFLAGS=--cap-lints=warn" "-w" "/opt/rustwide/workdir" "--user" "0:0" "23d3342b89c69c163c5e07116ee70b0f2122fec234d687443363c9fe894d5cd6" "/opt/rustwide/cargo-home/bin/cargo" "+1.99.0-beta.8" "test" "--frozen", kill_on_drop: false }`
[INFO] [stderr]     Finished `test` profile [unoptimized + debuginfo] target(s) in 0.63s
[INFO] [stderr]      Running unittests src/lib.rs (/opt/rustwide/target/debug/deps/stakpak_ak-a8a9fb2f11f846f2)
[INFO] [stdout] 
[INFO] [stdout] running 45 tests
[INFO] [stdout] test format::tests::parse_frontmatter_handles_missing_frontmatter ... ok
[INFO] [stdout] test format::tests::extract_description_falls_back_to_first_non_empty_body_line ... ok
[INFO] [stdout] test error::tests::not_found_error_explains_path_interpretation ... ok
[INFO] [stdout] test skills::tests::retrospect_skill_matches_bundled_markdown ... ok
[INFO] [stdout] test skills::tests::usage_skill_contains_citation_convention ... ok
[INFO] [stdout] test error::tests::already_exists_error_suggests_intentional_overwrite_or_new_path ... ok
[INFO] [stdout] test skills::tests::usage_skill_contains_new_command_surface ... ok
[INFO] [stdout] test search::tests::search_default_returns_peeks_sorted_by_full_path ... ok
[INFO] [stdout] test format::tests::parse_frontmatter_treats_invalid_yaml_as_body ... ok
[INFO] [stdout] test format::tests::extract_description_prefers_frontmatter_description ... ok
[INFO] [stdout] test format::tests::extract_peek_returns_frontmatter_and_first_paragraph ... ok
[INFO] [stdout] test format::tests::parse_frontmatter_returns_yaml_and_body_for_valid_frontmatter ... ok
[INFO] [stdout] test skills::tests::retrospect_skill_contains_required_substrings ... ok
[INFO] [stdout] test skills::tests::retrospect_skill_has_no_forbidden_substrings ... ok
[INFO] [stdout] test store::tests::create_fails_when_file_already_exists ... ok
[INFO] [stdout] test search::tests::search_grep_glob_composes_filters ... ok
[INFO] [stdout] test store::tests::create_rejects_symlinked_parent_directory_inside_store ... ok
[INFO] [stdout] test search::tests::search_grep_matches_frontmatter_lines ... ok
[INFO] [stdout] test search::tests::search_grep_skips_binary_files ... ok
[INFO] [stdout] test store::tests::file_count_counts_non_dotfiles_only ... ok
[INFO] [stdout] test store::tests::list_root_returns_empty_when_store_does_not_exist ... ok
[INFO] [stdout] test store::tests::list_rejects_absolute_path_traversal ... ok
[INFO] [stdout] test search::tests::search_glob_filters_by_pattern ... ok
[INFO] [stdout] test store::tests::create_rejects_parent_directory_traversal ... ok
[INFO] [stdout] test store::tests::list_returns_sorted_entries_without_dotfiles ... ok
[INFO] [stdout] test search::tests::search_grep_returns_matching_lines_with_line_numbers ... ok
[INFO] [stdout] test format::tests::extract_peek_returns_first_paragraph_without_frontmatter ... ok
[INFO] [stdout] test search::tests::search_grep_honors_case_insensitive_flag ... ok
[INFO] [stdout] test store::tests::exists_reports_whether_path_exists ... ok
[INFO] [stdout] test store::tests::read_rejects_parent_directory_traversal ... ok
[INFO] [stdout] test store::tests::create_writes_new_file ... ok
[INFO] [stdout] test store::tests::overwrite_replaces_existing_content ... ok
[INFO] [stdout] test store::tests::read_returns_not_found_for_missing_file ... ok
[INFO] [stdout] test store::tests::new_defaults_to_stakpak_knowledge_store ... ok
[INFO] [stdout] test store::tests::tree_node_print_renders_connectors ... ok
[INFO] [stdout] test store::tests::remove_deletes_file ... ok
[INFO] [stdout] test store::tests::tree_returns_empty_directory_for_missing_prefix ... ok
[INFO] [stdout] test store::tests::walk_scopes_to_prefix ... ok
[INFO] [stdout] test store::tests::remove_cleans_empty_parent_directories ... ok
[INFO] [stdout] test store::tests::tree_returns_scoped_subtree ... ok
[INFO] [stdout] test store::tests::tree_builds_recursive_sorted_structure_without_dotfiles ... ok
[INFO] [stdout] test store::tests::walk_returns_empty_for_missing_prefix ... ok
[INFO] [stdout] test store::tests::read_rejects_symlinked_file_inside_store ... ok
[INFO] [stdout] test store::tests::walk_returns_sorted_relative_files_from_store_root ... ok
[INFO] [stdout] test store::tests::file_count_returns_error_for_unreadable_directory ... FAILED
[INFO] [stdout] 
[INFO] [stdout] failures:
[INFO] [stdout] 
[INFO] [stdout] ---- store::tests::file_count_returns_error_for_unreadable_directory stdout ----
[INFO] [stdout] 
[INFO] [stdout] thread 'store::tests::file_count_returns_error_for_unreadable_directory' (5667) panicked at src/store.rs:1127:9:
[INFO] [stdout] expected unreadable directory to return an error
[INFO] [stdout] stack backtrace:
[INFO] [stdout]    0:     0x60a2704556f1 - std[70759c8f55707aa4]::backtrace_rs::backtrace::libunwind::trace
[INFO] [stdout]                                at /rustc/dfb0accb7f508ae8be965d8629557221c889dd98/library/std/src/../../backtrace/src/backtrace/libunwind.rs:117:9
[INFO] [stdout]    1:     0x60a2704556f1 - std[70759c8f55707aa4]::backtrace_rs::backtrace::trace_unsynchronized::<std[70759c8f55707aa4]::sys::backtrace::_print_fmt::{closure#1}>
[INFO] [stdout]                                at /rustc/dfb0accb7f508ae8be965d8629557221c889dd98/library/std/src/../../backtrace/src/backtrace/mod.rs:66:14
[INFO] [stdout]    2:     0x60a2704556f1 - std[70759c8f55707aa4]::sys::backtrace::_print_fmt
[INFO] [stdout]                                at /rustc/dfb0accb7f508ae8be965d8629557221c889dd98/library/std/src/sys/backtrace.rs:74:9
[INFO] [stdout]    3:     0x60a2704556f1 - <<std[70759c8f55707aa4]::sys::backtrace::BacktraceLock>::print::DisplayBacktrace as core[df12db4294e9bfd3]::fmt::Display>::fmt
[INFO] [stdout]                                at /rustc/dfb0accb7f508ae8be965d8629557221c889dd98/library/std/src/sys/backtrace.rs:44:26
[INFO] [stdout]    4:     0x60a27046c13a - <core[df12db4294e9bfd3]::fmt::rt::Argument>::fmt
[INFO] [stdout]                                at /rustc/dfb0accb7f508ae8be965d8629557221c889dd98/library/core/src/fmt/rt.rs:152:76
[INFO] [stdout]    5:     0x60a27046c13a - core[df12db4294e9bfd3]::fmt::write
[INFO] [stdout]    6:     0x60a270459e7c - core[df12db4294e9bfd3]::io::write::default_write_fmt::<alloc[2182bb758b4b3781]::vec::Vec<u8>>
[INFO] [stdout]                                at /rustc/dfb0accb7f508ae8be965d8629557221c889dd98/library/core/src/io/write.rs:402:11
[INFO] [stdout]    7:     0x60a270459e7c - <alloc[2182bb758b4b3781]::vec::Vec<u8> as core[df12db4294e9bfd3]::io::write::Write>::write_fmt
[INFO] [stdout]                                at /rustc/dfb0accb7f508ae8be965d8629557221c889dd98/library/core/src/io/write.rs:335:13
[INFO] [stdout]    8:     0x60a27042f146 - <std[70759c8f55707aa4]::sys::backtrace::BacktraceLock>::print
[INFO] [stdout]                                at /rustc/dfb0accb7f508ae8be965d8629557221c889dd98/library/std/src/sys/backtrace.rs:47:9
[INFO] [stdout]    9:     0x60a27042f146 - std[70759c8f55707aa4]::panicking::default_hook::{closure#0}
[INFO] [stdout]                                at /rustc/dfb0accb7f508ae8be965d8629557221c889dd98/library/std/src/panicking.rs:292:27
[INFO] [stdout]   10:     0x60a27044c6d9 - std[70759c8f55707aa4]::panicking::default_hook
[INFO] [stdout]                                at /rustc/dfb0accb7f508ae8be965d8629557221c889dd98/library/std/src/panicking.rs:316:9
[INFO] [stdout]   11:     0x60a270055f60 - <alloc[2182bb758b4b3781]::boxed::Box<dyn for<'a, 'b> core[df12db4294e9bfd3]::ops::function::Fn<(&'a std[70759c8f55707aa4]::panic::PanicHookInfo<'b>,), Output = ()> + core[df12db4294e9bfd3]::marker::Send + core[df12db4294e9bfd3]::marker::Sync> as core[df12db4294e9bfd3]::ops::function::Fn<(&std[70759c8f55707aa4]::panic::PanicHookInfo,)>>::call
[INFO] [stdout]                                at /rustc/dfb0accb7f508ae8be965d8629557221c889dd98/library/alloc/src/boxed.rs:2334:9
[INFO] [stdout]   12:     0x60a270055f60 - test[9d35eded1c95d3be]::test_main_inner::<test[9d35eded1c95d3be]::test_main_static::{closure#0}>::{closure#0}
[INFO] [stdout]                                at /rustc/dfb0accb7f508ae8be965d8629557221c889dd98/library/test/src/lib.rs:155:21
[INFO] [stdout]   13:     0x60a27044c892 - <alloc[2182bb758b4b3781]::boxed::Box<dyn for<'a, 'b> core[df12db4294e9bfd3]::ops::function::Fn<(&'a std[70759c8f55707aa4]::panic::PanicHookInfo<'b>,), Output = ()> + core[df12db4294e9bfd3]::marker::Send + core[df12db4294e9bfd3]::marker::Sync> as core[df12db4294e9bfd3]::ops::function::Fn<(&std[70759c8f55707aa4]::panic::PanicHookInfo,)>>::call
[INFO] [stdout]                                at /rustc/dfb0accb7f508ae8be965d8629557221c889dd98/library/alloc/src/boxed.rs:2334:9
[INFO] [stdout]   14:     0x60a27044c892 - std[70759c8f55707aa4]::panicking::panic_with_hook
[INFO] [stdout]                                at /rustc/dfb0accb7f508ae8be965d8629557221c889dd98/library/std/src/panicking.rs:823:13
[INFO] [stdout]   15:     0x60a27042f224 - std[70759c8f55707aa4]::panicking::panic_handler::{closure#0}
[INFO] [stdout]                                at /rustc/dfb0accb7f508ae8be965d8629557221c889dd98/library/std/src/panicking.rs:681:13
[INFO] [stdout]   16:     0x60a270427bc9 - std[70759c8f55707aa4]::sys::backtrace::__rust_end_short_backtrace::<std[70759c8f55707aa4]::panicking::panic_handler::{closure#0}, !>
[INFO] [stdout]                                at /rustc/dfb0accb7f508ae8be965d8629557221c889dd98/library/std/src/sys/backtrace.rs:182:18
[INFO] [stdout]   17:     0x60a27042ff9d - __rustc[8fa7c3cbc660c2b3]::rust_begin_unwind
[INFO] [stdout]                                at /rustc/dfb0accb7f508ae8be965d8629557221c889dd98/library/std/src/panicking.rs:679:5
[INFO] [stdout]   18:     0x60a27046c9dc - core[df12db4294e9bfd3]::panicking::panic_fmt
[INFO] [stdout]                                at /rustc/dfb0accb7f508ae8be965d8629557221c889dd98/library/core/src/panicking.rs:80:14
[INFO] [stdout]   19:     0x60a2700260b5 - stakpak_ak[29d74ea0d8eed280]::store::tests::file_count_returns_error_for_unreadable_directory
[INFO] [stdout]                                at /opt/rustwide/workdir/src/store.rs:1127:9
[INFO] [stdout]   20:     0x60a270020267 - stakpak_ak[29d74ea0d8eed280]::store::tests::file_count_returns_error_for_unreadable_directory::{closure#0}
[INFO] [stdout]                                at /opt/rustwide/workdir/src/store.rs:1109:59
[INFO] [stdout]   21:     0x60a270040bf6 - <stakpak_ak[29d74ea0d8eed280]::store::tests::file_count_returns_error_for_unreadable_directory::{closure#0} as core[df12db4294e9bfd3]::ops::function::FnOnce<()>>::call_once
[INFO] [stdout]                                at /rustc/dfb0accb7f508ae8be965d8629557221c889dd98/library/core/src/ops/function.rs:250:5
[INFO] [stdout]   22:     0x60a27004924b - <fn() -> core[df12db4294e9bfd3]::result::Result<(), alloc[2182bb758b4b3781]::string::String> as core[df12db4294e9bfd3]::ops::function::FnOnce<()>>::call_once
[INFO] [stdout]                                at /rustc/dfb0accb7f508ae8be965d8629557221c889dd98/library/core/src/ops/function.rs:250:5
[INFO] [stdout]   23:     0x60a27004924b - test[9d35eded1c95d3be]::__rust_begin_short_backtrace::<core[df12db4294e9bfd3]::result::Result<(), alloc[2182bb758b4b3781]::string::String>, fn() -> core[df12db4294e9bfd3]::result::Result<(), alloc[2182bb758b4b3781]::string::String>>
[INFO] [stdout]                                at /rustc/dfb0accb7f508ae8be965d8629557221c889dd98/library/test/src/lib.rs:733:18
[INFO] [stdout]   24:     0x60a2700568b5 - test[9d35eded1c95d3be]::run_test_in_process::{closure#0}
[INFO] [stdout]                                at /rustc/dfb0accb7f508ae8be965d8629557221c889dd98/library/test/src/lib.rs:756:74
[INFO] [stdout]   25:     0x60a2700568b5 - <core[df12db4294e9bfd3]::panic::unwind_safe::AssertUnwindSafe<test[9d35eded1c95d3be]::run_test_in_process::{closure#0}> as core[df12db4294e9bfd3]::ops::function::FnOnce<()>>::call_once
[INFO] [stdout]                                at /rustc/dfb0accb7f508ae8be965d8629557221c889dd98/library/core/src/panic/unwind_safe.rs:275:9
[INFO] [stdout]   26:     0x60a2700568b5 - std[70759c8f55707aa4]::panicking::catch_unwind::do_call::<core[df12db4294e9bfd3]::panic::unwind_safe::AssertUnwindSafe<test[9d35eded1c95d3be]::run_test_in_process::{closure#0}>, core[df12db4294e9bfd3]::result::Result<(), alloc[2182bb758b4b3781]::string::String>>
[INFO] [stdout]                                at /rustc/dfb0accb7f508ae8be965d8629557221c889dd98/library/std/src/panicking.rs:576:43
[INFO] [stdout]   27:     0x60a2700568b5 - std[70759c8f55707aa4]::panicking::catch_unwind::<core[df12db4294e9bfd3]::result::Result<(), alloc[2182bb758b4b3781]::string::String>, core[df12db4294e9bfd3]::panic::unwind_safe::AssertUnwindSafe<test[9d35eded1c95d3be]::run_test_in_process::{closure#0}>>
[INFO] [stdout]                                at /rustc/dfb0accb7f508ae8be965d8629557221c889dd98/library/std/src/panicking.rs:544:19
[INFO] [stdout]   28:     0x60a2700568b5 - std[70759c8f55707aa4]::panic::catch_unwind::<core[df12db4294e9bfd3]::panic::unwind_safe::AssertUnwindSafe<test[9d35eded1c95d3be]::run_test_in_process::{closure#0}>, core[df12db4294e9bfd3]::result::Result<(), alloc[2182bb758b4b3781]::string::String>>
[INFO] [stdout]                                at /rustc/dfb0accb7f508ae8be965d8629557221c889dd98/library/std/src/panic.rs:359:14
[INFO] [stdout]   29:     0x60a2700568b5 - test[9d35eded1c95d3be]::run_test_in_process
[INFO] [stdout]                                at /rustc/dfb0accb7f508ae8be965d8629557221c889dd98/library/test/src/lib.rs:756:27
[INFO] [stdout]   30:     0x60a2700568b5 - test[9d35eded1c95d3be]::run_test::{closure#0}
[INFO] [stdout]                                at /rustc/dfb0accb7f508ae8be965d8629557221c889dd98/library/test/src/lib.rs:677:43
[INFO] [stdout]   31:     0x60a270050174 - test[9d35eded1c95d3be]::run_test::{closure#1}
[INFO] [stdout]                                at /rustc/dfb0accb7f508ae8be965d8629557221c889dd98/library/test/src/lib.rs:707:41
[INFO] [stdout]   32:     0x60a270050174 - std[70759c8f55707aa4]::sys::backtrace::__rust_begin_short_backtrace::<test[9d35eded1c95d3be]::run_test::{closure#1}, ()>
[INFO] [stdout]                                at /rustc/dfb0accb7f508ae8be965d8629557221c889dd98/library/std/src/sys/backtrace.rs:166:18
[INFO] [stdout]   33:     0x60a270059a12 - std[70759c8f55707aa4]::thread::lifecycle::spawn_unchecked::<test[9d35eded1c95d3be]::run_test::{closure#1}, ()>::{closure#1}::{closure#0}
[INFO] [stdout]                                at /rustc/dfb0accb7f508ae8be965d8629557221c889dd98/library/std/src/thread/lifecycle.rs:70:13
[INFO] [stdout]   34:     0x60a270059a12 - <core[df12db4294e9bfd3]::panic::unwind_safe::AssertUnwindSafe<std[70759c8f55707aa4]::thread::lifecycle::spawn_unchecked<test[9d35eded1c95d3be]::run_test::{closure#1}, ()>::{closure#1}::{closure#0}> as core[df12db4294e9bfd3]::ops::function::FnOnce<()>>::call_once
[INFO] [stdout]                                at /rustc/dfb0accb7f508ae8be965d8629557221c889dd98/library/core/src/panic/unwind_safe.rs:275:9
[INFO] [stdout]   35:     0x60a270059a12 - std[70759c8f55707aa4]::panicking::catch_unwind::do_call::<core[df12db4294e9bfd3]::panic::unwind_safe::AssertUnwindSafe<std[70759c8f55707aa4]::thread::lifecycle::spawn_unchecked<test[9d35eded1c95d3be]::run_test::{closure#1}, ()>::{closure#1}::{closure#0}>, ()>
[INFO] [stdout]                                at /rustc/dfb0accb7f508ae8be965d8629557221c889dd98/library/std/src/panicking.rs:576:43
[INFO] [stdout]   36:     0x60a270059a12 - std[70759c8f55707aa4]::panicking::catch_unwind::<(), core[df12db4294e9bfd3]::panic::unwind_safe::AssertUnwindSafe<std[70759c8f55707aa4]::thread::lifecycle::spawn_unchecked<test[9d35eded1c95d3be]::run_test::{closure#1}, ()>::{closure#1}::{closure#0}>>
[INFO] [stdout]                                at /rustc/dfb0accb7f508ae8be965d8629557221c889dd98/library/std/src/panicking.rs:544:19
[INFO] [stdout]   37:     0x60a270059a12 - std[70759c8f55707aa4]::panic::catch_unwind::<core[df12db4294e9bfd3]::panic::unwind_safe::AssertUnwindSafe<std[70759c8f55707aa4]::thread::lifecycle::spawn_unchecked<test[9d35eded1c95d3be]::run_test::{closure#1}, ()>::{closure#1}::{closure#0}>, ()>
[INFO] [stdout]                                at /rustc/dfb0accb7f508ae8be965d8629557221c889dd98/library/std/src/panic.rs:359:14
[INFO] [stdout]   38:     0x60a270059a12 - std[70759c8f55707aa4]::thread::lifecycle::spawn_unchecked::<test[9d35eded1c95d3be]::run_test::{closure#1}, ()>::{closure#1}
[INFO] [stdout]                                at /rustc/dfb0accb7f508ae8be965d8629557221c889dd98/library/std/src/thread/lifecycle.rs:68:26
[INFO] [stdout]   39:     0x60a270059a12 - <std[70759c8f55707aa4]::thread::lifecycle::spawn_unchecked<test[9d35eded1c95d3be]::run_test::{closure#1}, ()>::{closure#1} as core[df12db4294e9bfd3]::ops::function::FnOnce<()>>::call_once::{shim:vtable#0}
[INFO] [stdout]                                at /rustc/dfb0accb7f508ae8be965d8629557221c889dd98/library/core/src/ops/function.rs:250:5
[INFO] [stdout]   40:     0x60a270454749 - <alloc[2182bb758b4b3781]::boxed::Box<dyn core[df12db4294e9bfd3]::ops::function::FnOnce<(), Output = ()> + core[df12db4294e9bfd3]::marker::Send> as core[df12db4294e9bfd3]::ops::function::FnOnce<()>>::call_once
[INFO] [stdout]                                at /rustc/dfb0accb7f508ae8be965d8629557221c889dd98/library/alloc/src/boxed.rs:2320:9
[INFO] [stdout]   41:     0x60a270454749 - <std[70759c8f55707aa4]::sys::thread::unix::Thread>::new::thread_start
[INFO] [stdout]                                at /rustc/dfb0accb7f508ae8be965d8629557221c889dd98/library/std/src/sys/thread/unix.rs:123:17
[INFO] [stdout]   42:     0x71acc22badfa - <unknown>
[INFO] [stdout]   43:     0x71acc234e3d4 - clone
[INFO] [stdout]   44:                0x0 - <unknown>
[INFO] [stdout] 
[INFO] [stdout] 
[INFO] [stdout] failures:
[INFO] [stdout]     store::tests::file_count_returns_error_for_unreadable_directory
[INFO] [stdout] 
[INFO] [stdout] test result: FAILED. 44 passed; 1 failed; 0 ignored; 0 measured; 0 filtered out; finished in 0.36s
[INFO] [stdout] 
[INFO] [stderr] error: test failed, to rerun pass `--lib`
[INFO] running `Command { std: "docker" "inspect" "23d3342b89c69c163c5e07116ee70b0f2122fec234d687443363c9fe894d5cd6", kill_on_drop: false }`
[INFO] running `Command { std: "docker" "rm" "-f" "23d3342b89c69c163c5e07116ee70b0f2122fec234d687443363c9fe894d5cd6", kill_on_drop: false }`
[INFO] [stdout] 23d3342b89c69c163c5e07116ee70b0f2122fec234d687443363c9fe894d5cd6
