[INFO] fetching crate squeez 1.48.10...
[INFO] testing squeez-1.48.10 against 1.99.0-beta.8 for beta-1.100-2
[INFO] extracting crate squeez 1.48.10 into /workspace/builds/worker-2-tc1/source
[INFO] started tweaking crates.io crate squeez 1.48.10
[INFO] removed 0 missing tests
[INFO] finished tweaking crates.io crate squeez 1.48.10
[INFO] tweaked toml for crates.io crate squeez 1.48.10 written to /workspace/builds/worker-2-tc1/source/Cargo.toml
[INFO] validating manifest of crates.io crate squeez 1.48.10 on toolchain 1.99.0-beta.8
[INFO] running `Command { std: CARGO_HOME="/workspace/cargo-home" RUSTUP_HOME="/workspace/rustup-home" "/workspace/cargo-home/bin/cargo" "+1.99.0-beta.8" "metadata" "--manifest-path" "Cargo.toml" "--no-deps", kill_on_drop: false }`
[INFO] crate crates.io crate squeez 1.48.10 already has a lockfile, it will not be regenerated
[INFO] running `Command { std: CARGO_HOME="/workspace/cargo-home" RUSTUP_HOME="/workspace/rustup-home" "/workspace/cargo-home/bin/cargo" "+1.99.0-beta.8" "fetch" "--manifest-path" "Cargo.toml", kill_on_drop: false }`
[INFO] running `Command { std: "docker" "create" "-v" "/var/lib/crater-agent-workspace/builds/worker-2-tc1/source:/opt/rustwide/workdir:ro,Z" "-v" "/var/lib/crater-agent-workspace/builds/worker-2-tc1/target:/opt/rustwide/target:rw,Z" "-v" "/var/lib/crater-agent-workspace/cargo-home:/opt/rustwide/cargo-home:ro,Z" "-v" "/var/lib/crater-agent-workspace/rustup-home:/opt/rustwide/rustup-home:ro,Z" "-m" "1610612736" "--network" "none" "ghcr.io/rust-lang/crates-build-env/linux@sha256:3111399a4047eeb3a02b7a90e478d715f38a8c6669b5c4b49d30a17385265909" "sleep" "infinity", kill_on_drop: false }`
[INFO] [stdout] 73e7fdbbe39b34a3eb603b2919061addbab75651aefc93f057cf1b84ee16f4c9
[INFO] running `Command { std: "docker" "start" "73e7fdbbe39b34a3eb603b2919061addbab75651aefc93f057cf1b84ee16f4c9", kill_on_drop: false }`
[INFO] running `Command { std: "docker" "inspect" "73e7fdbbe39b34a3eb603b2919061addbab75651aefc93f057cf1b84ee16f4c9", kill_on_drop: false }`
[INFO] running `Command { std: "docker" "exec" "-e" "SOURCE_DIR=/opt/rustwide/workdir" "-e" "CARGO_HOME=/opt/rustwide/cargo-home" "-e" "RUSTUP_HOME=/opt/rustwide/rustup-home" "-e" "CARGO_TARGET_DIR=/opt/rustwide/target" "-w" "/opt/rustwide/workdir" "--user" "0:0" "73e7fdbbe39b34a3eb603b2919061addbab75651aefc93f057cf1b84ee16f4c9" "/opt/rustwide/cargo-home/bin/cargo" "+1.99.0-beta.8" "metadata" "--no-deps" "--format-version=1", kill_on_drop: false }`
[INFO] running `Command { std: "docker" "inspect" "73e7fdbbe39b34a3eb603b2919061addbab75651aefc93f057cf1b84ee16f4c9", kill_on_drop: false }`
[INFO] running `Command { std: "docker" "exec" "-e" "SOURCE_DIR=/opt/rustwide/workdir" "-e" "CARGO_HOME=/opt/rustwide/cargo-home" "-e" "RUSTUP_HOME=/opt/rustwide/rustup-home" "-e" "CARGO_TARGET_DIR=/opt/rustwide/target" "-e" "CARGO_INCREMENTAL=0" "-e" "RUST_BACKTRACE=full" "-e" "RUSTFLAGS=--cap-lints=warn" "-e" "RUSTDOCFLAGS=--cap-lints=warn" "-w" "/opt/rustwide/workdir" "--user" "0:0" "73e7fdbbe39b34a3eb603b2919061addbab75651aefc93f057cf1b84ee16f4c9" "/opt/rustwide/cargo-home/bin/cargo" "+1.99.0-beta.8" "build" "--frozen" "--message-format=json", kill_on_drop: false }`
[INFO] [stderr]    Compiling libc v0.2.183
[INFO] [stderr]    Compiling squeez v1.48.10 (/opt/rustwide/workdir)
[INFO] [stderr]     Finished `dev` profile [unoptimized + debuginfo] target(s) in 9.22s
[INFO] running `Command { std: "docker" "inspect" "73e7fdbbe39b34a3eb603b2919061addbab75651aefc93f057cf1b84ee16f4c9", kill_on_drop: false }`
[INFO] running `Command { std: "docker" "exec" "-e" "SOURCE_DIR=/opt/rustwide/workdir" "-e" "CARGO_HOME=/opt/rustwide/cargo-home" "-e" "RUSTUP_HOME=/opt/rustwide/rustup-home" "-e" "CARGO_TARGET_DIR=/opt/rustwide/target" "-e" "CARGO_INCREMENTAL=0" "-e" "RUST_BACKTRACE=full" "-e" "RUSTFLAGS=--cap-lints=warn" "-e" "RUSTDOCFLAGS=--cap-lints=warn" "-w" "/opt/rustwide/workdir" "--user" "0:0" "73e7fdbbe39b34a3eb603b2919061addbab75651aefc93f057cf1b84ee16f4c9" "/opt/rustwide/cargo-home/bin/cargo" "+1.99.0-beta.8" "test" "--frozen" "--no-run" "--message-format=json", kill_on_drop: false }`
[INFO] [stderr]    Compiling squeez v1.48.10 (/opt/rustwide/workdir)
[INFO] [stderr]     Finished `test` profile [unoptimized + debuginfo] target(s) in 21.32s
[INFO] running `Command { std: "docker" "inspect" "73e7fdbbe39b34a3eb603b2919061addbab75651aefc93f057cf1b84ee16f4c9", kill_on_drop: false }`
[INFO] running `Command { std: "docker" "exec" "-e" "SOURCE_DIR=/opt/rustwide/workdir" "-e" "CARGO_HOME=/opt/rustwide/cargo-home" "-e" "RUSTUP_HOME=/opt/rustwide/rustup-home" "-e" "CARGO_TARGET_DIR=/opt/rustwide/target" "-e" "CARGO_INCREMENTAL=0" "-e" "RUST_BACKTRACE=full" "-e" "RUSTFLAGS=--cap-lints=warn" "-e" "RUSTDOCFLAGS=--cap-lints=warn" "-w" "/opt/rustwide/workdir" "--user" "0:0" "73e7fdbbe39b34a3eb603b2919061addbab75651aefc93f057cf1b84ee16f4c9" "/opt/rustwide/cargo-home/bin/cargo" "+1.99.0-beta.8" "test" "--frozen", kill_on_drop: false }`
[INFO] [stderr]     Finished `test` profile [unoptimized + debuginfo] target(s) in 0.05s
[INFO] [stderr]      Running unittests src/lib.rs (/opt/rustwide/target/debug/deps/squeez-7524413bae442d70)
[INFO] [stdout] 
[INFO] [stdout] running 554 tests
[INFO] [stdout] test commands::compress_md::locale::tests::detect_portuguese_prose ... ok
[INFO] [stdout] test commands::compress_md::tests::heading_count_unchanged ... ok
[INFO] [stdout] test commands::compact::tests::cap_chars_bounds_oversized_text ... ok
[INFO] [stdout] test commands::compress_md::tests::fenced_code_preserved_verbatim ... ok
[INFO] [stdout] test commands::compress_md::tests::idempotent_on_already_compressed ... ok
[INFO] [stdout] test commands::compress_md::tests::integrity_check_on_real_input ... ok
[INFO] [stdout] test commands::compress_md::tests::list_marker_preserved ... ok
[INFO] [stdout] test commands::compress_md::tests::markdown_link_url_preserved ... ok
[INFO] [stdout] test commands::compress_md::locale::tests::detect_follows_the_dominant_half_of_a_mixed_file ... ok
[INFO] [stdout] test commands::compress_md::tests::inline_code_preserved ... ok
[INFO] [stdout] test commands::cloud::tests::sniff_requires_json_start_and_size ... ok
[INFO] [stdout] test commands::compact::tests::trim_snippet_collapses_newlines_and_caps_length ... ok
[INFO] [stdout] test commands::cloud::tests::small_cloud_json_untouched ... ok
[INFO] [stdout] test commands::compress_md::tests::pleasantries_removed ... ok
[INFO] [stdout] test commands::compress_md::tests::text_after_managed_block_is_compressed_again ... ok
[INFO] [stdout] test commands::compress_md::tests::managed_block_survives_compression_verbatim ... ok
[INFO] [stdout] test commands::compress_md::tests::ultra_does_not_touch_code_block ... ok
[INFO] [stdout] test commands::compress_md::tests::safe_false_when_url_dropped ... ok
[INFO] [stdout] test commands::compress_md::tests::ultra_no_longer_substitutes_en_words ... ok
[INFO] [stdout] test commands::compress_output::tests::edit_preamble_is_stripped ... ok
[INFO] [stdout] test commands::compress_md::tests::url_preserved_inline ... ok
[INFO] [stdout] test commands::compress_output::tests::edit_strip_disabled_by_config ... ok
[INFO] [stdout] test commands::cloud::tests::summarize_json_preserves_keys_and_ids ... ok
[INFO] [stdout] test commands::cloud::tests::bare_az_json_condensed_without_flag ... ok
[INFO] [stdout] test commands::compress_md::tests::count_code_blocks_pairs_fences ... ok
[INFO] [stdout] test commands::compress_md::locale::tests::detect_falls_back_to_en_when_marker_free ... ok
[INFO] [stdout] test commands::compress_md::tests::table_preserved_verbatim ... ok
[INFO] [stdout] test commands::cloud::tests::detects_json_request_flags ... ok
[INFO] [stdout] test commands::compress_output::tests::json_escape_handles_special_chars ... ok
[INFO] [stdout] test commands::compact::tests::only_the_compact_source_counts_as_a_compact_start ... ok
[INFO] [stdout] test commands::compress_output::tests::different_images_never_dedup ... ok
[INFO] [stdout] test commands::compress_output::tests::fuzzy_dedup_blocked_for_edited_file ... ok
[INFO] [stdout] test commands::compress_md::locale::tests::detect_english_prose ... ok
[INFO] [stdout] test commands::compress_md::tests::fillers_removed ... ok
[INFO] [stdout] test commands::compress_output::tests::edit_without_preamble_passes_through ... ok
[INFO] [stdout] test commands::compress_output::tests::non_read_rewrite_stays_string ... ok
[INFO] [stdout] test commands::compress_output::tests::short_data_field_is_not_an_image ... ok
[INFO] [stdout] test commands::compress_output::tests::strip_edit_preamble_helper_handles_missing_anchor ... ok
[INFO] [stdout] test commands::compress_output::tests::no_content_field_exits_cleanly ... ok
[INFO] [stdout] test commands::compress_output::tests::fuzzy_dedup_allowed_for_unedited_file ... ok
[INFO] [stdout] test commands::compress_output::tests::small_content_not_compressed ... ok
[INFO] [stdout] test commands::compress_output::tests::identical_image_deduped_on_second_sight ... ok
[INFO] [stdout] test commands::compress_output::tests::empty_input_exits_cleanly ... ok
[INFO] [stdout] test commands::compress_output::tests::read_rewrite_is_object_shaped ... ok
[INFO] [stdout] test commands::config_cmd::tests::schema_covered_by_field_value ... ok
[INFO] [stdout] test commands::compress_output::tests::subagent_advisory_disabled_when_threshold_zero ... ok
[INFO] [stdout] test commands::data_tool::tests::terraform_drops_unchanged_and_keeps_plan_line ... ok
[INFO] [stdout] test commands::config_cmd::tests::validate_accepts_and_normalizes ... ok
[INFO] [stdout] test commands::config_cmd::tests::validate_rejects_unknown_and_bad_values ... ok
[INFO] [stdout] test commands::compress_output::tests::subagent_stop_emits_additional_context_not_updated_output ... ok
[INFO] [stdout] test commands::discover::tests::discover_excludes_well_compressed_known_handlers ... ok
[INFO] [stdout] test commands::compress_output::tests::subagent_advisory_fires_above_threshold_only ... ok
[INFO] [stdout] test commands::discover::tests::discover_ranks_by_tokens_emitted_descending ... ok
[INFO] [stdout] test commands::config_cmd::tests::stale_generator_header_is_replaced_on_set ... ok
[INFO] [stdout] test commands::compress_output::tests::read_is_never_summarized_even_with_error_marker ... ok
[INFO] [stdout] test commands::compress_output::tests::read_threshold_zero_falls_back_to_global ... ok
[INFO] [stdout] test commands::discover::tests::format_table_handles_empty ... ok
[INFO] [stdout] test commands::doctor::tests::a_backslash_path_containing_a_space_is_still_reported ... ok
[INFO] [stdout] test commands::doctor::tests::a_relative_foreign_command_is_not_blamed_on_squeez ... ok
[INFO] [stdout] test commands::doctor::tests::drive_qualified_paths_are_still_checked_for_existence ... ok
[INFO] [stdout] test commands::doctor::tests::non_plain_commands_are_left_alone ... ok
[INFO] [stdout] test commands::doctor::tests::missing_script_is_reported ... ok
[INFO] [stdout] test commands::data_tool::tests::jq_drops_empty_lines ... ok
[INFO] [stdout] test commands::compress_prompt::tests::short_prompt_passes_through_unchanged ... ok
[INFO] [stdout] test commands::compress_prompt::tests::truncation_appends_notice ... ok
[INFO] [stdout] test commands::doctor::tests::quoted_forward_slash_command_is_accepted ... ok
[INFO] [stdout] test commands::flag_force::tests::git_status_gets_porcelain_and_is_env_safe ... ok
[INFO] [stdout] test commands::discover::tests::discover_ranks_low_reduction_non_generic ... ok
[INFO] [stdout] test commands::doctor::tests::lost_registration_on_a_set_up_host_fails ... ok
[INFO] [stdout] test commands::discover::tests::discover_ranks_generic_heavy ... ok
[INFO] [stdout] test commands::doctor::tests::healthy_host_registration_is_ok ... ok
[INFO] [stdout] test commands::doctor::tests::registered_commands_are_collected_from_both_shapes_and_deduped ... ok
[INFO] [stdout] test commands::doctor::tests::unquoted_backslash_command_is_reported_even_when_the_file_exists ... ok
[INFO] [stdout] test commands::flag_force::tests::ruff_only_injects_for_check ... ok
[INFO] [stdout] test commands::flag_force::tests::eslint_respects_explicit_format ... ok
[INFO] [stdout] test commands::flag_force::tests::git_status_yields_to_a_user_supplied_output_flag ... ok
[INFO] [stdout] test commands::flag_force::tests::shell_metachars_detected ... ok
[INFO] [stdout] test commands::focus::tests::adhd_text_is_lang_selected ... ok
[INFO] [stdout] test commands::focus::tests::default_is_off ... ok
[INFO] [stdout] test commands::flag_force::tests::unrecognized_option_patterns_match_common_parsers ... ok
[INFO] [stdout] test commands::flag_force::tests::the_other_injections_stay_behind_the_full_tier ... ok
[INFO] [stdout] test commands::discover::tests::discover_respects_top_n_cap ... ok
[INFO] [stdout] test commands::doctor::tests::host_never_set_up_yields_no_line ... ok
[INFO] [stdout] test commands::flag_force::tests::jest_gets_json_appended_once ... ok
[INFO] [stdout] test commands::mcp_server::tests::handle_initialize_returns_protocol_version ... ok
[INFO] [stdout] test commands::mcp_server::tests::handle_notification_returns_none ... ok
[INFO] [stdout] test commands::focus::tests::from_str_case_insensitive ... ok
[INFO] [stdout] test commands::focus::tests::from_str_round_trip ... ok
[INFO] [stdout] test commands::mcp_server::tests::extract_id_raw_handles_number ... ok
[INFO] [stdout] test commands::doctor::tests::duplicate_chain_on_another_host_is_reported ... ok
[INFO] [stdout] test commands::mcp_server::tests::extract_id_raw_handles_string ... ok
[INFO] [stdout] test commands::mcp_server::tests::extract_id_raw_returns_none_for_notification ... ok
[INFO] [stdout] test commands::focus::tests::from_str_unknown_is_off ... ok
[INFO] [stdout] test commands::focus::tests::off_text_is_empty ... ok
[INFO] [stdout] test commands::mcp_server::tests::handle_tools_list_returns_all_tools ... ok
[INFO] [stdout] test commands::mcp_server::tests::handle_unknown_method_returns_error ... ok
[INFO] [stdout] test commands::mcp_server::tests::ping_returns_empty_result ... ok
[INFO] [stdout] test commands::mcp_server::tests::slice_lines_handles_start_and_count ... ok
[INFO] [stdout] test commands::mcp_server::tests::tool_retrieve_handles_missing_and_bad_keys ... ok
[INFO] [stdout] test commands::network::tests::graphql_error_still_extracted ... ok
[INFO] [stdout] test commands::mcp_server::tests::handle_tools_call_protocol_returns_payload ... ok
[INFO] [stdout] test commands::mcp_server::tests::tool_stash_search_reports_missing_query_and_no_match ... ok
[INFO] [stdout] test commands::mcp_server::tests::handle_tools_call_unknown_returns_error ... ok
[INFO] [stdout] test commands::flag_force::tests::non_reporter_commands_never_injected ... ok
[INFO] [stdout] test commands::persona::tests::from_str_unknown_falls_back_to_default ... ok
[INFO] [stdout] test commands::persona::tests::ultra_text_contains_ultra_marker ... ok
[INFO] [stdout] test commands::protocol::tests::full_payload_includes_both ... ok
[INFO] [stdout] test commands::persona::tests::off_text_is_empty ... ok
[INFO] [stdout] test commands::persona::tests::from_str_round_trip ... ok
[INFO] [stdout] test commands::persona::tests::default_is_ultra ... ok
[INFO] [stdout] test commands::persona::tests::from_str_case_insensitive ... ok
[INFO] [stdout] test commands::protocol::tests::payload_documents_us001_sig_mode_marker ... ok
[INFO] [stdout] test commands::protocol::tests::payload_documents_us002_memory_file_warning ... ok
[INFO] [stdout] test commands::protocol::tests::payload_documents_all_mcp_tools ... ok
[INFO] [stdout] test commands::config_cmd::tests::set_get_round_trips_and_preserves_comments ... ok
[INFO] [stdout] test commands::protocol::tests::payload_documents_us003_structured_summary_json ... ok
[INFO] [stdout] test commands::network::tests::small_json_body_untouched ... ok
[INFO] [stdout] test commands::reporters::eslint_json::tests::non_eslint_cmd_returns_none ... ok
[INFO] [stdout] test commands::reporters::cargo_test::tests::multiple_binaries_aggregate_totals ... ok
[INFO] [stdout] test commands::protocol::tests::protocol_is_nonempty ... ok
[INFO] [stdout] test commands::compress_output::tests::mcp_results_are_never_summarized ... ok
[INFO] [stdout] test commands::reporters::cargo_test::tests::non_cargo_output_returns_none ... ok
[INFO] [stdout] test commands::flag_force::tests::go_test_gets_json_flag ... ok
[INFO] [stdout] test commands::reporters::eslint_json::tests::all_clean_collapses_to_one_line ... ok
[INFO] [stdout] test commands::reporters::git_status::tests::clean_tree_reports_branch_and_clean ... ok
[INFO] [stdout] test commands::protocol::tests::payload_under_3kb ... ok
[INFO] [stdout] test commands::protocol::tests::payload_documents_e4_stash_search ... ok
[INFO] [stdout] test commands::reporters::git_status::tests::conflicts_get_their_own_section ... ok
[INFO] [stdout] test commands::reporters::cargo_test::tests::all_passing_collapses_to_one_line ... ok
[INFO] [stdout] test commands::reporters::eslint_json::tests::groups_messages_by_rule_and_preserves_names ... ok
[INFO] [stdout] test commands::reporters::cargo_test::tests::failure_preserves_name_and_panic_detail ... ok
[INFO] [stdout] test commands::reporters::cargo_test::tests::sniff_requires_test_result_line ... ok
[INFO] [stdout] test commands::reporters::git_status::tests::ignores_commands_that_are_not_git_status ... ok
[INFO] [stdout] test commands::reporters::go_test_ndjson::tests::build_failure_with_no_test_events ... ok
[INFO] [stdout] test commands::reporters::git_status::tests::in_progress_operation_reads_the_git_dir_markers ... ok
[INFO] [stdout] test commands::reporters::git_status::tests::long_path_lists_are_capped_with_an_explicit_count ... ok
[INFO] [stdout] test commands::reporters::git_status::tests::never_emits_raw_porcelain_codes ... ok
[INFO] [stdout] test commands::reporters::git_status::tests::partial_parse_degrades_and_says_so ... ok
[INFO] [stdout] test commands::reporters::git_status::tests::splits_staged_unstaged_and_untracked_keeping_exact_paths ... ok
[INFO] [stdout] test commands::reporters::git_status::tests::unrecognized_output_falls_through_to_the_raw_filter ... ok
[INFO] [stdout] test commands::network::tests::large_json_body_condensed ... ok
[INFO] [stdout] test commands::reporters::go_test_ndjson::tests::non_ndjson_returns_none ... ok
[INFO] [stdout] test commands::reporters::go_test_ndjson::tests::all_passing_collapses_to_one_line ... ok
[INFO] [stdout] test commands::reporters::jest_json::tests::all_passing_collapses_to_one_line ... ok
[INFO] [stdout] test commands::reporters::jest_json::tests::suite_level_failure_without_assertions ... ok
[INFO] [stdout] test commands::reporters::jest_json::tests::failure_preserves_name_and_drops_node_modules_frames ... ok
[INFO] [stdout] test commands::reporters::go_test_ndjson::tests::failure_preserves_test_name_and_output ... ok
[INFO] [stdout] test commands::reporters::jest_json::tests::non_jest_json_returns_none ... ok
[INFO] [stdout] test commands::reporters::pytest::tests::xfail_not_miscounted_as_failed ... ok
[INFO] [stdout] test commands::reporters::pytest::tests::all_passing_collapses_to_one_line ... ok
[INFO] [stdout] test commands::reporters::ruff_json::tests::empty_array_collapses_to_ok ... ok
[INFO] [stdout] test commands::reporters::pytest::tests::non_pytest_output_returns_none ... ok
[INFO] [stdout] test commands::reporters::ruff_json::tests::groups_by_file_then_code ... ok
[INFO] [stdout] test commands::reporters::pytest::tests::fallback_to_failures_section_without_short_summary ... ok
[INFO] [stdout] test commands::reporters::ruff_json::tests::non_ruff_cmd_returns_none ... ok
[INFO] [stdout] test commands::text_proc::tests::passthrough_when_few_matches ... ok
[INFO] [stdout] test commands::text_proc::tests::collapses_many_matches_from_same_file ... ok
[INFO] [stdout] test commands::track_result::tests::subagent_small_result_no_warning ... ok
[INFO] [stdout] test commands::track_result::tests::extracts_paths_from_content_body ... ok
[INFO] [stdout] test commands::track_result::tests::grep_input_no_panic_on_pattern ... ok
[INFO] [stdout] test commands::track_result::tests::extracts_errors_from_content ... ok
[INFO] [stdout] test commands::track_result::tests::read_input_records_file_path ... ok
[INFO] [stdout] test commands::track_result::tests::malformed_json_exits_zero ... ok
[INFO] [stdout] test commands::update::tests::asset_name_windows_has_exe ... ok
[INFO] [stdout] test commands::update::tests::find_expected_sha_parses_standard_format ... ok
[INFO] [stdout] test commands::update::tests::find_expected_sha_skips_blank_and_comments ... ok
[INFO] [stdout] test commands::wrap::tests::a_blank_override_is_ignored ... ok
[INFO] [stdout] test commands::wrap::tests::a_saving_smaller_than_the_marker_is_a_net_loss ... ok
[INFO] [stdout] test commands::track_result::tests::mcp_quota_error_queues_warning_on_second_hit ... ok
[INFO] [stdout] test commands::wrap::tests::a_saving_that_clears_both_marker_and_threshold_passes ... ok
[INFO] [stdout] test commands::wrap::tests::path_scan_skips_the_windows_apps_alias_and_takes_git_bash ... ok
[INFO] [stdout] test commands::wrap::tests::only_cmd_is_a_cmd_shell ... ok
[INFO] [stdout] test commands::wrap::tests::path_scan_ignores_relative_entries ... ok
[INFO] [stdout] test commands::wrap::tests::path_scan_returns_none_when_nothing_matches ... ok
[INFO] [stdout] test commands::track_result::tests::repeated_navigate_queues_screenshot_advisory ... ok
[INFO] [stdout] test commands::update::tests::detect_target_returns_known ... ok
[INFO] [stdout] test commands::update::tests::install_atomic_writes_target ... ok
[INFO] [stdout] test commands::track_result::tests::subagent_big_result_does_not_queue_bash_warning ... ok
[INFO] [stdout] test commands::wrap::tests::rooted_covers_both_platforms_regardless_of_host ... ok
[INFO] [stdout] test commands::reporters::pytest::tests::failures_preserved_via_short_summary ... ok
[INFO] [stdout] test commands::compress_prompt::tests::markdown_heavy_prompt_shrinks ... ok
[INFO] [stdout] test commands::wrap::tests::the_marker_is_expensive_enough_to_matter ... ok
[INFO] [stdout] test commands::wrap::tests::windows_accepts_sh_when_bash_is_absent ... ok
[INFO] [stdout] test commands::wrap::tests::windows_falls_back_to_cmd_without_a_posix_shell ... ok
[INFO] [stdout] test commands::wrap::tests::unix_always_uses_sh ... ok
[INFO] [stdout] test commands::wrap::tests::zero_threshold_disables_the_gate ... ok
[INFO] [stdout] test config::wrap_safety_tests::bypass_does_not_match_unrelated_compound_command ... ok
[INFO] [stdout] test config::wrap_safety_tests::bypass_matches_segment_after_cd_and ... ok
[INFO] [stdout] test commands::wrap::tests::saturating_arithmetic_survives_an_inflating_call ... ok
[INFO] [stdout] test commands::wrap::tests::squeez_shell_overrides_every_platform ... ok
[INFO] [stdout] test commands::wrap::tests::squeez_shell_pointing_at_cmd_gets_the_cmd_flag ... ok
[INFO] [stdout] test commands::wrap::tests::windows_returns_the_resolved_path_not_the_bare_name ... ok
[INFO] [stdout] test commands::wrap::tests::windows_prefers_bash_when_it_is_on_path ... ok
[INFO] [stdout] test commands::wrap::tests::wsl_app_execution_alias_stub_is_recognised ... ok
[INFO] [stdout] test commands::wrap::tests::path_scan_skips_the_wsl_launcher_and_takes_git_bash ... ok
[INFO] [stdout] test context::cache::tests::dedup_header_tag_empty_value_never_emitted ... ok
[INFO] [stdout] test config::wrap_safety_tests::bypass_matches_segment_after_semicolon ... ok
[INFO] [stdout] test config::wrap_safety_tests::bypassed_commands_are_not_wrapped ... ok
[INFO] [stdout] test config::wrap_safety_tests::risky_commands_are_not_wrapped ... ok
[INFO] [stdout] test commands::wrap::tests::wsl_launcher_is_recognised ... ok
[INFO] [stdout] test config::wrap_safety_tests::ordinary_commands_are_wrapped ... ok
[INFO] [stdout] test config::wrap_safety_tests::compression_status_reflects_config ... ok
[INFO] [stdout] test context::cache::tests::dedup_header_tag_suppresses_unchanged_value ... ok
[INFO] [stdout] test context::cache::tests::file_was_seen_returns_call_n ... ok
[INFO] [stdout] test config::wrap_safety_tests::disabling_wrap_bash_stops_all_wrapping ... ok
[INFO] [stdout] test context::cache::tests::json_round_trip ... ok
[INFO] [stdout] test commands::track_result::tests::transcript_path_syncs_real_context ... ok
[INFO] [stdout] test context::cache::tests::corrupted_backslash_runs_heal_on_load ... ok
[INFO] [stdout] test context::cache::tests::dedup_header_tag_refreshes_after_interval ... ok
[INFO] [stdout] test context::cache::tests::header_tag_memo_survives_json_roundtrip ... ok
[INFO] [stdout] test context::cache::tests::image_dedup_lookup_and_roundtrip ... ok
[INFO] [stdout] test context::cache::tests::from_json_roundtrip_extract_all ... ok
[INFO] [stdout] test context::cache::tests::old_context_json_without_shot_fields_loads_clean ... ok
[INFO] [stdout] test context::cache::tests::raw_read_hint_ignores_unknown_program ... ok
[INFO] [stdout] test context::cache::tests::queue_warning_sanitizes_dedups_and_drains ... ok
[INFO] [stdout] test context::cache::tests::normalize_replaces_digits_paths_hex ... ok
[INFO] [stdout] test context::cache::tests::real_ctx_tokens_survives_roundtrip ... ok
[INFO] [stdout] test context::cache::tests::record_call_drops_oldest_at_33rd ... ok
[INFO] [stdout] test context::cache::tests::save_load_round_trip_via_disk ... ok
[INFO] [stdout] test context::cache::tests::reset_header_tag_memo_clears_state ... ok
[INFO] [stdout] test context::cache::tests::quota_error_detection ... ok
[INFO] [stdout] test context::cache::tests::note_files_dedup_and_caps ... ok
[INFO] [stdout] test context::factsheet::tests::all_digit_token_is_large_int_not_hex ... ok
[INFO] [stdout] test context::cache::tests::raw_read_hint_detects_seen_file ... ok
[INFO] [stdout] test context::cache::tests::record_screenshot_silent_outside_window_and_when_disabled ... ok
[INFO] [stdout] test context::cache::tests::record_screenshot_warns_once_within_window ... ok
[INFO] [stdout] test context::cache::tests::skill_dedup_survives_json_roundtrip ... ok
[INFO] [stdout] test context::cache::tests::lookup_recent_only_within_window ... ok
[INFO] [stdout] test context::cache::tests::skill_dedup_lookup_and_record ... ok
[INFO] [stdout] test context::cache::tests::normalize_url_path_strips_scheme_query_and_www ... ok
[INFO] [stdout] test context::factsheet::tests::deterministic_across_runs ... ok
[INFO] [stdout] test context::factsheet::tests::bulk_versions_are_noise_but_opaque_ids_survive ... ok
[INFO] [stdout] test context::factsheet::tests::caps_joined_length ... ok
[INFO] [stdout] test context::factsheet::tests::dedups_exact_duplicates ... ok
[INFO] [stdout] test context::factsheet::tests::empty_input_empty_vec ... ok
[INFO] [stdout] test context::factsheet::tests::extracts_uuid ... ok
[INFO] [stdout] test context::factsheet::tests::extracts_git_sha ... ok
[INFO] [stdout] test context::factsheet::tests::substring_collapse_keeps_most_specific ... ok
[INFO] [stdout] test context::hash::tests::empty_input_is_offset_basis ... ok
[INFO] [stdout] test context::hash::tests::jaccard_identical_is_one ... ok
[INFO] [stdout] test context::factsheet::tests::trims_surrounding_punctuation ... ok
[INFO] [stdout] test context::hash::tests::different_inputs_differ ... ok
[INFO] [stdout] test context::hash::tests::known_vector ... ok
[INFO] [stdout] test context::hash::tests::jaccard_one_token_changed_is_high ... ok
[INFO] [stdout] test context::hash::tests::shingle_minhash_is_whitespace_invariant ... ok
[INFO] [stdout] test context::cache::tests::windows_paths_survive_repeated_round_trips_unchanged ... ok
[INFO] [stdout] test context::hash::tests::short_hex_length ... ok
[INFO] [stdout] test context::hash::tests::shingle_minhash_short_text_is_empty ... ok
[INFO] [stdout] test context::hash::tests::jaccard_disjoint_is_zero ... ok
[INFO] [stdout] test context::factsheet::tests::hex_requires_a_digit ... ok
[INFO] [stdout] test context::factsheet::tests::rejects_small_numbers_and_plain_words ... ok
[INFO] [stdout] test context::factsheet::tests::extracts_version_and_ticket_and_large_int ... ok
[INFO] [stdout] test context::intensity::tests::adaptive_enabled_at_zero_is_full ... ok
[INFO] [stdout] test context::intensity::tests::default_200k_window_is_assumed ... ok
[INFO] [stdout] test context::intensity::tests::observed_long_window_is_proven_not_assumed ... ok
[INFO] [stdout] test context::intensity::tests::default_budget_floors_at_modern_window ... ok
[INFO] [stdout] test context::intensity::tests::adaptive_enabled_just_below_threshold_is_full ... ok
[INFO] [stdout] test context::intensity::tests::floors_enforced ... ok
[INFO] [stdout] test context::intensity::tests::pinned_window_is_never_assumed ... ok
[INFO] [stdout] test context::intensity::tests::scale_lite_is_passthrough ... ok
[INFO] [stdout] test context::intensity::tests::zero_budget_falls_back_to_ultra ... ok
[INFO] [stdout] test context::intensity::tests::real_context_beyond_legacy_budget_is_ultra ... ok
[INFO] [stdout] test context::hash::tests::shingle_minhash_is_sorted_and_capped ... ok
[INFO] [stdout] test context::intensity::tests::scale_ultra_shrinks_more_than_full ... ok
[INFO] [stdout] test context::intensity::tests::adaptive_disabled_always_lite ... ok
[INFO] [stdout] test context::redundancy::tests::diff_by_one_line_misses ... ok
[INFO] [stdout] test context::intensity::tests::adaptive_enabled_above_budget_is_ultra ... ok
[INFO] [stdout] test context::redundancy::tests::exact_repeat_hits ... ok
[INFO] [stdout] test context::intensity::tests::adaptive_enabled_at_full_budget_is_ultra ... ok
[INFO] [stdout] test context::intensity::tests::adaptive_enabled_at_threshold_is_ultra ... ok
[INFO] [stdout] test commands::update::tests::verify_sha256_known_vector ... ok
[INFO] [stdout] test context::redundancy::tests::outside_recent_window_misses ... ok
[INFO] [stdout] test context::intensity::tests::scale_full_shrinks ... ok
[INFO] [stdout] test commands::update::tests::verify_sha256_mismatch_returns_false ... ok
[INFO] [stdout] test context::intensity::tests::window_override_replaces_budget_formula ... ok
[INFO] [stdout] test context::factsheet::tests::caps_at_max_facts ... ok
[INFO] [stdout] test context::redundancy::tests::record_returns_incrementing_call_n ... ok
[INFO] [stdout] test context::retrieve::tests::sensitive_dotenv_body_is_not_stashed ... ok
[INFO] [stdout] test context::sensitive::tests::detects_aws_access_key ... ok
[INFO] [stdout] test context::retrieve::tests::retrieve_checked_returns_found_for_intact_blob ... ok
[INFO] [stdout] test context::retrieve::tests::prune_removes_expired_blobs_and_reports_stats ... ok
[INFO] [stdout] test context::retrieve::tests::retrieve_checked_returns_not_found_for_missing_id ... ok
[INFO] [stdout] test context::retrieve::tests::retrieve_checked_detects_corruption ... ok
[INFO] [stdout] test context::sensitive::tests::detects_aws_secret_line ... ok
[INFO] [stdout] test context::retrieve::tests::store_then_retrieve_round_trips ... ok
[INFO] [stdout] test context::sensitive::tests::detects_dotenv_bulk_secrets ... ok
[INFO] [stdout] test context::retrieve::tests::identical_content_is_content_addressed ... ok
[INFO] [stdout] test context::sensitive::tests::detects_bearer_token ... ok
[INFO] [stdout] test context::retrieve::tests::clean_content_still_round_trips_through_store_guarded ... ok
[INFO] [stdout] test context::retrieve::tests::prune_keeps_fresh_blobs ... ok
[INFO] [stdout] test context::retrieve::tests::rejects_path_traversal_and_bad_ids ... ok
[INFO] [stdout] test context::retrieve::tests::sensitive_private_key_is_not_stashed ... ok
[INFO] [stdout] test context::redundancy::tests::tiny_output_never_matches ... ok
[INFO] [stdout] test context::sensitive::tests::ignores_akia_prefix_too_short ... ok
[INFO] [stdout] test context::sensitive::tests::detects_private_key_block ... ok
[INFO] [stdout] test context::sensitive::tests::ignores_ordinary_prose ... ok
[INFO] [stdout] test context::sensitive::tests::detects_github_pat_classic ... ok
[INFO] [stdout] test context::sensitive::tests::ignores_single_dotenv_secret_line ... ok
[INFO] [stdout] test context::sensitive::tests::detects_github_pat_fine_grained ... ok
[INFO] [stdout] test context::sensitive::tests::detects_slack_bot_token ... ok
[INFO] [stdout] test context::sensitive::tests::path_denylist_flags_dotenv_cat ... ok
[INFO] [stdout] test context::sensitive::tests::path_denylist_flags_ssh_key_paths ... ok
[INFO] [stdout] test context::sensitive::tests::ignores_prose_ending_in_sk_dash ... ok
[INFO] [stdout] test context::sensitive::tests::detects_openai_style_key ... ok
[INFO] [stdout] test context::stash_index::tests::ranks_by_frequency ... ok
[INFO] [stdout] test context::stash_index::tests::search_ranks_more_relevant_higher ... ok
[INFO] [stdout] test context::stash_index::tests::search_returns_empty_for_unrelated_query ... ok
[INFO] [stdout] test context::stash_index::tests::remove_index_deletes_sidecar ... ok
[INFO] [stdout] test context::summarize::tests::quota_limit_output_is_not_benign ... ok
[INFO] [stdout] test context::stash_index::tests::search_finds_term_overlap ... ok
[INFO] [stdout] test context::sensitive::tests::path_denylist_still_matches_dotenv_example ... ok
[INFO] [stdout] test context::summarize::tests::byte_trigger_ignores_small_multiline_output ... ok
[INFO] [stdout] test context::summarize::tests::should_apply_under_threshold_false ... ok
[INFO] [stdout] test context::summarize::tests::should_apply_eager_for_error_output ... ok
[INFO] [stdout] test context::summarize::tests::byte_trigger_eager_for_non_benign_blob ... ok
[INFO] [stdout] test context::summarize::tests::should_apply_relaxed_for_benign_output ... ok
[INFO] [stdout] test commands::compress_md::tests::is_git_tracked_true_for_tracked_untracked_and_absent ... FAILED
[INFO] [stdout] test context::stash_index::tests::stopwords_and_noise_excluded ... ok
[INFO] [stdout] test context::sensitive::tests::path_denylist_ignores_unrelated_commands ... ok
[INFO] [stdout] test context::transcript::tests::cache_ratio_extracts_cache_read_and_io ... ok
[INFO] [stdout] test context::stash_index::tests::index_round_trips ... ok
[INFO] [stdout] test context::summarize::tests::benign_detection_recognizes_common_markers ... ok
[INFO] [stdout] test context::stash_index::tests::terms_for_reads_sidecar ... ok
[INFO] [stdout] test context::transcript::tests::detect_window_skips_sidechain_and_handles_missing ... ok
[INFO] [stdout] test context::transcript::tests::cache_ratio_returns_none_when_no_data ... ok
[INFO] [stdout] test context::transcript::tests::extracts_last_assistant_usage ... ok
[INFO] [stdout] test context::sensitive::tests::ignores_clean_env_dump ... ok
[INFO] [stdout] test context::transcript::tests::identity_record_proves_1m_where_message_model_cannot ... ok
[INFO] [stdout] test context::transcript::tests::infer_window_promotes_on_observed_ceiling ... ok
[INFO] [stdout] test context::transcript::tests::input_tokens_does_not_match_cache_keys ... ok
[INFO] [stdout] test context::transcript::tests::identity_scan_ignores_quoted_transcript_json ... ok
[INFO] [stdout] test context::transcript::tests::missing_file_returns_none ... ok
[INFO] [stdout] test context::transcript::tests::no_assistant_usage_returns_none ... ok
[INFO] [stdout] test context::transcript::tests::identity_scan_takes_the_newest_record ... ok
[INFO] [stdout] test context::transcript::tests::reads_tail_of_real_file ... ok
[INFO] [stdout] test context::transcript::tests::skips_sidechain_records ... ok
[INFO] [stdout] test context::summarize::tests::byte_trigger_disabled_when_zero ... ok
[INFO] [stdout] test context::transcript::tests::detect_window_reads_model_from_last_assistant ... ok
[INFO] [stdout] test context::summarize::tests::summary_preserves_last_20_lines ... ok
[INFO] [stdout] test context::transcript::tests::cache_ratio_skips_sidechain ... ok
[INFO] [stdout] test economy::agent_tracker::tests::format_costs_empty ... ok
[INFO] [stdout] test economy::agent_tracker::tests::is_agent_tool_negative ... ok
[INFO] [stdout] test context::transcript::tests::window_for_model_detects_1m_and_default ... ok
[INFO] [stdout] test context::transcript::tests::window_for_model_reads_marketing_name_marker ... ok
[INFO] [stdout] test context::transcript::tests::window_for_model_treats_fable_family_as_native_1m ... ok
[INFO] [stdout] test economy::agent_tracker::tests::is_agent_tool_positive ... ok
[INFO] [stdout] test economy::agent_tracker::tests::warning_below_threshold_returns_none ... ok
[INFO] [stdout] test economy::budget::tests::read_budget_disabled_when_zero ... ok
[INFO] [stdout] test context::summarize::tests::summary_extracts_files ... ok
[INFO] [stdout] test economy::budget::tests::read_budget_enabled ... ok
[INFO] [stdout] test economy::budget::tests::grep_budget_enabled ... ok
[INFO] [stdout] test economy::budget::tests::read_budget_enabled_by_default ... ok
[INFO] [stdout] test economy::budget::tests::unknown_tool_returns_none ... ok
[INFO] [stdout] test economy::burn_rate::tests::accounts_for_used_tokens ... ok
[INFO] [stdout] test economy::agent_tracker::tests::warning_above_threshold ... ok
[INFO] [stdout] test economy::burn_rate::tests::all_zero_window_returns_none ... ok
[INFO] [stdout] test economy::burn_rate::tests::predicts_with_three_entries ... ok
[INFO] [stdout] test economy::burn_rate::tests::format_header ... ok
[INFO] [stdout] test economy::burn_rate::tests::no_warning_when_plenty_of_budget ... ok
[INFO] [stdout] test economy::burn_rate::tests::pressure_warning_when_low ... ok
[INFO] [stdout] test economy::burn_rate::tests::real_context_overrides_squeez_counters ... ok
[INFO] [stdout] test economy::burn_rate::tests::grep_tokens_count_toward_used ... ok
[INFO] [stdout] test economy::burn_rate::tests::median_is_stable_against_outliers ... ok
[INFO] [stdout] test economy::agent_tracker::tests::format_costs_with_entries ... ok
[INFO] [stdout] test economy::burn_rate::tests::returns_none_with_few_entries ... ok
[INFO] [stdout] test economy::calibrate::tests::balanced_profile_selection ... ok
[INFO] [stdout] test economy::calibrate::tests::balanced_config_omits_zero_budgets ... ok
[INFO] [stdout] test economy::calibrate::tests::config_generation ... ok
[INFO] [stdout] test economy::calibrate::tests::conservative_profile_selection ... ok
[INFO] [stdout] test economy::calibrate::tests::merge_preserves_user_keys_and_updates_calibrated ... ok
[INFO] [stdout] test economy::efficiency::tests::format_output ... ok
[INFO] [stdout] test economy::efficiency::tests::no_compression ... ok
[INFO] [stdout] test economy::burn_rate::tests::returns_zero_when_budget_exhausted ... ok
[INFO] [stdout] test economy::calibrate::tests::aggressive_profile_selection ... ok
[INFO] [stdout] test economy::efficiency::tests::full_dedup_reuse ... ok
[INFO] [stdout] test context::summarize::tests::summary_carries_ids_from_dropped_head ... ok
[INFO] [stdout] test economy::efficiency::tests::half_agent_overhead ... ok
[INFO] [stdout] test economy::efficiency::tests::overall_is_weighted_average ... ok
[INFO] [stdout] test economy::efficiency::tests::zero_calls ... ok
[INFO] [stdout] test economy::enterprise::tests::detects_vertex_via_use_flag ... ok
[INFO] [stdout] test context::summarize::tests::byte_trigger_fires_on_single_line_json_blob ... ok
[INFO] [stdout] test economy::enterprise::tests::falsy_use_flag_is_not_enterprise ... ok
[INFO] [stdout] test economy::enterprise::tests::detects_bedrock_via_region_var ... ok
[INFO] [stdout] test economy::enterprise::tests::header_tag_empty_when_not_enterprise ... ok
[INFO] [stdout] test economy::enterprise::tests::detects_bedrock_via_use_flag ... ok
[INFO] [stdout] test economy::enterprise::tests::init_banner_changes_with_prior_savings ... ok
[INFO] [stdout] test economy::handler_stats::tests::cap_at_max_handlers ... ok
[INFO] [stdout] test economy::enterprise::tests::empty_env_means_no_enterprise ... ok
[INFO] [stdout] test economy::enterprise::tests::pricing_math_matches_published_rates ... ok
[INFO] [stdout] test economy::handler_stats::tests::empty_stats_format_message ... ok
[INFO] [stdout] test economy::handler_stats::tests::format_table_calls_out_under_and_over_performers ... ok
[INFO] [stdout] test economy::handler_stats::tests::load_missing_file_is_empty ... ok
[INFO] [stdout] test economy::enterprise::tests::bedrock_beats_otel_when_both_set ... ok
[INFO] [stdout] test economy::enterprise::tests::detects_otel_via_endpoint ... ok
[INFO] [stdout] test economy::efficiency::tests::perfect_compression ... ok
[INFO] [stdout] test economy::enterprise::tests::detects_vertex_via_project_id ... ok
[INFO] [stdout] test economy::handler_stats::tests::record_accumulates_existing_handler ... ok
[INFO] [stdout] test economy::handler_stats::tests::record_inserts_new_handler ... ok
[INFO] [stdout] test economy::handler_stats::tests::round_trip_persistence ... ok
[INFO] [stdout] test economy::nudge::tests::cmd_repeat_threshold_only_for_expensive_commands ... ok
[INFO] [stdout] test economy::nudge::tests::error_fingerprint_collapses_paths_and_digits ... ok
[INFO] [stdout] test economy::nudge::tests::error_threshold_emits_once ... ok
[INFO] [stdout] test economy::nudge::tests::no_nudge_below_threshold ... ok
[INFO] [stdout] test economy::nudge::tests::nudge_disabled_short_circuits ... ok
[INFO] [stdout] test context::summarize::tests::summarize_vocab_line_present_and_capped ... ok
[INFO] [stdout] test economy::handler_stats::tests::rows_sorted_by_calls_desc ... ok
[INFO] [stdout] test economy::handler_stats::tests::savings_bp_computed_correctly ... ok
[INFO] [stdout] test economy::nudge::tests::file_mod_threshold_counts_writes_only ... ok
[INFO] [stdout] test economy::nudge::tests::non_quota_content_never_warns ... ok
[INFO] [stdout] test economy::nudge::tests::path_prefix_stripped_in_cmd_name ... ok
[INFO] [stdout] test economy::nudge::tests::quota_warning_collapses_variant_messages ... ok
[INFO] [stdout] test economy::nudge::tests::quota_error_warns_at_threshold_once ... ok
[INFO] [stdout] test context::factsheet::tests::scan_capped_at_256kib ... ok
[INFO] [stdout] test economy::nudge::tests::quota_disabled_via_zero_threshold ... ok
[INFO] [stdout] test economy::preservation::tests::no_anchors_means_trivially_preserved ... ok
[INFO] [stdout] test economy::preservation::tests::extracts_rust_error_anchors ... ok
[INFO] [stdout] test economy::preservation::tests::risk_flag_triggers_only_on_high_reduction_and_low_preservation ... ok
[INFO] [stdout] test economy::preservation::tests::extracts_typescript_paren_position ... ok
[INFO] [stdout] test economy::preservation::tests::partial_preservation_for_partial_compression ... ok
[INFO] [stdout] test economy::preservation::tests::rejects_urls_and_versions ... ok
[INFO] [stdout] test filter::tests::env_prefixed_terraform_reaches_the_terraform_branch ... ok
[INFO] [stdout] test filter::tests::pipeline_dispatches_on_a_safe_final_stage ... ok
[INFO] [stdout] test filter::tests::wrapper_with_own_flags_is_left_alone ... ok
[INFO] [stdout] test filter::tests::wrappers_peel_until_stable ... ok
[INFO] [stdout] test filter_dsl::tests::find_for_command_none_when_no_match ... ok
[INFO] [stdout] test filter_dsl::tests::find_for_command_prefers_longest_match ... ok
[INFO] [stdout] test economy::preservation::tests::zero_preservation_when_stripped ... ok
[INFO] [stdout] test filter::tests::pipeline_keeps_the_producer_when_the_tail_is_not_safe ... ok
[INFO] [stdout] test filter_dsl::tests::filters_with_no_tests_excluded_from_reports ... ok
[INFO] [stdout] test filter_dsl::tests::glob_match_modes ... ok
[INFO] [stdout] test filter_dsl::tests::ignores_directives_before_any_section ... ok
[INFO] [stdout] test economy::preservation::tests::extracts_test_verdicts ... ok
[INFO] [stdout] test economy::preservation::tests::full_preservation_when_identical ... ok
[INFO] [stdout] test filter_dsl::tests::inline_tests_pass_and_fail_reported ... ok
[INFO] [stdout] test filter_dsl::tests::on_empty_substitutes_when_pipeline_empties_input ... ok
[INFO] [stdout] test filter_dsl::tests::match_line_unless_guard_prevents_swallowing_errors ... ok
[INFO] [stdout] test filter_dsl::tests::parses_replace_and_match_line_with_unless ... ok
[INFO] [stdout] test filter_dsl::tests::parses_section_header_and_stages ... ok
[INFO] [stdout] test hosts::hermes::tests::name_is_hermes ... ok
[INFO] [stdout] test hosts::hermes::tests::strip_squeez_block_inside_existing_soul_md ... ok
[INFO] [stdout] test filter_dsl::tests::max_lines_caps_and_annotates ... ok
[INFO] [stdout] test hosts::hermes::tests::strip_squeez_block_passthrough_when_absent ... ok
[INFO] [stdout] test filter_dsl::tests::pipeline_strips_ansi_then_filters_then_heads ... ok
[INFO] [stdout] test filter_dsl::tests::unknown_directive_skipped_not_fatal ... ok
[INFO] [stdout] test hosts::codex::tests::strip_squeez_block_inside_existing_agents_md ... ok
[INFO] [stdout] test hosts::hermes::tests::a_literal_tilde_is_expanded_not_taken_as_a_directory_name ... ok
[INFO] [stdout] test hosts::hermes::tests::default_location_is_used_when_hermes_home_is_unset_or_blank ... ok
[INFO] [stdout] test hosts::hermes::tests::the_adapter_reads_the_variable_called_hermes_home ... ok
[INFO] [stdout] test hosts::hermes::tests::hermes_home_overrides_the_default_location ... ok
[INFO] [stdout] test filter_dsl::tests::truncate_line_at_drops_marker_and_tail ... ok
[INFO] [stdout] test hosts::memory_size::tests::disabled_when_limit_zero ... ok
[INFO] [stdout] test hosts::gemini::tests::strip_squeez_block_inside_existing_gemini_md ... ok
[INFO] [stdout] test hosts::memory_size::tests::estimate_tokens_chars_div_4 ... ok
[INFO] [stdout] test hosts::hermes::tests::manifest_declares_required_fields ... ok
[INFO] [stdout] test context::summarize::tests::summary_includes_total_count ... ok
[INFO] [stdout] test hosts::memory_size::tests::no_warning_for_small_content ... ok
[INFO] [stdout] test hosts::memory_size::tests::squeez_block_not_counted ... ok
[INFO] [stdout] test hosts::memory_size::tests::squeez_block_stripped_then_large_user_content_warns ... ok
[INFO] [stdout] test hosts::memory_size::tests::warning_for_large_content ... ok
[INFO] [stdout] test hosts::opencode::tests::strip_squeez_block_removes_inline_block ... ok
[INFO] [stdout] test hosts::pi::tests::split_frontmatter_extracts_yaml_block ... ok
[INFO] [stdout] test hosts::pi::tests::split_frontmatter_no_frontmatter ... ok
[INFO] [stdout] test hosts::pi::tests::split_frontmatter_only_opening_delimiter ... ok
[INFO] [stdout] test hosts::settings_json::tests::ensure_hook_is_idempotent ... ok
[INFO] [stdout] test hosts::settings_json::tests::audit_separates_managed_user_and_foreign_hooks ... ok
[INFO] [stdout] test hosts::settings_json::tests::core_entry_satisfies_squeez_check_only ... ok
[INFO] [stdout] test hosts::opencode::tests::strip_squeez_block_preserves_file_without_block ... ok
[INFO] [stdout] test hosts::settings_json::tests::buddy_entry_does_not_satisfy_squeez_check ... ok
[INFO] [stdout] test hosts::settings_json::tests::ensure_arr_replaces_non_array_value ... ok
[INFO] [stdout] test hosts::pi::tests::strip_squeez_block_inside_existing_skill_md ... ok
[INFO] [stdout] test hosts::settings_json::tests::strip_removes_event_key_when_emptied ... ok
[INFO] [stdout] test hosts::settings_json::tests::managed_hook_still_upgrades_beside_a_user_hook ... ok
[INFO] [stdout] test hosts::settings_json::tests::load_strips_utf8_bom ... ok
[INFO] [stdout] test hosts::tests::bash_wrap_flag_round_trips ... ok
[INFO] [stdout] test hosts::tests::find_returns_claude_code ... ok
[INFO] [stdout] test hosts::tests::hosts_with_an_instructions_file_own_the_persona_channel ... ok
[INFO] [stdout] test hosts::tests::nothing_to_inject_leaves_the_channel_free ... ok
[INFO] [stdout] test json_util::tests::test_extract_all_array_trailing_backslash ... ok
[INFO] [stdout] test json_util::tests::test_extract_all_arrays ... ok
[INFO] [stdout] test hosts::settings_json::tests::only_a_command_naming_squeez_counts_as_a_user_squeez_hook ... ok
[INFO] [stdout] test hosts::settings_json::tests::strip_keeps_foreign_hooks ... ok
[INFO] [stdout] test hosts::settings_json::tests::user_maintained_squeez_hook_is_not_doubled ... ok
[INFO] [stdout] test context::summarize::tests::summary_extracts_errors ... ok
[INFO] [stdout] test json_util::tests::test_extract_all_basic ... ok
[INFO] [stdout] test json_util::value_tests::handles_escaped_strings_and_unicode ... ok
[INFO] [stdout] test json_util::tests::test_extract_all_roundtrip_context ... ok
[INFO] [stdout] test hosts::settings_json::tests::load_rejects_malformed_json_instead_of_overwriting ... ok
[INFO] [stdout] test hosts::tests::find_returns_hermes ... ok
[INFO] [stdout] test json_util::value_tests::parses_nested_objects_and_arrays ... ok
[INFO] [stdout] test hosts::tests::find_returns_none_for_unknown ... ok
[INFO] [stdout] test memory::tests::effective_ts_uses_valid_to_when_set ... ok
[INFO] [stdout] test json_util::tests::test_extract_all_trailing_backslash_no_panic ... ok
[INFO] [stdout] test hosts::settings_json::tests::write_atomic_backs_up_previous_contents ... ok
[INFO] [stdout] test json_util::value_tests::missing_key_returns_none ... ok
[INFO] [stdout] test json_util::tests::test_extract_str_array_comma_in_value ... ok
[INFO] [stdout] test json_util::tests::test_split_json_array_comma_in_string ... ok
[INFO] [stdout] test json_util::value_tests::malformed_input_returns_none_not_panic ... ok
[INFO] [stdout] test memory::tests::invalidate_sets_valid_to ... ok
[INFO] [stdout] test memory::tests::jsonl_round_trip_with_temporal_columns ... ok
[INFO] [stdout] test memory::tests::test_read_last_n_fewer_than_n ... ok
[INFO] [stdout] test memory::tests::test_read_last_n_empty_file ... ok
[INFO] [stdout] test memory::tests::legacy_jsonl_without_columns_loads_with_defaults ... ok
[INFO] [stdout] test memory::tests::test_index_maintained_on_write ... ok
[INFO] [stdout] test strategies::log_template::tests::below_threshold_is_untouched ... ok
[INFO] [stdout] test memory::tests::test_rebuild_index ... ok
[INFO] [stdout] test memory::tests::test_read_last_n_tail_only ... ok
[INFO] [stdout] test memory::tests::test_prune_uses_binary_search ... ok
[INFO] [stdout] test strategies::log_template::tests::num_unit_recognizes_common_shapes ... ok
[INFO] [stdout] test strategies::success_collapse::tests::collapse_falls_back_to_bare_ok_with_no_facts ... ok
[INFO] [stdout] test strategies::success_collapse::tests::deny_list_overrides_allow_list ... ok
[INFO] [stdout] test strategies::success_collapse::tests::collapse_git_push_includes_branch_and_hash ... ok
[INFO] [stdout] test strategies::toon::tests::encodes_objects_with_nested_values ... ok
[INFO] [stdout] test strategies::toon::tests::handles_nulls_and_booleans_and_floats ... ok
[INFO] [stdout] test strategies::toon::tests::minify_preserves_string_contents ... ok
[INFO] [stdout] test strategies::success_collapse::tests::collapse_docker_build_includes_image_tag_facts ... ok
[INFO] [stdout] test strategies::toon::tests::encodes_kubectl_pods_shape ... ok
[INFO] [stdout] test strategies::success_collapse::tests::empty_deny_entries_are_ignored ... ok
[INFO] [stdout] test strategies::toon::tests::decodes_json_string_escapes ... ok
[INFO] [stdout] test strategies::toon::tests::encodes_uniform_gh_pr_list ... ok
[INFO] [stdout] test strategies::toon::tests::nested_arrays_are_preserved_in_cells ... ok
[INFO] [stdout] test strategies::log_template::tests::collapses_lines_differing_only_by_variables ... ok
[INFO] [stdout] test strategies::log_template::tests::leaves_byte_identical_recurrence_to_dedup ... ok
[INFO] [stdout] test strategies::success_collapse::tests::eligible_prefixes_match ... ok
[INFO] [stdout] test strategies::toon::tests::quotes_values_with_commas ... ok
[INFO] [stdout] test context::sensitive::tests::scan_cap_ignores_secrets_past_64kb ... ok
[INFO] [stdout] test spawn::tests::helper_still_captures_output ... ok
[INFO] [stdout] test strategies::log_template::tests::collapses_lines_differing_by_number_unit ... ok
[INFO] [stdout] test strategies::log_template::tests::key_value_pairs_template_on_the_value ... ok
[INFO] [stdout] test strategies::toon::tests::rejects_keys_in_different_order ... ok
[INFO] [stdout] test strategies::toon::tests::rejects_non_array_root ... ok
[INFO] [stdout] test strategies::log_template::tests::preserves_unique_lines_and_versions ... ok
[INFO] [stdout] test strategies::toon::tests::rejects_empty_array ... ok
[INFO] [stdout] test strategies::toon::tests::rejects_heterogeneous_keys ... ok
[INFO] [stdout] test tokens::tests::ascii_prose_is_near_chars_over_four ... ok
[INFO] [stdout] test strategies::toon::tests::rejects_when_toon_not_smaller ... ok
[INFO] [stdout] test tokens::tests::cjk_counts_far_more_than_bytes_over_four ... ok
[INFO] [stdout] test strategies::truncation::tests::relevant_is_identity_below_limit ... ok
[INFO] [stdout] test tokens::tests::classed_scale_above_one_counts_more ... ok
[INFO] [stdout] test tokens::tests::classed_empty_is_zero ... ok
[INFO] [stdout] test tokens::tests::scale_one_is_identity ... ok
[INFO] [stdout] test tokens::tests::code_counts_more_than_naive ... ok
[INFO] [stdout] test tokens::tests::scale_above_one_counts_more ... ok
[INFO] [stdout] test tokens::tests::scaled_empty_is_zero ... ok
[INFO] [stdout] test strategies::truncation::tests::relevant_preserves_original_order ... ok
[INFO] [stdout] test tokens::tests::empty_is_zero ... ok
[INFO] [stdout] test strategies::toon::tests::single_trivial_nested_row_is_not_worth_encoding ... ok
[INFO] [stdout] test tokens::tests::non_empty_is_at_least_one ... ok
[INFO] [stdout] test tokens::tests::english_prose_classifies_prose ... ok
[INFO] [stdout] test strategies::truncation::tests::relevant_keeps_error_lines_over_filler ... ok
[INFO] [stdout] test tokens::tests::whitespace_is_free ... ok
[INFO] [stdout] test tokens::tests::json_classifies_dense_and_beats_chars_over_four ... ok
[INFO] [stdout] test strategies::truncation::tests::relevant_keeps_command_query_terms ... ok
[INFO] [stdout] test tokens::tests::mixed_agent_output_falls_back_to_estimate ... ok
[INFO] [stdout] test context::summarize::tests::summary_is_bounded ... ok
[INFO] [stdout] 
[INFO] [stdout] failures:
[INFO] [stdout] 
[INFO] [stdout] ---- commands::compress_md::tests::is_git_tracked_true_for_tracked_untracked_and_absent stdout ----
[INFO] [stdout] 
[INFO] [stdout] thread 'commands::compress_md::tests::is_git_tracked_true_for_tracked_untracked_and_absent' (2752) panicked at src/commands/compress_md/mod.rs:987:9:
[INFO] [stdout] assertion failed: is_git_tracked(&cwd.join("Cargo.toml"))
[INFO] [stdout] stack backtrace:
[INFO] [stdout]    0:     0x63074e944221 - std[70759c8f55707aa4]::backtrace_rs::backtrace::libunwind::trace
[INFO] [stdout]                                at /rustc/dfb0accb7f508ae8be965d8629557221c889dd98/library/std/src/../../backtrace/src/backtrace/libunwind.rs:117:9
[INFO] [stdout]    1:     0x63074e944221 - std[70759c8f55707aa4]::backtrace_rs::backtrace::trace_unsynchronized::<std[70759c8f55707aa4]::sys::backtrace::_print_fmt::{closure#1}>
[INFO] [stdout]                                at /rustc/dfb0accb7f508ae8be965d8629557221c889dd98/library/std/src/../../backtrace/src/backtrace/mod.rs:66:14
[INFO] [stdout]    2:     0x63074e944221 - std[70759c8f55707aa4]::sys::backtrace::_print_fmt
[INFO] [stdout]                                at /rustc/dfb0accb7f508ae8be965d8629557221c889dd98/library/std/src/sys/backtrace.rs:74:9
[INFO] [stdout]    3:     0x63074e944221 - <<std[70759c8f55707aa4]::sys::backtrace::BacktraceLock>::print::DisplayBacktrace as core[df12db4294e9bfd3]::fmt::Display>::fmt
[INFO] [stdout]                                at /rustc/dfb0accb7f508ae8be965d8629557221c889dd98/library/std/src/sys/backtrace.rs:44:26
[INFO] [stdout]    4:     0x63074e95b99a - <core[df12db4294e9bfd3]::fmt::rt::Argument>::fmt
[INFO] [stdout]                                at /rustc/dfb0accb7f508ae8be965d8629557221c889dd98/library/core/src/fmt/rt.rs:152:76
[INFO] [stdout]    5:     0x63074e95b99a - core[df12db4294e9bfd3]::fmt::write
[INFO] [stdout]    6:     0x63074e948cec - core[df12db4294e9bfd3]::io::write::default_write_fmt::<alloc[2182bb758b4b3781]::vec::Vec<u8>>
[INFO] [stdout]                                at /rustc/dfb0accb7f508ae8be965d8629557221c889dd98/library/core/src/io/write.rs:402:11
[INFO] [stdout]    7:     0x63074e948cec - <alloc[2182bb758b4b3781]::vec::Vec<u8> as core[df12db4294e9bfd3]::io::write::Write>::write_fmt
[INFO] [stdout]                                at /rustc/dfb0accb7f508ae8be965d8629557221c889dd98/library/core/src/io/write.rs:335:13
[INFO] [stdout]    8:     0x63074e91c186 - <std[70759c8f55707aa4]::sys::backtrace::BacktraceLock>::print
[INFO] [stdout]                                at /rustc/dfb0accb7f508ae8be965d8629557221c889dd98/library/std/src/sys/backtrace.rs:47:9
[INFO] [stdout]    9:     0x63074e91c186 - std[70759c8f55707aa4]::panicking::default_hook::{closure#0}
[INFO] [stdout]                                at /rustc/dfb0accb7f508ae8be965d8629557221c889dd98/library/std/src/panicking.rs:292:27
[INFO] [stdout]   10:     0x63074e93a549 - std[70759c8f55707aa4]::panicking::default_hook
[INFO] [stdout]                                at /rustc/dfb0accb7f508ae8be965d8629557221c889dd98/library/std/src/panicking.rs:316:9
[INFO] [stdout]   11:     0x63074e8d3cf0 - <alloc[2182bb758b4b3781]::boxed::Box<dyn for<'a, 'b> core[df12db4294e9bfd3]::ops::function::Fn<(&'a std[70759c8f55707aa4]::panic::PanicHookInfo<'b>,), Output = ()> + core[df12db4294e9bfd3]::marker::Send + core[df12db4294e9bfd3]::marker::Sync> as core[df12db4294e9bfd3]::ops::function::Fn<(&std[70759c8f55707aa4]::panic::PanicHookInfo,)>>::call
[INFO] [stdout]                                at /rustc/dfb0accb7f508ae8be965d8629557221c889dd98/library/alloc/src/boxed.rs:2334:9
[INFO] [stdout]   12:     0x63074e8d3cf0 - test[9d35eded1c95d3be]::test_main_inner::<test[9d35eded1c95d3be]::test_main_static::{closure#0}>::{closure#0}
[INFO] [stdout]                                at /rustc/dfb0accb7f508ae8be965d8629557221c889dd98/library/test/src/lib.rs:155:21
[INFO] [stdout]   13:     0x63074e93a702 - <alloc[2182bb758b4b3781]::boxed::Box<dyn for<'a, 'b> core[df12db4294e9bfd3]::ops::function::Fn<(&'a std[70759c8f55707aa4]::panic::PanicHookInfo<'b>,), Output = ()> + core[df12db4294e9bfd3]::marker::Send + core[df12db4294e9bfd3]::marker::Sync> as core[df12db4294e9bfd3]::ops::function::Fn<(&std[70759c8f55707aa4]::panic::PanicHookInfo,)>>::call
[INFO] [stdout]                                at /rustc/dfb0accb7f508ae8be965d8629557221c889dd98/library/alloc/src/boxed.rs:2334:9
[INFO] [stdout]   14:     0x63074e93a702 - std[70759c8f55707aa4]::panicking::panic_with_hook
[INFO] [stdout]                                at /rustc/dfb0accb7f508ae8be965d8629557221c889dd98/library/std/src/panicking.rs:823:13
[INFO] [stdout]   15:     0x63074e91c264 - std[70759c8f55707aa4]::panicking::panic_handler::{closure#0}
[INFO] [stdout]                                at /rustc/dfb0accb7f508ae8be965d8629557221c889dd98/library/std/src/panicking.rs:681:13
[INFO] [stdout]   16:     0x63074e914a79 - std[70759c8f55707aa4]::sys::backtrace::__rust_end_short_backtrace::<std[70759c8f55707aa4]::panicking::panic_handler::{closure#0}, !>
[INFO] [stdout]                                at /rustc/dfb0accb7f508ae8be965d8629557221c889dd98/library/std/src/sys/backtrace.rs:182:18
[INFO] [stdout]   17:     0x63074e91d1fd - __rustc[8fa7c3cbc660c2b3]::rust_begin_unwind
[INFO] [stderr] error: test failed, to rerun pass `--lib`
[INFO] [stdout]                                at /rustc/dfb0accb7f508ae8be965d8629557221c889dd98/library/std/src/panicking.rs:679:5
[INFO] [stdout]   18:     0x63074e95c19c - core[df12db4294e9bfd3]::panicking::panic_fmt
[INFO] [stdout]                                at /rustc/dfb0accb7f508ae8be965d8629557221c889dd98/library/core/src/panicking.rs:80:14
[INFO] [stdout]   19:     0x63074e95c162 - core[df12db4294e9bfd3]::panicking::panic
[INFO] [stdout]                                at /rustc/dfb0accb7f508ae8be965d8629557221c889dd98/library/core/src/panicking.rs:150:5
[INFO] [stdout]   20:     0x63074e7c5f1d - squeez[9ee0a769bb6d5420]::commands::compress_md::tests::is_git_tracked_true_for_tracked_untracked_and_absent
[INFO] [stdout]                                at /opt/rustwide/workdir/src/commands/compress_md/mod.rs:987:9
[INFO] [stdout]   21:     0x63074e7b7c87 - squeez[9ee0a769bb6d5420]::commands::compress_md::tests::is_git_tracked_true_for_tracked_untracked_and_absent::{closure#0}
[INFO] [stdout]                                at /opt/rustwide/workdir/src/commands/compress_md/mod.rs:984:62
[INFO] [stdout]   22:     0x63074e8a4f26 - <squeez[9ee0a769bb6d5420]::commands::compress_md::tests::is_git_tracked_true_for_tracked_untracked_and_absent::{closure#0} as core[df12db4294e9bfd3]::ops::function::FnOnce<()>>::call_once
[INFO] [stdout]                                at /rustc/dfb0accb7f508ae8be965d8629557221c889dd98/library/core/src/ops/function.rs:250:5
[INFO] [stdout]   23:     0x63074e8c6fdb - <fn() -> core[df12db4294e9bfd3]::result::Result<(), alloc[2182bb758b4b3781]::string::String> as core[df12db4294e9bfd3]::ops::function::FnOnce<()>>::call_once
[INFO] [stdout]                                at /rustc/dfb0accb7f508ae8be965d8629557221c889dd98/library/core/src/ops/function.rs:250:5
[INFO] [stdout]   24:     0x63074e8c6fdb - test[9d35eded1c95d3be]::__rust_begin_short_backtrace::<core[df12db4294e9bfd3]::result::Result<(), alloc[2182bb758b4b3781]::string::String>, fn() -> core[df12db4294e9bfd3]::result::Result<(), alloc[2182bb758b4b3781]::string::String>>
[INFO] [stdout]                                at /rustc/dfb0accb7f508ae8be965d8629557221c889dd98/library/test/src/lib.rs:733:18
[INFO] [stdout]   25:     0x63074e8d4645 - test[9d35eded1c95d3be]::run_test_in_process::{closure#0}
[INFO] [stdout]                                at /rustc/dfb0accb7f508ae8be965d8629557221c889dd98/library/test/src/lib.rs:756:74
[INFO] [stdout]   26:     0x63074e8d4645 - <core[df12db4294e9bfd3]::panic::unwind_safe::AssertUnwindSafe<test[9d35eded1c95d3be]::run_test_in_process::{closure#0}> as core[df12db4294e9bfd3]::ops::function::FnOnce<()>>::call_once
[INFO] [stdout]                                at /rustc/dfb0accb7f508ae8be965d8629557221c889dd98/library/core/src/panic/unwind_safe.rs:275:9
[INFO] [stdout]   27:     0x63074e8d4645 - std[70759c8f55707aa4]::panicking::catch_unwind::do_call::<core[df12db4294e9bfd3]::panic::unwind_safe::AssertUnwindSafe<test[9d35eded1c95d3be]::run_test_in_process::{closure#0}>, core[df12db4294e9bfd3]::result::Result<(), alloc[2182bb758b4b3781]::string::String>>
[INFO] [stdout]                                at /rustc/dfb0accb7f508ae8be965d8629557221c889dd98/library/std/src/panicking.rs:576:43
[INFO] [stdout]   28:     0x63074e8d4645 - std[70759c8f55707aa4]::panicking::catch_unwind::<core[df12db4294e9bfd3]::result::Result<(), alloc[2182bb758b4b3781]::string::String>, core[df12db4294e9bfd3]::panic::unwind_safe::AssertUnwindSafe<test[9d35eded1c95d3be]::run_test_in_process::{closure#0}>>
[INFO] [stdout]                                at /rustc/dfb0accb7f508ae8be965d8629557221c889dd98/library/std/src/panicking.rs:544:19
[INFO] [stdout]   29:     0x63074e8d4645 - std[70759c8f55707aa4]::panic::catch_unwind::<core[df12db4294e9bfd3]::panic::unwind_safe::AssertUnwindSafe<test[9d35eded1c95d3be]::run_test_in_process::{closure#0}>, core[df12db4294e9bfd3]::result::Result<(), alloc[2182bb758b4b3781]::string::String>>
[INFO] [stdout]                                at /rustc/dfb0accb7f508ae8be965d8629557221c889dd98/library/std/src/panic.rs:359:14
[INFO] [stdout]   30:     0x63074e8d4645 - test[9d35eded1c95d3be]::run_test_in_process
[INFO] [stdout]                                at /rustc/dfb0accb7f508ae8be965d8629557221c889dd98/library/test/src/lib.rs:756:27
[INFO] [stdout]   31:     0x63074e8d4645 - test[9d35eded1c95d3be]::run_test::{closure#0}
[INFO] [stdout]                                at /rustc/dfb0accb7f508ae8be965d8629557221c889dd98/library/test/src/lib.rs:677:43
[INFO] [stdout]   32:     0x63074e8cdf04 - test[9d35eded1c95d3be]::run_test::{closure#1}
[INFO] [stdout]                                at /rustc/dfb0accb7f508ae8be965d8629557221c889dd98/library/test/src/lib.rs:707:41
[INFO] [stdout]   33:     0x63074e8cdf04 - std[70759c8f55707aa4]::sys::backtrace::__rust_begin_short_backtrace::<test[9d35eded1c95d3be]::run_test::{closure#1}, ()>
[INFO] [stdout]                                at /rustc/dfb0accb7f508ae8be965d8629557221c889dd98/library/std/src/sys/backtrace.rs:166:18
[INFO] [stdout]   34:     0x63074e8d77a2 - std[70759c8f55707aa4]::thread::lifecycle::spawn_unchecked::<test[9d35eded1c95d3be]::run_test::{closure#1}, ()>::{closure#1}::{closure#0}
[INFO] [stdout]                                at /rustc/dfb0accb7f508ae8be965d8629557221c889dd98/library/std/src/thread/lifecycle.rs:70:13
[INFO] [stdout]   35:     0x63074e8d77a2 - <core[df12db4294e9bfd3]::panic::unwind_safe::AssertUnwindSafe<std[70759c8f55707aa4]::thread::lifecycle::spawn_unchecked<test[9d35eded1c95d3be]::run_test::{closure#1}, ()>::{closure#1}::{closure#0}> as core[df12db4294e9bfd3]::ops::function::FnOnce<()>>::call_once
[INFO] [stdout]                                at /rustc/dfb0accb7f508ae8be965d8629557221c889dd98/library/core/src/panic/unwind_safe.rs:275:9
[INFO] [stdout]   36:     0x63074e8d77a2 - std[70759c8f55707aa4]::panicking::catch_unwind::do_call::<core[df12db4294e9bfd3]::panic::unwind_safe::AssertUnwindSafe<std[70759c8f55707aa4]::thread::lifecycle::spawn_unchecked<test[9d35eded1c95d3be]::run_test::{closure#1}, ()>::{closure#1}::{closure#0}>, ()>
[INFO] [stdout]                                at /rustc/dfb0accb7f508ae8be965d8629557221c889dd98/library/std/src/panicking.rs:576:43
[INFO] [stdout]   37:     0x63074e8d77a2 - std[70759c8f55707aa4]::panicking::catch_unwind::<(), core[df12db4294e9bfd3]::panic::unwind_safe::AssertUnwindSafe<std[70759c8f55707aa4]::thread::lifecycle::spawn_unchecked<test[9d35eded1c95d3be]::run_test::{closure#1}, ()>::{closure#1}::{closure#0}>>
[INFO] [stdout]                                at /rustc/dfb0accb7f508ae8be965d8629557221c889dd98/library/std/src/panicking.rs:544:19
[INFO] [stdout]   38:     0x63074e8d77a2 - std[70759c8f55707aa4]::panic::catch_unwind::<core[df12db4294e9bfd3]::panic::unwind_safe::AssertUnwindSafe<std[70759c8f55707aa4]::thread::lifecycle::spawn_unchecked<test[9d35eded1c95d3be]::run_test::{closure#1}, ()>::{closure#1}::{closure#0}>, ()>
[INFO] [stdout]                                at /rustc/dfb0accb7f508ae8be965d8629557221c889dd98/library/std/src/panic.rs:359:14
[INFO] [stdout]   39:     0x63074e8d77a2 - std[70759c8f55707aa4]::thread::lifecycle::spawn_unchecked::<test[9d35eded1c95d3be]::run_test::{closure#1}, ()>::{closure#1}
[INFO] [stdout]                                at /rustc/dfb0accb7f508ae8be965d8629557221c889dd98/library/std/src/thread/lifecycle.rs:68:26
[INFO] [stdout]   40:     0x63074e8d77a2 - <std[70759c8f55707aa4]::thread::lifecycle::spawn_unchecked<test[9d35eded1c95d3be]::run_test::{closure#1}, ()>::{closure#1} as core[df12db4294e9bfd3]::ops::function::FnOnce<()>>::call_once::{shim:vtable#0}
[INFO] [stdout]                                at /rustc/dfb0accb7f508ae8be965d8629557221c889dd98/library/core/src/ops/function.rs:250:5
[INFO] [stdout]   41:     0x63074e9431b9 - <alloc[2182bb758b4b3781]::boxed::Box<dyn core[df12db4294e9bfd3]::ops::function::FnOnce<(), Output = ()> + core[df12db4294e9bfd3]::marker::Send> as core[df12db4294e9bfd3]::ops::function::FnOnce<()>>::call_once
[INFO] [stdout]                                at /rustc/dfb0accb7f508ae8be965d8629557221c889dd98/library/alloc/src/boxed.rs:2320:9
[INFO] [stdout]   42:     0x63074e9431b9 - <std[70759c8f55707aa4]::sys::thread::unix::Thread>::new::thread_start
[INFO] [stdout]                                at /rustc/dfb0accb7f508ae8be965d8629557221c889dd98/library/std/src/sys/thread/unix.rs:123:17
[INFO] [stdout]   43:     0x764bc2092dfa - <unknown>
[INFO] [stdout]   44:     0x764bc21263d4 - clone
[INFO] [stdout]   45:                0x0 - <unknown>
[INFO] [stdout] 
[INFO] [stdout] 
[INFO] [stdout] failures:
[INFO] [stdout]     commands::compress_md::tests::is_git_tracked_true_for_tracked_untracked_and_absent
[INFO] [stdout] 
[INFO] [stdout] test result: FAILED. 553 passed; 1 failed; 0 ignored; 0 measured; 0 filtered out; finished in 0.22s
[INFO] [stdout] 
[INFO] running `Command { std: "docker" "inspect" "73e7fdbbe39b34a3eb603b2919061addbab75651aefc93f057cf1b84ee16f4c9", kill_on_drop: false }`
[INFO] running `Command { std: "docker" "rm" "-f" "73e7fdbbe39b34a3eb603b2919061addbab75651aefc93f057cf1b84ee16f4c9", kill_on_drop: false }`
[INFO] [stdout] 73e7fdbbe39b34a3eb603b2919061addbab75651aefc93f057cf1b84ee16f4c9
