[INFO] fetching crate sqlite-rwc 0.4.0...
[INFO] testing sqlite-rwc-0.4.0 against 1.100.0-beta.1 for beta-1.100-2
[INFO] extracting crate sqlite-rwc 0.4.0 into /workspace/builds/worker-5-tc2/source
[INFO] started tweaking crates.io crate sqlite-rwc 0.4.0
[INFO] finished tweaking crates.io crate sqlite-rwc 0.4.0
[INFO] tweaked toml for crates.io crate sqlite-rwc 0.4.0 written to /workspace/builds/worker-5-tc2/source/Cargo.toml
[INFO] validating manifest of crates.io crate sqlite-rwc 0.4.0 on toolchain 1.100.0-beta.1
[INFO] running `Command { std: CARGO_HOME="/workspace/cargo-home" RUSTUP_HOME="/workspace/rustup-home" "/workspace/cargo-home/bin/cargo" "+1.100.0-beta.1" "metadata" "--manifest-path" "Cargo.toml" "--no-deps", kill_on_drop: false }`
[INFO] crate crates.io crate sqlite-rwc 0.4.0 already has a lockfile, it will not be regenerated
[INFO] running `Command { std: CARGO_HOME="/workspace/cargo-home" RUSTUP_HOME="/workspace/rustup-home" "/workspace/cargo-home/bin/cargo" "+1.100.0-beta.1" "fetch" "--manifest-path" "Cargo.toml", kill_on_drop: false }`
[INFO] running `Command { std: "docker" "create" "-v" "/var/lib/crater-agent-workspace/builds/worker-5-tc2/source:/opt/rustwide/workdir:ro,Z" "-v" "/var/lib/crater-agent-workspace/builds/worker-5-tc2/target:/opt/rustwide/target:rw,Z" "-v" "/var/lib/crater-agent-workspace/cargo-home:/opt/rustwide/cargo-home:ro,Z" "-v" "/var/lib/crater-agent-workspace/rustup-home:/opt/rustwide/rustup-home:ro,Z" "-m" "1610612736" "--network" "none" "ghcr.io/rust-lang/crates-build-env/linux@sha256:3111399a4047eeb3a02b7a90e478d715f38a8c6669b5c4b49d30a17385265909" "sleep" "infinity", kill_on_drop: false }`
[INFO] [stdout] 6691514c3910acd709a260ba196e25354abc86a3e2b044db49ba7246674a3d4d
[INFO] running `Command { std: "docker" "start" "6691514c3910acd709a260ba196e25354abc86a3e2b044db49ba7246674a3d4d", kill_on_drop: false }`
[INFO] running `Command { std: "docker" "inspect" "6691514c3910acd709a260ba196e25354abc86a3e2b044db49ba7246674a3d4d", kill_on_drop: false }`
[INFO] running `Command { std: "docker" "exec" "-e" "SOURCE_DIR=/opt/rustwide/workdir" "-e" "CARGO_HOME=/opt/rustwide/cargo-home" "-e" "RUSTUP_HOME=/opt/rustwide/rustup-home" "-e" "CARGO_TARGET_DIR=/opt/rustwide/target" "-w" "/opt/rustwide/workdir" "--user" "0:0" "6691514c3910acd709a260ba196e25354abc86a3e2b044db49ba7246674a3d4d" "/opt/rustwide/cargo-home/bin/cargo" "+1.100.0-beta.1" "metadata" "--no-deps" "--format-version=1", kill_on_drop: false }`
[INFO] running `Command { std: "docker" "inspect" "6691514c3910acd709a260ba196e25354abc86a3e2b044db49ba7246674a3d4d", kill_on_drop: false }`
[INFO] running `Command { std: "docker" "exec" "-e" "SOURCE_DIR=/opt/rustwide/workdir" "-e" "CARGO_HOME=/opt/rustwide/cargo-home" "-e" "RUSTUP_HOME=/opt/rustwide/rustup-home" "-e" "CARGO_TARGET_DIR=/opt/rustwide/target" "-e" "CARGO_INCREMENTAL=0" "-e" "RUST_BACKTRACE=full" "-e" "RUSTFLAGS=--cap-lints=warn" "-e" "RUSTDOCFLAGS=--cap-lints=warn" "-w" "/opt/rustwide/workdir" "--user" "0:0" "6691514c3910acd709a260ba196e25354abc86a3e2b044db49ba7246674a3d4d" "/opt/rustwide/cargo-home/bin/cargo" "+1.100.0-beta.1" "build" "--frozen" "--message-format=json", kill_on_drop: false }`
[INFO] [stderr]    Compiling proc-macro2 v1.0.105
[INFO] [stderr]    Compiling quote v1.0.43
[INFO] [stderr]    Compiling libc v0.2.180
[INFO] [stderr]    Compiling syn v2.0.114
[INFO] [stderr]    Compiling parking_lot_core v0.9.12
[INFO] [stderr]    Compiling parking_lot v0.12.5
[INFO] [stderr]    Compiling tracing-attributes v0.1.31
[INFO] [stderr]    Compiling thiserror-impl v2.0.18
[INFO] [stderr]    Compiling thiserror v2.0.18
[INFO] [stderr]    Compiling tracing v0.1.44
[INFO] [stderr]    Compiling sqlite-rwc v0.4.0 (/opt/rustwide/workdir)
[INFO] [stderr]     Finished `dev` profile [unoptimized + debuginfo] target(s) in 8.89s
[INFO] running `Command { std: "docker" "inspect" "6691514c3910acd709a260ba196e25354abc86a3e2b044db49ba7246674a3d4d", kill_on_drop: false }`
[INFO] running `Command { std: "docker" "exec" "-e" "SOURCE_DIR=/opt/rustwide/workdir" "-e" "CARGO_HOME=/opt/rustwide/cargo-home" "-e" "RUSTUP_HOME=/opt/rustwide/rustup-home" "-e" "CARGO_TARGET_DIR=/opt/rustwide/target" "-e" "CARGO_INCREMENTAL=0" "-e" "RUST_BACKTRACE=full" "-e" "RUSTFLAGS=--cap-lints=warn" "-e" "RUSTDOCFLAGS=--cap-lints=warn" "-w" "/opt/rustwide/workdir" "--user" "0:0" "6691514c3910acd709a260ba196e25354abc86a3e2b044db49ba7246674a3d4d" "/opt/rustwide/cargo-home/bin/cargo" "+1.100.0-beta.1" "test" "--frozen" "--no-run" "--message-format=json", kill_on_drop: false }`
[INFO] [stderr]    Compiling remove_dir_all v0.5.3
[INFO] [stderr]    Compiling rand v0.4.6
[INFO] [stderr]    Compiling tokio-macros v2.6.0
[INFO] [stderr]    Compiling tokio v1.49.0
[INFO] [stderr]    Compiling tempdir v0.3.7
[INFO] [stderr]    Compiling sqlite-rwc v0.4.0 (/opt/rustwide/workdir)
[INFO] [stderr]     Finished `test` profile [unoptimized + debuginfo] target(s) in 3.44s
[INFO] running `Command { std: "docker" "inspect" "6691514c3910acd709a260ba196e25354abc86a3e2b044db49ba7246674a3d4d", kill_on_drop: false }`
[INFO] running `Command { std: "docker" "exec" "-e" "SOURCE_DIR=/opt/rustwide/workdir" "-e" "CARGO_HOME=/opt/rustwide/cargo-home" "-e" "RUSTUP_HOME=/opt/rustwide/rustup-home" "-e" "CARGO_TARGET_DIR=/opt/rustwide/target" "-e" "CARGO_INCREMENTAL=0" "-e" "RUST_BACKTRACE=full" "-e" "RUSTFLAGS=--cap-lints=warn" "-e" "RUSTDOCFLAGS=--cap-lints=warn" "-w" "/opt/rustwide/workdir" "--user" "0:0" "6691514c3910acd709a260ba196e25354abc86a3e2b044db49ba7246674a3d4d" "/opt/rustwide/cargo-home/bin/cargo" "+1.100.0-beta.1" "test" "--frozen", kill_on_drop: false }`
[INFO] [stderr]     Finished `test` profile [unoptimized + debuginfo] target(s) in 0.05s
[INFO] [stderr]      Running unittests src/lib.rs (/opt/rustwide/target/debug/build/sqlite-rwc/ea9ecee901ade578/out/sqlite_rwc-ea9ecee901ade578)
[INFO] [stdout] 
[INFO] [stdout] running 0 tests
[INFO] [stderr]    Doc-tests sqlite_rwc
[INFO] [stdout] 
[INFO] [stdout] test result: ok. 0 passed; 0 failed; 0 ignored; 0 measured; 0 filtered out; finished in 0.00s
[INFO] [stdout] 
[INFO] [stdout] 
[INFO] [stdout] running 1 test
[INFO] [stderr] error: doctest failed, to rerun pass `--doc`
[INFO] [stdout] test src/../README.md - (line 33) ... FAILED
[INFO] [stdout] 
[INFO] [stdout] failures:
[INFO] [stdout] 
[INFO] [stdout] ---- src/../README.md - (line 33) stdout ----
[INFO] [stdout] error[E0432]: unresolved import `sqlite_rwc::drivers::rusqlite`
[INFO] [stdout]   --> src/../README.md:36:26
[INFO] [stdout]    |
[INFO] [stdout] 36 | use sqlite_rwc::drivers::rusqlite::RusqliteDriver;
[INFO] [stdout]    |                          ^^^^^^^^ could not find `rusqlite` in `drivers`
[INFO] [stdout]    |
[INFO] [stdout] note: found an item that was configured out
[INFO] [stdout]   --> src/drivers.rs:5:9
[INFO] [stdout]    |
[INFO] [stdout]  4 | #[cfg(feature = "rusqlite")]
[INFO] [stdout]    |       -------------------- the item is gated behind the `rusqlite` feature
[INFO] [stdout]  5 | pub mod rusqlite;
[INFO] [stdout]    |         ^^^^^^^^
[INFO] [stdout] 
[INFO] [stdout] error[E0433]: cannot find module or crate `rusqlite` in this scope
[INFO] [stdout]   --> src/../README.md:56:47
[INFO] [stdout]    |
[INFO] [stdout] 56 | connection.read_transaction_closure(|conn| -> rusqlite::Result<()>{
[INFO] [stdout]    |                                               ^^^^^^^^ use of unresolved module or unlinked crate `rusqlite`
[INFO] [stdout]    |
[INFO] [stdout]    = help: if you wanted to use a crate named `rusqlite`, use `cargo add rusqlite` to add it to your `Cargo.toml`
[INFO] [stdout] 
[INFO] [stdout] error[E0433]: cannot find module or crate `rusqlite` in this scope
[INFO] [stdout]   --> src/../README.md:61:42
[INFO] [stdout]    |
[INFO] [stdout] 61 | connection.transaction_closure(|conn| -> rusqlite::Result<()>{
[INFO] [stdout]    |                                          ^^^^^^^^ use of unresolved module or unlinked crate `rusqlite`
[INFO] [stdout]    |
[INFO] [stdout]    = help: if you wanted to use a crate named `rusqlite`, use `cargo add rusqlite` to add it to your `Cargo.toml`
[INFO] [stdout] 
[INFO] [stdout] error: aborting due to 3 previous errors
[INFO] [stdout] 
[INFO] [stdout] Some errors have detailed explanations: E0432, E0433.
[INFO] [stdout] For more information about an error, try `rustc --explain E0432`.
[INFO] [stdout] Couldn't compile the test.
[INFO] [stdout] 
[INFO] [stdout] failures:
[INFO] [stdout]     src/../README.md - (line 33)
[INFO] [stdout] 
[INFO] [stdout] test result: FAILED. 0 passed; 1 failed; 0 ignored; 0 measured; 0 filtered out; finished in 0.17s
[INFO] [stdout] 
[INFO] [stdout] all doctests ran in 0.38s; merged doctests compilation took 0.20s
[INFO] running `Command { std: "docker" "inspect" "6691514c3910acd709a260ba196e25354abc86a3e2b044db49ba7246674a3d4d", kill_on_drop: false }`
[INFO] running `Command { std: "docker" "rm" "-f" "6691514c3910acd709a260ba196e25354abc86a3e2b044db49ba7246674a3d4d", kill_on_drop: false }`
[INFO] [stdout] 6691514c3910acd709a260ba196e25354abc86a3e2b044db49ba7246674a3d4d
