[INFO] fetching crate sphrs 0.2.2...
[INFO] testing sphrs-0.2.2 against 1.100.0-beta.1 for beta-1.100-2
[INFO] extracting crate sphrs 0.2.2 into /workspace/builds/worker-1-tc2/source
[INFO] started tweaking crates.io crate sphrs 0.2.2
[INFO] finished tweaking crates.io crate sphrs 0.2.2
[INFO] tweaked toml for crates.io crate sphrs 0.2.2 written to /workspace/builds/worker-1-tc2/source/Cargo.toml
[INFO] validating manifest of crates.io crate sphrs 0.2.2 on toolchain 1.100.0-beta.1
[INFO] running `Command { std: CARGO_HOME="/workspace/cargo-home" RUSTUP_HOME="/workspace/rustup-home" "/workspace/cargo-home/bin/cargo" "+1.100.0-beta.1" "metadata" "--manifest-path" "Cargo.toml" "--no-deps", kill_on_drop: false }`
[INFO] crate crates.io crate sphrs 0.2.2 already has a lockfile, it will not be regenerated
[INFO] running `Command { std: CARGO_HOME="/workspace/cargo-home" RUSTUP_HOME="/workspace/rustup-home" "/workspace/cargo-home/bin/cargo" "+1.100.0-beta.1" "fetch" "--manifest-path" "Cargo.toml", kill_on_drop: false }`
[INFO] running `Command { std: "docker" "create" "-v" "/var/lib/crater-agent-workspace/builds/worker-1-tc2/source:/opt/rustwide/workdir:ro,Z" "-v" "/var/lib/crater-agent-workspace/builds/worker-1-tc2/target:/opt/rustwide/target:rw,Z" "-v" "/var/lib/crater-agent-workspace/cargo-home:/opt/rustwide/cargo-home:ro,Z" "-v" "/var/lib/crater-agent-workspace/rustup-home:/opt/rustwide/rustup-home:ro,Z" "-m" "1610612736" "--network" "none" "ghcr.io/rust-lang/crates-build-env/linux@sha256:3111399a4047eeb3a02b7a90e478d715f38a8c6669b5c4b49d30a17385265909" "sleep" "infinity", kill_on_drop: false }`
[INFO] [stdout] 50c9022b17d0f194242bdf26257f8ce55f3606c5caba956b62dde7e2ece09460
[INFO] running `Command { std: "docker" "start" "50c9022b17d0f194242bdf26257f8ce55f3606c5caba956b62dde7e2ece09460", kill_on_drop: false }`
[INFO] running `Command { std: "docker" "inspect" "50c9022b17d0f194242bdf26257f8ce55f3606c5caba956b62dde7e2ece09460", kill_on_drop: false }`
[INFO] running `Command { std: "docker" "exec" "-e" "SOURCE_DIR=/opt/rustwide/workdir" "-e" "CARGO_HOME=/opt/rustwide/cargo-home" "-e" "RUSTUP_HOME=/opt/rustwide/rustup-home" "-e" "CARGO_TARGET_DIR=/opt/rustwide/target" "-w" "/opt/rustwide/workdir" "--user" "0:0" "50c9022b17d0f194242bdf26257f8ce55f3606c5caba956b62dde7e2ece09460" "/opt/rustwide/cargo-home/bin/cargo" "+1.100.0-beta.1" "metadata" "--no-deps" "--format-version=1", kill_on_drop: false }`
[INFO] running `Command { std: "docker" "inspect" "50c9022b17d0f194242bdf26257f8ce55f3606c5caba956b62dde7e2ece09460", kill_on_drop: false }`
[INFO] running `Command { std: "docker" "exec" "-e" "SOURCE_DIR=/opt/rustwide/workdir" "-e" "CARGO_HOME=/opt/rustwide/cargo-home" "-e" "RUSTUP_HOME=/opt/rustwide/rustup-home" "-e" "CARGO_TARGET_DIR=/opt/rustwide/target" "-e" "CARGO_INCREMENTAL=0" "-e" "RUST_BACKTRACE=full" "-e" "RUSTFLAGS=--cap-lints=warn" "-e" "RUSTDOCFLAGS=--cap-lints=warn" "-w" "/opt/rustwide/workdir" "--user" "0:0" "50c9022b17d0f194242bdf26257f8ce55f3606c5caba956b62dde7e2ece09460" "/opt/rustwide/cargo-home/bin/cargo" "+1.100.0-beta.1" "build" "--frozen" "--message-format=json", kill_on_drop: false }`
[INFO] [stderr]    Compiling num-bigint v0.4.3
[INFO] [stderr]    Compiling num-rational v0.4.1
[INFO] [stderr]    Compiling num-iter v0.1.43
[INFO] [stderr]    Compiling num-integer v0.1.45
[INFO] [stderr]    Compiling num-complex v0.4.3
[INFO] [stderr]    Compiling num v0.4.0
[INFO] [stderr]    Compiling sphrs v0.2.2 (/opt/rustwide/workdir)
[INFO] [stdout] warning: unnecessary parentheses around closure body
[INFO] [stdout]   --> src/sh/harmonicsset.rs:31:43
[INFO] [stdout]    |
[INFO] [stdout] 31 |         let num_sh = (0..=degree).map(|o| (2 * o + 1)).sum();
[INFO] [stdout]    |                                           ^         ^
[INFO] [stdout]    |
[INFO] [stdout]    = note: `#[warn(unused_parens)]` (part of `#[warn(unused)]`) on by default
[INFO] [stdout] help: remove these parentheses
[INFO] [stdout]    |
[INFO] [stdout] 31 -         let num_sh = (0..=degree).map(|o| (2 * o + 1)).sum();
[INFO] [stdout] 31 +         let num_sh = (0..=degree).map(|o| 2 * o + 1).sum();
[INFO] [stdout]    |
[INFO] [stdout] 
[INFO] [stdout] 
[INFO] [stderr]     Finished `dev` profile [unoptimized + debuginfo] target(s) in 2.25s
[INFO] running `Command { std: "docker" "inspect" "50c9022b17d0f194242bdf26257f8ce55f3606c5caba956b62dde7e2ece09460", kill_on_drop: false }`
[INFO] running `Command { std: "docker" "exec" "-e" "SOURCE_DIR=/opt/rustwide/workdir" "-e" "CARGO_HOME=/opt/rustwide/cargo-home" "-e" "RUSTUP_HOME=/opt/rustwide/rustup-home" "-e" "CARGO_TARGET_DIR=/opt/rustwide/target" "-e" "CARGO_INCREMENTAL=0" "-e" "RUST_BACKTRACE=full" "-e" "RUSTFLAGS=--cap-lints=warn" "-e" "RUSTDOCFLAGS=--cap-lints=warn" "-w" "/opt/rustwide/workdir" "--user" "0:0" "50c9022b17d0f194242bdf26257f8ce55f3606c5caba956b62dde7e2ece09460" "/opt/rustwide/cargo-home/bin/cargo" "+1.100.0-beta.1" "test" "--frozen" "--no-run" "--message-format=json", kill_on_drop: false }`
[INFO] [stderr]    Compiling libc v0.2.139
[INFO] [stderr]    Compiling proc-macro2 v1.0.50
[INFO] [stderr]    Compiling log v0.4.17
[INFO] [stderr]    Compiling serde v1.0.152
[INFO] [stderr]    Compiling quote v1.0.23
[INFO] [stderr]    Compiling unicode-ident v1.0.6
[INFO] [stderr]    Compiling syn v1.0.107
[INFO] [stderr]    Compiling regex-syntax v0.6.28
[INFO] [stderr]    Compiling regex-automata v0.1.10
[INFO] [stderr]    Compiling ryu v1.0.12
[INFO] [stderr]    Compiling itoa v0.4.8
[INFO] [stderr]    Compiling aho-corasick v0.7.20
[INFO] [stderr]    Compiling csv-core v0.1.10
[INFO] [stderr]    Compiling approx v0.5.1
[INFO] [stdout] warning: unnecessary parentheses around closure body
[INFO] [stdout]   --> src/sh/harmonicsset.rs:31:43
[INFO] [stdout]    |
[INFO] [stdout] 31 |         let num_sh = (0..=degree).map(|o| (2 * o + 1)).sum();
[INFO] [stdout]    |                                           ^         ^
[INFO] [stdout]    |
[INFO] [stdout]    = note: `#[warn(unused_parens)]` (part of `#[warn(unused)]`) on by default
[INFO] [stdout] help: remove these parentheses
[INFO] [stdout]    |
[INFO] [stdout] 31 -         let num_sh = (0..=degree).map(|o| (2 * o + 1)).sum();
[INFO] [stdout] 31 +         let num_sh = (0..=degree).map(|o| 2 * o + 1).sum();
[INFO] [stdout]    |
[INFO] [stdout] 
[INFO] [stdout] 
[INFO] [stderr]    Compiling getrandom v0.2.8
[INFO] [stderr]    Compiling rand_core v0.6.4
[INFO] [stderr]    Compiling rand v0.8.5
[INFO] [stderr]    Compiling regex v1.7.1
[INFO] [stderr]    Compiling env_logger v0.8.4
[INFO] [stderr]    Compiling quickcheck v1.0.3
[INFO] [stderr]    Compiling quickcheck_macros v1.0.0
[INFO] [stderr]    Compiling bstr v0.2.17
[INFO] [stderr]    Compiling csv v1.1.6
[INFO] [stderr]    Compiling sphrs v0.2.2 (/opt/rustwide/workdir)
[INFO] [stdout] warning: unnecessary parentheses around closure body
[INFO] [stdout]   --> src/sh/harmonicsset.rs:31:43
[INFO] [stdout]    |
[INFO] [stdout] 31 |         let num_sh = (0..=degree).map(|o| (2 * o + 1)).sum();
[INFO] [stdout]    |                                           ^         ^
[INFO] [stdout]    |
[INFO] [stdout]    = note: `#[warn(unused_parens)]` (part of `#[warn(unused)]`) on by default
[INFO] [stdout] help: remove these parentheses
[INFO] [stdout]    |
[INFO] [stdout] 31 -         let num_sh = (0..=degree).map(|o| (2 * o + 1)).sum();
[INFO] [stdout] 31 +         let num_sh = (0..=degree).map(|o| 2 * o + 1).sum();
[INFO] [stdout]    |
[INFO] [stdout] 
[INFO] [stdout] 
[INFO] [stdout] warning: use of deprecated constant `std::f64::EPSILON`: replaced by the `EPSILON` associated constant on `f64`
[INFO] [stdout]    --> src/sh/mod.rs:337:36
[INFO] [stdout]     |
[INFO] [stdout] 337 |         let tol = 10.0 * std::f64::EPSILON;
[INFO] [stdout]     |                                    ^^^^^^^
[INFO] [stdout]     |
[INFO] [stdout]     = note: `#[warn(deprecated)]` on by default
[INFO] [stdout] 
[INFO] [stdout] 
[INFO] [stdout] warning: use of deprecated constant `std::f64::EPSILON`: replaced by the `EPSILON` associated constant on `f64`
[INFO] [stdout]    --> src/sh/mod.rs:382:36
[INFO] [stdout]     |
[INFO] [stdout] 382 |         let tol = 10.0 * std::f64::EPSILON;
[INFO] [stdout]     |                                    ^^^^^^^
[INFO] [stdout] 
[INFO] [stdout] 
[INFO] [stderr]     Finished `test` profile [unoptimized + debuginfo] target(s) in 8.69s
[INFO] running `Command { std: "docker" "inspect" "50c9022b17d0f194242bdf26257f8ce55f3606c5caba956b62dde7e2ece09460", kill_on_drop: false }`
[INFO] running `Command { std: "docker" "exec" "-e" "SOURCE_DIR=/opt/rustwide/workdir" "-e" "CARGO_HOME=/opt/rustwide/cargo-home" "-e" "RUSTUP_HOME=/opt/rustwide/rustup-home" "-e" "CARGO_TARGET_DIR=/opt/rustwide/target" "-e" "CARGO_INCREMENTAL=0" "-e" "RUST_BACKTRACE=full" "-e" "RUSTFLAGS=--cap-lints=warn" "-e" "RUSTDOCFLAGS=--cap-lints=warn" "-w" "/opt/rustwide/workdir" "--user" "0:0" "50c9022b17d0f194242bdf26257f8ce55f3606c5caba956b62dde7e2ece09460" "/opt/rustwide/cargo-home/bin/cargo" "+1.100.0-beta.1" "test" "--frozen", kill_on_drop: false }`
[INFO] [stderr] warning: unnecessary parentheses around closure body
[INFO] [stderr]   --> src/sh/harmonicsset.rs:31:43
[INFO] [stderr]    |
[INFO] [stderr] 31 |         let num_sh = (0..=degree).map(|o| (2 * o + 1)).sum();
[INFO] [stderr]    |                                           ^         ^
[INFO] [stderr]    |
[INFO] [stderr]    = note: `#[warn(unused_parens)]` (part of `#[warn(unused)]`) on by default
[INFO] [stderr] help: remove these parentheses
[INFO] [stderr]    |
[INFO] [stderr] 31 -         let num_sh = (0..=degree).map(|o| (2 * o + 1)).sum();
[INFO] [stderr] 31 +         let num_sh = (0..=degree).map(|o| 2 * o + 1).sum();
[INFO] [stderr]    |
[INFO] [stderr] 
[INFO] [stderr] warning: `sphrs` (lib) generated 1 warning (run `cargo fix --lib -p sphrs` to apply 1 suggestion)
[INFO] [stderr] warning: use of deprecated constant `std::f64::EPSILON`: replaced by the `EPSILON` associated constant on `f64`
[INFO] [stderr]    --> src/sh/mod.rs:337:36
[INFO] [stderr]     |
[INFO] [stderr] 337 |         let tol = 10.0 * std::f64::EPSILON;
[INFO] [stderr]     |                                    ^^^^^^^
[INFO] [stderr]     |
[INFO] [stderr]     = note: `#[warn(deprecated)]` on by default
[INFO] [stderr] 
[INFO] [stderr] warning: use of deprecated constant `std::f64::EPSILON`: replaced by the `EPSILON` associated constant on `f64`
[INFO] [stderr]    --> src/sh/mod.rs:382:36
[INFO] [stderr]     |
[INFO] [stderr] 382 |         let tol = 10.0 * std::f64::EPSILON;
[INFO] [stderr]     |                                    ^^^^^^^
[INFO] [stderr] 
[INFO] [stderr] warning: `sphrs` (lib test) generated 3 warnings (1 duplicate)
[INFO] [stderr]     Finished `test` profile [unoptimized + debuginfo] target(s) in 0.06s
[INFO] [stderr]      Running unittests src/lib.rs (/opt/rustwide/target/debug/build/sphrs/6deb70a7a88e1363/out/sphrs-6deb70a7a88e1363)
[INFO] [stdout] 
[INFO] [stdout] running 6 tests
[INFO] [stdout] test sh::tests::compare_hardcoded_and_recursive ... ok
[INFO] [stdout] test coordinates::tests::shcoordinates_cartesian_f32 ... ok
[INFO] [stdout] test coordinates::tests::shcoordinates_cartesian_f64 ... ok
[INFO] [stdout] test coordinates::tests::shcoordinates_spherical_f32 ... ok
[INFO] [stdout] test coordinates::tests::shcoordinates_spherical_f64 ... ok
[INFO] [stdout] test sh::tests::compare_recursive_complex_and_scipy ... ok
[INFO] [stdout] 
[INFO] [stdout] test result: ok. 6 passed; 0 failed; 0 ignored; 0 measured; 0 filtered out; finished in 0.13s
[INFO] [stdout] 
[INFO] [stderr]    Doc-tests sphrs
[INFO] [stderr] warning: unnecessary parentheses around closure body
[INFO] [stderr]   --> src/sh/harmonicsset.rs:31:43
[INFO] [stderr]    |
[INFO] [stderr] 31 |         let num_sh = (0..=degree).map(|o| (2 * o + 1)).sum();
[INFO] [stderr]    |                                           ^         ^
[INFO] [stderr]    |
[INFO] [stderr]    = note: `#[warn(unused_parens)]` (part of `#[warn(unused)]`) on by default
[INFO] [stderr] help: remove these parentheses
[INFO] [stderr]    |
[INFO] [stderr] 31 -         let num_sh = (0..=degree).map(|o| (2 * o + 1)).sum();
[INFO] [stderr] 31 +         let num_sh = (0..=degree).map(|o| 2 * o + 1).sum();
[INFO] [stderr]    |
[INFO] [stderr] 
[INFO] [stderr] warning: 1 warning emitted
[INFO] [stderr] 
[INFO] [stdout] 
[INFO] [stdout] running 5 tests
[INFO] [stdout] test src/coordinates.rs - coordinates::Coordinates<T>::spherical (line 85) ... ok
[INFO] [stdout] test src/coordinates.rs - coordinates::Coordinates<T>::cartesian (line 60) ... ok
[INFO] [stdout] test src/lib.rs - (line 47) ... ok
[INFO] [stdout] test src/lib.rs - (line 71) ... FAILED
[INFO] [stdout] test src/lib.rs - (line 92) ... FAILED
[INFO] [stdout] 
[INFO] [stdout] failures:
[INFO] [stdout] 
[INFO] [stdout] ---- src/lib.rs - (line 71) stdout ----
[INFO] [stdout] Couldn't compile the test.
[INFO] [stdout] ---- src/lib.rs - (line 92) stdout ----
[INFO] [stdout] Couldn't compile the test.
[INFO] [stdout] 
[INFO] [stdout] failures:
[INFO] [stdout]     src/lib.rs - (line 71)
[INFO] [stdout]     src/lib.rs - (line 92)
[INFO] [stdout] 
[INFO] [stdout] test result: FAILED. 3 passed; 2 failed; 0 ignored; 0 measured; 0 filtered out; finished in 7.11s
[INFO] [stdout] 
[INFO] [stderr] error: doctest failed, to rerun pass `--doc`
[INFO] running `Command { std: "docker" "inspect" "50c9022b17d0f194242bdf26257f8ce55f3606c5caba956b62dde7e2ece09460", kill_on_drop: false }`
[INFO] running `Command { std: "docker" "rm" "-f" "50c9022b17d0f194242bdf26257f8ce55f3606c5caba956b62dde7e2ece09460", kill_on_drop: false }`
[INFO] [stdout] 50c9022b17d0f194242bdf26257f8ce55f3606c5caba956b62dde7e2ece09460
