[INFO] fetching crate specta-typescript 0.0.12...
[INFO] testing specta-typescript-0.0.12 against 1.100.0-beta.1 for beta-1.100-2
[INFO] extracting crate specta-typescript 0.0.12 into /workspace/builds/worker-6-tc2/source
[INFO] started tweaking crates.io crate specta-typescript 0.0.12
[INFO] finished tweaking crates.io crate specta-typescript 0.0.12
[INFO] tweaked toml for crates.io crate specta-typescript 0.0.12 written to /workspace/builds/worker-6-tc2/source/Cargo.toml
[INFO] validating manifest of crates.io crate specta-typescript 0.0.12 on toolchain 1.100.0-beta.1
[INFO] running `Command { std: CARGO_HOME="/workspace/cargo-home" RUSTUP_HOME="/workspace/rustup-home" "/workspace/cargo-home/bin/cargo" "+1.100.0-beta.1" "metadata" "--manifest-path" "Cargo.toml" "--no-deps", kill_on_drop: false }`
[INFO] crate crates.io crate specta-typescript 0.0.12 already has a lockfile, it will not be regenerated
[INFO] running `Command { std: CARGO_HOME="/workspace/cargo-home" RUSTUP_HOME="/workspace/rustup-home" "/workspace/cargo-home/bin/cargo" "+1.100.0-beta.1" "fetch" "--manifest-path" "Cargo.toml", kill_on_drop: false }`
[INFO] running `Command { std: "docker" "create" "-v" "/var/lib/crater-agent-workspace/builds/worker-6-tc2/source:/opt/rustwide/workdir:ro,Z" "-v" "/var/lib/crater-agent-workspace/builds/worker-6-tc2/target:/opt/rustwide/target:rw,Z" "-v" "/var/lib/crater-agent-workspace/cargo-home:/opt/rustwide/cargo-home:ro,Z" "-v" "/var/lib/crater-agent-workspace/rustup-home:/opt/rustwide/rustup-home:ro,Z" "-m" "1610612736" "--network" "none" "ghcr.io/rust-lang/crates-build-env/linux@sha256:3111399a4047eeb3a02b7a90e478d715f38a8c6669b5c4b49d30a17385265909" "sleep" "infinity", kill_on_drop: false }`
[INFO] [stdout] 8000c2f5967a244317caaa7114de2c75b2b03dac4e1c42c0dd54367184548dbc
[INFO] running `Command { std: "docker" "start" "8000c2f5967a244317caaa7114de2c75b2b03dac4e1c42c0dd54367184548dbc", kill_on_drop: false }`
[INFO] running `Command { std: "docker" "inspect" "8000c2f5967a244317caaa7114de2c75b2b03dac4e1c42c0dd54367184548dbc", kill_on_drop: false }`
[INFO] running `Command { std: "docker" "exec" "-e" "SOURCE_DIR=/opt/rustwide/workdir" "-e" "CARGO_HOME=/opt/rustwide/cargo-home" "-e" "RUSTUP_HOME=/opt/rustwide/rustup-home" "-e" "CARGO_TARGET_DIR=/opt/rustwide/target" "-w" "/opt/rustwide/workdir" "--user" "0:0" "8000c2f5967a244317caaa7114de2c75b2b03dac4e1c42c0dd54367184548dbc" "/opt/rustwide/cargo-home/bin/cargo" "+1.100.0-beta.1" "metadata" "--no-deps" "--format-version=1", kill_on_drop: false }`
[INFO] running `Command { std: "docker" "inspect" "8000c2f5967a244317caaa7114de2c75b2b03dac4e1c42c0dd54367184548dbc", kill_on_drop: false }`
[INFO] running `Command { std: "docker" "exec" "-e" "SOURCE_DIR=/opt/rustwide/workdir" "-e" "CARGO_HOME=/opt/rustwide/cargo-home" "-e" "RUSTUP_HOME=/opt/rustwide/rustup-home" "-e" "CARGO_TARGET_DIR=/opt/rustwide/target" "-e" "CARGO_INCREMENTAL=0" "-e" "RUST_BACKTRACE=full" "-e" "RUSTFLAGS=--cap-lints=warn" "-e" "RUSTDOCFLAGS=--cap-lints=warn" "-w" "/opt/rustwide/workdir" "--user" "0:0" "8000c2f5967a244317caaa7114de2c75b2b03dac4e1c42c0dd54367184548dbc" "/opt/rustwide/cargo-home/bin/cargo" "+1.100.0-beta.1" "build" "--frozen" "--message-format=json", kill_on_drop: false }`
[INFO] [stderr]    Compiling specta v2.0.0-rc.25
[INFO] [stderr]    Compiling specta-typescript v0.0.12 (/opt/rustwide/workdir)
[INFO] [stderr]     Finished `dev` profile [unoptimized + debuginfo] target(s) in 2.92s
[INFO] running `Command { std: "docker" "inspect" "8000c2f5967a244317caaa7114de2c75b2b03dac4e1c42c0dd54367184548dbc", kill_on_drop: false }`
[INFO] running `Command { std: "docker" "exec" "-e" "SOURCE_DIR=/opt/rustwide/workdir" "-e" "CARGO_HOME=/opt/rustwide/cargo-home" "-e" "RUSTUP_HOME=/opt/rustwide/rustup-home" "-e" "CARGO_TARGET_DIR=/opt/rustwide/target" "-e" "CARGO_INCREMENTAL=0" "-e" "RUST_BACKTRACE=full" "-e" "RUSTFLAGS=--cap-lints=warn" "-e" "RUSTDOCFLAGS=--cap-lints=warn" "-w" "/opt/rustwide/workdir" "--user" "0:0" "8000c2f5967a244317caaa7114de2c75b2b03dac4e1c42c0dd54367184548dbc" "/opt/rustwide/cargo-home/bin/cargo" "+1.100.0-beta.1" "test" "--frozen" "--no-run" "--message-format=json", kill_on_drop: false }`
[INFO] [stderr]    Compiling Inflector v0.11.4
[INFO] [stderr]    Compiling small_ctor v0.1.2
[INFO] [stderr]    Compiling quote v1.0.45
[INFO] [stderr]    Compiling specta v2.0.0-rc.25
[INFO] [stderr]    Compiling syn v2.0.117
[INFO] [stderr]    Compiling specta-macros v2.0.0-rc.25
[INFO] [stderr]    Compiling serde_derive v1.0.228
[INFO] [stderr]    Compiling specta-typescript v0.0.12 (/opt/rustwide/workdir)
[INFO] [stderr]    Compiling serde v1.0.228
[INFO] [stderr]     Finished `test` profile [unoptimized + debuginfo] target(s) in 8.16s
[INFO] running `Command { std: "docker" "inspect" "8000c2f5967a244317caaa7114de2c75b2b03dac4e1c42c0dd54367184548dbc", kill_on_drop: false }`
[INFO] running `Command { std: "docker" "exec" "-e" "SOURCE_DIR=/opt/rustwide/workdir" "-e" "CARGO_HOME=/opt/rustwide/cargo-home" "-e" "RUSTUP_HOME=/opt/rustwide/rustup-home" "-e" "CARGO_TARGET_DIR=/opt/rustwide/target" "-e" "CARGO_INCREMENTAL=0" "-e" "RUST_BACKTRACE=full" "-e" "RUSTFLAGS=--cap-lints=warn" "-e" "RUSTDOCFLAGS=--cap-lints=warn" "-w" "/opt/rustwide/workdir" "--user" "0:0" "8000c2f5967a244317caaa7114de2c75b2b03dac4e1c42c0dd54367184548dbc" "/opt/rustwide/cargo-home/bin/cargo" "+1.100.0-beta.1" "test" "--frozen", kill_on_drop: false }`
[INFO] [stderr]     Finished `test` profile [unoptimized + debuginfo] target(s) in 0.03s
[INFO] [stderr]      Running unittests src/lib.rs (/opt/rustwide/target/debug/build/specta-typescript/4670d289fbdc2837/out/specta_typescript-4670d289fbdc2837)
[INFO] [stdout] 
[INFO] [stderr]    Doc-tests specta_typescript
[INFO] [stdout] running 0 tests
[INFO] [stdout] 
[INFO] [stdout] test result: ok. 0 passed; 0 failed; 0 ignored; 0 measured; 0 filtered out; finished in 0.00s
[INFO] [stdout] 
[INFO] [stdout] 
[INFO] [stdout] running 22 tests
[INFO] [stdout] test src/branded.rs - branded::branded (line 14) ... ignored
[INFO] [stdout] test src/branded.rs - branded::branded (line 19) ... ignored
[INFO] [stdout] test src/branded.rs - branded::branded (line 24) ... ignored
[INFO] [stdout] test src/branded.rs - branded::branded (line 29) ... ignored
[INFO] [stdout] test src/lib.rs - (line 15) ... FAILED
[INFO] [stdout] test src/types.rs - types::BigInt (line 352) ... ok
[INFO] [stdout] test src/exporter.rs - exporter::Exporter::branded_type_impl (line 146) ... ok
[INFO] [stdout] test src/types.rs - types::Never (line 190) ... ok
[INFO] [stdout] test src/types.rs - types::Number (line 271) ... ok
[INFO] [stdout] test src/types.rs - types::Any (line 34) ... ok
[INFO] [stdout] test src/types.rs - types::Number (line 258) ... ok
[INFO] [stdout] test src/types.rs - types::BigInt (line 339) ... ok
[INFO] [stdout] test src/semantic.rs - semantic::Transform (line 72) ... ok
[INFO] [stdout] test src/semantic.rs - semantic::Configuration::define (line 289) ... ok
[INFO] [stdout] test src/semantic.rs - semantic::Transform::new (line 107) ... ok
[INFO] [stdout] test src/semantic.rs - semantic::Transform::identity (line 122) ... ok
[INFO] [stdout] test src/exporter.rs - exporter::Exporter::branded_type_impl (line 130) ... ok
[INFO] [stdout] test src/semantic.rs - semantic::Transform (line 63) ... ok
[INFO] [stdout] test src/types.rs - types::Unknown (line 112) ... ok
[INFO] [stdout] test src/types.rs - types::Never (line 177) ... ok
[INFO] [stdout] test src/types.rs - types::Any (line 21) ... ok
[INFO] [stdout] test src/types.rs - types::Unknown (line 99) ... ok
[INFO] [stdout] 
[INFO] [stdout] failures:
[INFO] [stdout] 
[INFO] [stdout] ---- src/lib.rs - (line 15) stdout ----
[INFO] [stdout] error[E0433]: cannot find module or crate `specta_serde` in this scope
[INFO] [stdout]   --> src/lib.rs:38:9
[INFO] [stdout]    |
[INFO] [stdout] 38 |         specta_serde::Format,
[INFO] [stdout]    |         ^^^^^^^^^^^^ use of unresolved module or unlinked crate `specta_serde`
[INFO] [stdout]    |
[INFO] [stdout]    = help: if you wanted to use a crate named `specta_serde`, use `cargo add specta_serde` to add it to your `Cargo.toml`
[INFO] [stdout] 
[INFO] [stdout] error: aborting due to 1 previous error
[INFO] [stdout] 
[INFO] [stdout] For more information about this error, try `rustc --explain E0433`.
[INFO] [stdout] Couldn't compile the test.
[INFO] [stdout] 
[INFO] [stdout] failures:
[INFO] [stdout]     src/lib.rs - (line 15)
[INFO] [stdout] 
[INFO] [stdout] test result: FAILED. 17 passed; 1 failed; 4 ignored; 0 measured; 0 filtered out; finished in 0.61s
[INFO] [stdout] 
[INFO] [stdout] all doctests ran in 0.72s; merged doctests compilation took 0.11s
[INFO] [stderr] error: doctest failed, to rerun pass `--doc`
[INFO] running `Command { std: "docker" "inspect" "8000c2f5967a244317caaa7114de2c75b2b03dac4e1c42c0dd54367184548dbc", kill_on_drop: false }`
[INFO] running `Command { std: "docker" "rm" "-f" "8000c2f5967a244317caaa7114de2c75b2b03dac4e1c42c0dd54367184548dbc", kill_on_drop: false }`
[INFO] [stdout] 8000c2f5967a244317caaa7114de2c75b2b03dac4e1c42c0dd54367184548dbc
