[INFO] fetching crate specta-go 0.0.3...
[INFO] testing specta-go-0.0.3 against 1.99.0-beta.8 for beta-1.100-2
[INFO] extracting crate specta-go 0.0.3 into /workspace/builds/worker-7-tc1/source
[INFO] started tweaking crates.io crate specta-go 0.0.3
[INFO] finished tweaking crates.io crate specta-go 0.0.3
[INFO] tweaked toml for crates.io crate specta-go 0.0.3 written to /workspace/builds/worker-7-tc1/source/Cargo.toml
[INFO] validating manifest of crates.io crate specta-go 0.0.3 on toolchain 1.99.0-beta.8
[INFO] running `Command { std: CARGO_HOME="/workspace/cargo-home" RUSTUP_HOME="/workspace/rustup-home" "/workspace/cargo-home/bin/cargo" "+1.99.0-beta.8" "metadata" "--manifest-path" "Cargo.toml" "--no-deps", kill_on_drop: false }`
[INFO] crate crates.io crate specta-go 0.0.3 already has a lockfile, it will not be regenerated
[INFO] running `Command { std: CARGO_HOME="/workspace/cargo-home" RUSTUP_HOME="/workspace/rustup-home" "/workspace/cargo-home/bin/cargo" "+1.99.0-beta.8" "fetch" "--manifest-path" "Cargo.toml", kill_on_drop: false }`
[INFO] [stderr]     Updating crates.io index
[INFO] [stderr]  Downloading crates ...
[INFO] [stderr]   Downloaded specta-serde v0.0.12
[INFO] running `Command { std: "docker" "create" "-v" "/var/lib/crater-agent-workspace/builds/worker-7-tc1/source:/opt/rustwide/workdir:ro,Z" "-v" "/var/lib/crater-agent-workspace/builds/worker-7-tc1/target:/opt/rustwide/target:rw,Z" "-v" "/var/lib/crater-agent-workspace/cargo-home:/opt/rustwide/cargo-home:ro,Z" "-v" "/var/lib/crater-agent-workspace/rustup-home:/opt/rustwide/rustup-home:ro,Z" "-m" "1610612736" "--network" "none" "ghcr.io/rust-lang/crates-build-env/linux@sha256:3111399a4047eeb3a02b7a90e478d715f38a8c6669b5c4b49d30a17385265909" "sleep" "infinity", kill_on_drop: false }`
[INFO] [stdout] bc2fec4b99546f2dc9f775f9b0d6f054916afd95a528cc33ca0712c70d1c08f3
[INFO] running `Command { std: "docker" "start" "bc2fec4b99546f2dc9f775f9b0d6f054916afd95a528cc33ca0712c70d1c08f3", kill_on_drop: false }`
[INFO] running `Command { std: "docker" "inspect" "bc2fec4b99546f2dc9f775f9b0d6f054916afd95a528cc33ca0712c70d1c08f3", kill_on_drop: false }`
[INFO] running `Command { std: "docker" "exec" "-e" "SOURCE_DIR=/opt/rustwide/workdir" "-e" "CARGO_HOME=/opt/rustwide/cargo-home" "-e" "RUSTUP_HOME=/opt/rustwide/rustup-home" "-e" "CARGO_TARGET_DIR=/opt/rustwide/target" "-w" "/opt/rustwide/workdir" "--user" "0:0" "bc2fec4b99546f2dc9f775f9b0d6f054916afd95a528cc33ca0712c70d1c08f3" "/opt/rustwide/cargo-home/bin/cargo" "+1.99.0-beta.8" "metadata" "--no-deps" "--format-version=1", kill_on_drop: false }`
[INFO] running `Command { std: "docker" "inspect" "bc2fec4b99546f2dc9f775f9b0d6f054916afd95a528cc33ca0712c70d1c08f3", kill_on_drop: false }`
[INFO] running `Command { std: "docker" "exec" "-e" "SOURCE_DIR=/opt/rustwide/workdir" "-e" "CARGO_HOME=/opt/rustwide/cargo-home" "-e" "RUSTUP_HOME=/opt/rustwide/rustup-home" "-e" "CARGO_TARGET_DIR=/opt/rustwide/target" "-e" "CARGO_INCREMENTAL=0" "-e" "RUST_BACKTRACE=full" "-e" "RUSTFLAGS=--cap-lints=warn" "-e" "RUSTDOCFLAGS=--cap-lints=warn" "-w" "/opt/rustwide/workdir" "--user" "0:0" "bc2fec4b99546f2dc9f775f9b0d6f054916afd95a528cc33ca0712c70d1c08f3" "/opt/rustwide/cargo-home/bin/cargo" "+1.99.0-beta.8" "build" "--frozen" "--message-format=json", kill_on_drop: false }`
[INFO] [stderr]    Compiling specta v2.0.0-rc.25
[INFO] [stderr]    Compiling specta-go v0.0.3 (/opt/rustwide/workdir)
[INFO] [stderr]     Finished `dev` profile [unoptimized + debuginfo] target(s) in 2.06s
[INFO] running `Command { std: "docker" "inspect" "bc2fec4b99546f2dc9f775f9b0d6f054916afd95a528cc33ca0712c70d1c08f3", kill_on_drop: false }`
[INFO] running `Command { std: "docker" "exec" "-e" "SOURCE_DIR=/opt/rustwide/workdir" "-e" "CARGO_HOME=/opt/rustwide/cargo-home" "-e" "RUSTUP_HOME=/opt/rustwide/rustup-home" "-e" "CARGO_TARGET_DIR=/opt/rustwide/target" "-e" "CARGO_INCREMENTAL=0" "-e" "RUST_BACKTRACE=full" "-e" "RUSTFLAGS=--cap-lints=warn" "-e" "RUSTDOCFLAGS=--cap-lints=warn" "-w" "/opt/rustwide/workdir" "--user" "0:0" "bc2fec4b99546f2dc9f775f9b0d6f054916afd95a528cc33ca0712c70d1c08f3" "/opt/rustwide/cargo-home/bin/cargo" "+1.99.0-beta.8" "test" "--frozen" "--no-run" "--message-format=json", kill_on_drop: false }`
[INFO] [stderr]    Compiling proc-macro2 v1.0.106
[INFO] [stderr]    Compiling quote v1.0.45
[INFO] [stderr]    Compiling Inflector v0.11.4
[INFO] [stderr]    Compiling syn v2.0.117
[INFO] [stderr]    Compiling specta-macros v2.0.0-rc.25
[INFO] [stderr]    Compiling specta-serde v0.0.12
[INFO] [stderr]    Compiling specta-go v0.0.3 (/opt/rustwide/workdir)
[INFO] [stderr]     Finished `test` profile [unoptimized + debuginfo] target(s) in 7.32s
[INFO] running `Command { std: "docker" "inspect" "bc2fec4b99546f2dc9f775f9b0d6f054916afd95a528cc33ca0712c70d1c08f3", kill_on_drop: false }`
[INFO] running `Command { std: "docker" "exec" "-e" "SOURCE_DIR=/opt/rustwide/workdir" "-e" "CARGO_HOME=/opt/rustwide/cargo-home" "-e" "RUSTUP_HOME=/opt/rustwide/rustup-home" "-e" "CARGO_TARGET_DIR=/opt/rustwide/target" "-e" "CARGO_INCREMENTAL=0" "-e" "RUST_BACKTRACE=full" "-e" "RUSTFLAGS=--cap-lints=warn" "-e" "RUSTDOCFLAGS=--cap-lints=warn" "-w" "/opt/rustwide/workdir" "--user" "0:0" "bc2fec4b99546f2dc9f775f9b0d6f054916afd95a528cc33ca0712c70d1c08f3" "/opt/rustwide/cargo-home/bin/cargo" "+1.99.0-beta.8" "test" "--frozen", kill_on_drop: false }`
[INFO] [stderr]     Finished `test` profile [unoptimized + debuginfo] target(s) in 0.04s
[INFO] [stderr]      Running unittests src/lib.rs (/opt/rustwide/target/debug/deps/specta_go-49e444f7f3b7a918)
[INFO] [stdout] 
[INFO] [stdout] running 0 tests
[INFO] [stderr]    Doc-tests specta_go
[INFO] [stdout] 
[INFO] [stdout] test result: ok. 0 passed; 0 failed; 0 ignored; 0 measured; 0 filtered out; finished in 0.00s
[INFO] [stdout] 
[INFO] [stdout] 
[INFO] [stdout] running 1 test
[INFO] [stderr] error: doctest failed, to rerun pass `--doc`
[INFO] [stdout] test src/lib.rs - (line 9) ... FAILED
[INFO] [stdout] 
[INFO] [stdout] failures:
[INFO] [stdout] 
[INFO] [stdout] ---- src/lib.rs - (line 9) stdout ----
[INFO] [stdout] error[E0433]: cannot find `Type` in `specta`
[INFO] [stdout]   --> src/lib.rs:14:18
[INFO] [stdout]    |
[INFO] [stdout] 14 | #[derive(specta::Type)]
[INFO] [stdout]    |                  ^^^^ could not find `Type` in `specta`
[INFO] [stdout]    |
[INFO] [stdout] note: found an item that was configured out
[INFO] [stdout]   --> /opt/rustwide/cargo-home/registry/src/index.crates.io-1949cf8c6b5b557f/specta-2.0.0-rc.25/src/lib.rs:39:24
[INFO] [stdout]    |
[INFO] [stdout] 37 | #[cfg(feature = "derive")]
[INFO] [stdout]    |       ------------------ the item is gated behind the `derive` feature
[INFO] [stdout] 38 | #[cfg_attr(docsrs, doc(cfg(feature = "derive")))]
[INFO] [stdout] 39 | pub use specta_macros::Type;
[INFO] [stdout]    |                        ^^^^
[INFO] [stdout] 
[INFO] [stdout] error[E0277]: the trait `specta::Type` is not implemented for `MyType`
[INFO] [stdout]    --> src/lib.rs:19:41
[INFO] [stdout]     |
[INFO] [stdout]  19 | let types = Types::default().register::<MyType>();
[INFO] [stdout]     |                              --------   ^^^^^^ `MyType` must implement `Type`
[INFO] [stdout]     |                              |
[INFO] [stdout]     |                              required by a bound introduced by this call
[INFO] [stdout]     |
[INFO] [stdout] help: the trait `specta::Type` is not implemented for `MyType`
[INFO] [stdout]    --> src/lib.rs:15:1
[INFO] [stdout]     |
[INFO] [stdout]  15 | pub struct MyType {
[INFO] [stdout]     | ^^^^^^^^^^^^^^^^^
[INFO] [stdout]     = note: Depending on your use case, this can be fixed in multiple ways:
[INFO] [stdout]              - If your using an type defined in one of your own crates, ensure you have `#[derive(specta::Type)]` on it.
[INFO] [stdout]              - If your using a crate with official Specta support, enable the matching feature flag on the `specta` crate.
[INFO] [stdout]              - If your using an external crate without Specta support, you may need to wrap your type in a new-type wrapper.
[INFO] [stdout]             
[INFO] [stdout]     = help: the following other types implement trait `specta::Type`:
[INFO] [stdout]               &T
[INFO] [stdout]               ()
[INFO] [stdout]               (T10, T11, T12, T13)
[INFO] [stdout]               (T11, T12, T13)
[INFO] [stdout]               (T12, T13)
[INFO] [stdout]               (T13,)
[INFO] [stdout]               (T2, T3, T4, T5, T6, T7, T8, T9, T10, T11, T12, T13)
[INFO] [stdout]               (T3, T4, T5, T6, T7, T8, T9, T10, T11, T12, T13)
[INFO] [stdout]             and 87 others
[INFO] [stdout] note: required by a bound in `Types::register`
[INFO] [stdout]    --> /opt/rustwide/cargo-home/registry/src/index.crates.io-1949cf8c6b5b557f/specta-2.0.0-rc.25/src/types.rs:130:24
[INFO] [stdout]     |
[INFO] [stdout] 130 |     pub fn register<T: Type>(mut self) -> Self {
[INFO] [stdout]     |                        ^^^^ required by this bound in `Types::register`
[INFO] [stdout] 
[INFO] [stdout] error: aborting due to 2 previous errors
[INFO] [stdout] 
[INFO] [stdout] Some errors have detailed explanations: E0277, E0433.
[INFO] [stdout] For more information about an error, try `rustc --explain E0277`.
[INFO] [stdout] Couldn't compile the test.
[INFO] [stdout] 
[INFO] [stdout] failures:
[INFO] [stdout]     src/lib.rs - (line 9)
[INFO] [stdout] 
[INFO] [stdout] test result: FAILED. 0 passed; 1 failed; 0 ignored; 0 measured; 0 filtered out; finished in 0.18s
[INFO] [stdout] 
[INFO] [stdout] all doctests ran in 0.23s; merged doctests compilation took 0.06s
[INFO] running `Command { std: "docker" "inspect" "bc2fec4b99546f2dc9f775f9b0d6f054916afd95a528cc33ca0712c70d1c08f3", kill_on_drop: false }`
[INFO] running `Command { std: "docker" "rm" "-f" "bc2fec4b99546f2dc9f775f9b0d6f054916afd95a528cc33ca0712c70d1c08f3", kill_on_drop: false }`
[INFO] [stdout] bc2fec4b99546f2dc9f775f9b0d6f054916afd95a528cc33ca0712c70d1c08f3
