[INFO] fetching crate spec-spine-cli 0.28.0...
[INFO] testing spec-spine-cli-0.28.0 against 1.99.0-beta.8 for beta-1.100-2
[INFO] extracting crate spec-spine-cli 0.28.0 into /workspace/builds/worker-7-tc1/source
[INFO] started tweaking crates.io crate spec-spine-cli 0.28.0
[INFO] removed 0 missing tests
[INFO] finished tweaking crates.io crate spec-spine-cli 0.28.0
[INFO] tweaked toml for crates.io crate spec-spine-cli 0.28.0 written to /workspace/builds/worker-7-tc1/source/Cargo.toml
[INFO] validating manifest of crates.io crate spec-spine-cli 0.28.0 on toolchain 1.99.0-beta.8
[INFO] running `Command { std: CARGO_HOME="/workspace/cargo-home" RUSTUP_HOME="/workspace/rustup-home" "/workspace/cargo-home/bin/cargo" "+1.99.0-beta.8" "metadata" "--manifest-path" "Cargo.toml" "--no-deps", kill_on_drop: false }`
[INFO] crate crates.io crate spec-spine-cli 0.28.0 already has a lockfile, it will not be regenerated
[INFO] running `Command { std: CARGO_HOME="/workspace/cargo-home" RUSTUP_HOME="/workspace/rustup-home" "/workspace/cargo-home/bin/cargo" "+1.99.0-beta.8" "fetch" "--manifest-path" "Cargo.toml", kill_on_drop: false }`
[INFO] [stderr]     Updating crates.io index
[INFO] [stderr]  Downloading crates ...
[INFO] [stderr]   Downloaded quote v1.0.45
[INFO] [stderr]   Downloaded proc-macro2 v1.0.106
[INFO] [stderr]   Downloaded block-buffer v0.12.1
[INFO] [stderr]   Downloaded bitflags v2.13.0
[INFO] [stderr]   Downloaded crypto-common v0.2.2
[INFO] [stderr]   Downloaded cpufeatures v0.3.0
[INFO] [stderr]   Downloaded clap_lex v1.1.0
[INFO] [stderr]   Downloaded serde_spanned v1.1.1
[INFO] [stderr]   Downloaded rustc_version v0.4.1
[INFO] [stderr]   Downloaded fastrand v2.4.1
[INFO] [stderr]   Downloaded toml_writer v1.1.2+spec-1.1.0
[INFO] [stderr]   Downloaded tree-sitter-language v0.1.8
[INFO] [stderr]   Downloaded glob v0.3.4
[INFO] [stderr]   Downloaded signature v3.0.0
[INFO] [stderr]   Downloaded streaming-iterator v0.1.9
[INFO] [stderr]   Downloaded zeroize v1.9.0
[INFO] [stderr]   Downloaded ed25519 v3.0.0
[INFO] [stderr]   Downloaded digest v0.11.3
[INFO] [stderr]   Downloaded toml_parser v1.1.2+spec-1.1.0
[INFO] [stderr]   Downloaded sha2 v0.11.0
[INFO] [stderr]   Downloaded const-oid v0.10.2
[INFO] [stderr]   Downloaded semver v1.0.28
[INFO] [stderr]   Downloaded curve25519-dalek-derive v0.1.1
[INFO] [stderr]   Downloaded zmij v1.0.21
[INFO] [stderr]   Downloaded find-msvc-tools v0.1.9
[INFO] [stderr]   Downloaded hybrid-array v0.4.13
[INFO] [stderr]   Downloaded serde_yaml v0.9.34+deprecated
[INFO] [stderr]   Downloaded unsafe-libyaml v0.2.11
[INFO] [stderr]   Downloaded ryu v1.0.23
[INFO] [stderr]   Downloaded wit-bindgen v0.57.1
[INFO] [stderr]   Downloaded toml v1.1.3+spec-1.1.0
[INFO] [stderr]   Downloaded spec-spine-types v0.28.0
[INFO] [stderr]   Downloaded cc v1.2.63
[INFO] [stderr]   Downloaded memchr v2.8.1
[INFO] [stderr]   Downloaded indexmap v2.14.0
[INFO] [stderr]   Downloaded typenum v1.20.1
[INFO] [stderr]   Downloaded ed25519-dalek v3.0.0
[INFO] [stderr]   Downloaded wasip2 v1.0.3+wasi-0.2.9
[INFO] [stderr]   Downloaded serde_json v1.0.151
[INFO] [stderr]   Downloaded regex v1.12.3
[INFO] [stderr]   Downloaded winnow v1.0.3
[INFO] [stderr]   Downloaded tree-sitter v0.27.0
[INFO] [stderr]   Downloaded regex-syntax v0.8.10
[INFO] [stderr]   Downloaded syn v2.0.117
[INFO] [stderr]   Downloaded tree-sitter-rust v0.24.2
[INFO] [stderr]   Downloaded curve25519-dalek v5.0.0
[INFO] [stderr]   Downloaded rustix v1.1.4
[INFO] [stderr]   Downloaded spec-spine-core v0.28.0
[INFO] [stderr]   Downloaded regex-automata v0.4.14
[INFO] [stderr]   Downloaded fiat-crypto v0.3.0
[INFO] [stderr]   Downloaded libc v0.2.186
[INFO] [stderr]   Downloaded tree-sitter-typescript v0.23.2
[INFO] running `Command { std: "docker" "create" "-v" "/var/lib/crater-agent-workspace/builds/worker-7-tc1/source:/opt/rustwide/workdir:ro,Z" "-v" "/var/lib/crater-agent-workspace/builds/worker-7-tc1/target:/opt/rustwide/target:rw,Z" "-v" "/var/lib/crater-agent-workspace/cargo-home:/opt/rustwide/cargo-home:ro,Z" "-v" "/var/lib/crater-agent-workspace/rustup-home:/opt/rustwide/rustup-home:ro,Z" "-m" "1610612736" "--network" "none" "ghcr.io/rust-lang/crates-build-env/linux@sha256:3111399a4047eeb3a02b7a90e478d715f38a8c6669b5c4b49d30a17385265909" "sleep" "infinity", kill_on_drop: false }`
[INFO] [stdout] 04eb89e93d6217ed7f5da4bdc19589f549f188d7915e46fec0df7a3f9c78cc69
[INFO] running `Command { std: "docker" "start" "04eb89e93d6217ed7f5da4bdc19589f549f188d7915e46fec0df7a3f9c78cc69", kill_on_drop: false }`
[INFO] running `Command { std: "docker" "inspect" "04eb89e93d6217ed7f5da4bdc19589f549f188d7915e46fec0df7a3f9c78cc69", kill_on_drop: false }`
[INFO] running `Command { std: "docker" "exec" "-e" "SOURCE_DIR=/opt/rustwide/workdir" "-e" "CARGO_HOME=/opt/rustwide/cargo-home" "-e" "RUSTUP_HOME=/opt/rustwide/rustup-home" "-e" "CARGO_TARGET_DIR=/opt/rustwide/target" "-w" "/opt/rustwide/workdir" "--user" "0:0" "04eb89e93d6217ed7f5da4bdc19589f549f188d7915e46fec0df7a3f9c78cc69" "/opt/rustwide/cargo-home/bin/cargo" "+1.99.0-beta.8" "metadata" "--no-deps" "--format-version=1", kill_on_drop: false }`
[INFO] running `Command { std: "docker" "inspect" "04eb89e93d6217ed7f5da4bdc19589f549f188d7915e46fec0df7a3f9c78cc69", kill_on_drop: false }`
[INFO] running `Command { std: "docker" "exec" "-e" "SOURCE_DIR=/opt/rustwide/workdir" "-e" "CARGO_HOME=/opt/rustwide/cargo-home" "-e" "RUSTUP_HOME=/opt/rustwide/rustup-home" "-e" "CARGO_TARGET_DIR=/opt/rustwide/target" "-e" "CARGO_INCREMENTAL=0" "-e" "RUST_BACKTRACE=full" "-e" "RUSTFLAGS=--cap-lints=warn" "-e" "RUSTDOCFLAGS=--cap-lints=warn" "-w" "/opt/rustwide/workdir" "--user" "0:0" "04eb89e93d6217ed7f5da4bdc19589f549f188d7915e46fec0df7a3f9c78cc69" "/opt/rustwide/cargo-home/bin/cargo" "+1.99.0-beta.8" "build" "--frozen" "--message-format=json", kill_on_drop: false }`
[INFO] [stderr]    Compiling proc-macro2 v1.0.106
[INFO] [stderr]    Compiling quote v1.0.45
[INFO] [stderr]    Compiling serde_core v1.0.229
[INFO] [stderr]    Compiling shlex v2.0.1
[INFO] [stderr]    Compiling find-msvc-tools v0.1.9
[INFO] [stderr]    Compiling memchr v2.8.1
[INFO] [stderr]    Compiling zmij v1.0.21
[INFO] [stderr]    Compiling tree-sitter-language v0.1.8
[INFO] [stderr]    Compiling equivalent v1.0.2
[INFO] [stderr]    Compiling hashbrown v0.17.1
[INFO] [stderr]    Compiling typenum v1.20.1
[INFO] [stderr]    Compiling itoa v1.0.18
[INFO] [stderr]    Compiling serde_json v1.0.151
[INFO] [stderr]    Compiling semver v1.0.28
[INFO] [stderr]    Compiling const-oid v0.10.2
[INFO] [stderr]    Compiling winnow v1.0.3
[INFO] [stderr]    Compiling serde v1.0.229
[INFO] [stderr]    Compiling regex-syntax v0.8.10
[INFO] [stderr]    Compiling cc v1.2.63
[INFO] [stderr]    Compiling toml_writer v1.1.2+spec-1.1.0
[INFO] [stderr]    Compiling cpufeatures v0.3.0
[INFO] [stderr]    Compiling cfg-if v1.0.4
[INFO] [stderr]    Compiling utf8parse v0.2.2
[INFO] [stderr]    Compiling anstyle-parse v1.0.0
[INFO] [stderr]    Compiling unsafe-libyaml v0.2.11
[INFO] [stderr]    Compiling ryu v1.0.23
[INFO] [stderr]    Compiling is_terminal_polyfill v1.70.2
[INFO] [stderr]    Compiling colorchoice v1.0.5
[INFO] [stderr]    Compiling anstyle v1.0.14
[INFO] [stderr]    Compiling rustc_version v0.4.1
[INFO] [stderr]    Compiling anstyle-query v1.1.5
[INFO] [stderr]    Compiling streaming-iterator v0.1.9
[INFO] [stderr]    Compiling signature v3.0.0
[INFO] [stderr]    Compiling heck v0.5.0
[INFO] [stderr]    Compiling strsim v0.11.1
[INFO] [stderr]    Compiling anstream v1.0.0
[INFO] [stderr]    Compiling clap_lex v1.1.0
[INFO] [stderr]    Compiling subtle v2.6.1
[INFO] [stderr]    Compiling curve25519-dalek v5.0.0
[INFO] [stderr]    Compiling zeroize v1.9.0
[INFO] [stderr]    Compiling ed25519 v3.0.0
[INFO] [stderr]    Compiling clap_builder v4.6.7
[INFO] [stderr]    Compiling time-core v0.1.9
[INFO] [stderr]    Compiling powerfmt v0.2.0
[INFO] [stderr]    Compiling num-conv v0.2.2
[INFO] [stderr]    Compiling deranged v0.5.8
[INFO] [stderr]    Compiling glob v0.3.4
[INFO] [stderr]    Compiling indexmap v2.14.0
[INFO] [stderr]    Compiling aho-corasick v1.1.4
[INFO] [stderr]    Compiling syn v3.0.4
[INFO] [stderr]    Compiling syn v2.0.117
[INFO] [stderr]    Compiling hybrid-array v0.4.13
[INFO] [stderr]    Compiling tree-sitter-rust v0.24.2
[INFO] [stderr]    Compiling tree-sitter-typescript v0.23.2
[INFO] [stderr]    Compiling toml_parser v1.1.2+spec-1.1.0
[INFO] [stderr]    Compiling block-buffer v0.12.1
[INFO] [stderr]    Compiling crypto-common v0.2.2
[INFO] [stderr]    Compiling regex-automata v0.4.14
[INFO] [stderr]    Compiling time v0.3.55
[INFO] [stderr]    Compiling digest v0.11.3
[INFO] [stderr]    Compiling sha2 v0.11.0
[INFO] [stderr]    Compiling toml_datetime v1.1.1+spec-1.1.0
[INFO] [stderr]    Compiling serde_spanned v1.1.1
[INFO] [stderr]    Compiling toml v1.1.3+spec-1.1.0
[INFO] [stderr]    Compiling toml_edit v0.25.13+spec-1.1.0
[INFO] [stderr]    Compiling regex v1.12.3
[INFO] [stderr]    Compiling tree-sitter v0.27.0
[INFO] [stderr]    Compiling serde_derive v1.0.229
[INFO] [stderr]    Compiling clap_derive v4.6.7
[INFO] [stderr]    Compiling curve25519-dalek-derive v0.1.1
[INFO] [stderr]    Compiling ed25519-dalek v3.0.0
[INFO] [stderr]    Compiling clap v4.6.7
[INFO] [stderr]    Compiling serde_yaml v0.9.34+deprecated
[INFO] [stderr]    Compiling spec-spine-types v0.28.0
[INFO] [stderr]    Compiling spec-spine-core v0.28.0
[INFO] [stderr]    Compiling spec-spine-cli v0.28.0 (/opt/rustwide/workdir)
[INFO] [stderr]     Finished `dev` profile [unoptimized + debuginfo] target(s) in 57.93s
[INFO] running `Command { std: "docker" "inspect" "04eb89e93d6217ed7f5da4bdc19589f549f188d7915e46fec0df7a3f9c78cc69", kill_on_drop: false }`
[INFO] running `Command { std: "docker" "exec" "-e" "SOURCE_DIR=/opt/rustwide/workdir" "-e" "CARGO_HOME=/opt/rustwide/cargo-home" "-e" "RUSTUP_HOME=/opt/rustwide/rustup-home" "-e" "CARGO_TARGET_DIR=/opt/rustwide/target" "-e" "CARGO_INCREMENTAL=0" "-e" "RUST_BACKTRACE=full" "-e" "RUSTFLAGS=--cap-lints=warn" "-e" "RUSTDOCFLAGS=--cap-lints=warn" "-w" "/opt/rustwide/workdir" "--user" "0:0" "04eb89e93d6217ed7f5da4bdc19589f549f188d7915e46fec0df7a3f9c78cc69" "/opt/rustwide/cargo-home/bin/cargo" "+1.99.0-beta.8" "test" "--frozen" "--no-run" "--message-format=json", kill_on_drop: false }`
[INFO] [stderr]    Compiling libc v0.2.186
[INFO] [stderr]    Compiling getrandom v0.3.4
[INFO] [stderr]    Compiling rustix v1.1.4
[INFO] [stderr]    Compiling bitflags v2.13.0
[INFO] [stderr]    Compiling linux-raw-sys v0.12.1
[INFO] [stderr]    Compiling fastrand v2.4.1
[INFO] [stderr]    Compiling once_cell v1.21.4
[INFO] [stderr]    Compiling tempfile v3.27.0
[INFO] [stderr]    Compiling spec-spine-cli v0.28.0 (/opt/rustwide/workdir)
[INFO] [stderr]     Finished `test` profile [unoptimized + debuginfo] target(s) in 14.78s
[INFO] running `Command { std: "docker" "inspect" "04eb89e93d6217ed7f5da4bdc19589f549f188d7915e46fec0df7a3f9c78cc69", kill_on_drop: false }`
[INFO] running `Command { std: "docker" "exec" "-e" "SOURCE_DIR=/opt/rustwide/workdir" "-e" "CARGO_HOME=/opt/rustwide/cargo-home" "-e" "RUSTUP_HOME=/opt/rustwide/rustup-home" "-e" "CARGO_TARGET_DIR=/opt/rustwide/target" "-e" "CARGO_INCREMENTAL=0" "-e" "RUST_BACKTRACE=full" "-e" "RUSTFLAGS=--cap-lints=warn" "-e" "RUSTDOCFLAGS=--cap-lints=warn" "-w" "/opt/rustwide/workdir" "--user" "0:0" "04eb89e93d6217ed7f5da4bdc19589f549f188d7915e46fec0df7a3f9c78cc69" "/opt/rustwide/cargo-home/bin/cargo" "+1.99.0-beta.8" "test" "--frozen", kill_on_drop: false }`
[INFO] [stderr]     Finished `test` profile [unoptimized + debuginfo] target(s) in 0.15s
[INFO] [stderr]      Running unittests src/main.rs (/opt/rustwide/target/debug/deps/spec_spine-970abf36e3c673ac)
[INFO] [stdout] 
[INFO] [stdout] running 22 tests
[INFO] [stdout] test cmd_check::tests::check_exit_order_is_the_higher_code ... ok
[INFO] [stdout] test cmd_couple::tests::name_status_z_pairs_each_status_with_its_path ... ok
[INFO] [stdout] test cmd_couple::tests::parses_modification_hunks_to_inclusive_spans ... ok
[INFO] [stdout] test cmd_couple::tests::rename_under_no_renames_registers_both_paths ... ok
[INFO] [stdout] test cmd_couple::tests::modified_and_added_files_are_not_deleted ... ok
[INFO] [stdout] test cmd_couple::tests::union_adds_headerless_paths_and_keeps_parsed_spans ... ok
[INFO] [stdout] test cmd_verify::tests::a_line_longer_than_the_hold_is_bounded_and_complete ... ok
[INFO] [stdout] test cmd_verify::tests::a_last_line_without_a_newline_is_delivered_at_eof ... ok
[INFO] [stdout] test cmd_verify::tests::a_line_split_across_reads_is_delivered_whole ... ok
[INFO] [stdout] test seal::tests::key_bytes_parse_hex_and_raw ... ok
[INFO] [stdout] test cmd_couple::tests::deleted_file_is_whole_file_change ... ok
[INFO] [stdout] test tests::spec_id_census ... ok
[INFO] [stdout] test seal::tests::a_tampered_hash_fails_verification ... ok
[INFO] [stdout] test seal::tests::sign_then_verify_round_trips ... ok
[INFO] [stdout] test out::tests::broken_pipe_is_reader_gone ... ok
[INFO] [stdout] test cmd_verify::tests::a_failed_delivery_still_drains_to_eof ... ok
[INFO] [stdout] test out::tests::ok_is_wrote ... ok
[INFO] [stdout] test out::tests::other_io_errors_are_failures ... ok
[INFO] [stdout] test seal::tests::a_seal_that_cannot_be_read_is_a_schema_failure ... ok
[INFO] [stdout] test seal::tests::a_wrong_key_fails_verification ... ok
[INFO] [stdout] test cmd_verify::tests::two_streams_into_one_destination_splice_no_line ... ok
[INFO] [stdout] test cmd_couple::tests::real_git_text_change_keeps_spans_through_the_union ... ok
[INFO] [stdout] 
[INFO] [stdout] test result: ok. 22 passed; 0 failed; 0 ignored; 0 measured; 0 filtered out; finished in 0.20s
[INFO] [stdout] 
[INFO] [stderr]      Running tests/cli.rs (/opt/rustwide/target/debug/deps/cli-f7bb9ca0a82125b4)
[INFO] [stdout] 
[INFO] [stdout] running 99 tests
[INFO] [stdout] test a_missing_subcommand_is_a_usage_error ... ok
[INFO] [stdout] test a_clean_corpus_keeps_the_bare_verdict_line ... ok
[INFO] [stdout] test attest_refuses_with_coupling_scoped_to_one_spec ... ok
[INFO] [stdout] test attest_spec_walks_a_claimed_subtree_instead_of_exiting_three ... ok
[INFO] [stdout] test attest_snapshot_refuses_another_scope ... ok
[INFO] [stdout] test a_stale_shard_still_reads_as_staleness ... ok
[INFO] [stdout] test a_usage_error_is_exit_three_not_stale ... ok
[INFO] [stdout] test an_unparseable_stray_in_by_package_is_orphaned_at_the_verbs ... ok
[INFO] [stdout] test an_expected_shard_corrupted_in_place_is_modified_at_the_verbs ... ok
[INFO] [stdout] test a_mixed_tree_names_both_halves_at_the_verbs ... ok
[INFO] [stdout] test check_attributes_staleness_to_the_tree_it_belongs_to ... ok
[INFO] [stdout] test a_parseable_stray_is_orphaned_and_nothing_is_skipped ... ok
[INFO] [stdout] test check_json_is_unchanged_by_the_message_fix ... ok
[INFO] [stdout] test check_json_carries_both_halves_and_decides_nothing_differently ... ok
[INFO] [stdout] test attest_spec_refuses_an_unknown_id ... ok
[INFO] [stdout] test a_fresh_tree_payload_gains_no_member ... ok
[INFO] [stdout] test attest_spec_json_rides_in_the_verdict_envelope ... ok
[INFO] [stdout] test check_reports_an_unresolved_claim_as_itself ... ok
[INFO] [stdout] test compile_validation_failure_exits_1 ... ok
[INFO] [stdout] test config_show_and_the_scaffold_carry_the_scope_keys ... ok
[INFO] [stdout] test a_spec_that_claims_no_completion_is_not_accused_of_one ... ok
[INFO] [stdout] test compile_ok_then_queries ... ok
[INFO] [stdout] test an_unparseable_stray_is_orphaned_at_the_verbs ... ok
[INFO] [stdout] test check_reports_validation_failure_ahead_of_staleness ... ok
[INFO] [stdout] test attest_exits_zero_on_a_false_verdict_in_both_scopes ... ok
[INFO] [stdout] test coverage_git_failure_is_exit_3_not_a_walk ... ok
[INFO] [stdout] test check_never_writes_even_when_the_tree_is_stale ... ok
[INFO] [stdout] test coverage_paths_from_is_the_supplied_inventory_and_matches_the_facade ... ok
[INFO] [stdout] test check_reports_both_trees_and_exits_zero_when_both_are_fresh ... ok
[INFO] [stdout] test index_check_reports_diagnostics_and_fails_only_when_asked ... ok
[INFO] [stdout] test attest_spec_writes_signs_and_verifies_one_spec ... ok
[INFO] [stdout] test help_and_version_stay_exit_zero_on_stdout ... ok
[INFO] [stdout] test check_forwards_fail_on_unresolved_to_the_index_half ... ok
[INFO] [stdout] test index_diagnostics_lists_them_and_never_refuses ... ok
[INFO] [stdout] test exit_two_still_means_a_stale_ledger ... ok
[INFO] [stdout] test compile_check_exit_contract ... ok
[INFO] [stdout] test attest_snapshot_writes_seals_and_verifies ... ok
[INFO] [stdout] test invalid_slice_config_exits_3 ... ok
[INFO] [stdout] test index_coverage_reports_and_gates ... ok
[INFO] [stdout] test index_render_and_orphans_projections ... ok
[INFO] [stdout] test index_then_check_fresh_then_stale ... ok
[INFO] [stdout] test delta_prose_says_what_not_required_does_not_mean ... ok
[INFO] [stdout] test index_check_json_carries_counts_without_disturbing_the_freshness_shape ... ok
[INFO] [stdout] test missing_specs_dir_exits_3 ... ok
[INFO] [stdout] test json_error_path_is_an_envelope_on_stdout ... ok
[INFO] [stdout] test lint_fail_on_warn_gating ... ok
[INFO] [stdout] test no_panicking_stdout_macro_remains_in_the_cli ... ok
[INFO] [stdout] test closed_reader_exits_cleanly_rather_than_panicking ... ok
[INFO] [stdout] test content_hash_is_path_framed_and_spec_source_hash_is_not ... ok
[INFO] [stdout] test plan_next_on_an_empty_ready_set_is_a_present_null ... ok
[INFO] [stdout] test json_verify_attestation_with_no_mode_is_an_error_envelope ... ok
[INFO] [stdout] test registry_query_before_compile_exits_3 ... ok
[INFO] [stdout] test scanner_does_not_let_a_stderr_call_mask_a_stdout_one ... ok
[INFO] [stdout] test registry_plan_partitions_the_corpus ... ok
[INFO] [stdout] test delta_failures_keep_the_exit_code_contract ... ok
[INFO] [stdout] test regenerating_leaves_the_message_accurate ... ok
[INFO] [stdout] test registry_status_report_nonzero_only_projection ... ok
[INFO] [stdout] test spec101_check_exits_1_on_an_unresolved_claim ... ok
[INFO] [stdout] test spec101_a_stale_shard_alone_still_exits_2 ... ok
[INFO] [stdout] test spec101_json_carries_the_new_code_and_keeps_its_shape ... ok
[INFO] [stdout] test json_exit_codes_match_the_prose_form ... ok
[INFO] [stdout] test registry_list_ids_only_projection ... ok
[INFO] [stdout] test json_survives_a_closed_reader_on_every_verb ... ok
[INFO] [stdout] test json_envelope_on_every_adjudicating_verb ... ok
[INFO] [stdout] test fail_on_warn_refuses_a_warning_on_compile_and_check ... ok
[INFO] [stdout] test spec101_index_check_exits_1_on_an_unresolved_claim ... ok
[INFO] [stdout] test delta_classifies_under_the_merge_base_not_the_checked_out_head ... ok
[INFO] [stdout] test every_read_document_is_a_sorted_versioned_object ... ok
[INFO] [stdout] test spec103_a_cycle_in_the_chain_is_v020 ... ok
[INFO] [stdout] test spec101_a_blocking_claim_and_a_stale_shard_exit_1 ... ok
[INFO] [stdout] test spec103_amends_verification_outside_amends_is_v018 ... ok
[INFO] [stdout] test spec103_verify_states_the_substitution ... ok
[INFO] [stdout] test spec103_registry_show_carries_amends_verification ... ok
[INFO] [stdout] test spec103_two_specs_claiming_one_acceptance_is_v019 ... ok
[INFO] [stdout] test spec101_the_unresolved_flag_axis_is_unchanged ... ok
[INFO] [stdout] test prose_output_is_unchanged_without_the_flag ... ok
[INFO] [stdout] test json_report_equals_the_facade_payload ... ok
[INFO] [stdout] test json_verify_attestation_reports_the_signature_mode ... ok
[INFO] [stdout] test spec130_a_planned_claim_passes_the_gate_flags_before_completion ... ok
[INFO] [stdout] test staleness_outranks_unresolution ... ok
[INFO] [stdout] test verify_plan_reads_without_running ... ok
[INFO] [stdout] test spec130_a_planned_claim_is_refused_once_complete ... ok
[INFO] [stdout] test verify_refuses_to_re_enter_itself ... ok
[INFO] [stdout] test verify_runs_from_the_repo_root_and_stops_at_the_first_failure ... ok
[INFO] [stdout] test the_consumer_verbs_still_refuse_an_unparseable_stray ... ok
[INFO] [stdout] test verify_json_is_a_verdict_envelope_that_agrees_with_the_exit_code ... ok
[INFO] [stdout] test the_snapshot_join_hash_is_what_attest_spec_emits ... ok
[INFO] [stdout] test spec102_paths_from_and_the_flag_are_refused_together ... ok
[INFO] [stdout] test index_slice_hashes_and_check ... ok
[INFO] [stdout] test spec102_an_unstaged_edit_is_judged_under_the_flag ... ok
[INFO] [stdout] test verify_attestation_refuses_a_traversing_spec_id ... ok
[INFO] [stdout] test the_git_inventory_keeps_tracked_and_new_files_and_drops_ignored_and_missing ... ok
[INFO] [stdout] test spec102_a_non_head_head_is_refused ... ok
[INFO] [stdout] test the_seal_path_follows_the_attestation_it_signs ... ok
[INFO] [stdout] test verify_runs_commands_and_reports_outcomes ... ok
[INFO] [stdout] test spec102_a_path_in_both_views_is_checked_once ... ok
[INFO] [stdout] test statecraft_derived_layout_compiles_indexes_and_is_judged ... ok
[INFO] [stdout] test spec102_a_staged_edit_is_invisible_without_the_flag ... ok
[INFO] [stdout] test spec102_the_unflagged_verdict_ignores_the_working_tree ... ok
[INFO] [stdout] 
[INFO] [stdout] test result: ok. 99 passed; 0 failed; 0 ignored; 0 measured; 0 filtered out; finished in 1.25s
[INFO] [stdout] 
[INFO] [stderr]      Running tests/closure.rs (/opt/rustwide/target/debug/deps/closure-17592ef5b3483c1f)
[INFO] [stdout] 
[INFO] [stdout] running 2 tests
[INFO] [stdout] test stdin_and_a_file_give_the_same_read_document ... ok
[INFO] [stderr]      Running tests/closure_composed.rs (/opt/rustwide/target/debug/deps/closure_composed-4f6a3ec45a107429)
[INFO] [stdout] test each_refusal_has_its_exit_code ... ok
[INFO] [stdout] 
[INFO] [stdout] test result: ok. 2 passed; 0 failed; 0 ignored; 0 measured; 0 filtered out; finished in 0.07s
[INFO] [stdout] 
[INFO] [stdout] 
[INFO] [stdout] running 6 tests
[INFO] [stdout] test an_obligation_reads_the_same_through_every_supported_surface ... ok
[INFO] [stdout] test a_closure_digest_is_normalized_over_order_duplicates_and_short_ids ... ok
[INFO] [stdout] test what_a_tolerant_read_accepts_cannot_enter_a_closure ... ok
[INFO] [stdout] test ratification_moves_status_and_whole_spec_identity_and_nothing_else ... ok
[INFO] [stdout] test a_withdrawn_obligation_keeps_its_identity_and_a_reuse_is_detectable ... ok
[INFO] [stderr]      Running tests/config.rs (/opt/rustwide/target/debug/deps/config-c91cb45d9926dc88)
[INFO] [stdout] test a_section_edit_moves_exactly_the_closures_that_depend_on_it ... ok
[INFO] [stdout] 
[INFO] [stdout] test result: ok. 6 passed; 0 failed; 0 ignored; 0 measured; 0 filtered out; finished in 0.18s
[INFO] [stdout] 
[INFO] [stdout] 
[INFO] [stdout] running 9 tests
[INFO] [stdout] test the_json_form_is_not_a_verdict_envelope ... ok
[INFO] [stdout] test a_malformed_config_is_exit_3 ... ok
[INFO] [stdout] test it_never_writes_a_config_file ... ok
[INFO] [stdout] test it_reports_on_a_repository_that_never_compiled ... ok
[INFO] [stdout] test the_bypass_floor_is_merged_ordered_and_attributed ... ok
[INFO] [stdout] test the_report_covers_every_config_table ... ok
[INFO] [stdout] test a_prefix_in_both_lists_appears_once_with_both_sources ... ok
[INFO] [stdout] test the_output_is_deterministic ... ok
[INFO] [stdout] test every_default_is_resolved_and_reported ... ok
[INFO] [stdout] 
[INFO] [stdout] test result: ok. 9 passed; 0 failed; 0 ignored; 0 measured; 0 filtered out; finished in 0.03s
[INFO] [stdout] 
[INFO] [stderr]      Running tests/couple.rs (/opt/rustwide/target/debug/deps/couple-d5717f7c978dec23)
[INFO] [stdout] 
[INFO] [stdout] running 34 tests
[INFO] [stdout] test drift_then_cleared ... ok
[INFO] [stdout] test c002_only_footer_is_unchanged ... ok
[INFO] [stdout] test footer_names_three_doors_including_extends ... ok
[INFO] [stdout] test json_envelope_carries_owners_not_prose ... ok
[INFO] [stdout] test binary_change_to_a_claimed_path_is_drift ... ok
[INFO] [stdout] test corrupt_prior_config_refuses_exit_3 ... ok
[INFO] [stdout] test dependency_bump_stays_fresh_and_auto_waives ... ok
[INFO] [stdout] test committed_deletion_is_judged_at_the_merge_base ... ok
[INFO] [stdout] test paths_from_builds_no_prior_snapshot ... ok
[INFO] [stdout] test claimed_floor_path_refuses_the_auto_waiver ... ok
[INFO] [stdout] test dependency_bump_without_optin_still_drifts ... ok
[INFO] [stdout] test one_edited_spec_gets_a_concrete_extends_block ... ok
[INFO] [stdout] test corrupt_prior_corpus_refuses_exit_3 ... ok
[INFO] [stdout] test cargo_feature_edit_without_bump_still_drifts ... ok
[INFO] [stdout] test cargo_dependency_bump_stays_fresh_and_auto_waives ... ok
[INFO] [stdout] test stale_index_exits_2 ... ok
[INFO] [stdout] test waiver_clears_exit ... ok
[INFO] [stdout] test mode_only_change_to_a_claimed_path_is_drift ... ok
[INFO] [stdout] test delete_then_restore_is_not_a_deletion ... ok
[INFO] [stdout] test two_edited_specs_fall_back_to_the_generic_form ... ok
[INFO] [stdout] test committed_deletion_without_withdrawal_still_refuses ... ok
[INFO] [stdout] test binary_delete_is_seen_and_is_not_an_ownership_refusal ... ok
[INFO] [stdout] test add_then_delete_is_judged_at_head_commit ... ok
[INFO] [stdout] test mode_only_change_with_its_owning_spec_clears ... ok
[INFO] [stdout] test real_git_diff_detects_drift ... ok
[INFO] [stdout] test script_edit_refuses_the_auto_waiver ... ok
[INFO] [stdout] test text_and_mode_change_to_one_path_is_judged_once ... ok
[INFO] [stdout] test unrelated_histories_refuse_exit_3 ... ok
[INFO] [stdout] test ratchet_refuses_new_unowned_source_and_allows_its_deletion ... ok
[INFO] [stdout] test no_deletion_builds_no_prior_snapshot ... ok
[INFO] [stdout] test workflow_uses_bump_auto_waives ... ok
[INFO] [stdout] test shallow_clone_is_not_treated_as_an_empty_diff ... ok
[INFO] [stdout] test workflow_run_edit_stales_the_index_and_refuses_the_waiver ... ok
[INFO] [stdout] test worktree_deletion_is_judged_at_head_commit ... ok
[INFO] [stderr]      Running tests/derived_dir_contained.rs (/opt/rustwide/target/debug/deps/derived_dir_contained-6bc2d057f0a6a5ec)
[INFO] [stdout] 
[INFO] [stdout] test result: ok. 34 passed; 0 failed; 0 ignored; 0 measured; 0 filtered out; finished in 1.09s
[INFO] [stdout] 
[INFO] [stdout] 
[INFO] [stdout] running 3 tests
[INFO] [stdout] test a_repository_reached_through_a_link_still_builds ... ok
[INFO] [stdout] test a_derived_dir_inside_the_repository_builds ... ok
[INFO] [stdout] test an_escaping_derived_dir_refuses_every_verb_and_changes_nothing ... ok
[INFO] [stdout] 
[INFO] [stdout] test result: ok. 3 passed; 0 failed; 0 ignored; 0 measured; 0 filtered out; finished in 0.26s
[INFO] [stdout] 
[INFO] [stdout] 
[INFO] [stderr]      Running tests/derived_paths.rs (/opt/rustwide/target/debug/deps/derived_paths-50353d2cded3eb81)
[INFO] [stdout] running 5 tests
[INFO] [stdout] test a_valid_first_build_still_creates_its_whole_tree ... ok
[INFO] [stdout] test an_invalid_but_plain_id_keeps_its_behavior ... ok
[INFO] [stdout] test a_refused_first_build_creates_nothing ... ok
[INFO] [stdout] test compile_and_index_refuse_an_id_that_is_not_a_file_name ... ok
[INFO] [stderr]      Running tests/derived_symlinks.rs (/opt/rustwide/target/debug/deps/derived_symlinks-e4f75d952b4971c2)
[INFO] [stdout] test attest_spec_refuses_an_id_that_is_not_a_file_name ... ok
[INFO] [stdout] 
[INFO] [stdout] test result: ok. 5 passed; 0 failed; 0 ignored; 0 measured; 0 filtered out; finished in 0.92s
[INFO] [stdout] 
[INFO] [stdout] 
[INFO] [stdout] running 11 tests
[INFO] [stdout] test a_linked_seal_refuses_before_the_attestation_is_written ... ok
[INFO] [stdout] test a_linked_entry_due_for_pruning_refuses ... ok
[INFO] [stdout] test a_linked_shard_or_attestation_file_refuses ... ok
[INFO] [stdout] test a_component_of_the_wrong_kind_refuses_before_anything ... ok
[INFO] [stdout] test a_repository_reached_through_a_link_still_builds ... ok
[INFO] [stdout] test index_checks_both_batches_before_writing_either ... ok
[INFO] [stdout] test a_clean_tree_still_builds_rebuilds_and_prunes ... ok
[INFO] [stdout] test a_linked_shard_directory_refuses_and_prunes_nothing ... ok
[INFO] [stdout] test a_link_at_any_later_output_refuses_before_the_first_write ... ok
[INFO] [stdout] test an_id_naming_a_reserved_device_refuses_everywhere ... ok
[INFO] [stdout] test a_linked_ancestor_refuses ... ok
[INFO] [stdout] 
[INFO] [stdout] test result: ok. 11 passed; 0 failed; 0 ignored; 0 measured; 0 filtered out; finished in 1.17s
[INFO] [stdout] 
[INFO] [stdout] 
[INFO] [stderr]      Running tests/exit_contract.rs (/opt/rustwide/target/debug/deps/exit_contract-2aa5b8a43d9173eb)
[INFO] [stdout] running 10 tests
[INFO] [stdout] test malformed_authored_content_is_a_finding ... ok
[INFO] [stdout] test a_containment_refusal_is_refused_not_io ... ok
[INFO] [stdout] test a_rejected_flag_combination_is_usage ... ok
[INFO] [stdout] test stale_is_a_finding ... ok
[INFO] [stdout] test an_invalid_config_is_refused ... ok
[INFO] [stdout] test check_folds_by_the_higher_code ... FAILED
[INFO] [stdout] test a_pin_mismatch_is_refused ... ok
[INFO] [stdout] test a_corrupt_committed_shard_is_failed ... ok
[INFO] [stdout] test a_report_envelope_carries_the_header ... ok
[INFO] [stdout] test an_io_failure_is_failed ... ok
[INFO] [stdout] 
[INFO] [stdout] failures:
[INFO] [stdout] 
[INFO] [stdout] ---- check_folds_by_the_higher_code stdout ----
[INFO] [stdout] 
[INFO] [stdout] thread 'check_folds_by_the_higher_code' (4058) panicked at tests/exit_contract.rs:253:5:
[INFO] [stdout] assertion `left == right` failed: spec-registry: STALE
[INFO] [stdout] 1 stale shard(s):
[INFO] [stdout]   missing 002-b.json
[INFO] [stdout] codebase-index: STALE (run `spec-spine index`)
[INFO] [stdout] 1 stale shard(s):
[INFO] [stdout]   missing by-spec/002-b.json
[INFO] [stdout] 
[INFO] [stdout]   left: 1
[INFO] [stdout]  right: 4
[INFO] [stdout] stack backtrace:
[INFO] [stdout]    0:     0x5ffb92c7a531 - std[70759c8f55707aa4]::backtrace_rs::backtrace::libunwind::trace
[INFO] [stdout]                                at /rustc/dfb0accb7f508ae8be965d8629557221c889dd98/library/std/src/../../backtrace/src/backtrace/libunwind.rs:117:9
[INFO] [stdout]    1:     0x5ffb92c7a531 - std[70759c8f55707aa4]::backtrace_rs::backtrace::trace_unsynchronized::<std[70759c8f55707aa4]::sys::backtrace::_print_fmt::{closure#1}>
[INFO] [stdout]                                at /rustc/dfb0accb7f508ae8be965d8629557221c889dd98/library/std/src/../../backtrace/src/backtrace/mod.rs:66:14
[INFO] [stdout]    2:     0x5ffb92c7a531 - std[70759c8f55707aa4]::sys::backtrace::_print_fmt
[INFO] [stdout]                                at /rustc/dfb0accb7f508ae8be965d8629557221c889dd98/library/std/src/sys/backtrace.rs:74:9
[INFO] [stdout]    3:     0x5ffb92c7a531 - <<std[70759c8f55707aa4]::sys::backtrace::BacktraceLock>::print::DisplayBacktrace as core[df12db4294e9bfd3]::fmt::Display>::fmt
[INFO] [stdout]                                at /rustc/dfb0accb7f508ae8be965d8629557221c889dd98/library/std/src/sys/backtrace.rs:44:26
[INFO] [stdout]    4:     0x5ffb92c8f49a - <core[df12db4294e9bfd3]::fmt::rt::Argument>::fmt
[INFO] [stdout]                                at /rustc/dfb0accb7f508ae8be965d8629557221c889dd98/library/core/src/fmt/rt.rs:152:76
[INFO] [stdout]    5:     0x5ffb92c8f49a - core[df12db4294e9bfd3]::fmt::write
[INFO] [stdout]    6:     0x5ffb92c7ec4c - core[df12db4294e9bfd3]::io::write::default_write_fmt::<alloc[2182bb758b4b3781]::vec::Vec<u8>>
[INFO] [stdout]                                at /rustc/dfb0accb7f508ae8be965d8629557221c889dd98/library/core/src/io/write.rs:402:11
[INFO] [stdout]    7:     0x5ffb92c7ec4c - <alloc[2182bb758b4b3781]::vec::Vec<u8> as core[df12db4294e9bfd3]::io::write::Write>::write_fmt
[INFO] [stdout]                                at /rustc/dfb0accb7f508ae8be965d8629557221c889dd98/library/core/src/io/write.rs:335:13
[INFO] [stdout]    8:     0x5ffb92c55206 - <std[70759c8f55707aa4]::sys::backtrace::BacktraceLock>::print
[INFO] [stdout]                                at /rustc/dfb0accb7f508ae8be965d8629557221c889dd98/library/std/src/sys/backtrace.rs:47:9
[INFO] [stdout]    9:     0x5ffb92c55206 - std[70759c8f55707aa4]::panicking::default_hook::{closure#0}
[INFO] [stdout]                                at /rustc/dfb0accb7f508ae8be965d8629557221c889dd98/library/std/src/panicking.rs:292:27
[INFO] [stdout]   10:     0x5ffb92c72259 - std[70759c8f55707aa4]::panicking::default_hook
[INFO] [stdout]                                at /rustc/dfb0accb7f508ae8be965d8629557221c889dd98/library/std/src/panicking.rs:316:9
[INFO] [stdout]   11:     0x5ffb92c0d610 - <alloc[2182bb758b4b3781]::boxed::Box<dyn for<'a, 'b> core[df12db4294e9bfd3]::ops::function::Fn<(&'a std[70759c8f55707aa4]::panic::PanicHookInfo<'b>,), Output = ()> + core[df12db4294e9bfd3]::marker::Send + core[df12db4294e9bfd3]::marker::Sync> as core[df12db4294e9bfd3]::ops::function::Fn<(&std[70759c8f55707aa4]::panic::PanicHookInfo,)>>::call
[INFO] [stdout]                                at /rustc/dfb0accb7f508ae8be965d8629557221c889dd98/library/alloc/src/boxed.rs:2334:9
[INFO] [stdout]   12:     0x5ffb92c0d610 - test[9d35eded1c95d3be]::test_main_inner::<test[9d35eded1c95d3be]::test_main_static::{closure#0}>::{closure#0}
[INFO] [stdout]                                at /rustc/dfb0accb7f508ae8be965d8629557221c889dd98/library/test/src/lib.rs:155:21
[INFO] [stdout]   13:     0x5ffb92c72412 - <alloc[2182bb758b4b3781]::boxed::Box<dyn for<'a, 'b> core[df12db4294e9bfd3]::ops::function::Fn<(&'a std[70759c8f55707aa4]::panic::PanicHookInfo<'b>,), Output = ()> + core[df12db4294e9bfd3]::marker::Send + core[df12db4294e9bfd3]::marker::Sync> as core[df12db4294e9bfd3]::ops::function::Fn<(&std[70759c8f55707aa4]::panic::PanicHookInfo,)>>::call
[INFO] [stdout]                                at /rustc/dfb0accb7f508ae8be965d8629557221c889dd98/library/alloc/src/boxed.rs:2334:9
[INFO] [stdout]   14:     0x5ffb92c72412 - std[70759c8f55707aa4]::panicking::panic_with_hook
[INFO] [stdout]                                at /rustc/dfb0accb7f508ae8be965d8629557221c889dd98/library/std/src/panicking.rs:823:13
[INFO] [stdout]   15:     0x5ffb92c552b2 - std[70759c8f55707aa4]::panicking::panic_handler::{closure#0}
[INFO] [stdout]                                at /rustc/dfb0accb7f508ae8be965d8629557221c889dd98/library/std/src/panicking.rs:688:13
[INFO] [stdout]   16:     0x5ffb92c4df19 - std[70759c8f55707aa4]::sys::backtrace::__rust_end_short_backtrace::<std[70759c8f55707aa4]::panicking::panic_handler::{closure#0}, !>
[INFO] [stdout]                                at /rustc/dfb0accb7f508ae8be965d8629557221c889dd98/library/std/src/sys/backtrace.rs:182:18
[INFO] [stdout]   17:     0x5ffb92c55f6d - __rustc[8fa7c3cbc660c2b3]::rust_begin_unwind
[INFO] [stdout]                                at /rustc/dfb0accb7f508ae8be965d8629557221c889dd98/library/std/src/panicking.rs:679:5
[INFO] [stdout]   18:     0x5ffb92c8fc4c - core[df12db4294e9bfd3]::panicking::panic_fmt
[INFO] [stdout]                                at /rustc/dfb0accb7f508ae8be965d8629557221c889dd98/library/core/src/panicking.rs:80:14
[INFO] [stdout]   19:     0x5ffb92c8fb43 - core[df12db4294e9bfd3]::panicking::assert_failed_inner
[INFO] [stdout]                                at /rustc/dfb0accb7f508ae8be965d8629557221c889dd98/library/core/src/panicking.rs:447:23
[INFO] [stdout]   20:     0x5ffb92c4dab5 - core[df12db4294e9bfd3]::panicking::assert_failed::<i32, i32>
[INFO] [stdout]                                at /rustc/dfb0accb7f508ae8be965d8629557221c889dd98/library/core/src/panicking.rs:407:5
[INFO] [stdout]   21:     0x5ffb92bc26da - exit_contract[8f7a0b121e3bf822]::check_folds_by_the_higher_code
[INFO] [stdout]                                at /opt/rustwide/workdir/tests/exit_contract.rs:253:5
[INFO] [stdout]   22:     0x5ffb92bbea77 - exit_contract[8f7a0b121e3bf822]::check_folds_by_the_higher_code::{closure#0}
[INFO] [stdout]                                at /opt/rustwide/workdir/tests/exit_contract.rs:239:36
[INFO] [stdout]   23:     0x5ffb92bcadf6 - <exit_contract[8f7a0b121e3bf822]::check_folds_by_the_higher_code::{closure#0} as core[df12db4294e9bfd3]::ops::function::FnOnce<()>>::call_once
[INFO] [stdout]                                at /rustc/dfb0accb7f508ae8be965d8629557221c889dd98/library/core/src/ops/function.rs:250:5
[INFO] [stdout]   24:     0x5ffb92c008fb - <fn() -> core[df12db4294e9bfd3]::result::Result<(), alloc[2182bb758b4b3781]::string::String> as core[df12db4294e9bfd3]::ops::function::FnOnce<()>>::call_once
[INFO] [stdout]                                at /rustc/dfb0accb7f508ae8be965d8629557221c889dd98/library/core/src/ops/function.rs:250:5
[INFO] [stdout]   25:     0x5ffb92c008fb - test[9d35eded1c95d3be]::__rust_begin_short_backtrace::<core[df12db4294e9bfd3]::result::Result<(), alloc[2182bb758b4b3781]::string::String>, fn() -> core[df12db4294e9bfd3]::result::Result<(), alloc[2182bb758b4b3781]::string::String>>
[INFO] [stdout]                                at /rustc/dfb0accb7f508ae8be965d8629557221c889dd98/library/test/src/lib.rs:733:18
[INFO] [stdout]   26:     0x5ffb92c0df65 - test[9d35eded1c95d3be]::run_test_in_process::{closure#0}
[INFO] [stdout]                                at /rustc/dfb0accb7f508ae8be965d8629557221c889dd98/library/test/src/lib.rs:756:74
[INFO] [stdout]   27:     0x5ffb92c0df65 - <core[df12db4294e9bfd3]::panic::unwind_safe::AssertUnwindSafe<test[9d35eded1c95d3be]::run_test_in_process::{closure#0}> as core[df12db4294e9bfd3]::ops::function::FnOnce<()>>::call_once
[INFO] [stdout]                                at /rustc/dfb0accb7f508ae8be965d8629557221c889dd98/library/core/src/panic/unwind_safe.rs:275:9
[INFO] [stdout]   28:     0x5ffb92c0df65 - std[70759c8f55707aa4]::panicking::catch_unwind::do_call::<core[df12db4294e9bfd3]::panic::unwind_safe::AssertUnwindSafe<test[9d35eded1c95d3be]::run_test_in_process::{closure#0}>, core[df12db4294e9bfd3]::result::Result<(), alloc[2182bb758b4b3781]::string::String>>
[INFO] [stdout]                                at /rustc/dfb0accb7f508ae8be965d8629557221c889dd98/library/std/src/panicking.rs:576:43
[INFO] [stdout]   29:     0x5ffb92c0df65 - std[70759c8f55707aa4]::panicking::catch_unwind::<core[df12db4294e9bfd3]::result::Result<(), alloc[2182bb758b4b3781]::string::String>, core[df12db4294e9bfd3]::panic::unwind_safe::AssertUnwindSafe<test[9d35eded1c95d3be]::run_test_in_process::{closure#0}>>
[INFO] [stdout]                                at /rustc/dfb0accb7f508ae8be965d8629557221c889dd98/library/std/src/panicking.rs:544:19
[INFO] [stdout]   30:     0x5ffb92c0df65 - std[70759c8f55707aa4]::panic::catch_unwind::<core[df12db4294e9bfd3]::panic::unwind_safe::AssertUnwindSafe<test[9d35eded1c95d3be]::run_test_in_process::{closure#0}>, core[df12db4294e9bfd3]::result::Result<(), alloc[2182bb758b4b3781]::string::String>>
[INFO] [stdout]                                at /rustc/dfb0accb7f508ae8be965d8629557221c889dd98/library/std/src/panic.rs:359:14
[INFO] [stdout]   31:     0x5ffb92c0df65 - test[9d35eded1c95d3be]::run_test_in_process
[INFO] [stdout]                                at /rustc/dfb0accb7f508ae8be965d8629557221c889dd98/library/test/src/lib.rs:756:27
[INFO] [stdout]   32:     0x5ffb92c0df65 - test[9d35eded1c95d3be]::run_test::{closure#0}
[INFO] [stdout]                                at /rustc/dfb0accb7f508ae8be965d8629557221c889dd98/library/test/src/lib.rs:677:43
[INFO] [stdout]   33:     0x5ffb92c07824 - test[9d35eded1c95d3be]::run_test::{closure#1}
[INFO] [stdout]                                at /rustc/dfb0accb7f508ae8be965d8629557221c889dd98/library/test/src/lib.rs:707:41
[INFO] [stdout]   34:     0x5ffb92c07824 - std[70759c8f55707aa4]::sys::backtrace::__rust_begin_short_backtrace::<test[9d35eded1c95d3be]::run_test::{closure#1}, ()>
[INFO] [stdout]                                at /rustc/dfb0accb7f508ae8be965d8629557221c889dd98/library/std/src/sys/backtrace.rs:166:18
[INFO] [stdout]   35:     0x5ffb92c110c2 - std[70759c8f55707aa4]::thread::lifecycle::spawn_unchecked::<test[9d35eded1c95d3be]::run_test::{closure#1}, ()>::{closure#1}::{closure#0}
[INFO] [stdout]                                at /rustc/dfb0accb7f508ae8be965d8629557221c889dd98/library/std/src/thread/lifecycle.rs:70:13
[INFO] [stdout]   36:     0x5ffb92c110c2 - <core[df12db4294e9bfd3]::panic::unwind_safe::AssertUnwindSafe<std[70759c8f55707aa4]::thread::lifecycle::spawn_unchecked<test[9d35eded1c95d3be]::run_test::{closure#1}, ()>::{closure#1}::{closure#0}> as core[df12db4294e9bfd3]::ops::function::FnOnce<()>>::call_once
[INFO] [stdout]                                at /rustc/dfb0accb7f508ae8be965d8629557221c889dd98/library/core/src/panic/unwind_safe.rs:275:9
[INFO] [stdout]   37:     0x5ffb92c110c2 - std[70759c8f55707aa4]::panicking::catch_unwind::do_call::<core[df12db4294e9bfd3]::panic::unwind_safe::AssertUnwindSafe<std[70759c8f55707aa4]::thread::lifecycle::spawn_unchecked<test[9d35eded1c95d3be]::run_test::{closure#1}, ()>::{closure#1}::{closure#0}>, ()>
[INFO] [stdout]                                at /rustc/dfb0accb7f508ae8be965d8629557221c889dd98/library/std/src/panicking.rs:576:43
[INFO] [stdout]   38:     0x5ffb92c110c2 - std[70759c8f55707aa4]::panicking::catch_unwind::<(), core[df12db4294e9bfd3]::panic::unwind_safe::AssertUnwindSafe<std[70759c8f55707aa4]::thread::lifecycle::spawn_unchecked<test[9d35eded1c95d3be]::run_test::{closure#1}, ()>::{closure#1}::{closure#0}>>
[INFO] [stdout]                                at /rustc/dfb0accb7f508ae8be965d8629557221c889dd98/library/std/src/panicking.rs:544:19
[INFO] [stdout]   39:     0x5ffb92c110c2 - std[70759c8f55707aa4]::panic::catch_unwind::<core[df12db4294e9bfd3]::panic::unwind_safe::AssertUnwindSafe<std[70759c8f55707aa4]::thread::lifecycle::spawn_unchecked<test[9d35eded1c95d3be]::run_test::{closure#1}, ()>::{closure#1}::{closure#0}>, ()>
[INFO] [stdout]                                at /rustc/dfb0accb7f508ae8be965d8629557221c889dd98/library/std/src/panic.rs:359:14
[INFO] [stdout]   40:     0x5ffb92c110c2 - std[70759c8f55707aa4]::thread::lifecycle::spawn_unchecked::<test[9d35eded1c95d3be]::run_test::{closure#1}, ()>::{closure#1}
[INFO] [stdout]                                at /rustc/dfb0accb7f508ae8be965d8629557221c889dd98/library/std/src/thread/lifecycle.rs:68:26
[INFO] [stdout]   41:     0x5ffb92c110c2 - <std[70759c8f55707aa4]::thread::lifecycle::spawn_unchecked<test[9d35eded1c95d3be]::run_test::{closure#1}, ()>::{closure#1} as core[df12db4294e9bfd3]::ops::function::FnOnce<()>>::call_once::{shim:vtable#0}
[INFO] [stdout]                                at /rustc/dfb0accb7f508ae8be965d8629557221c889dd98/library/core/src/ops/function.rs:250:5
[INFO] [stdout]   42:     0x5ffb92c79c19 - <alloc[2182bb758b4b3781]::boxed::Box<dyn core[df12db4294e9bfd3]::ops::function::FnOnce<(), Output = ()> + core[df12db4294e9bfd3]::marker::Send> as core[df12db4294e9bfd3]::ops::function::FnOnce<()>>::call_once
[INFO] [stdout]                                at /rustc/dfb0accb7f508ae8be965d8629557221c889dd98/library/alloc/src/boxed.rs:2320:9
[INFO] [stdout]   43:     0x5ffb92c79c19 - <std[70759c8f55707aa4]::sys::thread::unix::Thread>::new::thread_start
[INFO] [stdout]                                at /rustc/dfb0accb7f508ae8be965d8629557221c889dd98/library/std/src/sys/thread/unix.rs:123:17
[INFO] [stdout]   44:     0x7b84a5465dfa - <unknown>
[INFO] [stdout]   45:     0x7b84a54f93d4 - clone
[INFO] [stdout]   46:                0x0 - <unknown>
[INFO] [stdout] 
[INFO] [stdout] 
[INFO] [stdout] failures:
[INFO] [stdout]     check_folds_by_the_higher_code
[INFO] [stdout] 
[INFO] [stdout] test result: FAILED. 9 passed; 1 failed; 0 ignored; 0 measured; 0 filtered out; finished in 0.22s
[INFO] [stdout] 
[INFO] [stderr] error: test failed, to rerun pass `--test exit_contract`
[INFO] running `Command { std: "docker" "inspect" "04eb89e93d6217ed7f5da4bdc19589f549f188d7915e46fec0df7a3f9c78cc69", kill_on_drop: false }`
[INFO] running `Command { std: "docker" "rm" "-f" "04eb89e93d6217ed7f5da4bdc19589f549f188d7915e46fec0df7a3f9c78cc69", kill_on_drop: false }`
[INFO] [stdout] 04eb89e93d6217ed7f5da4bdc19589f549f188d7915e46fec0df7a3f9c78cc69
