[INFO] fetching crate spark-ddl-parser 0.1.0...
[INFO] testing spark-ddl-parser-0.1.0 against 1.100.0-beta.1 for beta-1.100-2
[INFO] extracting crate spark-ddl-parser 0.1.0 into /workspace/builds/worker-1-tc2/source
[INFO] started tweaking crates.io crate spark-ddl-parser 0.1.0
[INFO] removed 0 missing tests
[INFO] finished tweaking crates.io crate spark-ddl-parser 0.1.0
[INFO] tweaked toml for crates.io crate spark-ddl-parser 0.1.0 written to /workspace/builds/worker-1-tc2/source/Cargo.toml
[INFO] validating manifest of crates.io crate spark-ddl-parser 0.1.0 on toolchain 1.100.0-beta.1
[INFO] running `Command { std: CARGO_HOME="/workspace/cargo-home" RUSTUP_HOME="/workspace/rustup-home" "/workspace/cargo-home/bin/cargo" "+1.100.0-beta.1" "metadata" "--manifest-path" "Cargo.toml" "--no-deps", kill_on_drop: false }`
[INFO] crate crates.io crate spark-ddl-parser 0.1.0 already has a lockfile, it will not be regenerated
[INFO] running `Command { std: CARGO_HOME="/workspace/cargo-home" RUSTUP_HOME="/workspace/rustup-home" "/workspace/cargo-home/bin/cargo" "+1.100.0-beta.1" "fetch" "--manifest-path" "Cargo.toml", kill_on_drop: false }`
[INFO] [stderr] warning: `package.homepage` is redundant with `package.repository`
[INFO] [stderr]   --> Cargo.toml:26:12
[INFO] [stderr]    |
[INFO] [stderr] 26 | homepage = "https://github.com/eddiethedean/spark-ddl-parser"
[INFO] [stderr]    |            ^^^^^^^^^^^^^^^^^^^^^^^^^^^^^^^^^^^^^^^^^^^^^^^^^^
[INFO] [stderr] ...
[INFO] [stderr] 31 | repository = "https://github.com/eddiethedean/spark-ddl-parser"
[INFO] [stderr]    |              --------------------------------------------------
[INFO] [stderr]    |
[INFO] [stderr]    = note: `cargo::redundant_homepage` is set to `warn` by default
[INFO] [stderr] help: consider removing `package.homepage`
[INFO] [stderr] warning: `spark-ddl-parser` (manifest) generated 1 warning
[INFO] running `Command { std: "docker" "create" "-v" "/var/lib/crater-agent-workspace/builds/worker-1-tc2/source:/opt/rustwide/workdir:ro,Z" "-v" "/var/lib/crater-agent-workspace/builds/worker-1-tc2/target:/opt/rustwide/target:rw,Z" "-v" "/var/lib/crater-agent-workspace/cargo-home:/opt/rustwide/cargo-home:ro,Z" "-v" "/var/lib/crater-agent-workspace/rustup-home:/opt/rustwide/rustup-home:ro,Z" "-m" "1610612736" "--network" "none" "ghcr.io/rust-lang/crates-build-env/linux@sha256:3111399a4047eeb3a02b7a90e478d715f38a8c6669b5c4b49d30a17385265909" "sleep" "infinity", kill_on_drop: false }`
[INFO] [stdout] 5301522f52108ab00ad3741d3012605555fbd1d54eb7d175ea3af8069fd9d474
[INFO] running `Command { std: "docker" "start" "5301522f52108ab00ad3741d3012605555fbd1d54eb7d175ea3af8069fd9d474", kill_on_drop: false }`
[INFO] running `Command { std: "docker" "inspect" "5301522f52108ab00ad3741d3012605555fbd1d54eb7d175ea3af8069fd9d474", kill_on_drop: false }`
[INFO] running `Command { std: "docker" "exec" "-e" "SOURCE_DIR=/opt/rustwide/workdir" "-e" "CARGO_HOME=/opt/rustwide/cargo-home" "-e" "RUSTUP_HOME=/opt/rustwide/rustup-home" "-e" "CARGO_TARGET_DIR=/opt/rustwide/target" "-w" "/opt/rustwide/workdir" "--user" "0:0" "5301522f52108ab00ad3741d3012605555fbd1d54eb7d175ea3af8069fd9d474" "/opt/rustwide/cargo-home/bin/cargo" "+1.100.0-beta.1" "metadata" "--no-deps" "--format-version=1", kill_on_drop: false }`
[INFO] running `Command { std: "docker" "inspect" "5301522f52108ab00ad3741d3012605555fbd1d54eb7d175ea3af8069fd9d474", kill_on_drop: false }`
[INFO] running `Command { std: "docker" "exec" "-e" "SOURCE_DIR=/opt/rustwide/workdir" "-e" "CARGO_HOME=/opt/rustwide/cargo-home" "-e" "RUSTUP_HOME=/opt/rustwide/rustup-home" "-e" "CARGO_TARGET_DIR=/opt/rustwide/target" "-e" "CARGO_INCREMENTAL=0" "-e" "RUST_BACKTRACE=full" "-e" "RUSTFLAGS=--cap-lints=warn" "-e" "RUSTDOCFLAGS=--cap-lints=warn" "-w" "/opt/rustwide/workdir" "--user" "0:0" "5301522f52108ab00ad3741d3012605555fbd1d54eb7d175ea3af8069fd9d474" "/opt/rustwide/cargo-home/bin/cargo" "+1.100.0-beta.1" "build" "--frozen" "--message-format=json", kill_on_drop: false }`
[INFO] [stderr] warning: `package.homepage` is redundant with `package.repository`
[INFO] [stderr]   --> Cargo.toml:26:12
[INFO] [stderr]    |
[INFO] [stderr] 26 | homepage = "https://github.com/eddiethedean/spark-ddl-parser"
[INFO] [stderr]    |            ^^^^^^^^^^^^^^^^^^^^^^^^^^^^^^^^^^^^^^^^^^^^^^^^^^
[INFO] [stderr] ...
[INFO] [stderr] 31 | repository = "https://github.com/eddiethedean/spark-ddl-parser"
[INFO] [stderr]    |              --------------------------------------------------
[INFO] [stderr]    |
[INFO] [stderr]    = note: `cargo::redundant_homepage` is set to `warn` by default
[INFO] [stderr] help: consider removing `package.homepage`
[INFO] [stderr] warning: `spark-ddl-parser` (manifest) generated 1 warning
[INFO] [stderr]    Compiling spark-ddl-parser v0.1.0 (/opt/rustwide/workdir)
[INFO] [stderr]     Finished `dev` profile [unoptimized + debuginfo] target(s) in 0.43s
[INFO] running `Command { std: "docker" "inspect" "5301522f52108ab00ad3741d3012605555fbd1d54eb7d175ea3af8069fd9d474", kill_on_drop: false }`
[INFO] running `Command { std: "docker" "exec" "-e" "SOURCE_DIR=/opt/rustwide/workdir" "-e" "CARGO_HOME=/opt/rustwide/cargo-home" "-e" "RUSTUP_HOME=/opt/rustwide/rustup-home" "-e" "CARGO_TARGET_DIR=/opt/rustwide/target" "-e" "CARGO_INCREMENTAL=0" "-e" "RUST_BACKTRACE=full" "-e" "RUSTFLAGS=--cap-lints=warn" "-e" "RUSTDOCFLAGS=--cap-lints=warn" "-w" "/opt/rustwide/workdir" "--user" "0:0" "5301522f52108ab00ad3741d3012605555fbd1d54eb7d175ea3af8069fd9d474" "/opt/rustwide/cargo-home/bin/cargo" "+1.100.0-beta.1" "test" "--frozen" "--no-run" "--message-format=json", kill_on_drop: false }`
[INFO] [stderr] warning: `package.homepage` is redundant with `package.repository`
[INFO] [stderr]   --> Cargo.toml:26:12
[INFO] [stderr]    |
[INFO] [stderr] 26 | homepage = "https://github.com/eddiethedean/spark-ddl-parser"
[INFO] [stderr]    |            ^^^^^^^^^^^^^^^^^^^^^^^^^^^^^^^^^^^^^^^^^^^^^^^^^^
[INFO] [stderr] ...
[INFO] [stderr] 31 | repository = "https://github.com/eddiethedean/spark-ddl-parser"
[INFO] [stderr]    |              --------------------------------------------------
[INFO] [stderr]    |
[INFO] [stderr]    = note: `cargo::redundant_homepage` is set to `warn` by default
[INFO] [stderr] help: consider removing `package.homepage`
[INFO] [stderr] warning: `spark-ddl-parser` (manifest) generated 1 warning
[INFO] [stderr]    Compiling spark-ddl-parser v0.1.0 (/opt/rustwide/workdir)
[INFO] [stderr]     Finished `test` profile [unoptimized + debuginfo] target(s) in 1.21s
[INFO] running `Command { std: "docker" "inspect" "5301522f52108ab00ad3741d3012605555fbd1d54eb7d175ea3af8069fd9d474", kill_on_drop: false }`
[INFO] running `Command { std: "docker" "exec" "-e" "SOURCE_DIR=/opt/rustwide/workdir" "-e" "CARGO_HOME=/opt/rustwide/cargo-home" "-e" "RUSTUP_HOME=/opt/rustwide/rustup-home" "-e" "CARGO_TARGET_DIR=/opt/rustwide/target" "-e" "CARGO_INCREMENTAL=0" "-e" "RUST_BACKTRACE=full" "-e" "RUSTFLAGS=--cap-lints=warn" "-e" "RUSTDOCFLAGS=--cap-lints=warn" "-w" "/opt/rustwide/workdir" "--user" "0:0" "5301522f52108ab00ad3741d3012605555fbd1d54eb7d175ea3af8069fd9d474" "/opt/rustwide/cargo-home/bin/cargo" "+1.100.0-beta.1" "test" "--frozen", kill_on_drop: false }`
[INFO] [stderr] warning: `package.homepage` is redundant with `package.repository`
[INFO] [stderr]   --> Cargo.toml:26:12
[INFO] [stderr]    |
[INFO] [stderr] 26 | homepage = "https://github.com/eddiethedean/spark-ddl-parser"
[INFO] [stderr]    |            ^^^^^^^^^^^^^^^^^^^^^^^^^^^^^^^^^^^^^^^^^^^^^^^^^^
[INFO] [stderr] ...
[INFO] [stderr] 31 | repository = "https://github.com/eddiethedean/spark-ddl-parser"
[INFO] [stderr]    |              --------------------------------------------------
[INFO] [stderr]    |
[INFO] [stderr]    = note: `cargo::redundant_homepage` is set to `warn` by default
[INFO] [stderr] help: consider removing `package.homepage`
[INFO] [stderr] warning: `spark-ddl-parser` (manifest) generated 1 warning
[INFO] [stderr]     Finished `test` profile [unoptimized + debuginfo] target(s) in 0.02s
[INFO] [stderr]      Running unittests src/lib.rs (/opt/rustwide/target/debug/build/spark-ddl-parser/36cef4e0cedfa40b/out/spark_ddl_parser-36cef4e0cedfa40b)
[INFO] [stdout] 
[INFO] [stdout] running 12 tests
[INFO] [stdout] test parser::tests::test_parse_decimal ... ok
[INFO] [stdout] test types::tests::test_data_type_type_name ... ok
[INFO] [stdout] test parser::tests::test_parse_array_and_map ... ok
[INFO] [stdout] test parser::tests::test_split_ddl_fields_with_struct ... ok
[INFO] [stdout] test parser::tests::test_validate_balanced_brackets_extra_close ... ok
[INFO] [stdout] test parser::tests::test_parse_simple_schema ... ok
[INFO] [stdout] test parser::tests::test_parse_struct_wrapper ... ok
[INFO] [stdout] test parser::tests::test_validate_balanced_brackets_ok ... ok
[INFO] [stdout] test parser::tests::test_split_ddl_fields_simple ... ok
[INFO] [stdout] test parser::tests::test_parse_empty ... ok
[INFO] [stdout] test parser::tests::test_find_map_comma ... ok
[INFO] [stdout] test parser::tests::test_parse_colon_format ... ok
[INFO] [stdout] 
[INFO] [stdout] test result: ok. 12 passed; 0 failed; 0 ignored; 0 measured; 0 filtered out; finished in 0.01s
[INFO] [stdout] 
[INFO] [stderr]      Running tests/parse_ddl.rs (/opt/rustwide/target/debug/build/spark-ddl-parser/e57f2f20f501d5ed/out/parse_ddl-e57f2f20f501d5ed)
[INFO] [stdout] 
[INFO] [stdout] running 23 tests
[INFO] [stdout] test err_trailing_comma ... ok
[INFO] [stdout] test err_unbalanced_array_open ... ok
[INFO] [stdout] test err_unbalanced_array_close ... ok
[INFO] [stdout] test invalid_type_defaults_to_string ... ok
[INFO] [stdout] test err_map_missing_comma ... ok
[INFO] [stdout] test err_missing_comma ... ok
[INFO] [stdout] test err_double_comma ... ok
[INFO] [stdout] test err_unbalanced_struct_close ... ok
[INFO] [stdout] test err_unbalanced_struct_open ... ok
[INFO] [stdout] test empty_input ... ok
[INFO] [stdout] test decimal_type ... ok
[INFO] [stdout] test err_comma_at_start ... ok
[INFO] [stdout] test err_empty_array_type ... ok
[INFO] [stdout] test colon_format ... ok
[INFO] [stdout] test err_missing_type ... ok
[INFO] [stdout] test simple_schema ... ok
[INFO] [stdout] test array_and_map ... ok
[INFO] [stdout] test struct_wrapper ... ok
[INFO] [stdout] test multiline_whitespace ... ok
[INFO] [stdout] test nested_struct ... ok
[INFO] [stdout] test three_fields ... ok
[INFO] [stdout] test nested_invalid_type_defaults_to_string ... ok
[INFO] [stdout] test whitespace_only ... ok
[INFO] [stdout] 
[INFO] [stdout] test result: ok. 23 passed; 0 failed; 0 ignored; 0 measured; 0 filtered out; finished in 0.02s
[INFO] [stdout] 
[INFO] [stderr]      Running tests/test_errors.rs (/opt/rustwide/target/debug/build/spark-ddl-parser/4b76aad275a0d7ee/out/test_errors-4b76aad275a0d7ee)
[INFO] [stdout] 
[INFO] [stdout] running 60 tests
[INFO] [stdout] test decimal_negative_scale ... ok
[INFO] [stdout] test empty_array ... ok
[INFO] [stdout] test decimal_extra_paren ... ok
[INFO] [stdout] test deeply_nested_unbalanced ... ok
[INFO] [stdout] test decimal_scale_greater_than_precision ... ok
[INFO] [stdout] test comma_at_start ... ok
[INFO] [stdout] test decimal_negative_precision ... ok
[INFO] [stdout] test decimal_letters ... ok
[INFO] [stdout] test empty_struct ... ok
[INFO] [stdout] test incomplete_array ... ok
[INFO] [stdout] test empty_array_type ... ok
[INFO] [stdout] test incomplete_map ... ok
[INFO] [stdout] test empty_map ... ok
[INFO] [stdout] test incomplete_struct ... ok
[INFO] [stdout] test incomplete_decimal ... ok
[INFO] [stdout] test map_missing_comma ... ok
[INFO] [stdout] test invalid_type ... ok
[INFO] [stdout] test map_missing_value_type ... ok
[INFO] [stdout] test map_with_array_unbalanced ... ok
[INFO] [stdout] test missing_comma ... ok
[INFO] [stdout] test missing_type ... ok
[INFO] [stdout] test multiple_colons ... ok
[INFO] [stdout] test missing_field_name ... ok
[INFO] [stdout] test mixed_invalid_syntax ... ok
[INFO] [stdout] test multiple_types_no_names ... ok
[INFO] [stdout] test nested_unbalanced ... ok
[INFO] [stdout] test nested_mixed_unbalanced ... ok
[INFO] [stdout] test only_brackets ... ok
[INFO] [stdout] test nested_invalid_type ... ok
[INFO] [stdout] test no_space_after_field_name ... ok
[INFO] [stdout] test decimal_missing_closing_paren ... ok
[INFO] [stdout] test nested_invalid_syntax ... ok
[INFO] [stdout] test double_colon ... ok
[INFO] [stdout] test colon_in_middle ... ok
[INFO] [stdout] test decimal_too_large ... ok
[INFO] [stdout] test no_space_before_type ... ok
[INFO] [stdout] test only_angle_brackets ... ok
[INFO] [stdout] test backticks_in_field_name ... ok
[INFO] [stdout] test array_with_struct_unbalanced ... ok
[INFO] [stdout] test double_comma ... ok
[INFO] [stdout] test only_type ... ok
[INFO] [stdout] test only_comma ... ok
[INFO] [stdout] test python_keyword_as_field_name ... ok
[INFO] [stdout] test only_space ... ok
[INFO] [stdout] test only_colon ... ok
[INFO] [stdout] test quotes_in_field_name ... ok
[INFO] [stdout] test special_chars_in_field_name ... ok
[INFO] [stdout] test sql_keyword_as_field_name ... ok
[INFO] [stdout] test trailing_comma ... ok
[INFO] [stdout] test unbalanced_array_close ... ok
[INFO] [stdout] test unbalanced_map_close ... ok
[INFO] [stdout] test unbalanced_struct_close ... ok
[INFO] [stdout] test unbalanced_struct_open ... ok
[INFO] [stdout] test type_with_numbers ... ok
[INFO] [stdout] test unbalanced_nested ... ok
[INFO] [stdout] test type_with_special_chars ... ok
[INFO] [stdout] test unbalanced_array_open ... ok
[INFO] [stdout] test unbalanced_map_open ... ok
[INFO] [stdout] test type_with_extra_chars ... ok
[INFO] [stderr]      Running tests/test_performance.rs (/opt/rustwide/target/debug/build/spark-ddl-parser/a1e6f2d4d3bed73e/out/test_performance-a1e6f2d4d3bed73e)
[INFO] [stdout] test very_long_invalid_input ... ok
[INFO] [stdout] 
[INFO] [stdout] test result: ok. 60 passed; 0 failed; 0 ignored; 0 measured; 0 filtered out; finished in 0.03s
[INFO] [stdout] 
[INFO] [stdout] 
[INFO] [stdout] running 18 tests
[INFO] [stdout] test deeply_nested_20_levels ... ok
[INFO] [stdout] test deeply_nested_10_levels ... ok
[INFO] [stdout] test large_schema_100_fields ... ok
[INFO] [stdout] test complex_schema_performance ... ok
[INFO] [stdout] test very_complex_schema_performance ... ok
[INFO] [stdout] test stress_large_and_nested ... ok
[INFO] [stdout] test stress_deep_and_wide ... ok
[INFO] [stdout] test deeply_nested_50_levels ... ok
[INFO] [stdout] test performance_with_whitespace ... ok
[INFO] [stdout] test large_schema_500_fields ... ok
[INFO] [stdout] test batch_parsing_1000_schemas ... ok
[INFO] [stdout] test linear_scaling ... FAILED
[INFO] [stdout] test batch_parsing_100_schemas ... ok
[INFO] [stdout] test repeated_parsing_no_memory_leak ... ok
[INFO] [stdout] test large_schema_2000_fields ... ok
[INFO] [stdout] test large_schema_1000_fields ... ok
[INFO] [stdout] test repeated_parsing_same_schema ... ok
[INFO] [stdout] test performance_with_colons ... ok
[INFO] [stdout] 
[INFO] [stdout] failures:
[INFO] [stdout] 
[INFO] [stdout] ---- linear_scaling stdout ----
[INFO] [stdout] 
[INFO] [stdout] thread 'linear_scaling' (360) panicked at tests/test_performance.rs:343:9:
[INFO] [stdout] Non-linear scaling: 10.18154081670294x time for 5x size
[INFO] [stdout] stack backtrace:
[INFO] [stdout]    0:     0x5604c6543d61 - std[617be2ca0a6fd877]::backtrace_rs::backtrace::libunwind::trace
[INFO] [stdout]                                at /rustc/e3feeb59cd1bdd011a2bfcc0747b55125d9b8527/library/std/src/../../backtrace/src/backtrace/libunwind.rs:117:9
[INFO] [stdout]    1:     0x5604c6543d61 - std[617be2ca0a6fd877]::backtrace_rs::backtrace::trace_unsynchronized::<std[617be2ca0a6fd877]::sys::backtrace::_print_fmt::{closure#1}>
[INFO] [stdout]                                at /rustc/e3feeb59cd1bdd011a2bfcc0747b55125d9b8527/library/std/src/../../backtrace/src/backtrace/mod.rs:66:14
[INFO] [stdout]    2:     0x5604c6543d61 - std[617be2ca0a6fd877]::sys::backtrace::_print_fmt
[INFO] [stdout]                                at /rustc/e3feeb59cd1bdd011a2bfcc0747b55125d9b8527/library/std/src/sys/backtrace.rs:74:9
[INFO] [stdout]    3:     0x5604c6543d61 - <<std[617be2ca0a6fd877]::sys::backtrace::BacktraceLock>::print::DisplayBacktrace as core[a373ad73a504971]::fmt::Display>::fmt
[INFO] [stdout]                                at /rustc/e3feeb59cd1bdd011a2bfcc0747b55125d9b8527/library/std/src/sys/backtrace.rs:44:26
[INFO] [stdout]    4:     0x5604c6558d5a - <core[a373ad73a504971]::fmt::rt::Argument>::fmt
[INFO] [stdout]                                at /rustc/e3feeb59cd1bdd011a2bfcc0747b55125d9b8527/library/core/src/fmt/rt.rs:152:76
[INFO] [stdout]    5:     0x5604c6558d5a - core[a373ad73a504971]::fmt::write
[INFO] [stdout]    6:     0x5604c6547f7c - core[a373ad73a504971]::io::write::default_write_fmt::<alloc[2e1b2a31b91974c5]::vec::Vec<u8>>
[INFO] [stdout]                                at /rustc/e3feeb59cd1bdd011a2bfcc0747b55125d9b8527/library/core/src/io/write.rs:402:11
[INFO] [stdout]    7:     0x5604c6547f7c - <alloc[2e1b2a31b91974c5]::vec::Vec<u8> as core[a373ad73a504971]::io::write::Write>::write_fmt
[INFO] [stdout]                                at /rustc/e3feeb59cd1bdd011a2bfcc0747b55125d9b8527/library/core/src/io/write.rs:335:13
[INFO] [stdout]    8:     0x5604c65201c6 - <std[617be2ca0a6fd877]::sys::backtrace::BacktraceLock>::print
[INFO] [stdout]                                at /rustc/e3feeb59cd1bdd011a2bfcc0747b55125d9b8527/library/std/src/sys/backtrace.rs:47:9
[INFO] [stdout]    9:     0x5604c65201c6 - std[617be2ca0a6fd877]::panicking::default_hook::{closure#0}
[INFO] [stdout]                                at /rustc/e3feeb59cd1bdd011a2bfcc0747b55125d9b8527/library/std/src/panicking.rs:289:27
[INFO] [stdout]   10:     0x5604c653c3f9 - std[617be2ca0a6fd877]::panicking::default_hook
[INFO] [stdout]                                at /rustc/e3feeb59cd1bdd011a2bfcc0747b55125d9b8527/library/std/src/panicking.rs:313:9
[INFO] [stdout]   11:     0x5604c64c19b0 - <alloc[2e1b2a31b91974c5]::boxed::Box<dyn for<'a, 'b> core[a373ad73a504971]::ops::function::Fn<(&'a std[617be2ca0a6fd877]::panic::PanicHookInfo<'b>,), Output = ()> + core[a373ad73a504971]::marker::Sync + core[a373ad73a504971]::marker::Send> as core[a373ad73a504971]::ops::function::Fn<(&std[617be2ca0a6fd877]::panic::PanicHookInfo,)>>::call
[INFO] [stdout]                                at /rustc/e3feeb59cd1bdd011a2bfcc0747b55125d9b8527/library/alloc/src/boxed.rs:2328:9
[INFO] [stdout]   12:     0x5604c64c19b0 - test[aada8e7e76ba119b]::test_main_inner::{closure#0}
[INFO] [stdout]                                at /rustc/e3feeb59cd1bdd011a2bfcc0747b55125d9b8527/library/test/src/lib.rs:137:21
[INFO] [stdout]   13:     0x5604c653c5b2 - <alloc[2e1b2a31b91974c5]::boxed::Box<dyn for<'a, 'b> core[a373ad73a504971]::ops::function::Fn<(&'a std[617be2ca0a6fd877]::panic::PanicHookInfo<'b>,), Output = ()> + core[a373ad73a504971]::marker::Sync + core[a373ad73a504971]::marker::Send> as core[a373ad73a504971]::ops::function::Fn<(&std[617be2ca0a6fd877]::panic::PanicHookInfo,)>>::call
[INFO] [stdout]                                at /rustc/e3feeb59cd1bdd011a2bfcc0747b55125d9b8527/library/alloc/src/boxed.rs:2328:9
[INFO] [stdout]   14:     0x5604c653c5b2 - std[617be2ca0a6fd877]::panicking::panic_with_hook
[INFO] [stdout]                                at /rustc/e3feeb59cd1bdd011a2bfcc0747b55125d9b8527/library/std/src/panicking.rs:819:13
[INFO] [stdout]   15:     0x5604c6520272 - std[617be2ca0a6fd877]::panicking::panic_handler::{closure#0}
[INFO] [stdout]                                at /rustc/e3feeb59cd1bdd011a2bfcc0747b55125d9b8527/library/std/src/panicking.rs:685:13
[INFO] [stdout]   16:     0x5604c6518f89 - std[617be2ca0a6fd877]::sys::backtrace::__rust_end_short_backtrace::<std[617be2ca0a6fd877]::panicking::panic_handler::{closure#0}, !>
[INFO] [stdout]                                at /rustc/e3feeb59cd1bdd011a2bfcc0747b55125d9b8527/library/std/src/sys/backtrace.rs:182:18
[INFO] [stdout]   17:     0x5604c6520e7d - __rustc[ea4f61d10b84890b]::rust_begin_unwind
[INFO] [stdout]                                at /rustc/e3feeb59cd1bdd011a2bfcc0747b55125d9b8527/library/std/src/panicking.rs:676:5
[INFO] [stdout]   18:     0x5604c655952c - core[a373ad73a504971]::panicking::panic_fmt
[INFO] [stdout]                                at /rustc/e3feeb59cd1bdd011a2bfcc0747b55125d9b8527/library/core/src/panicking.rs:80:14
[INFO] [stdout]   19:     0x5604c64a9f29 - test_performance[d30c1fcc28f1e4e4]::linear_scaling
[INFO] [stdout]                                at /opt/rustwide/workdir/tests/test_performance.rs:343:9
[INFO] [stdout]   20:     0x5604c64a8bf7 - test_performance[d30c1fcc28f1e4e4]::linear_scaling::{closure#0}
[INFO] [stdout]                                at /opt/rustwide/workdir/tests/test_performance.rs:326:20
[INFO] [stdout]   21:     0x5604c64afa46 - <test_performance[d30c1fcc28f1e4e4]::linear_scaling::{closure#0} as core[a373ad73a504971]::ops::function::FnOnce<()>>::call_once
[INFO] [stdout]                                at /rustc/e3feeb59cd1bdd011a2bfcc0747b55125d9b8527/library/core/src/ops/function.rs:250:5
[INFO] [stdout]   22:     0x5604c64b4dfb - <fn() -> core[a373ad73a504971]::result::Result<(), alloc[2e1b2a31b91974c5]::string::String> as core[a373ad73a504971]::ops::function::FnOnce<()>>::call_once
[INFO] [stdout]                                at /rustc/e3feeb59cd1bdd011a2bfcc0747b55125d9b8527/library/core/src/ops/function.rs:250:5
[INFO] [stdout]   23:     0x5604c64b4dfb - test[aada8e7e76ba119b]::__rust_begin_short_backtrace::<core[a373ad73a504971]::result::Result<(), alloc[2e1b2a31b91974c5]::string::String>, fn() -> core[a373ad73a504971]::result::Result<(), alloc[2e1b2a31b91974c5]::string::String>>
[INFO] [stdout]                                at /rustc/e3feeb59cd1bdd011a2bfcc0747b55125d9b8527/library/test/src/lib.rs:701:18
[INFO] [stdout]   24:     0x5604c64c1fd5 - test[aada8e7e76ba119b]::run_test_in_process::{closure#0}
[INFO] [stdout]                                at /rustc/e3feeb59cd1bdd011a2bfcc0747b55125d9b8527/library/test/src/lib.rs:724:74
[INFO] [stdout]   25:     0x5604c64c1fd5 - <core[a373ad73a504971]::panic::unwind_safe::AssertUnwindSafe<test[aada8e7e76ba119b]::run_test_in_process::{closure#0}> as core[a373ad73a504971]::ops::function::FnOnce<()>>::call_once
[INFO] [stdout]                                at /rustc/e3feeb59cd1bdd011a2bfcc0747b55125d9b8527/library/core/src/panic/unwind_safe.rs:275:9
[INFO] [stdout]   26:     0x5604c64c1fd5 - std[617be2ca0a6fd877]::panicking::catch_unwind::do_call::<core[a373ad73a504971]::panic::unwind_safe::AssertUnwindSafe<test[aada8e7e76ba119b]::run_test_in_process::{closure#0}>, core[a373ad73a504971]::result::Result<(), alloc[2e1b2a31b91974c5]::string::String>>
[INFO] [stdout]                                at /rustc/e3feeb59cd1bdd011a2bfcc0747b55125d9b8527/library/std/src/panicking.rs:573:43
[INFO] [stdout]   27:     0x5604c64c1fd5 - std[617be2ca0a6fd877]::panicking::catch_unwind::<core[a373ad73a504971]::result::Result<(), alloc[2e1b2a31b91974c5]::string::String>, core[a373ad73a504971]::panic::unwind_safe::AssertUnwindSafe<test[aada8e7e76ba119b]::run_test_in_process::{closure#0}>>
[INFO] [stdout]                                at /rustc/e3feeb59cd1bdd011a2bfcc0747b55125d9b8527/library/std/src/panicking.rs:541:19
[INFO] [stdout]   28:     0x5604c64c1fd5 - std[617be2ca0a6fd877]::panic::catch_unwind::<core[a373ad73a504971]::panic::unwind_safe::AssertUnwindSafe<test[aada8e7e76ba119b]::run_test_in_process::{closure#0}>, core[a373ad73a504971]::result::Result<(), alloc[2e1b2a31b91974c5]::string::String>>
[INFO] [stdout]                                at /rustc/e3feeb59cd1bdd011a2bfcc0747b55125d9b8527/library/std/src/panic.rs:359:14
[INFO] [stdout]   29:     0x5604c64c1fd5 - test[aada8e7e76ba119b]::run_test_in_process
[INFO] [stdout]                                at /rustc/e3feeb59cd1bdd011a2bfcc0747b55125d9b8527/library/test/src/lib.rs:724:27
[INFO] [stdout]   30:     0x5604c64c1fd5 - test[aada8e7e76ba119b]::run_test::{closure#0}
[INFO] [stdout]                                at /rustc/e3feeb59cd1bdd011a2bfcc0747b55125d9b8527/library/test/src/lib.rs:645:43
[INFO] [stdout]   31:     0x5604c64bb8c4 - test[aada8e7e76ba119b]::run_test::{closure#1}
[INFO] [stdout]                                at /rustc/e3feeb59cd1bdd011a2bfcc0747b55125d9b8527/library/test/src/lib.rs:675:41
[INFO] [stdout]   32:     0x5604c64bb8c4 - std[617be2ca0a6fd877]::sys::backtrace::__rust_begin_short_backtrace::<test[aada8e7e76ba119b]::run_test::{closure#1}, ()>
[INFO] [stdout]                                at /rustc/e3feeb59cd1bdd011a2bfcc0747b55125d9b8527/library/std/src/sys/backtrace.rs:166:18
[INFO] [stdout]   33:     0x5604c64c5062 - std[617be2ca0a6fd877]::thread::lifecycle::spawn_unchecked::<test[aada8e7e76ba119b]::run_test::{closure#1}, ()>::{closure#1}::{closure#0}
[INFO] [stdout]                                at /rustc/e3feeb59cd1bdd011a2bfcc0747b55125d9b8527/library/std/src/thread/lifecycle.rs:70:13
[INFO] [stdout]   34:     0x5604c64c5062 - <core[a373ad73a504971]::panic::unwind_safe::AssertUnwindSafe<std[617be2ca0a6fd877]::thread::lifecycle::spawn_unchecked<test[aada8e7e76ba119b]::run_test::{closure#1}, ()>::{closure#1}::{closure#0}> as core[a373ad73a504971]::ops::function::FnOnce<()>>::call_once
[INFO] [stdout]                                at /rustc/e3feeb59cd1bdd011a2bfcc0747b55125d9b8527/library/core/src/panic/unwind_safe.rs:275:9
[INFO] [stdout]   35:     0x5604c64c5062 - std[617be2ca0a6fd877]::panicking::catch_unwind::do_call::<core[a373ad73a504971]::panic::unwind_safe::AssertUnwindSafe<std[617be2ca0a6fd877]::thread::lifecycle::spawn_unchecked<test[aada8e7e76ba119b]::run_test::{closure#1}, ()>::{closure#1}::{closure#0}>, ()>
[INFO] [stdout]                                at /rustc/e3feeb59cd1bdd011a2bfcc0747b55125d9b8527/library/std/src/panicking.rs:573:43
[INFO] [stdout]   36:     0x5604c64c5062 - std[617be2ca0a6fd877]::panicking::catch_unwind::<(), core[a373ad73a504971]::panic::unwind_safe::AssertUnwindSafe<std[617be2ca0a6fd877]::thread::lifecycle::spawn_unchecked<test[aada8e7e76ba119b]::run_test::{closure#1}, ()>::{closure#1}::{closure#0}>>
[INFO] [stdout]                                at /rustc/e3feeb59cd1bdd011a2bfcc0747b55125d9b8527/library/std/src/panicking.rs:541:19
[INFO] [stdout]   37:     0x5604c64c5062 - std[617be2ca0a6fd877]::panic::catch_unwind::<core[a373ad73a504971]::panic::unwind_safe::AssertUnwindSafe<std[617be2ca0a6fd877]::thread::lifecycle::spawn_unchecked<test[aada8e7e76ba119b]::run_test::{closure#1}, ()>::{closure#1}::{closure#0}>, ()>
[INFO] [stdout]                                at /rustc/e3feeb59cd1bdd011a2bfcc0747b55125d9b8527/library/std/src/panic.rs:359:14
[INFO] [stdout]   38:     0x5604c64c5062 - std[617be2ca0a6fd877]::thread::lifecycle::spawn_unchecked::<test[aada8e7e76ba119b]::run_test::{closure#1}, ()>::{closure#1}
[INFO] [stdout]                                at /rustc/e3feeb59cd1bdd011a2bfcc0747b55125d9b8527/library/std/src/thread/lifecycle.rs:68:26
[INFO] [stdout]   39:     0x5604c64c5062 - <std[617be2ca0a6fd877]::thread::lifecycle::spawn_unchecked<test[aada8e7e76ba119b]::run_test::{closure#1}, ()>::{closure#1} as core[a373ad73a504971]::ops::function::FnOnce<()>>::call_once::{shim:vtable#0}
[INFO] [stdout]                                at /rustc/e3feeb59cd1bdd011a2bfcc0747b55125d9b8527/library/core/src/ops/function.rs:250:5
[INFO] [stdout]   40:     0x5604c65435bf - <alloc[2e1b2a31b91974c5]::boxed::Box<dyn core[a373ad73a504971]::ops::function::FnOnce<(), Output = ()> + core[a373ad73a504971]::marker::Send> as core[a373ad73a504971]::ops::function::FnOnce<()>>::call_once
[INFO] [stdout]                                at /rustc/e3feeb59cd1bdd011a2bfcc0747b55125d9b8527/library/alloc/src/boxed.rs:2314:9
[INFO] [stdout]   41:     0x5604c65435bf - <std[617be2ca0a6fd877]::sys::thread::unix::Thread>::new::thread_start
[INFO] [stdout]                                at /rustc/e3feeb59cd1bdd011a2bfcc0747b55125d9b8527/library/std/src/sys/thread/unix.rs:127:17
[INFO] [stdout]   42:     0x72f0cf612dfa - <unknown>
[INFO] [stdout]   43:     0x72f0cf6a63d4 - clone
[INFO] [stdout]   44:                0x0 - <unknown>
[INFO] [stdout] 
[INFO] [stdout] 
[INFO] [stdout] failures:
[INFO] [stdout]     linear_scaling
[INFO] [stdout] 
[INFO] [stdout] test result: FAILED. 17 passed; 1 failed; 0 ignored; 0 measured; 0 filtered out; finished in 0.39s
[INFO] [stdout] 
[INFO] [stderr] error: test failed, to rerun pass `--test test_performance`
[INFO] running `Command { std: "docker" "inspect" "5301522f52108ab00ad3741d3012605555fbd1d54eb7d175ea3af8069fd9d474", kill_on_drop: false }`
[INFO] running `Command { std: "docker" "rm" "-f" "5301522f52108ab00ad3741d3012605555fbd1d54eb7d175ea3af8069fd9d474", kill_on_drop: false }`
[INFO] [stdout] 5301522f52108ab00ad3741d3012605555fbd1d54eb7d175ea3af8069fd9d474
