[INFO] fetching crate sorseal 0.2.1...
[INFO] testing sorseal-0.2.1 against 1.99.0-beta.8 for beta-1.100-2
[INFO] extracting crate sorseal 0.2.1 into /workspace/builds/worker-3-tc1/source
[INFO] started tweaking crates.io crate sorseal 0.2.1
[INFO] removed 0 missing tests
[INFO] finished tweaking crates.io crate sorseal 0.2.1
[INFO] tweaked toml for crates.io crate sorseal 0.2.1 written to /workspace/builds/worker-3-tc1/source/Cargo.toml
[INFO] validating manifest of crates.io crate sorseal 0.2.1 on toolchain 1.99.0-beta.8
[INFO] running `Command { std: CARGO_HOME="/workspace/cargo-home" RUSTUP_HOME="/workspace/rustup-home" "/workspace/cargo-home/bin/cargo" "+1.99.0-beta.8" "metadata" "--manifest-path" "Cargo.toml" "--no-deps", kill_on_drop: false }`
[INFO] crate crates.io crate sorseal 0.2.1 already has a lockfile, it will not be regenerated
[INFO] running `Command { std: CARGO_HOME="/workspace/cargo-home" RUSTUP_HOME="/workspace/rustup-home" "/workspace/cargo-home/bin/cargo" "+1.99.0-beta.8" "fetch" "--manifest-path" "Cargo.toml", kill_on_drop: false }`
[INFO] [stderr]  Downloading crates ...
[INFO] [stderr]   Downloaded ureq-proto v0.6.2
[INFO] [stderr]   Downloaded ed25519 v3.0.0
[INFO] [stderr]   Downloaded hybrid-array v0.4.14
[INFO] [stderr]   Downloaded ureq v3.4.1
[INFO] [stderr]   Downloaded toml v1.1.5+spec-1.1.0
[INFO] [stderr]   Downloaded clap_derive v4.6.4
[INFO] [stderr]   Downloaded clap v4.6.6
[INFO] [stderr]   Downloaded cc v1.4.0
[INFO] [stderr]   Downloaded ed25519-dalek v3.0.0
[INFO] [stderr]   Downloaded clap_builder v4.6.6
[INFO] [stderr]   Downloaded curve25519-dalek v5.0.0
[INFO] [stderr]   Downloaded rustls v0.23.43
[INFO] [stderr]   Downloaded fiat-crypto v0.3.0
[INFO] running `Command { std: "docker" "create" "-v" "/var/lib/crater-agent-workspace/builds/worker-3-tc1/source:/opt/rustwide/workdir:ro,Z" "-v" "/var/lib/crater-agent-workspace/builds/worker-3-tc1/target:/opt/rustwide/target:rw,Z" "-v" "/var/lib/crater-agent-workspace/cargo-home:/opt/rustwide/cargo-home:ro,Z" "-v" "/var/lib/crater-agent-workspace/rustup-home:/opt/rustwide/rustup-home:ro,Z" "-m" "1610612736" "--network" "none" "ghcr.io/rust-lang/crates-build-env/linux@sha256:3111399a4047eeb3a02b7a90e478d715f38a8c6669b5c4b49d30a17385265909" "sleep" "infinity", kill_on_drop: false }`
[INFO] [stdout] 161da5b327d527ee9afaaa3fb8932af445aa42352b2f6aca482d1746762e6cda
[INFO] running `Command { std: "docker" "start" "161da5b327d527ee9afaaa3fb8932af445aa42352b2f6aca482d1746762e6cda", kill_on_drop: false }`
[INFO] running `Command { std: "docker" "inspect" "161da5b327d527ee9afaaa3fb8932af445aa42352b2f6aca482d1746762e6cda", kill_on_drop: false }`
[INFO] running `Command { std: "docker" "exec" "-e" "SOURCE_DIR=/opt/rustwide/workdir" "-e" "CARGO_HOME=/opt/rustwide/cargo-home" "-e" "RUSTUP_HOME=/opt/rustwide/rustup-home" "-e" "CARGO_TARGET_DIR=/opt/rustwide/target" "-w" "/opt/rustwide/workdir" "--user" "0:0" "161da5b327d527ee9afaaa3fb8932af445aa42352b2f6aca482d1746762e6cda" "/opt/rustwide/cargo-home/bin/cargo" "+1.99.0-beta.8" "metadata" "--no-deps" "--format-version=1", kill_on_drop: false }`
[INFO] running `Command { std: "docker" "inspect" "161da5b327d527ee9afaaa3fb8932af445aa42352b2f6aca482d1746762e6cda", kill_on_drop: false }`
[INFO] running `Command { std: "docker" "exec" "-e" "SOURCE_DIR=/opt/rustwide/workdir" "-e" "CARGO_HOME=/opt/rustwide/cargo-home" "-e" "RUSTUP_HOME=/opt/rustwide/rustup-home" "-e" "CARGO_TARGET_DIR=/opt/rustwide/target" "-e" "CARGO_INCREMENTAL=0" "-e" "RUST_BACKTRACE=full" "-e" "RUSTFLAGS=--cap-lints=warn" "-e" "RUSTDOCFLAGS=--cap-lints=warn" "-w" "/opt/rustwide/workdir" "--user" "0:0" "161da5b327d527ee9afaaa3fb8932af445aa42352b2f6aca482d1746762e6cda" "/opt/rustwide/cargo-home/bin/cargo" "+1.99.0-beta.8" "build" "--frozen" "--message-format=json", kill_on_drop: false }`
[INFO] [stderr]    Compiling proc-macro2 v1.0.107
[INFO] [stderr]    Compiling zmij v1.0.23
[INFO] [stderr]    Compiling itoa v1.0.18
[INFO] [stderr]    Compiling serde_json v1.0.151
[INFO] [stderr]    Compiling serde_core v1.0.229
[INFO] [stderr]    Compiling shlex v2.0.1
[INFO] [stderr]    Compiling libc v0.2.189
[INFO] [stderr]    Compiling rand_core v0.10.1
[INFO] [stderr]    Compiling cc v1.4.0
[INFO] [stderr]    Compiling memchr v2.8.3
[INFO] [stderr]    Compiling zeroize v1.9.0
[INFO] [stderr]    Compiling typenum v1.20.1
[INFO] [stderr]    Compiling quote v1.0.47
[INFO] [stderr]    Compiling serde v1.0.229
[INFO] [stderr]    Compiling syn v3.0.3
[INFO] [stderr]    Compiling semver v1.0.28
[INFO] [stderr]    Compiling rustc_version v0.4.1
[INFO] [stderr]    Compiling hybrid-array v0.4.14
[INFO] [stderr]    Compiling rustls-pki-types v1.15.1
[INFO] [stderr]    Compiling const-oid v0.10.2
[INFO] [stderr]    Compiling crc32fast v1.5.0
[INFO] [stderr]    Compiling subtle v2.6.1
[INFO] [stderr]    Compiling getrandom v0.2.17
[INFO] [stderr]    Compiling utf8parse v0.2.2
[INFO] [stderr]    Compiling untrusted v0.9.0
[INFO] [stderr]    Compiling ring v0.17.14
[INFO] [stderr]    Compiling block-buffer v0.12.1
[INFO] [stderr]    Compiling crypto-common v0.2.2
[INFO] [stderr]    Compiling httparse v1.10.1
[INFO] [stderr]    Compiling anstyle-parse v1.0.0
[INFO] [stderr]    Compiling curve25519-dalek v5.0.0
[INFO] [stderr]    Compiling syn v2.0.119
[INFO] [stderr]    Compiling log v0.4.33
[INFO] [stderr]    Compiling cpufeatures v0.3.0
[INFO] [stderr]    Compiling is_terminal_polyfill v1.70.2
[INFO] [stderr]    Compiling anstyle-query v1.1.5
[INFO] [stderr]    Compiling byteorder v1.5.0
[INFO] [stderr]    Compiling simd-adler32 v0.3.10
[INFO] [stderr]    Compiling bytes v1.12.1
[INFO] [stderr]    Compiling adler2 v2.0.1
[INFO] [stderr]    Compiling heapless v0.8.0
[INFO] [stderr]    Compiling rustls v0.23.43
[INFO] [stderr]    Compiling colorchoice v1.0.5
[INFO] [stderr]    Compiling anstyle v1.0.14
[INFO] [stderr]    Compiling digest v0.11.3
[INFO] [stderr]    Compiling anstream v1.0.0
[INFO] [stderr]    Compiling http v1.5.0
[INFO] [stderr]    Compiling miniz_oxide v0.8.9
[INFO] [stderr]    Compiling hash32 v0.3.1
[INFO] [stderr]    Compiling signature v3.0.0
[INFO] [stderr]    Compiling anyhow v1.0.104
[INFO] [stderr]    Compiling strsim v0.11.1
[INFO] [stderr]    Compiling clap_lex v1.1.0
[INFO] [stderr]    Compiling once_cell v1.21.4
[INFO] [stderr]    Compiling getrandom v0.4.3
[INFO] [stderr]    Compiling base64 v0.23.1
[INFO] [stderr]    Compiling winnow v1.0.4
[INFO] [stderr]    Compiling clap_builder v4.6.6
[INFO] [stderr]    Compiling toml_parser v1.1.3+spec-1.1.0
[INFO] [stderr]    Compiling ureq-proto v0.6.2
[INFO] [stderr]    Compiling ed25519 v3.0.0
[INFO] [stderr]    Compiling flate2 v1.1.9
[INFO] [stderr]    Compiling serde_derive v1.0.229
[INFO] [stderr]    Compiling clap_derive v4.6.4
[INFO] [stderr]    Compiling serde_spanned v1.1.1
[INFO] [stderr]    Compiling toml_datetime v1.1.1+spec-1.1.0
[INFO] [stderr]    Compiling sha2 v0.11.0
[INFO] [stderr]    Compiling webpki-roots v1.0.9
[INFO] [stderr]    Compiling data-encoding v2.11.1
[INFO] [stderr]    Compiling rustls-webpki v0.103.13
[INFO] [stderr]    Compiling curve25519-dalek-derive v0.1.1
[INFO] [stderr]    Compiling toml_writer v1.1.2+spec-1.1.0
[INFO] [stderr]    Compiling utf8-zero v0.8.1
[INFO] [stderr]    Compiling toml v1.1.5+spec-1.1.0
[INFO] [stderr]    Compiling clap v4.6.6
[INFO] [stderr]    Compiling ed25519-dalek v3.0.0
[INFO] [stderr]    Compiling crate-git-revision v0.0.6
[INFO] [stderr]    Compiling stellar-strkey v0.0.16
[INFO] [stderr]    Compiling ureq v3.4.1
[INFO] [stderr]    Compiling sorseal v0.2.1 (/opt/rustwide/workdir)
[INFO] [stderr]     Finished `dev` profile [unoptimized + debuginfo] target(s) in 1m 19s
[INFO] running `Command { std: "docker" "inspect" "161da5b327d527ee9afaaa3fb8932af445aa42352b2f6aca482d1746762e6cda", kill_on_drop: false }`
[INFO] running `Command { std: "docker" "exec" "-e" "SOURCE_DIR=/opt/rustwide/workdir" "-e" "CARGO_HOME=/opt/rustwide/cargo-home" "-e" "RUSTUP_HOME=/opt/rustwide/rustup-home" "-e" "CARGO_TARGET_DIR=/opt/rustwide/target" "-e" "CARGO_INCREMENTAL=0" "-e" "RUST_BACKTRACE=full" "-e" "RUSTFLAGS=--cap-lints=warn" "-e" "RUSTDOCFLAGS=--cap-lints=warn" "-w" "/opt/rustwide/workdir" "--user" "0:0" "161da5b327d527ee9afaaa3fb8932af445aa42352b2f6aca482d1746762e6cda" "/opt/rustwide/cargo-home/bin/cargo" "+1.99.0-beta.8" "test" "--frozen" "--no-run" "--message-format=json", kill_on_drop: false }`
[INFO] [stderr]    Compiling bitflags v2.13.1
[INFO] [stderr]    Compiling fastrand v2.5.0
[INFO] [stderr]    Compiling rustix v1.1.4
[INFO] [stderr]    Compiling tempfile v3.27.0
[INFO] [stderr]    Compiling sorseal v0.2.1 (/opt/rustwide/workdir)
[INFO] [stderr]     Finished `test` profile [unoptimized + debuginfo] target(s) in 9.79s
[INFO] running `Command { std: "docker" "inspect" "161da5b327d527ee9afaaa3fb8932af445aa42352b2f6aca482d1746762e6cda", kill_on_drop: false }`
[INFO] running `Command { std: "docker" "exec" "-e" "SOURCE_DIR=/opt/rustwide/workdir" "-e" "CARGO_HOME=/opt/rustwide/cargo-home" "-e" "RUSTUP_HOME=/opt/rustwide/rustup-home" "-e" "CARGO_TARGET_DIR=/opt/rustwide/target" "-e" "CARGO_INCREMENTAL=0" "-e" "RUST_BACKTRACE=full" "-e" "RUSTFLAGS=--cap-lints=warn" "-e" "RUSTDOCFLAGS=--cap-lints=warn" "-w" "/opt/rustwide/workdir" "--user" "0:0" "161da5b327d527ee9afaaa3fb8932af445aa42352b2f6aca482d1746762e6cda" "/opt/rustwide/cargo-home/bin/cargo" "+1.99.0-beta.8" "test" "--frozen", kill_on_drop: false }`
[INFO] [stderr]     Finished `test` profile [unoptimized + debuginfo] target(s) in 0.18s
[INFO] [stderr]      Running unittests src/lib.rs (/opt/rustwide/target/debug/deps/sorseal-31371454b484091d)
[INFO] [stdout] 
[INFO] [stdout] running 108 tests
[INFO] [stdout] test analyze::tests::detects_hardcoded_storage_key ... ok
[INFO] [stdout] test analyze::tests::admin_key_without_rotation_is_flagged ... ok
[INFO] [stdout] test analyze::tests::detects_missing_auth_on_value_mutation ... ok
[INFO] [stdout] test analyze::tests::confidence_flows_into_rendering_but_not_the_digest ... ok
[INFO] [stdout] test analyze::tests::detects_missing_token_balance_check ... ok
[INFO] [stdout] test analyze::tests::detects_approve_then_invoke_shape ... ok
[INFO] [stdout] test analyze::tests::detects_panic_on_storage_read ... ok
[INFO] [stdout] test analyze::tests::detects_unsafe_raw_pointer ... ok
[INFO] [stdout] test analyze::tests::confidence_maps_by_rule_and_is_separate_from_severity ... ok
[INFO] [stdout] test analyze::tests::detects_panic_on_value_path ... ok
[INFO] [stdout] test analyze::tests::every_rule_has_explain_metadata ... ok
[INFO] [stdout] test analyze::tests::detects_unchecked_transfer ... ok
[INFO] [stdout] test analyze::tests::fail_on_threshold_gate ... ok
[INFO] [stdout] test analyze::tests::ignores_commented_out_panic ... ok
[INFO] [stdout] test analyze::tests::html_rules_are_sarif_serializable ... ok
[INFO] [stdout] test analyze::tests::no_missing_auth_when_require_auth_present ... ok
[INFO] [stdout] test analyze::tests::no_oracle_finding_when_staleness_guarded ... ok
[INFO] [stdout] test analyze::tests::json_output_is_structured_and_matches_console ... ok
[INFO] [stdout] test analyze::tests::detects_unvalidated_oracle_price_feed ... ok
[INFO] [stdout] test analyze::tests::inline_suppression_hides_one_rule ... ok
[INFO] [stdout] test analyze::tests::no_flash_loan_finding_when_approve_only ... ok
[INFO] [stdout] test analyze::tests::no_unchecked_transfer_when_balance_read_first ... ok
[INFO] [stdout] test analyze::tests::severity_roundtrip_and_ordering ... ok
[INFO] [stdout] test audit::tests::build_audit_flags_current_mismatch ... ok
[INFO] [stdout] test analyze::tests::skips_findings_inside_cfg_test_module ... ok
[INFO] [stdout] test audit::tests::build_audit_no_events_is_single_version ... ok
[INFO] [stdout] test analyze::tests::suppression_changes_digest_and_no_ignore_restores ... ok
[INFO] [stdout] test audit::tests::build_audit_collapses_noop_upgrade ... ok
[INFO] [stdout] test audit::tests::decode_rejects_non_upgrade_event ... ok
[INFO] [stdout] test audit::tests::decode_upgrade_event_parses_live_fixture ... ok
[INFO] [stdout] test clock::tests::formats_known_epoch ... ok
[INFO] [stdout] test clock::tests::last_representable_four_digit_year ... ok
[INFO] [stdout] test clock::tests::leap_day_is_correct ... ok
[INFO] [stdout] test clock::tests::leap_year_rules ... ok
[INFO] [stdout] test clock::tests::max_u64_does_not_panic_or_saturate ... ok
[INFO] [stdout] test analyze::tests::no_rust_files_marks_not_ok ... ok
[INFO] [stdout] test audit::tests::executable_update_matcher_roundtrips ... ok
[INFO] [stdout] test audit::tests::parse_ledger_range_extracts_window ... ok
[INFO] [stdout] test clock::tests::day_and_time_boundaries ... ok
[INFO] [stdout] test audit::tests::build_audit_reconstructs_lineage_and_attestation ... ok
[INFO] [stdout] test audit::tests::collapse_noops_merges_identical_consecutive_hashes ... ok
[INFO] [stdout] test digest::tests::generated_outputs_do_not_affect_tree_digest ... ok
[INFO] [stdout] test clock::tests::year_and_century_boundaries ... ok
[INFO] [stdout] test analyze::tests::digest_is_stable_hex ... ok
[INFO] [stdout] test git::tests::contains_false_and_reports_error_outside_repo ... ok
[INFO] [stdout] test git::tests::git_state_absent_outside_repo ... ok
[INFO] [stdout] test hook::tests::not_a_git_repo_is_an_error ... ok
[INFO] [stdout] test manifest::tests::invalid_toml_fails_load ... ok
[INFO] [stdout] test manifest::tests::loads_valid_manifest_from_toml ... ok
[INFO] [stdout] test manifest::tests::rejects_absolute_wasm_path ... ok
[INFO] [stdout] test manifest::tests::rejects_duplicate_artifact_ids ... ok
[INFO] [stdout] test manifest::tests::rejects_empty_artifact_fields ... ok
[INFO] [stdout] test manifest::tests::rejects_empty_project_name ... ok
[INFO] [stdout] test manifest::tests::rejects_empty_wasm_path ... ok
[INFO] [stdout] test manifest::tests::rejects_no_artifacts ... ok
[INFO] [stdout] test manifest::tests::rejects_parent_dir_via_source_root ... ok
[INFO] [stdout] test onchain::tests::contract_instance_key_layout ... ok
[INFO] [stdout] test onchain::tests::normalize_accepts_hex_and_strkey ... ok
[INFO] [stdout] test onchain::tests::normalize_accepts_strkey_roundtrip ... ok
[INFO] [stdout] test onchain::tests::normalize_accepts_uppercase_hex_starting_with_c ... ok
[INFO] [stdout] test onchain::tests::wasm_hash_from_entry_decodes_live_fixture ... ok
[INFO] [stdout] test provenance::tests::rejects_bad_format_and_version ... ok
[INFO] [stdout] test provenance::tests::rejects_malformed_digests ... ok
[INFO] [stdout] test report::tests::md_escape_escapes_backticks ... ok
[INFO] [stdout] test report::tests::md_escape_escapes_pipes ... ok
[INFO] [stdout] test report::tests::md_escape_handles_combined_threats ... ok
[INFO] [stdout] test report::tests::md_escape_neutralises_newlines ... ok
[INFO] [stdout] test report::tests::render_markdown_escapes_pipes_in_user_input ... ok
[INFO] [stdout] test report::tests::render_markdown_newline_project_stays_single_row ... ok
[INFO] [stdout] test report::tests::render_markdown_without_git ... ok
[INFO] [stdout] test report::tests::render_sealed_notes_missing_git ... ok
[INFO] [stdout] test report::tests::render_sealed_shows_short_digests_and_git_state ... ok
[INFO] [stdout] test report::tests::render_verify_summarizes_outcomes ... ok
[INFO] [stdout] test report::tests::render_verify_zero_checks ... ok
[INFO] [stdout] test runner::tests::outcome_labels ... ok
[INFO] [stdout] test runner::tests::short_truncates ... ok
[INFO] [stdout] test sarif::tests::sarif_clean_verify_has_no_results ... ok
[INFO] [stdout] test sarif::tests::sarif_omits_passes_and_sets_levels ... ok
[INFO] [stdout] test scaffold::tests::expands_glob_members ... ok
[INFO] [stdout] test scaffold::tests::segment_matching ... ok
[INFO] [stdout] test hook::tests::install_writes_executable_hook ... ok
[INFO] [stdout] test hook::tests::install_refuses_to_overwrite_existing_hook ... ok
[INFO] [stdout] test scaffold::tests::soroban_crates_scaffold_wasm32v1_none ... ok
[INFO] [stdout] test sign::tests::dsse_pae_is_spec_compliant ... ok
[INFO] [stdout] test sign::tests::keygen_roundtrip_and_signature ... ok
[INFO] [stdout] test sim::tests::entry_decodes_to_given_wasm ... ok
[INFO] [stdout] test sim::tests::ledger_with_multiple_artifacts_is_a_chain ... ok
[INFO] [stdout] test sim::tests::symbol_and_wasm_scvals_match_real_fixtures ... ok
[INFO] [stdout] test hook::tests::uninstall_removes_only_sorseal_hooks ... ok
[INFO] [stdout] test wasm_scan::tests::detects_unreachable_trap_in_export_body ... ok
[INFO] [stdout] test wasm_scan::tests::parses_minimal_valid_module ... ok
[INFO] [stdout] test wasm_scan::tests::flags_module_without_exports ... ok
[INFO] [stdout] test wasm_scan::tests::rejects_non_wasm_bytes ... ok
[INFO] [stdout] test watch::tests::drift_detected ... ok
[INFO] [stdout] test watch::tests::generate_config_writes_toml ... ok
[INFO] [stdout] test watch::tests::missing_file_detected ... ok
[INFO] [stdout] test watch::tests::new_file_records_baseline ... ok
[INFO] [stdout] test watch::tests::render_checks_output ... ok
[INFO] [stdout] test watch::tests::sarif_omits_passes ... ok
[INFO] [stdout] test watch::tests::hash_file_deterministic ... ok
[INFO] [stdout] test watch::tests::unchanged_file_passes ... ok
[INFO] [stdout] test watch::tests::state_persists ... ok
[INFO] [stdout] test sign::tests::tampered_payload_fails_verification ... ok
[INFO] [stdout] test git::tests::contains_false_for_unknown_commit ... ok
[INFO] [stderr]      Running unittests src/main.rs (/opt/rustwide/target/debug/deps/sorseal-f72a4bfad67eea2c)
[INFO] [stdout] test sign::tests::attest_sign_and_verify_roundtrip ... ok
[INFO] [stderr]      Running tests/analyze_golden.rs (/opt/rustwide/target/debug/deps/analyze_golden-e99b0fec6214f74d)
[INFO] [stdout] test git::tests::git_state_present_in_clean_repo ... ok
[INFO] [stdout] test git::tests::git_state_reports_dirty_tree ... ok
[INFO] [stdout] test git::tests::contains_true_for_reachable_commit ... ok
[INFO] [stdout] 
[INFO] [stdout] test result: ok. 108 passed; 0 failed; 0 ignored; 0 measured; 0 filtered out; finished in 0.19s
[INFO] [stdout] 
[INFO] [stdout] 
[INFO] [stdout] running 0 tests
[INFO] [stdout] 
[INFO] [stdout] test result: ok. 0 passed; 0 failed; 0 ignored; 0 measured; 0 filtered out; finished in 0.00s
[INFO] [stdout] 
[INFO] [stdout] 
[INFO] [stdout] running 1 test
[INFO] [stdout] test analyze_matches_golden_findings_and_digest ... FAILED
[INFO] [stdout] 
[INFO] [stdout] failures:
[INFO] [stdout] 
[INFO] [stdout] ---- analyze_matches_golden_findings_and_digest stdout ----
[INFO] [stdout] 
[INFO] [stdout] thread 'analyze_matches_golden_findings_and_digest' (1697) panicked at tests/analyze_golden.rs:44:10:
[INFO] [stdout] failed to run sorseal analyze: Os { code: 2, kind: NotFound, message: "No such file or directory" }
[INFO] [stdout] stack backtrace:
[INFO] [stdout]    0:     0x5724d22376f1 - std[70759c8f55707aa4]::backtrace_rs::backtrace::libunwind::trace
[INFO] [stdout]                                at /rustc/dfb0accb7f508ae8be965d8629557221c889dd98/library/std/src/../../backtrace/src/backtrace/libunwind.rs:117:9
[INFO] [stdout]    1:     0x5724d22376f1 - std[70759c8f55707aa4]::backtrace_rs::backtrace::trace_unsynchronized::<std[70759c8f55707aa4]::sys::backtrace::_print_fmt::{closure#1}>
[INFO] [stdout]                                at /rustc/dfb0accb7f508ae8be965d8629557221c889dd98/library/std/src/../../backtrace/src/backtrace/mod.rs:66:14
[INFO] [stdout]    2:     0x5724d22376f1 - std[70759c8f55707aa4]::sys::backtrace::_print_fmt
[INFO] [stdout]                                at /rustc/dfb0accb7f508ae8be965d8629557221c889dd98/library/std/src/sys/backtrace.rs:74:9
[INFO] [stdout]    3:     0x5724d22376f1 - <<std[70759c8f55707aa4]::sys::backtrace::BacktraceLock>::print::DisplayBacktrace as core[df12db4294e9bfd3]::fmt::Display>::fmt
[INFO] [stdout]                                at /rustc/dfb0accb7f508ae8be965d8629557221c889dd98/library/std/src/sys/backtrace.rs:44:26
[INFO] [stdout]    4:     0x5724d224c0ca - <core[df12db4294e9bfd3]::fmt::rt::Argument>::fmt
[INFO] [stdout]                                at /rustc/dfb0accb7f508ae8be965d8629557221c889dd98/library/core/src/fmt/rt.rs:152:76
[INFO] [stdout]    5:     0x5724d224c0ca - core[df12db4294e9bfd3]::fmt::write
[INFO] [stdout]    6:     0x5724d223bbac - core[df12db4294e9bfd3]::io::write::default_write_fmt::<alloc[2182bb758b4b3781]::vec::Vec<u8>>
[INFO] [stdout]                                at /rustc/dfb0accb7f508ae8be965d8629557221c889dd98/library/core/src/io/write.rs:402:11
[INFO] [stdout]    7:     0x5724d223bbac - <alloc[2182bb758b4b3781]::vec::Vec<u8> as core[df12db4294e9bfd3]::io::write::Write>::write_fmt
[INFO] [stdout]                                at /rustc/dfb0accb7f508ae8be965d8629557221c889dd98/library/core/src/io/write.rs:335:13
[INFO] [stdout]    8:     0x5724d2213416 - <std[70759c8f55707aa4]::sys::backtrace::BacktraceLock>::print
[INFO] [stdout]                                at /rustc/dfb0accb7f508ae8be965d8629557221c889dd98/library/std/src/sys/backtrace.rs:47:9
[INFO] [stdout]    9:     0x5724d2213416 - std[70759c8f55707aa4]::panicking::default_hook::{closure#0}
[INFO] [stdout]                                at /rustc/dfb0accb7f508ae8be965d8629557221c889dd98/library/std/src/panicking.rs:292:27
[INFO] [stdout]   10:     0x5724d222f8f9 - std[70759c8f55707aa4]::panicking::default_hook
[INFO] [stdout]                                at /rustc/dfb0accb7f508ae8be965d8629557221c889dd98/library/std/src/panicking.rs:316:9
[INFO] [stdout]   11:     0x5724d21cb4c0 - <alloc[2182bb758b4b3781]::boxed::Box<dyn for<'a, 'b> core[df12db4294e9bfd3]::ops::function::Fn<(&'a std[70759c8f55707aa4]::panic::PanicHookInfo<'b>,), Output = ()> + core[df12db4294e9bfd3]::marker::Send + core[df12db4294e9bfd3]::marker::Sync> as core[df12db4294e9bfd3]::ops::function::Fn<(&std[70759c8f55707aa4]::panic::PanicHookInfo,)>>::call
[INFO] [stdout]                                at /rustc/dfb0accb7f508ae8be965d8629557221c889dd98/library/alloc/src/boxed.rs:2334:9
[INFO] [stdout]   12:     0x5724d21cb4c0 - test[9d35eded1c95d3be]::test_main_inner::<test[9d35eded1c95d3be]::test_main_static::{closure#0}>::{closure#0}
[INFO] [stdout]                                at /rustc/dfb0accb7f508ae8be965d8629557221c889dd98/library/test/src/lib.rs:155:21
[INFO] [stdout]   13:     0x5724d222fab2 - <alloc[2182bb758b4b3781]::boxed::Box<dyn for<'a, 'b> core[df12db4294e9bfd3]::ops::function::Fn<(&'a std[70759c8f55707aa4]::panic::PanicHookInfo<'b>,), Output = ()> + core[df12db4294e9bfd3]::marker::Send + core[df12db4294e9bfd3]::marker::Sync> as core[df12db4294e9bfd3]::ops::function::Fn<(&std[70759c8f55707aa4]::panic::PanicHookInfo,)>>::call
[INFO] [stdout]                                at /rustc/dfb0accb7f508ae8be965d8629557221c889dd98/library/alloc/src/boxed.rs:2334:9
[INFO] [stdout]   14:     0x5724d222fab2 - std[70759c8f55707aa4]::panicking::panic_with_hook
[INFO] [stdout]                                at /rustc/dfb0accb7f508ae8be965d8629557221c889dd98/library/std/src/panicking.rs:823:13
[INFO] [stdout]   15:     0x5724d22134c2 - std[70759c8f55707aa4]::panicking::panic_handler::{closure#0}
[INFO] [stdout]                                at /rustc/dfb0accb7f508ae8be965d8629557221c889dd98/library/std/src/panicking.rs:688:13
[INFO] [stdout]   16:     0x5724d220c0b9 - std[70759c8f55707aa4]::sys::backtrace::__rust_end_short_backtrace::<std[70759c8f55707aa4]::panicking::panic_handler::{closure#0}, !>
[INFO] [stdout]                                at /rustc/dfb0accb7f508ae8be965d8629557221c889dd98/library/std/src/sys/backtrace.rs:182:18
[INFO] [stdout]   17:     0x5724d22140bd - __rustc[8fa7c3cbc660c2b3]::rust_begin_unwind
[INFO] [stdout]                                at /rustc/dfb0accb7f508ae8be965d8629557221c889dd98/library/std/src/panicking.rs:679:5
[INFO] [stdout]   18:     0x5724d224c87c - core[df12db4294e9bfd3]::panicking::panic_fmt
[INFO] [stdout]                                at /rustc/dfb0accb7f508ae8be965d8629557221c889dd98/library/core/src/panicking.rs:80:14
[INFO] [stdout]   19:     0x5724d224c5d2 - core[df12db4294e9bfd3]::result::unwrap_failed
[INFO] [stdout]                                at /rustc/dfb0accb7f508ae8be965d8629557221c889dd98/library/core/src/result.rs:1871:5
[INFO] [stdout]   20:     0x5724d218cbb3 - <core[df12db4294e9bfd3]::result::Result<std[70759c8f55707aa4]::process::Output, core[df12db4294e9bfd3]::io::error::Error>>::expect
[INFO] [stdout]                                at /rustc/dfb0accb7f508ae8be965d8629557221c889dd98/library/core/src/result.rs:1184:23
[INFO] [stdout]   21:     0x5724d218b84c - analyze_golden[691b23d0313925d1]::analyze_matches_golden_findings_and_digest
[INFO] [stdout]                                at /opt/rustwide/workdir/tests/analyze_golden.rs:44:10
[INFO] [stdout]   22:     0x5724d218b217 - analyze_golden[691b23d0313925d1]::analyze_matches_golden_findings_and_digest::{closure#0}
[INFO] [stdout]                                at /opt/rustwide/workdir/tests/analyze_golden.rs:38:48
[INFO] [stdout]   23:     0x5724d2191d16 - <analyze_golden[691b23d0313925d1]::analyze_matches_golden_findings_and_digest::{closure#0} as core[df12db4294e9bfd3]::ops::function::FnOnce<()>>::call_once
[INFO] [stdout]                                at /rustc/dfb0accb7f508ae8be965d8629557221c889dd98/library/core/src/ops/function.rs:250:5
[INFO] [stdout]   24:     0x5724d21be7ab - <fn() -> core[df12db4294e9bfd3]::result::Result<(), alloc[2182bb758b4b3781]::string::String> as core[df12db4294e9bfd3]::ops::function::FnOnce<()>>::call_once
[INFO] [stdout]                                at /rustc/dfb0accb7f508ae8be965d8629557221c889dd98/library/core/src/ops/function.rs:250:5
[INFO] [stdout]   25:     0x5724d21be7ab - test[9d35eded1c95d3be]::__rust_begin_short_backtrace::<core[df12db4294e9bfd3]::result::Result<(), alloc[2182bb758b4b3781]::string::String>, fn() -> core[df12db4294e9bfd3]::result::Result<(), alloc[2182bb758b4b3781]::string::String>>
[INFO] [stdout]                                at /rustc/dfb0accb7f508ae8be965d8629557221c889dd98/library/test/src/lib.rs:733:18
[INFO] [stdout]   26:     0x5724d21cbe15 - test[9d35eded1c95d3be]::run_test_in_process::{closure#0}
[INFO] [stdout]                                at /rustc/dfb0accb7f508ae8be965d8629557221c889dd98/library/test/src/lib.rs:756:74
[INFO] [stdout]   27:     0x5724d21cbe15 - <core[df12db4294e9bfd3]::panic::unwind_safe::AssertUnwindSafe<test[9d35eded1c95d3be]::run_test_in_process::{closure#0}> as core[df12db4294e9bfd3]::ops::function::FnOnce<()>>::call_once
[INFO] [stdout]                                at /rustc/dfb0accb7f508ae8be965d8629557221c889dd98/library/core/src/panic/unwind_safe.rs:275:9
[INFO] [stdout]   28:     0x5724d21cbe15 - std[70759c8f55707aa4]::panicking::catch_unwind::do_call::<core[df12db4294e9bfd3]::panic::unwind_safe::AssertUnwindSafe<test[9d35eded1c95d3be]::run_test_in_process::{closure#0}>, core[df12db4294e9bfd3]::result::Result<(), alloc[2182bb758b4b3781]::string::String>>
[INFO] [stdout]                                at /rustc/dfb0accb7f508ae8be965d8629557221c889dd98/library/std/src/panicking.rs:576:43
[INFO] [stdout]   29:     0x5724d21cbe15 - std[70759c8f55707aa4]::panicking::catch_unwind::<core[df12db4294e9bfd3]::result::Result<(), alloc[2182bb758b4b3781]::string::String>, core[df12db4294e9bfd3]::panic::unwind_safe::AssertUnwindSafe<test[9d35eded1c95d3be]::run_test_in_process::{closure#0}>>
[INFO] [stdout]                                at /rustc/dfb0accb7f508ae8be965d8629557221c889dd98/library/std/src/panicking.rs:544:19
[INFO] [stdout]   30:     0x5724d21cbe15 - std[70759c8f55707aa4]::panic::catch_unwind::<core[df12db4294e9bfd3]::panic::unwind_safe::AssertUnwindSafe<test[9d35eded1c95d3be]::run_test_in_process::{closure#0}>, core[df12db4294e9bfd3]::result::Result<(), alloc[2182bb758b4b3781]::string::String>>
[INFO] [stdout]                                at /rustc/dfb0accb7f508ae8be965d8629557221c889dd98/library/std/src/panic.rs:359:14
[INFO] [stdout]   31:     0x5724d21cbe15 - test[9d35eded1c95d3be]::run_test_in_process
[INFO] [stdout]                                at /rustc/dfb0accb7f508ae8be965d8629557221c889dd98/library/test/src/lib.rs:756:27
[INFO] [stdout]   32:     0x5724d21cbe15 - test[9d35eded1c95d3be]::run_test::{closure#0}
[INFO] [stdout]                                at /rustc/dfb0accb7f508ae8be965d8629557221c889dd98/library/test/src/lib.rs:677:43
[INFO] [stdout]   33:     0x5724d21c56d4 - test[9d35eded1c95d3be]::run_test::{closure#1}
[INFO] [stdout]                                at /rustc/dfb0accb7f508ae8be965d8629557221c889dd98/library/test/src/lib.rs:707:41
[INFO] [stdout]   34:     0x5724d21c56d4 - std[70759c8f55707aa4]::sys::backtrace::__rust_begin_short_backtrace::<test[9d35eded1c95d3be]::run_test::{closure#1}, ()>
[INFO] [stdout]                                at /rustc/dfb0accb7f508ae8be965d8629557221c889dd98/library/std/src/sys/backtrace.rs:166:18
[INFO] [stdout]   35:     0x5724d21cef72 - std[70759c8f55707aa4]::thread::lifecycle::spawn_unchecked::<test[9d35eded1c95d3be]::run_test::{closure#1}, ()>::{closure#1}::{closure#0}
[INFO] [stdout]                                at /rustc/dfb0accb7f508ae8be965d8629557221c889dd98/library/std/src/thread/lifecycle.rs:70:13
[INFO] [stdout]   36:     0x5724d21cef72 - <core[df12db4294e9bfd3]::panic::unwind_safe::AssertUnwindSafe<std[70759c8f55707aa4]::thread::lifecycle::spawn_unchecked<test[9d35eded1c95d3be]::run_test::{closure#1}, ()>::{closure#1}::{closure#0}> as core[df12db4294e9bfd3]::ops::function::FnOnce<()>>::call_once
[INFO] [stdout]                                at /rustc/dfb0accb7f508ae8be965d8629557221c889dd98/library/core/src/panic/unwind_safe.rs:275:9
[INFO] [stdout]   37:     0x5724d21cef72 - std[70759c8f55707aa4]::panicking::catch_unwind::do_call::<core[df12db4294e9bfd3]::panic::unwind_safe::AssertUnwindSafe<std[70759c8f55707aa4]::thread::lifecycle::spawn_unchecked<test[9d35eded1c95d3be]::run_test::{closure#1}, ()>::{closure#1}::{closure#0}>, ()>
[INFO] [stdout]                                at /rustc/dfb0accb7f508ae8be965d8629557221c889dd98/library/std/src/panicking.rs:576:43
[INFO] [stdout]   38:     0x5724d21cef72 - std[70759c8f55707aa4]::panicking::catch_unwind::<(), core[df12db4294e9bfd3]::panic::unwind_safe::AssertUnwindSafe<std[70759c8f55707aa4]::thread::lifecycle::spawn_unchecked<test[9d35eded1c95d3be]::run_test::{closure#1}, ()>::{closure#1}::{closure#0}>>
[INFO] [stdout]                                at /rustc/dfb0accb7f508ae8be965d8629557221c889dd98/library/std/src/panicking.rs:544:19
[INFO] [stdout]   39:     0x5724d21cef72 - std[70759c8f55707aa4]::panic::catch_unwind::<core[df12db4294e9bfd3]::panic::unwind_safe::AssertUnwindSafe<std[70759c8f55707aa4]::thread::lifecycle::spawn_unchecked<test[9d35eded1c95d3be]::run_test::{closure#1}, ()>::{closure#1}::{closure#0}>, ()>
[INFO] [stdout]                                at /rustc/dfb0accb7f508ae8be965d8629557221c889dd98/library/std/src/panic.rs:359:14
[INFO] [stdout]   40:     0x5724d21cef72 - std[70759c8f55707aa4]::thread::lifecycle::spawn_unchecked::<test[9d35eded1c95d3be]::run_test::{closure#1}, ()>::{closure#1}
[INFO] [stdout]                                at /rustc/dfb0accb7f508ae8be965d8629557221c889dd98/library/std/src/thread/lifecycle.rs:68:26
[INFO] [stdout]   41:     0x5724d21cef72 - <std[70759c8f55707aa4]::thread::lifecycle::spawn_unchecked<test[9d35eded1c95d3be]::run_test::{closure#1}, ()>::{closure#1} as core[df12db4294e9bfd3]::ops::function::FnOnce<()>>::call_once::{shim:vtable#0}
[INFO] [stdout]                                at /rustc/dfb0accb7f508ae8be965d8629557221c889dd98/library/core/src/ops/function.rs:250:5
[INFO] [stdout]   42:     0x5724d2236a69 - <alloc[2182bb758b4b3781]::boxed::Box<dyn core[df12db4294e9bfd3]::ops::function::FnOnce<(), Output = ()> + core[df12db4294e9bfd3]::marker::Send> as core[df12db4294e9bfd3]::ops::function::FnOnce<()>>::call_once
[INFO] [stdout]                                at /rustc/dfb0accb7f508ae8be965d8629557221c889dd98/library/alloc/src/boxed.rs:2320:9
[INFO] [stdout]   43:     0x5724d2236a69 - <std[70759c8f55707aa4]::sys::thread::unix::Thread>::new::thread_start
[INFO] [stdout]                                at /rustc/dfb0accb7f508ae8be965d8629557221c889dd98/library/std/src/sys/thread/unix.rs:123:17
[INFO] [stdout]   44:     0x72df81c56dfa - <unknown>
[INFO] [stdout]   45:     0x72df81cea3d4 - clone
[INFO] [stdout]   46:                0x0 - <unknown>
[INFO] [stdout] 
[INFO] [stdout] 
[INFO] [stdout] failures:
[INFO] [stdout]     analyze_matches_golden_findings_and_digest
[INFO] [stdout] 
[INFO] [stdout] test result: FAILED. 0 passed; 1 failed; 0 ignored; 0 measured; 0 filtered out; finished in 0.02s
[INFO] [stdout] 
[INFO] [stderr] error: test failed, to rerun pass `--test analyze_golden`
[INFO] running `Command { std: "docker" "inspect" "161da5b327d527ee9afaaa3fb8932af445aa42352b2f6aca482d1746762e6cda", kill_on_drop: false }`
[INFO] running `Command { std: "docker" "rm" "-f" "161da5b327d527ee9afaaa3fb8932af445aa42352b2f6aca482d1746762e6cda", kill_on_drop: false }`
[INFO] [stdout] 161da5b327d527ee9afaaa3fb8932af445aa42352b2f6aca482d1746762e6cda
