[INFO] fetching crate sora-codegen 0.13.2...
[INFO] testing sora-codegen-0.13.2 against 1.99.0-beta.8 for beta-1.100-2
[INFO] extracting crate sora-codegen 0.13.2 into /workspace/builds/worker-5-tc1/source
[INFO] started tweaking crates.io crate sora-codegen 0.13.2
[INFO] finished tweaking crates.io crate sora-codegen 0.13.2
[INFO] tweaked toml for crates.io crate sora-codegen 0.13.2 written to /workspace/builds/worker-5-tc1/source/Cargo.toml
[INFO] validating manifest of crates.io crate sora-codegen 0.13.2 on toolchain 1.99.0-beta.8
[INFO] running `Command { std: CARGO_HOME="/workspace/cargo-home" RUSTUP_HOME="/workspace/rustup-home" "/workspace/cargo-home/bin/cargo" "+1.99.0-beta.8" "metadata" "--manifest-path" "Cargo.toml" "--no-deps", kill_on_drop: false }`
[INFO] crate crates.io crate sora-codegen 0.13.2 already has a lockfile, it will not be regenerated
[INFO] running `Command { std: CARGO_HOME="/workspace/cargo-home" RUSTUP_HOME="/workspace/rustup-home" "/workspace/cargo-home/bin/cargo" "+1.99.0-beta.8" "fetch" "--manifest-path" "Cargo.toml", kill_on_drop: false }`
[INFO] [stderr]     Blocking waiting for file lock on package cache
[INFO] [stderr]  Downloading crates ...
[INFO] [stderr]   Downloaded toml v1.1.3+spec-1.1.0
[INFO] [stderr]   Downloaded sora-diagnostics v0.13.2
[INFO] [stderr]   Downloaded sora-schema v0.13.2
[INFO] [stderr]   Downloaded sora-ir v0.13.2
[INFO] [stderr]   Downloaded sora-templates v0.13.2
[INFO] running `Command { std: "docker" "create" "-v" "/var/lib/crater-agent-workspace/builds/worker-5-tc1/source:/opt/rustwide/workdir:ro,Z" "-v" "/var/lib/crater-agent-workspace/builds/worker-5-tc1/target:/opt/rustwide/target:rw,Z" "-v" "/var/lib/crater-agent-workspace/cargo-home:/opt/rustwide/cargo-home:ro,Z" "-v" "/var/lib/crater-agent-workspace/rustup-home:/opt/rustwide/rustup-home:ro,Z" "-m" "1610612736" "--network" "none" "ghcr.io/rust-lang/crates-build-env/linux@sha256:3111399a4047eeb3a02b7a90e478d715f38a8c6669b5c4b49d30a17385265909" "sleep" "infinity", kill_on_drop: false }`
[INFO] [stdout] 46fda6b2066c84044fba92460dc308e4cbb5cf7850e63840e16735e6c33b6463
[INFO] running `Command { std: "docker" "start" "46fda6b2066c84044fba92460dc308e4cbb5cf7850e63840e16735e6c33b6463", kill_on_drop: false }`
[INFO] running `Command { std: "docker" "inspect" "46fda6b2066c84044fba92460dc308e4cbb5cf7850e63840e16735e6c33b6463", kill_on_drop: false }`
[INFO] running `Command { std: "docker" "exec" "-e" "SOURCE_DIR=/opt/rustwide/workdir" "-e" "CARGO_HOME=/opt/rustwide/cargo-home" "-e" "RUSTUP_HOME=/opt/rustwide/rustup-home" "-e" "CARGO_TARGET_DIR=/opt/rustwide/target" "-w" "/opt/rustwide/workdir" "--user" "0:0" "46fda6b2066c84044fba92460dc308e4cbb5cf7850e63840e16735e6c33b6463" "/opt/rustwide/cargo-home/bin/cargo" "+1.99.0-beta.8" "metadata" "--no-deps" "--format-version=1", kill_on_drop: false }`
[INFO] running `Command { std: "docker" "inspect" "46fda6b2066c84044fba92460dc308e4cbb5cf7850e63840e16735e6c33b6463", kill_on_drop: false }`
[INFO] running `Command { std: "docker" "exec" "-e" "SOURCE_DIR=/opt/rustwide/workdir" "-e" "CARGO_HOME=/opt/rustwide/cargo-home" "-e" "RUSTUP_HOME=/opt/rustwide/rustup-home" "-e" "CARGO_TARGET_DIR=/opt/rustwide/target" "-e" "CARGO_INCREMENTAL=0" "-e" "RUST_BACKTRACE=full" "-e" "RUSTFLAGS=--cap-lints=warn" "-e" "RUSTDOCFLAGS=--cap-lints=warn" "-w" "/opt/rustwide/workdir" "--user" "0:0" "46fda6b2066c84044fba92460dc308e4cbb5cf7850e63840e16735e6c33b6463" "/opt/rustwide/cargo-home/bin/cargo" "+1.99.0-beta.8" "build" "--frozen" "--message-format=json", kill_on_drop: false }`
[INFO] [stderr]    Compiling syn v2.0.117
[INFO] [stderr]    Compiling syn v3.0.3
[INFO] [stderr]    Compiling memo-map v0.3.3
[INFO] [stderr]    Compiling heck v0.5.0
[INFO] [stderr]    Compiling sora-templates v0.13.2
[INFO] [stderr]    Compiling serde_json v1.0.151
[INFO] [stderr]    Compiling thiserror-impl v2.0.20
[INFO] [stderr]    Compiling serde_derive v1.0.228
[INFO] [stderr]    Compiling thiserror v2.0.20
[INFO] [stderr]    Compiling sora-diagnostics v0.13.2
[INFO] [stderr]    Compiling serde v1.0.228
[INFO] [stderr]    Compiling sora-schema v0.13.2
[INFO] [stderr]    Compiling minijinja v2.23.0
[INFO] [stderr]    Compiling sora-ir v0.13.2
[INFO] [stderr]    Compiling sora-codegen v0.13.2 (/opt/rustwide/workdir)
[INFO] [stderr]     Finished `dev` profile [unoptimized + debuginfo] target(s) in 20.47s
[INFO] running `Command { std: "docker" "inspect" "46fda6b2066c84044fba92460dc308e4cbb5cf7850e63840e16735e6c33b6463", kill_on_drop: false }`
[INFO] running `Command { std: "docker" "exec" "-e" "SOURCE_DIR=/opt/rustwide/workdir" "-e" "CARGO_HOME=/opt/rustwide/cargo-home" "-e" "RUSTUP_HOME=/opt/rustwide/rustup-home" "-e" "CARGO_TARGET_DIR=/opt/rustwide/target" "-e" "CARGO_INCREMENTAL=0" "-e" "RUST_BACKTRACE=full" "-e" "RUSTFLAGS=--cap-lints=warn" "-e" "RUSTDOCFLAGS=--cap-lints=warn" "-w" "/opt/rustwide/workdir" "--user" "0:0" "46fda6b2066c84044fba92460dc308e4cbb5cf7850e63840e16735e6c33b6463" "/opt/rustwide/cargo-home/bin/cargo" "+1.99.0-beta.8" "test" "--frozen" "--no-run" "--message-format=json", kill_on_drop: false }`
[INFO] [stderr]    Compiling serde_spanned v1.1.1
[INFO] [stderr]    Compiling toml_datetime v1.1.1+spec-1.1.0
[INFO] [stderr]    Compiling indexmap v2.14.0
[INFO] [stderr]    Compiling toml_parser v1.1.2+spec-1.1.0
[INFO] [stderr]    Compiling serde v1.0.228
[INFO] [stderr]    Compiling serde_json v1.0.151
[INFO] [stderr]    Compiling minijinja v2.23.0
[INFO] [stderr]    Compiling toml v1.1.3+spec-1.1.0
[INFO] [stderr]    Compiling sora-diagnostics v0.13.2
[INFO] [stderr]    Compiling sora-schema v0.13.2
[INFO] [stderr]    Compiling sora-ir v0.13.2
[INFO] [stderr]    Compiling sora-codegen v0.13.2 (/opt/rustwide/workdir)
[INFO] [stderr]     Finished `test` profile [unoptimized + debuginfo] target(s) in 18.93s
[INFO] running `Command { std: "docker" "inspect" "46fda6b2066c84044fba92460dc308e4cbb5cf7850e63840e16735e6c33b6463", kill_on_drop: false }`
[INFO] running `Command { std: "docker" "exec" "-e" "SOURCE_DIR=/opt/rustwide/workdir" "-e" "CARGO_HOME=/opt/rustwide/cargo-home" "-e" "RUSTUP_HOME=/opt/rustwide/rustup-home" "-e" "CARGO_TARGET_DIR=/opt/rustwide/target" "-e" "CARGO_INCREMENTAL=0" "-e" "RUST_BACKTRACE=full" "-e" "RUSTFLAGS=--cap-lints=warn" "-e" "RUSTDOCFLAGS=--cap-lints=warn" "-w" "/opt/rustwide/workdir" "--user" "0:0" "46fda6b2066c84044fba92460dc308e4cbb5cf7850e63840e16735e6c33b6463" "/opt/rustwide/cargo-home/bin/cargo" "+1.99.0-beta.8" "test" "--frozen", kill_on_drop: false }`
[INFO] [stderr]     Finished `test` profile [unoptimized + debuginfo] target(s) in 0.04s
[INFO] [stderr]      Running unittests src/lib.rs (/opt/rustwide/target/debug/deps/sora_codegen-d19e5eba68e5d0e1)
[INFO] [stdout] 
[INFO] [stdout] running 69 tests
[INFO] [stdout] test format::tests::required_rejects_unsupported_target ... ok
[INFO] [stdout] test generator::tests::resolves_builtin_aliases_to_canonical_targets ... ok
[INFO] [stdout] test cpp::tests::generates_cpp_files ... ok
[INFO] [stdout] test c::tests::generates_c_files ... ok
[INFO] [stdout] test format::tests::auto_skips_missing_formatter ... ok
[INFO] [stdout] test godot::tests::validates_supported_godot_versions ... ok
[INFO] [stdout] test format::tests::required_rejects_missing_formatter ... ok
[INFO] [stdout] test generator::tests::rejects_duplicate_target_ids_and_aliases ... ok
[INFO] [stdout] test godot::tests::generates_namespaced_godot_files_with_globally_unique_classes ... ok
[INFO] [stdout] test go::identifier_tests::preserves_common_go_initialisms ... ok
[INFO] [stdout] test cpp::tests::cpp11_uses_fallback_optional_and_union_storage ... ok
[INFO] [stdout] test javascript::tests::generates_javascript_files_with_declarations ... ok
[INFO] [stdout] test csharp::namespace_tests::generates_native_csharp_namespaces ... ok
[INFO] [stdout] test erlang::tests::generates_erlang_files ... ok
[INFO] [stdout] test erlang::tests::erlang_integer_enum_option_changes_api ... ok
[INFO] [stdout] test javascript::tests::javascript_can_skip_declarations_and_use_integer_enums ... ok
[INFO] [stdout] test erlang::tests::erlang_supports_adapter_export_runtime_formats ... ok
[INFO] [stdout] test format::tests::cancellation_terminates_formatter_process ... ok
[INFO] [stdout] test kotlin::tests::kotlin_package_path_rejects_invalid_segments ... ok
[INFO] [stdout] test godot::tests::generates_godot_json_runtime_files ... ok
[INFO] [stdout] test kotlin::tests::kotlin_files_are_written_under_package_path ... ok
[INFO] [stdout] test kotlin::tests::rust_codegen_rejects_invalid_crate_metadata ... ok
[INFO] [stdout] test kotlin::tests::rust_codegen_can_emit_a_standalone_crate_with_managed_dependencies ... ok
[INFO] [stdout] test kotlin::tests::generates_rust_and_kotlin_files ... ok
[INFO] [stdout] test kotlin::tests::kotlin_list_tables_extend_abstract_list ... ok
[INFO] [stdout] test generator::tests::all_builtin_generators_emit_enum_comments ... ok
[INFO] [stdout] test lua::tests::generates_lua_files_with_emmylua_annotations ... ok
[INFO] [stdout] test lua::tests::lua_compat_runtime_avoids_string_unpack ... ok
[INFO] [stdout] test javascript::tests::javascript_supports_export_runtime_formats ... ok
[INFO] [stdout] test kotlin::tests::generates_csharp_java_and_go_files ... ok
[INFO] [stdout] test lua::tests::lua_enum_options_change_generated_api ... ok
[INFO] [stdout] test kotlin::tests::rust_config_api_can_use_fx_hash_map ... ok
[INFO] [stdout] test dart::tests::generates_dart_export_runtime_files ... ok
[INFO] [stdout] test kotlin::tests::csharp_supports_export_runtime_formats ... ok
[INFO] [stdout] test proto::tests::generates_business_proto_schema ... ok
[INFO] [stdout] test render::tests::rendered_templates_use_lf_line_endings ... ok
[INFO] [stdout] test kotlin::tests::go_supports_export_runtime_formats ... ok
[INFO] [stdout] test rust::namespace_tests::rejects_strong_key_name_collisions ... ok
[INFO] [stdout] test kotlin::tests::kotlin_supports_export_runtime_formats ... ok
[INFO] [stdout] test types::tests::maps_csharp_types ... ok
[INFO] [stdout] test types::tests::maps_dart_types ... ok
[INFO] [stdout] test kotlin::tests::rust_config_api_respects_table_modes ... ok
[INFO] [stdout] test rust::namespace_tests::generates_nested_rust_modules ... ok
[INFO] [stdout] test types::tests::maps_godot_types ... ok
[INFO] [stdout] test types::tests::maps_integer_width_types ... ok
[INFO] [stdout] test types::tests::maps_go_types ... ok
[INFO] [stdout] test types::tests::maps_kotlin_types ... ok
[INFO] [stdout] test types::tests::maps_java_types ... ok
[INFO] [stdout] test kotlin::tests::java_emits_nullable_annotations ... ok
[INFO] [stdout] test lua::tests::lua_version_changes_i64_api ... ok
[INFO] [stdout] test types::tests::maps_rust_datetime_chrono_option ... ok
[INFO] [stdout] test types::tests::maps_scala_types ... ok
[INFO] [stdout] test types::tests::maps_python_types ... ok
[INFO] [stdout] test types::tests::maps_rust_types ... ok
[INFO] [stdout] test rust::namespace_tests::only_renames_fields_when_the_schema_and_rust_names_differ ... ok
[INFO] [stdout] test typescript::tests::generates_namespaced_typescript_modules ... ok
[INFO] [stdout] test python::tests::generates_python_files ... ok
[INFO] [stdout] test typescript::tests::generates_typescript_files ... ok
[INFO] [stdout] test kotlin::tests::java_supports_export_runtime_formats ... ok
[INFO] [stdout] test typescript::tests::typescript_enum_integer_option_changes_api ... ok
[INFO] [stdout] test lua::tests::lua_supports_adapter_export_runtime_formats ... ok
[INFO] [stdout] test kotlin::tests::scala_supports_export_runtime_formats ... ok
[INFO] [stdout] test python::tests::python_supports_export_runtime_formats ... ok
[INFO] [stdout] test typescript::tests::typescript_supports_export_runtime_formats ... ok
[INFO] [stdout] test generator::tests::all_builtin_generators_support_interval_types ... ok
[INFO] [stdout] test kotlin::tests::generators_apply_custom_type_mappings ... ok
[INFO] [stdout] test generator::tests::all_builtin_generators_keep_same_local_names_distinct ... ok
[INFO] [stderr] error: 'cargo-clippy' is not installed for the toolchain '1.99.0-beta.8-x86_64-unknown-linux-gnu'.
[INFO] [stderr] help: run `rustup component add --toolchain 1.99.0-beta.8-x86_64-unknown-linux-gnu clippy` to install it
[INFO] [stdout] test rust::namespace_tests::copy_interval_serde_is_clippy_clean ... FAILED
[INFO] [stdout] 
[INFO] [stdout] running 0 tests
[INFO] [stdout] 
[INFO] [stdout] test result: ok. 0 passed; 0 failed; 0 ignored; 0 measured; 0 filtered out; finished in 0.00s
[INFO] [stdout] 
[INFO] [stdout] 
[INFO] [stdout] running 1 test
[INFO] [stdout] .
[INFO] [stdout] test result: ok. 1 passed; 0 failed; 0 ignored; 0 measured; 0 filtered out; finished in 0.00s
[INFO] [stdout] 
[INFO] [stdout] 
[INFO] [stdout] running 0 tests
[INFO] [stdout] 
[INFO] [stdout] test result: ok. 0 passed; 0 failed; 0 ignored; 0 measured; 0 filtered out; finished in 0.00s
[INFO] [stdout] 
[INFO] [stdout] test rust::namespace_tests::strong_table_keys_propagate_through_refs_and_compile ... ok
[INFO] [stdout] 
[INFO] [stdout] failures:
[INFO] [stdout] 
[INFO] [stdout] ---- rust::namespace_tests::copy_interval_serde_is_clippy_clean stdout ----
[INFO] [stdout] 
[INFO] [stdout] thread 'rust::namespace_tests::copy_interval_serde_is_clippy_clean' (596) panicked at src/rust.rs:1622:9:
[INFO] [stdout] assertion failed: status.success()
[INFO] [stdout] stack backtrace:
[INFO] [stdout]    0:     0x63f75423d0b1 - std[70759c8f55707aa4]::backtrace_rs::backtrace::libunwind::trace
[INFO] [stdout]                                at /rustc/dfb0accb7f508ae8be965d8629557221c889dd98/library/std/src/../../backtrace/src/backtrace/libunwind.rs:117:9
[INFO] [stdout]    1:     0x63f75423d0b1 - std[70759c8f55707aa4]::backtrace_rs::backtrace::trace_unsynchronized::<std[70759c8f55707aa4]::sys::backtrace::_print_fmt::{closure#1}>
[INFO] [stdout]                                at /rustc/dfb0accb7f508ae8be965d8629557221c889dd98/library/std/src/../../backtrace/src/backtrace/mod.rs:66:14
[INFO] [stdout]    2:     0x63f75423d0b1 - std[70759c8f55707aa4]::sys::backtrace::_print_fmt
[INFO] [stdout]                                at /rustc/dfb0accb7f508ae8be965d8629557221c889dd98/library/std/src/sys/backtrace.rs:74:9
[INFO] [stdout]    3:     0x63f75423d0b1 - <<std[70759c8f55707aa4]::sys::backtrace::BacktraceLock>::print::DisplayBacktrace as core[df12db4294e9bfd3]::fmt::Display>::fmt
[INFO] [stderr] error: test failed, to rerun pass `--lib`
[INFO] [stdout]                                at /rustc/dfb0accb7f508ae8be965d8629557221c889dd98/library/std/src/sys/backtrace.rs:44:26
[INFO] [stdout]    4:     0x63f7542548ca - <core[df12db4294e9bfd3]::fmt::rt::Argument>::fmt
[INFO] [stdout]                                at /rustc/dfb0accb7f508ae8be965d8629557221c889dd98/library/core/src/fmt/rt.rs:152:76
[INFO] [stdout]    5:     0x63f7542548ca - core[df12db4294e9bfd3]::fmt::write
[INFO] [stdout]    6:     0x63f75424184c - core[df12db4294e9bfd3]::io::write::default_write_fmt::<alloc[2182bb758b4b3781]::vec::Vec<u8>>
[INFO] [stdout]                                at /rustc/dfb0accb7f508ae8be965d8629557221c889dd98/library/core/src/io/write.rs:402:11
[INFO] [stdout]    7:     0x63f75424184c - <alloc[2182bb758b4b3781]::vec::Vec<u8> as core[df12db4294e9bfd3]::io::write::Write>::write_fmt
[INFO] [stdout]                                at /rustc/dfb0accb7f508ae8be965d8629557221c889dd98/library/core/src/io/write.rs:335:13
[INFO] [stdout]    8:     0x63f754216f66 - <std[70759c8f55707aa4]::sys::backtrace::BacktraceLock>::print
[INFO] [stdout]                                at /rustc/dfb0accb7f508ae8be965d8629557221c889dd98/library/std/src/sys/backtrace.rs:47:9
[INFO] [stdout]    9:     0x63f754216f66 - std[70759c8f55707aa4]::panicking::default_hook::{closure#0}
[INFO] [stdout]                                at /rustc/dfb0accb7f508ae8be965d8629557221c889dd98/library/std/src/panicking.rs:292:27
[INFO] [stdout]   10:     0x63f754234929 - std[70759c8f55707aa4]::panicking::default_hook
[INFO] [stdout]                                at /rustc/dfb0accb7f508ae8be965d8629557221c889dd98/library/std/src/panicking.rs:316:9
[INFO] [stdout]   11:     0x63f753e79850 - <alloc[2182bb758b4b3781]::boxed::Box<dyn for<'a, 'b> core[df12db4294e9bfd3]::ops::function::Fn<(&'a std[70759c8f55707aa4]::panic::PanicHookInfo<'b>,), Output = ()> + core[df12db4294e9bfd3]::marker::Send + core[df12db4294e9bfd3]::marker::Sync> as core[df12db4294e9bfd3]::ops::function::Fn<(&std[70759c8f55707aa4]::panic::PanicHookInfo,)>>::call
[INFO] [stdout]                                at /rustc/dfb0accb7f508ae8be965d8629557221c889dd98/library/alloc/src/boxed.rs:2334:9
[INFO] [stdout]   12:     0x63f753e79850 - test[9d35eded1c95d3be]::test_main_inner::<test[9d35eded1c95d3be]::test_main_static::{closure#0}>::{closure#0}
[INFO] [stdout]                                at /rustc/dfb0accb7f508ae8be965d8629557221c889dd98/library/test/src/lib.rs:155:21
[INFO] [stdout]   13:     0x63f754234ae2 - <alloc[2182bb758b4b3781]::boxed::Box<dyn for<'a, 'b> core[df12db4294e9bfd3]::ops::function::Fn<(&'a std[70759c8f55707aa4]::panic::PanicHookInfo<'b>,), Output = ()> + core[df12db4294e9bfd3]::marker::Send + core[df12db4294e9bfd3]::marker::Sync> as core[df12db4294e9bfd3]::ops::function::Fn<(&std[70759c8f55707aa4]::panic::PanicHookInfo,)>>::call
[INFO] [stdout]                                at /rustc/dfb0accb7f508ae8be965d8629557221c889dd98/library/alloc/src/boxed.rs:2334:9
[INFO] [stdout]   14:     0x63f754234ae2 - std[70759c8f55707aa4]::panicking::panic_with_hook
[INFO] [stdout]                                at /rustc/dfb0accb7f508ae8be965d8629557221c889dd98/library/std/src/panicking.rs:823:13
[INFO] [stdout]   15:     0x63f754217044 - std[70759c8f55707aa4]::panicking::panic_handler::{closure#0}
[INFO] [stdout]                                at /rustc/dfb0accb7f508ae8be965d8629557221c889dd98/library/std/src/panicking.rs:681:13
[INFO] [stdout]   16:     0x63f75420fa49 - std[70759c8f55707aa4]::sys::backtrace::__rust_end_short_backtrace::<std[70759c8f55707aa4]::panicking::panic_handler::{closure#0}, !>
[INFO] [stdout]                                at /rustc/dfb0accb7f508ae8be965d8629557221c889dd98/library/std/src/sys/backtrace.rs:182:18
[INFO] [stdout]   17:     0x63f754217c0d - __rustc[8fa7c3cbc660c2b3]::rust_begin_unwind
[INFO] [stdout]                                at /rustc/dfb0accb7f508ae8be965d8629557221c889dd98/library/std/src/panicking.rs:679:5
[INFO] [stdout]   18:     0x63f75425516c - core[df12db4294e9bfd3]::panicking::panic_fmt
[INFO] [stdout]                                at /rustc/dfb0accb7f508ae8be965d8629557221c889dd98/library/core/src/panicking.rs:80:14
[INFO] [stdout]   19:     0x63f754255132 - core[df12db4294e9bfd3]::panicking::panic
[INFO] [stdout]                                at /rustc/dfb0accb7f508ae8be965d8629557221c889dd98/library/core/src/panicking.rs:150:5
[INFO] [stdout]   20:     0x63f753d3cc0b - sora_codegen[743f1ea7720f8d82]::rust::namespace_tests::copy_interval_serde_is_clippy_clean
[INFO] [stdout]                                at /opt/rustwide/workdir/src/rust.rs:1622:9
[INFO] [stdout]   21:     0x63f753d295f7 - sora_codegen[743f1ea7720f8d82]::rust::namespace_tests::copy_interval_serde_is_clippy_clean::{closure#0}
[INFO] [stdout]                                at /opt/rustwide/workdir/src/rust.rs:1554:45
[INFO] [stdout]   22:     0x63f753c09266 - <sora_codegen[743f1ea7720f8d82]::rust::namespace_tests::copy_interval_serde_is_clippy_clean::{closure#0} as core[df12db4294e9bfd3]::ops::function::FnOnce<()>>::call_once
[INFO] [stdout]                                at /rustc/dfb0accb7f508ae8be965d8629557221c889dd98/library/core/src/ops/function.rs:250:5
[INFO] [stdout]   23:     0x63f753e6cb3b - <fn() -> core[df12db4294e9bfd3]::result::Result<(), alloc[2182bb758b4b3781]::string::String> as core[df12db4294e9bfd3]::ops::function::FnOnce<()>>::call_once
[INFO] [stdout]                                at /rustc/dfb0accb7f508ae8be965d8629557221c889dd98/library/core/src/ops/function.rs:250:5
[INFO] [stdout]   24:     0x63f753e6cb3b - test[9d35eded1c95d3be]::__rust_begin_short_backtrace::<core[df12db4294e9bfd3]::result::Result<(), alloc[2182bb758b4b3781]::string::String>, fn() -> core[df12db4294e9bfd3]::result::Result<(), alloc[2182bb758b4b3781]::string::String>>
[INFO] [stdout]                                at /rustc/dfb0accb7f508ae8be965d8629557221c889dd98/library/test/src/lib.rs:733:18
[INFO] [stdout]   25:     0x63f753e7a1a5 - test[9d35eded1c95d3be]::run_test_in_process::{closure#0}
[INFO] [stdout]                                at /rustc/dfb0accb7f508ae8be965d8629557221c889dd98/library/test/src/lib.rs:756:74
[INFO] [stdout]   26:     0x63f753e7a1a5 - <core[df12db4294e9bfd3]::panic::unwind_safe::AssertUnwindSafe<test[9d35eded1c95d3be]::run_test_in_process::{closure#0}> as core[df12db4294e9bfd3]::ops::function::FnOnce<()>>::call_once
[INFO] [stdout]                                at /rustc/dfb0accb7f508ae8be965d8629557221c889dd98/library/core/src/panic/unwind_safe.rs:275:9
[INFO] [stdout]   27:     0x63f753e7a1a5 - std[70759c8f55707aa4]::panicking::catch_unwind::do_call::<core[df12db4294e9bfd3]::panic::unwind_safe::AssertUnwindSafe<test[9d35eded1c95d3be]::run_test_in_process::{closure#0}>, core[df12db4294e9bfd3]::result::Result<(), alloc[2182bb758b4b3781]::string::String>>
[INFO] [stdout]                                at /rustc/dfb0accb7f508ae8be965d8629557221c889dd98/library/std/src/panicking.rs:576:43
[INFO] [stdout]   28:     0x63f753e7a1a5 - std[70759c8f55707aa4]::panicking::catch_unwind::<core[df12db4294e9bfd3]::result::Result<(), alloc[2182bb758b4b3781]::string::String>, core[df12db4294e9bfd3]::panic::unwind_safe::AssertUnwindSafe<test[9d35eded1c95d3be]::run_test_in_process::{closure#0}>>
[INFO] [stdout]                                at /rustc/dfb0accb7f508ae8be965d8629557221c889dd98/library/std/src/panicking.rs:544:19
[INFO] [stdout]   29:     0x63f753e7a1a5 - std[70759c8f55707aa4]::panic::catch_unwind::<core[df12db4294e9bfd3]::panic::unwind_safe::AssertUnwindSafe<test[9d35eded1c95d3be]::run_test_in_process::{closure#0}>, core[df12db4294e9bfd3]::result::Result<(), alloc[2182bb758b4b3781]::string::String>>
[INFO] [stdout]                                at /rustc/dfb0accb7f508ae8be965d8629557221c889dd98/library/std/src/panic.rs:359:14
[INFO] [stdout]   30:     0x63f753e7a1a5 - test[9d35eded1c95d3be]::run_test_in_process
[INFO] [stdout]                                at /rustc/dfb0accb7f508ae8be965d8629557221c889dd98/library/test/src/lib.rs:756:27
[INFO] [stdout]   31:     0x63f753e7a1a5 - test[9d35eded1c95d3be]::run_test::{closure#0}
[INFO] [stdout]                                at /rustc/dfb0accb7f508ae8be965d8629557221c889dd98/library/test/src/lib.rs:677:43
[INFO] [stdout]   32:     0x63f753e73a64 - test[9d35eded1c95d3be]::run_test::{closure#1}
[INFO] [stdout]                                at /rustc/dfb0accb7f508ae8be965d8629557221c889dd98/library/test/src/lib.rs:707:41
[INFO] [stdout]   33:     0x63f753e73a64 - std[70759c8f55707aa4]::sys::backtrace::__rust_begin_short_backtrace::<test[9d35eded1c95d3be]::run_test::{closure#1}, ()>
[INFO] [stdout]                                at /rustc/dfb0accb7f508ae8be965d8629557221c889dd98/library/std/src/sys/backtrace.rs:166:18
[INFO] [stdout]   34:     0x63f753e7d302 - std[70759c8f55707aa4]::thread::lifecycle::spawn_unchecked::<test[9d35eded1c95d3be]::run_test::{closure#1}, ()>::{closure#1}::{closure#0}
[INFO] [stdout]                                at /rustc/dfb0accb7f508ae8be965d8629557221c889dd98/library/std/src/thread/lifecycle.rs:70:13
[INFO] [stdout]   35:     0x63f753e7d302 - <core[df12db4294e9bfd3]::panic::unwind_safe::AssertUnwindSafe<std[70759c8f55707aa4]::thread::lifecycle::spawn_unchecked<test[9d35eded1c95d3be]::run_test::{closure#1}, ()>::{closure#1}::{closure#0}> as core[df12db4294e9bfd3]::ops::function::FnOnce<()>>::call_once
[INFO] [stdout]                                at /rustc/dfb0accb7f508ae8be965d8629557221c889dd98/library/core/src/panic/unwind_safe.rs:275:9
[INFO] [stdout]   36:     0x63f753e7d302 - std[70759c8f55707aa4]::panicking::catch_unwind::do_call::<core[df12db4294e9bfd3]::panic::unwind_safe::AssertUnwindSafe<std[70759c8f55707aa4]::thread::lifecycle::spawn_unchecked<test[9d35eded1c95d3be]::run_test::{closure#1}, ()>::{closure#1}::{closure#0}>, ()>
[INFO] [stdout]                                at /rustc/dfb0accb7f508ae8be965d8629557221c889dd98/library/std/src/panicking.rs:576:43
[INFO] [stdout]   37:     0x63f753e7d302 - std[70759c8f55707aa4]::panicking::catch_unwind::<(), core[df12db4294e9bfd3]::panic::unwind_safe::AssertUnwindSafe<std[70759c8f55707aa4]::thread::lifecycle::spawn_unchecked<test[9d35eded1c95d3be]::run_test::{closure#1}, ()>::{closure#1}::{closure#0}>>
[INFO] [stdout]                                at /rustc/dfb0accb7f508ae8be965d8629557221c889dd98/library/std/src/panicking.rs:544:19
[INFO] [stdout]   38:     0x63f753e7d302 - std[70759c8f55707aa4]::panic::catch_unwind::<core[df12db4294e9bfd3]::panic::unwind_safe::AssertUnwindSafe<std[70759c8f55707aa4]::thread::lifecycle::spawn_unchecked<test[9d35eded1c95d3be]::run_test::{closure#1}, ()>::{closure#1}::{closure#0}>, ()>
[INFO] [stdout]                                at /rustc/dfb0accb7f508ae8be965d8629557221c889dd98/library/std/src/panic.rs:359:14
[INFO] [stdout]   39:     0x63f753e7d302 - std[70759c8f55707aa4]::thread::lifecycle::spawn_unchecked::<test[9d35eded1c95d3be]::run_test::{closure#1}, ()>::{closure#1}
[INFO] [stdout]                                at /rustc/dfb0accb7f508ae8be965d8629557221c889dd98/library/std/src/thread/lifecycle.rs:68:26
[INFO] [stdout]   40:     0x63f753e7d302 - <std[70759c8f55707aa4]::thread::lifecycle::spawn_unchecked<test[9d35eded1c95d3be]::run_test::{closure#1}, ()>::{closure#1} as core[df12db4294e9bfd3]::ops::function::FnOnce<()>>::call_once::{shim:vtable#0}
[INFO] [stdout]                                at /rustc/dfb0accb7f508ae8be965d8629557221c889dd98/library/core/src/ops/function.rs:250:5
[INFO] [stdout]   41:     0x63f75423c429 - <alloc[2182bb758b4b3781]::boxed::Box<dyn core[df12db4294e9bfd3]::ops::function::FnOnce<(), Output = ()> + core[df12db4294e9bfd3]::marker::Send> as core[df12db4294e9bfd3]::ops::function::FnOnce<()>>::call_once
[INFO] [stdout]                                at /rustc/dfb0accb7f508ae8be965d8629557221c889dd98/library/alloc/src/boxed.rs:2320:9
[INFO] [stdout]   42:     0x63f75423c429 - <std[70759c8f55707aa4]::sys::thread::unix::Thread>::new::thread_start
[INFO] [stdout]                                at /rustc/dfb0accb7f508ae8be965d8629557221c889dd98/library/std/src/sys/thread/unix.rs:123:17
[INFO] [stdout]   43:     0x79747a428dfa - <unknown>
[INFO] [stdout]   44:     0x79747a4bc3d4 - clone
[INFO] [stdout]   45:                0x0 - <unknown>
[INFO] [stdout] 
[INFO] [stdout] 
[INFO] [stdout] failures:
[INFO] [stdout]     rust::namespace_tests::copy_interval_serde_is_clippy_clean
[INFO] [stdout] 
[INFO] [stdout] test result: FAILED. 68 passed; 1 failed; 0 ignored; 0 measured; 0 filtered out; finished in 18.43s
[INFO] [stdout] 
[INFO] running `Command { std: "docker" "inspect" "46fda6b2066c84044fba92460dc308e4cbb5cf7850e63840e16735e6c33b6463", kill_on_drop: false }`
[INFO] running `Command { std: "docker" "rm" "-f" "46fda6b2066c84044fba92460dc308e4cbb5cf7850e63840e16735e6c33b6463", kill_on_drop: false }`
[INFO] [stdout] 46fda6b2066c84044fba92460dc308e4cbb5cf7850e63840e16735e6c33b6463
