[INFO] fetching crate soppo 0.11.1...
[INFO] testing soppo-0.11.1 against 1.100.0-beta.1 for beta-1.100-2
[INFO] extracting crate soppo 0.11.1 into /workspace/builds/worker-4-tc2/source
[INFO] started tweaking crates.io crate soppo 0.11.1
[INFO] removed 0 missing tests
[INFO] finished tweaking crates.io crate soppo 0.11.1
[INFO] tweaked toml for crates.io crate soppo 0.11.1 written to /workspace/builds/worker-4-tc2/source/Cargo.toml
[INFO] validating manifest of crates.io crate soppo 0.11.1 on toolchain 1.100.0-beta.1
[INFO] running `Command { std: CARGO_HOME="/workspace/cargo-home" RUSTUP_HOME="/workspace/rustup-home" "/workspace/cargo-home/bin/cargo" "+1.100.0-beta.1" "metadata" "--manifest-path" "Cargo.toml" "--no-deps", kill_on_drop: false }`
[INFO] crate crates.io crate soppo 0.11.1 already has a lockfile, it will not be regenerated
[INFO] running `Command { std: CARGO_HOME="/workspace/cargo-home" RUSTUP_HOME="/workspace/rustup-home" "/workspace/cargo-home/bin/cargo" "+1.100.0-beta.1" "fetch" "--manifest-path" "Cargo.toml", kill_on_drop: false }`
[INFO] running `Command { std: "docker" "create" "-v" "/var/lib/crater-agent-workspace/builds/worker-4-tc2/source:/opt/rustwide/workdir:ro,Z" "-v" "/var/lib/crater-agent-workspace/builds/worker-4-tc2/target:/opt/rustwide/target:rw,Z" "-v" "/var/lib/crater-agent-workspace/cargo-home:/opt/rustwide/cargo-home:ro,Z" "-v" "/var/lib/crater-agent-workspace/rustup-home:/opt/rustwide/rustup-home:ro,Z" "-m" "1610612736" "--network" "none" "ghcr.io/rust-lang/crates-build-env/linux@sha256:3111399a4047eeb3a02b7a90e478d715f38a8c6669b5c4b49d30a17385265909" "sleep" "infinity", kill_on_drop: false }`
[INFO] [stdout] 40c3a6685821e23a4545ef901a52a726c624ae2c68de1929b1f8c896065a99d2
[INFO] running `Command { std: "docker" "start" "40c3a6685821e23a4545ef901a52a726c624ae2c68de1929b1f8c896065a99d2", kill_on_drop: false }`
[INFO] running `Command { std: "docker" "inspect" "40c3a6685821e23a4545ef901a52a726c624ae2c68de1929b1f8c896065a99d2", kill_on_drop: false }`
[INFO] running `Command { std: "docker" "exec" "-e" "SOURCE_DIR=/opt/rustwide/workdir" "-e" "CARGO_HOME=/opt/rustwide/cargo-home" "-e" "RUSTUP_HOME=/opt/rustwide/rustup-home" "-e" "CARGO_TARGET_DIR=/opt/rustwide/target" "-w" "/opt/rustwide/workdir" "--user" "0:0" "40c3a6685821e23a4545ef901a52a726c624ae2c68de1929b1f8c896065a99d2" "/opt/rustwide/cargo-home/bin/cargo" "+1.100.0-beta.1" "metadata" "--no-deps" "--format-version=1", kill_on_drop: false }`
[INFO] running `Command { std: "docker" "inspect" "40c3a6685821e23a4545ef901a52a726c624ae2c68de1929b1f8c896065a99d2", kill_on_drop: false }`
[INFO] running `Command { std: "docker" "exec" "-e" "SOURCE_DIR=/opt/rustwide/workdir" "-e" "CARGO_HOME=/opt/rustwide/cargo-home" "-e" "RUSTUP_HOME=/opt/rustwide/rustup-home" "-e" "CARGO_TARGET_DIR=/opt/rustwide/target" "-e" "CARGO_INCREMENTAL=0" "-e" "RUST_BACKTRACE=full" "-e" "RUSTFLAGS=--cap-lints=warn" "-e" "RUSTDOCFLAGS=--cap-lints=warn" "-w" "/opt/rustwide/workdir" "--user" "0:0" "40c3a6685821e23a4545ef901a52a726c624ae2c68de1929b1f8c896065a99d2" "/opt/rustwide/cargo-home/bin/cargo" "+1.100.0-beta.1" "build" "--frozen" "--message-format=json", kill_on_drop: false }`
[INFO] [stderr]    Compiling libc v0.2.189
[INFO] [stderr]    Compiling find-msvc-tools v0.1.10
[INFO] [stderr]    Compiling serde_core v1.0.229
[INFO] [stderr]    Compiling tree-sitter-language v0.1.7
[INFO] [stderr]    Compiling rustix v1.1.4
[INFO] [stderr]    Compiling aho-corasick v1.1.5
[INFO] [stderr]    Compiling serde_json v1.0.151
[INFO] [stderr]    Compiling regex-syntax v0.8.11
[INFO] [stderr]    Compiling object v0.37.3
[INFO] [stderr]    Compiling syn v2.0.119
[INFO] [stderr]    Compiling owo-colors v4.3.0
[INFO] [stderr]    Compiling is_ci v1.2.0
[INFO] [stderr]    Compiling winnow v1.0.4
[INFO] [stderr]    Compiling textwrap v0.16.2
[INFO] [stderr]    Compiling clap_builder v4.6.6
[INFO] [stderr]    Compiling clap_derive v4.6.4
[INFO] [stderr]    Compiling supports-color v3.0.2
[INFO] [stderr]    Compiling serde_derive v1.0.229
[INFO] [stderr]    Compiling cc v1.4.2
[INFO] [stderr]    Compiling thiserror-impl v2.0.20
[INFO] [stderr]    Compiling toml_parser v1.1.3+spec-1.1.0
[INFO] [stderr]    Compiling regex-automata v0.4.18
[INFO] [stderr]    Compiling getrandom v0.4.3
[INFO] [stderr]    Compiling toml_datetime v1.1.1+spec-1.1.0
[INFO] [stderr]    Compiling bstr v1.13.0
[INFO] [stderr]    Compiling streaming-iterator v0.1.9
[INFO] [stderr]    Compiling supports-hyperlinks v3.2.0
[INFO] [stderr]    Compiling supports-unicode v3.0.0
[INFO] [stderr]    Compiling toml v1.1.4+spec-1.1.0
[INFO] [stderr]    Compiling thiserror v2.0.20
[INFO] [stderr]    Compiling tree-sitter-go v0.25.0
[INFO] [stderr]    Compiling terminal_size v0.4.4
[INFO] [stderr]    Compiling tempfile v3.27.0
[INFO] [stderr]    Compiling miette-derive v7.6.0
[INFO] [stderr]    Compiling serde v1.0.229
[INFO] [stderr]    Compiling clap v4.6.6
[INFO] [stderr]    Compiling backtrace v0.3.76
[INFO] [stderr]    Compiling tree-sitter v0.26.12
[INFO] [stderr]    Compiling backtrace-ext v0.2.1
[INFO] [stderr]    Compiling miette v7.6.0
[INFO] [stderr]    Compiling logos-codegen v0.16.1
[INFO] [stderr]    Compiling regex v1.13.1
[INFO] [stderr]    Compiling globset v0.4.20
[INFO] [stderr]    Compiling logos-derive v0.16.1
[INFO] [stderr]    Compiling logos v0.16.1
[INFO] [stderr]    Compiling soppo v0.11.1 (/opt/rustwide/workdir)
[INFO] [stderr]     Finished `dev` profile [unoptimized + debuginfo] target(s) in 39.33s
[INFO] running `Command { std: "docker" "inspect" "40c3a6685821e23a4545ef901a52a726c624ae2c68de1929b1f8c896065a99d2", kill_on_drop: false }`
[INFO] running `Command { std: "docker" "exec" "-e" "SOURCE_DIR=/opt/rustwide/workdir" "-e" "CARGO_HOME=/opt/rustwide/cargo-home" "-e" "RUSTUP_HOME=/opt/rustwide/rustup-home" "-e" "CARGO_TARGET_DIR=/opt/rustwide/target" "-e" "CARGO_INCREMENTAL=0" "-e" "RUST_BACKTRACE=full" "-e" "RUSTFLAGS=--cap-lints=warn" "-e" "RUSTDOCFLAGS=--cap-lints=warn" "-w" "/opt/rustwide/workdir" "--user" "0:0" "40c3a6685821e23a4545ef901a52a726c624ae2c68de1929b1f8c896065a99d2" "/opt/rustwide/cargo-home/bin/cargo" "+1.100.0-beta.1" "test" "--frozen" "--no-run" "--message-format=json", kill_on_drop: false }`
[INFO] [stderr]    Compiling zerocopy v0.8.56
[INFO] [stderr]    Compiling crossbeam-utils v0.8.22
[INFO] [stderr]    Compiling getrandom v0.4.3
[INFO] [stderr]    Compiling regex-automata v0.4.18
[INFO] [stderr]    Compiling zerocopy-derive v0.8.56
[INFO] [stderr]    Compiling crossbeam-epoch v0.9.20
[INFO] [stderr]    Compiling serde v1.0.229
[INFO] [stderr]    Compiling num-traits v0.2.19
[INFO] [stderr]    Compiling getrandom v0.3.4
[INFO] [stderr]    Compiling proc-macro2 v0.4.30
[INFO] [stderr]    Compiling tempfile v3.27.0
[INFO] [stderr]    Compiling crossbeam-deque v0.8.7
[INFO] [stderr]    Compiling backtrace v0.3.76
[INFO] [stderr]    Compiling either v1.17.0
[INFO] [stderr]    Compiling unicode-xid v0.1.0
[INFO] [stderr]    Compiling alloca v0.4.0
[INFO] [stderr]    Compiling rand_core v0.9.5
[INFO] [stderr]    Compiling syn v0.15.44
[INFO] [stderr]    Compiling itertools v0.13.0
[INFO] [stderr]    Compiling wait-timeout v0.2.1
[INFO] [stderr]    Compiling console v0.16.4
[INFO] [stderr]    Compiling page_size v0.6.0
[INFO] [stderr]    Compiling rusty-fork v0.3.1
[INFO] [stderr]    Compiling rand_xorshift v0.4.0
[INFO] [stderr]    Compiling rand v0.9.5
[INFO] [stderr]    Compiling similar v2.7.0
[INFO] [stderr]    Compiling quote v0.6.13
[INFO] [stderr]    Compiling backtrace-ext v0.2.1
[INFO] [stderr]    Compiling miette v7.6.0
[INFO] [stderr]    Compiling tinytemplate v1.2.1
[INFO] [stderr]    Compiling rayon-core v1.13.0
[INFO] [stderr]    Compiling plotters v0.3.7
[INFO] [stderr]    Compiling rayon v1.12.0
[INFO] [stderr]    Compiling insta v1.48.0
[INFO] [stderr]    Compiling regex v1.13.1
[INFO] [stderr]    Compiling globset v0.4.20
[INFO] [stderr]    Compiling criterion-plot v0.8.2
[INFO] [stderr]    Compiling tree-sitter v0.26.12
[INFO] [stderr]    Compiling test-generator v0.3.1
[INFO] [stderr]    Compiling logos-codegen v0.16.1
[INFO] [stderr]    Compiling logos-derive v0.16.1
[INFO] [stderr]    Compiling half v2.7.1
[INFO] [stderr]    Compiling ppv-lite86 v0.2.21
[INFO] [stderr]    Compiling ciborium-ll v0.2.2
[INFO] [stderr]    Compiling logos v0.16.1
[INFO] [stderr]    Compiling soppo v0.11.1 (/opt/rustwide/workdir)
[INFO] [stderr]    Compiling ciborium v0.2.2
[INFO] [stderr]    Compiling rand_chacha v0.9.0
[INFO] [stderr]    Compiling proptest v1.11.0
[INFO] [stderr]    Compiling criterion v0.8.2
[INFO] [stderr]     Finished `test` profile [unoptimized + debuginfo] target(s) in 46.82s
[INFO] running `Command { std: "docker" "inspect" "40c3a6685821e23a4545ef901a52a726c624ae2c68de1929b1f8c896065a99d2", kill_on_drop: false }`
[INFO] running `Command { std: "docker" "exec" "-e" "SOURCE_DIR=/opt/rustwide/workdir" "-e" "CARGO_HOME=/opt/rustwide/cargo-home" "-e" "RUSTUP_HOME=/opt/rustwide/rustup-home" "-e" "CARGO_TARGET_DIR=/opt/rustwide/target" "-e" "CARGO_INCREMENTAL=0" "-e" "RUST_BACKTRACE=full" "-e" "RUSTFLAGS=--cap-lints=warn" "-e" "RUSTDOCFLAGS=--cap-lints=warn" "-w" "/opt/rustwide/workdir" "--user" "0:0" "40c3a6685821e23a4545ef901a52a726c624ae2c68de1929b1f8c896065a99d2" "/opt/rustwide/cargo-home/bin/cargo" "+1.100.0-beta.1" "test" "--frozen", kill_on_drop: false }`
[INFO] [stderr]     Finished `test` profile [unoptimized + debuginfo] target(s) in 0.31s
[INFO] [stderr]      Running unittests src/lib.rs (/opt/rustwide/target/debug/build/soppo/5d49e8c7dd5cda11/out/soppo-5d49e8c7dd5cda11)
[INFO] [stdout] 
[INFO] [stdout] running 160 tests
[INFO] [stdout] test config::tests::test_resolve_globs_pattern ... ok
[INFO] [stdout] test deps::tests::test_chain_deps ... ok
[INFO] [stdout] test config::tests::test_load_no_config ... ok
[INFO] [stdout] test config::tests::test_load_empty_config ... ok
[INFO] [stdout] test config::tests::test_resolve_globs_literal_path ... ok
[INFO] [stdout] test config::tests::test_version_matches ... ok
[INFO] [stdout] test config::tests::test_find_files_default_pattern ... ok
[INFO] [stdout] test config::tests::test_find_files_with_exclude ... ok
[INFO] [stdout] test config::tests::test_load_with_patterns ... ok
[INFO] [stdout] test deps::tests::test_get_local_package_path ... ok
[INFO] [stdout] test deps::tests::test_circular_dep_detection ... ok
[INFO] [stdout] test deps::tests::test_go_imports_ignored ... ok
[INFO] [stdout] test deps::tests::test_simple_deps ... ok
[INFO] [stdout] test deps::tests::test_test_file_implicit_dep ... ok
[INFO] [stdout] test deps::tests::test_test_file_implicit_dep_math ... ok
[INFO] [stdout] test deps::tests::test_missing_local_import_is_ignored ... ok
[INFO] [stdout] test doctest::tests::test_generate_example_name ... ok
[INFO] [stdout] test doctest::tests::test_parse_code_blocks ... ok
[INFO] [stdout] test doctest::tests::test_parse_expected_output ... ok
[INFO] [stdout] test doctest::tests::test_doctest_parsing_with_parser ... ok
[INFO] [stdout] test doctest::tests::test_parse_fence_attrs ... ok
[INFO] [stdout] test deps::tests::test_nested_path ... ok
[INFO] [stdout] test fmt::tests::test_format_else_if_preserved ... ok
[INFO] [stdout] test fmt::tests::test_format_anon_struct_uses_tabs ... ok
[INFO] [stdout] test fmt::tests::test_format_else_block_with_if_preserved ... ok
[INFO] [stdout] test fmt::tests::test_format_grouped_struct_fields ... ok
[INFO] [stdout] test deps::tests::test_no_deps ... ok
[INFO] [stdout] test fmt::tests::test_format_multiline_struct_literal_preserved ... ok
[INFO] [stdout] test fmt::tests::test_format_multiline_call_preserved ... ok
[INFO] [stdout] test fmt::tests::test_format_preserves_comment_spacing ... ok
[INFO] [stdout] test fmt::tests::test_format_preserves_blank_lines ... ok
[INFO] [stdout] test fmt::tests::test_format_doc_comment_not_duplicated ... ok
[INFO] [stdout] test fmt::tests::test_format_idempotent ... ok
[INFO] [stdout] test fmt::tests::test_format_make_not_brackets ... ok
[INFO] [stdout] test fmt::tests::test_format_escape_sequences ... ok
[INFO] [stdout] test fmt::tests::test_format_infinite_loop ... ok
[INFO] [stdout] test fmt::tests::test_format_array_struct_multiline ... ok
[INFO] [stdout] test fmt::tests::test_format_preserves_pragmas ... ok
[INFO] [stdout] test go::extract::tests::test_extract_go_file ... ok
[INFO] [stdout] test go::cache::tests::test_parse_go_file ... ok
[INFO] [stdout] test fmt::tests::test_format_slice_type_not_duplicated ... ok
[INFO] [stdout] test go::extract::tests::test_extract_type_alias_with_equals ... ok
[INFO] [stdout] test go::extract::tests::test_extract_generics ... ok
[INFO] [stdout] test fmt::tests::test_format_trailing_comment_aligned ... ok
[INFO] [stdout] test go::extract::tests::test_extract_soppo_struct_variant ... ok
[INFO] [stdout] test go::extract::tests::test_extract_var_block ... ok
[INFO] [stdout] test go::extract::tests::test_extract_named_return_values ... ok
[INFO] [stdout] test go::extract::tests::test_extract_type_alias ... ok
[INFO] [stdout] test go::extract::tests::test_marker_version_current ... ok
[INFO] [stdout] test go::extract::tests::test_extract_with_edge_case_comments ... ok
[INFO] [stdout] test go::extract::tests::test_extract_with_soppo_marker ... ok
[INFO] [stdout] test go::types::tests::test_array ... ok
[INFO] [stdout] test go::types::tests::test_channel ... ok
[INFO] [stdout] test go::project::tests::test_discover_finds_go_mod ... ok
[INFO] [stdout] test go::types::tests::test_multiple_returns ... ok
[INFO] [stdout] test go::types::tests::test_pointer ... ok
[INFO] [stdout] test go::types::tests::test_map ... ok
[INFO] [stdout] test go::cache::tests::test_cache_creation ... ok
[INFO] [stdout] test go::project::tests::test_find_sources_excludes_special_dirs ... ok
[INFO] [stdout] test go::types::tests::test_slice ... ok
[INFO] [stdout] test go::types::tests::test_primitives ... ok
[INFO] [stdout] test syntax::lexer::tests::test_crlf_line_endings ... ok
[INFO] [stdout] test go::types::tests::test_qualified ... ok
[INFO] [stdout] test syntax::lexer::tests::test_identifiers_and_literals ... ok
[INFO] [stdout] test go::types::tests::test_generic ... ok
[INFO] [stdout] test syntax::lexer::tests::test_integer_literals ... ok
[INFO] [stdout] test go::types::tests::test_variadic ... ok
[INFO] [stdout] test syntax::lexer::tests::test_operators ... ok
[INFO] [stdout] test go::extract::tests::test_marker_version_mismatch ... ok
[INFO] [stdout] test go::resolve::tests::test_resolver_stdlib ... ok
[INFO] [stdout] test syntax::lexer::tests::test_keywords ... ok
[INFO] [stdout] test go::project::tests::test_discover_no_go_mod ... ok
[INFO] [stdout] test go::types::tests::test_function ... ok
[INFO] [stdout] test go::types::tests::test_interface ... ok
[INFO] [stdout] test syntax::lexer::tests::test_string_escape_sequences ... ok
[INFO] [stdout] test syntax::parser::expr::tests::test_parse_integer ... ok
[INFO] [stdout] test syntax::parser::expr::tests::test_parse_field_access ... ok
[INFO] [stdout] test syntax::parser::expr::tests::test_parse_binary_precedence ... ok
[INFO] [stdout] test syntax::parser::expr::tests::test_parse_ident ... ok
[INFO] [stdout] test syntax::parser::expr::tests::test_parse_function_call ... ok
[INFO] [stdout] test syntax::lexer::tests::test_semicolon ... ok
[INFO] [stdout] test syntax::parser::expr::tests::test_parse_mixed_arguments ... ok
[INFO] [stdout] test syntax::lexer::tests::test_span_tracking ... ok
[INFO] [stdout] test syntax::parser::expr::tests::test_parse_bool ... ok
[INFO] [stdout] test syntax::parser::expr::tests::test_parse_binary ... ok
[INFO] [stdout] test build::tests::test_receiver_method_symbol ... ok
[INFO] [stdout] test syntax::parser::expr::tests::test_parse_named_arguments ... ok
[INFO] [stdout] test syntax::parser::item::tests::test_parse_enum ... ok
[INFO] [stdout] test syntax::parser::item::tests::test_parse_function ... ok
[INFO] [stdout] test syntax::parser::expr::tests::test_parse_spread_argument ... ok
[INFO] [stdout] test syntax::parser::item::tests::test_parse_function_named_returns ... ok
[INFO] [stdout] test syntax::parser::item::tests::test_parse_function_grouped_named_returns ... ok
[INFO] [stdout] test syntax::parser::item::tests::test_parse_function_multiple_unnamed_returns ... ok
[INFO] [stdout] test syntax::parser::item::tests::test_parse_function_no_returns ... ok
[INFO] [stdout] test syntax::parser::item::tests::test_parse_aliased_imports ... ok
[INFO] [stdout] test syntax::parser::pat::tests::test_parse_match ... ok
[INFO] [stdout] test syntax::parser::item::tests::test_parse_complete_file ... ok
[INFO] [stdout] test syntax::parser::pat::tests::test_parse_generic_enum_pattern_with_nested_type ... ok
[INFO] [stdout] test syntax::parser::item::tests::test_parse_generic_function ... ok
[INFO] [stdout] test syntax::parser::item::tests::test_parse_grouped_imports ... ok
[INFO] [stdout] test syntax::parser::item::tests::test_parse_single_aliased_import ... ok
[INFO] [stdout] test syntax::parser::expr::tests::test_parse_string ... ok
[INFO] [stdout] test syntax::parser::pat::tests::test_parse_generic_enum_pattern ... ok
[INFO] [stdout] test syntax::parser::item::tests::test_parse_function_with_semicolons ... ok
[INFO] [stdout] test syntax::parser::pat::tests::test_parse_match_nil_pattern ... ok
[INFO] [stdout] test syntax::source::tests::file_registry_contains ... ok
[INFO] [stdout] test syntax::source::tests::file_registry_file_ids_iterator ... ok
[INFO] [stdout] test syntax::parser::stmt::tests::test_parse_try_requires_space ... ok
[INFO] [stdout] test syntax::source::tests::file_registry_register_new_file ... ok
[INFO] [stdout] test syntax::parser::stmt::tests::test_parse_semicolons_as_statement_separators ... ok
[INFO] [stdout] test syntax::source::tests::file_registry_register_same_file_returns_same_id ... ok
[INFO] [stdout] test syntax::source::tests::file_registry_get_unknown_file ... ok
[INFO] [stdout] test syntax::parser::stmt::tests::test_parse_block ... ok
[INFO] [stdout] test types::ctx::tests::test_register_type ... ok
[INFO] [stdout] test types::ctx::tests::test_register_generic_type ... ok
[INFO] [stdout] test syntax::parser::stmt::tests::test_parse_return_stmt ... ok
[INFO] [stdout] test syntax::parser::stmt::tests::test_parse_select ... ok
[INFO] [stdout] test syntax::parser::stmt::tests::test_parse_let_stmt ... ok
[INFO] [stdout] test types::infer::decl::tests::test_function_call_in_scope ... ok
[INFO] [stdout] test types::infer::decl::tests::test_infer_function ... ok
[INFO] [stdout] test types::infer::decl::tests::test_infer_function_type_error ... ok
[INFO] [stdout] test types::infer::decl::tests::test_struct_field_access ... ok
[INFO] [stdout] test types::infer::expr::tests::test_infer_arithmetic ... ok
[INFO] [stdout] test types::infer::decl::tests::test_struct_field_type_checking ... ok
[INFO] [stdout] test types::infer::expr::tests::test_array_literal_type ... ok
[INFO] [stdout] test types::infer::decl::tests::test_struct_invalid_field_access ... ok
[INFO] [stdout] test syntax::parser::stmt::tests::test_parse_mixed_semicolons_and_newlines ... ok
[INFO] [stdout] test types::infer::expr::tests::test_infer_string ... ok
[INFO] [stdout] test syntax::parser::stmt::tests::test_parse_try_with_space ... ok
[INFO] [stdout] test types::infer::stmt::tests::test_infer_return_stmt ... ok
[INFO] [stdout] test types::infer::stmt::tests::test_array_index_type ... ok
[INFO] [stdout] test types::infer::expr::tests::test_infer_comparison ... ok
[INFO] [stdout] test types::infer::stmt::tests::test_array_element_type_checking ... ok
[INFO] [stdout] test types::infer::expr::tests::test_infer_complex_expr ... ok
[INFO] [stdout] test types::infer::expr::tests::test_infer_integer ... ok
[INFO] [stdout] test types::infer::stmt::tests::test_variable_redeclaration_error ... ok
[INFO] [stdout] test types::infer::expr::tests::test_infer_bool ... ok
[INFO] [stdout] test types::infer::expr::tests::test_type_error_arithmetic ... ok
[INFO] [stdout] test types::sym::tests::test_multiple_symbols ... ok
[INFO] [stdout] test types::ty::tests::test_from_ast_in_module ... ok
[INFO] [stdout] test types::infer::unify::tests::test_occurs_check ... ok
[INFO] [stdout] test types::infer::stmt::tests::test_infer_multiple_lets ... ok
[INFO] [stdout] test types::infer::stmt::tests::test_infer_let_stmt ... ok
[INFO] [stdout] test types::sym::tests::test_record_and_find ... ok
[INFO] [stdout] test types::ty::tests::test_is_builtin_type ... ok
[INFO] [stdout] test types::ty::tests::test_generic_type ... ok
[INFO] [stdout] test types::ty::tests::test_simple_types ... ok
[INFO] [stdout] test syntax::source::tests::file_registry_register_multiple_files ... ok
[INFO] [stdout] test types::ty::tests::test_function_type ... ok
[INFO] [stdout] test types::ty::tests::test_nested_generic ... ok
[INFO] [stdout] test types::ty::tests::test_type_variable ... ok
[INFO] [stdout] test types::infer::unify::tests::test_unification ... ok
[INFO] [stdout] test go::extract::tests::test_extract_bufio_methods ... ok
[INFO] [stdout] test types::infer::tests::test_is_go_interface_type_indirect_import ... ok
[INFO] [stdout] test types::infer::tests::test_is_go_interface_type ... ok
[INFO] [stdout] test build::tests::test_typed_pipeline_compiles ... ok
[INFO] [stdout] test build::tests::typecheck_workspace_cross_file_symbols ... ok
[INFO] [stdout] test types::infer::tests::test_go_package_field_access_stdlib ... ok
[INFO] [stdout] test types::infer::tests::test_import_tracking ... ok
[INFO] [stdout] test go::extract::tests::test_extract_os_stdin ... ok
[INFO] [stdout] 
[INFO] [stdout] test result: ok. 160 passed; 0 failed; 0 ignored; 0 measured; 0 filtered out; finished in 0.49s
[INFO] [stdout] 
[INFO] [stderr]      Running unittests src/main.rs (/opt/rustwide/target/debug/build/soppo/0b31a9d7aaf4c71b/out/sop-0b31a9d7aaf4c71b)
[INFO] [stdout] 
[INFO] [stdout] running 0 tests
[INFO] [stdout] 
[INFO] [stdout] test result: ok. 0 passed; 0 failed; 0 ignored; 0 measured; 0 filtered out; finished in 0.00s
[INFO] [stdout] 
[INFO] [stderr]      Running tests/common.rs (/opt/rustwide/target/debug/build/soppo/8469a2b91678459a/out/common-8469a2b91678459a)
[INFO] [stdout] 
[INFO] [stdout] running 0 tests
[INFO] [stdout] 
[INFO] [stdout] test result: ok. 0 passed; 0 failed; 0 ignored; 0 measured; 0 filtered out; finished in 0.00s
[INFO] [stdout] 
[INFO] [stderr]      Running tests/gentest.rs (/opt/rustwide/target/debug/build/soppo/2fe7ba832b0534ec/out/gentest-2fe7ba832b0534ec)
[INFO] [stdout] 
[INFO] [stdout] running 1 test
[INFO] [stdout] test test_basic_fixture ... ok
[INFO] [stdout] 
[INFO] [stdout] test result: ok. 1 passed; 0 failed; 0 ignored; 0 measured; 0 filtered out; finished in 16.70s
[INFO] [stdout] 
[INFO] [stderr]      Running tests/interop.rs (/opt/rustwide/target/debug/build/soppo/77de6383d1bba1fa/out/interop-77de6383d1bba1fa)
[INFO] [stdout] 
[INFO] [stdout] running 2 tests
[INFO] [stdout] test test_interop_tests_fixtures_interop_embedded_pointer_promotion ... FAILED
[INFO] [stderr] error: test failed, to rerun pass `--test interop`
[INFO] [stdout] test test_interop_tests_fixtures_interop_cli_app ... FAILED
[INFO] [stdout] 
[INFO] [stdout] failures:
[INFO] [stdout] 
[INFO] [stdout] ---- test_interop_tests_fixtures_interop_embedded_pointer_promotion stdout ----
[INFO] [stdout] 
[INFO] [stdout] thread 'test_interop_tests_fixtures_interop_embedded_pointer_promotion' (4527) panicked at tests/interop.rs:54:9:
[INFO] [stdout] Interop test failed for tests/fixtures/interop/embedded_pointer_promotion:
[INFO] [stdout] Failed to write Go file: Read-only file system (os error 30)
[INFO] [stdout] stack backtrace:
[INFO] [stdout]    0:     0x596db4898141 - std[617be2ca0a6fd877]::backtrace_rs::backtrace::libunwind::trace
[INFO] [stdout]                                at /rustc/e3feeb59cd1bdd011a2bfcc0747b55125d9b8527/library/std/src/../../backtrace/src/backtrace/libunwind.rs:117:9
[INFO] [stdout]    1:     0x596db4898141 - std[617be2ca0a6fd877]::backtrace_rs::backtrace::trace_unsynchronized::<std[617be2ca0a6fd877]::sys::backtrace::_print_fmt::{closure#1}>
[INFO] [stdout]                                at /rustc/e3feeb59cd1bdd011a2bfcc0747b55125d9b8527/library/std/src/../../backtrace/src/backtrace/mod.rs:66:14
[INFO] [stdout]    2:     0x596db4898141 - std[617be2ca0a6fd877]::sys::backtrace::_print_fmt
[INFO] [stdout]                                at /rustc/e3feeb59cd1bdd011a2bfcc0747b55125d9b8527/library/std/src/sys/backtrace.rs:74:9
[INFO] [stdout]    3:     0x596db4898141 - <<std[617be2ca0a6fd877]::sys::backtrace::BacktraceLock>::print::DisplayBacktrace as core[a373ad73a504971]::fmt::Display>::fmt
[INFO] [stdout]                                at /rustc/e3feeb59cd1bdd011a2bfcc0747b55125d9b8527/library/std/src/sys/backtrace.rs:44:26
[INFO] [stdout]    4:     0x596db48af56a - <core[a373ad73a504971]::fmt::rt::Argument>::fmt
[INFO] [stdout]                                at /rustc/e3feeb59cd1bdd011a2bfcc0747b55125d9b8527/library/core/src/fmt/rt.rs:152:76
[INFO] [stdout]    5:     0x596db48af56a - core[a373ad73a504971]::fmt::write
[INFO] [stdout]    6:     0x596db489c64c - core[a373ad73a504971]::io::write::default_write_fmt::<alloc[2e1b2a31b91974c5]::vec::Vec<u8>>
[INFO] [stdout]                                at /rustc/e3feeb59cd1bdd011a2bfcc0747b55125d9b8527/library/core/src/io/write.rs:402:11
[INFO] [stdout]    7:     0x596db489c64c - <alloc[2e1b2a31b91974c5]::vec::Vec<u8> as core[a373ad73a504971]::io::write::Write>::write_fmt
[INFO] [stdout]                                at /rustc/e3feeb59cd1bdd011a2bfcc0747b55125d9b8527/library/core/src/io/write.rs:335:13
[INFO] [stdout]    8:     0x596db48728a6 - <std[617be2ca0a6fd877]::sys::backtrace::BacktraceLock>::print
[INFO] [stdout]                                at /rustc/e3feeb59cd1bdd011a2bfcc0747b55125d9b8527/library/std/src/sys/backtrace.rs:47:9
[INFO] [stdout]    9:     0x596db48728a6 - std[617be2ca0a6fd877]::panicking::default_hook::{closure#0}
[INFO] [stdout]                                at /rustc/e3feeb59cd1bdd011a2bfcc0747b55125d9b8527/library/std/src/panicking.rs:289:27
[INFO] [stdout]   10:     0x596db488fed9 - std[617be2ca0a6fd877]::panicking::default_hook
[INFO] [stdout]                                at /rustc/e3feeb59cd1bdd011a2bfcc0747b55125d9b8527/library/std/src/panicking.rs:313:9
[INFO] [stdout]   11:     0x596db482a940 - <alloc[2e1b2a31b91974c5]::boxed::Box<dyn for<'a, 'b> core[a373ad73a504971]::ops::function::Fn<(&'a std[617be2ca0a6fd877]::panic::PanicHookInfo<'b>,), Output = ()> + core[a373ad73a504971]::marker::Sync + core[a373ad73a504971]::marker::Send> as core[a373ad73a504971]::ops::function::Fn<(&std[617be2ca0a6fd877]::panic::PanicHookInfo,)>>::call
[INFO] [stdout]                                at /rustc/e3feeb59cd1bdd011a2bfcc0747b55125d9b8527/library/alloc/src/boxed.rs:2328:9
[INFO] [stdout]   12:     0x596db482a940 - test[aada8e7e76ba119b]::test_main_inner::{closure#0}
[INFO] [stdout]                                at /rustc/e3feeb59cd1bdd011a2bfcc0747b55125d9b8527/library/test/src/lib.rs:137:21
[INFO] [stdout]   13:     0x596db4890092 - <alloc[2e1b2a31b91974c5]::boxed::Box<dyn for<'a, 'b> core[a373ad73a504971]::ops::function::Fn<(&'a std[617be2ca0a6fd877]::panic::PanicHookInfo<'b>,), Output = ()> + core[a373ad73a504971]::marker::Sync + core[a373ad73a504971]::marker::Send> as core[a373ad73a504971]::ops::function::Fn<(&std[617be2ca0a6fd877]::panic::PanicHookInfo,)>>::call
[INFO] [stdout]                                at /rustc/e3feeb59cd1bdd011a2bfcc0747b55125d9b8527/library/alloc/src/boxed.rs:2328:9
[INFO] [stdout]   14:     0x596db4890092 - std[617be2ca0a6fd877]::panicking::panic_with_hook
[INFO] [stdout]                                at /rustc/e3feeb59cd1bdd011a2bfcc0747b55125d9b8527/library/std/src/panicking.rs:819:13
[INFO] [stdout]   15:     0x596db4872952 - std[617be2ca0a6fd877]::panicking::panic_handler::{closure#0}
[INFO] [stdout]                                at /rustc/e3feeb59cd1bdd011a2bfcc0747b55125d9b8527/library/std/src/panicking.rs:685:13
[INFO] [stdout]   16:     0x596db486b299 - std[617be2ca0a6fd877]::sys::backtrace::__rust_end_short_backtrace::<std[617be2ca0a6fd877]::panicking::panic_handler::{closure#0}, !>
[INFO] [stdout]                                at /rustc/e3feeb59cd1bdd011a2bfcc0747b55125d9b8527/library/std/src/sys/backtrace.rs:182:18
[INFO] [stdout]   17:     0x596db48735dd - __rustc[ea4f61d10b84890b]::rust_begin_unwind
[INFO] [stdout]                                at /rustc/e3feeb59cd1bdd011a2bfcc0747b55125d9b8527/library/std/src/panicking.rs:676:5
[INFO] [stdout]   18:     0x596db48afe0c - core[a373ad73a504971]::panicking::panic_fmt
[INFO] [stdout]                                at /rustc/e3feeb59cd1bdd011a2bfcc0747b55125d9b8527/library/core/src/panicking.rs:80:14
[INFO] [stdout]   19:     0x596db41e7c66 - interop[bcb6f95317cb5255]::test_interop
[INFO] [stdout]                                at /opt/rustwide/workdir/tests/interop.rs:54:9
[INFO] [stdout]   20:     0x596db41e8754 - interop[bcb6f95317cb5255]::test_interop_tests_fixtures_interop_embedded_pointer_promotion
[INFO] [stdout]                                at /opt/rustwide/workdir/tests/interop.rs:50:1
[INFO] [stdout]   21:     0x596db41e7af7 - interop[bcb6f95317cb5255]::test_interop_tests_fixtures_interop_embedded_pointer_promotion::{closure#0}
[INFO] [stdout]                                at /opt/rustwide/workdir/tests/interop.rs:50:47
[INFO] [stdout]   22:     0x596db41e8d06 - <interop[bcb6f95317cb5255]::test_interop_tests_fixtures_interop_embedded_pointer_promotion::{closure#0} as core[a373ad73a504971]::ops::function::FnOnce<()>>::call_once
[INFO] [stdout]                                at /rustc/e3feeb59cd1bdd011a2bfcc0747b55125d9b8527/library/core/src/ops/function.rs:250:5
[INFO] [stdout]   23:     0x596db481dd8b - <fn() -> core[a373ad73a504971]::result::Result<(), alloc[2e1b2a31b91974c5]::string::String> as core[a373ad73a504971]::ops::function::FnOnce<()>>::call_once
[INFO] [stdout]                                at /rustc/e3feeb59cd1bdd011a2bfcc0747b55125d9b8527/library/core/src/ops/function.rs:250:5
[INFO] [stdout]   24:     0x596db481dd8b - test[aada8e7e76ba119b]::__rust_begin_short_backtrace::<core[a373ad73a504971]::result::Result<(), alloc[2e1b2a31b91974c5]::string::String>, fn() -> core[a373ad73a504971]::result::Result<(), alloc[2e1b2a31b91974c5]::string::String>>
[INFO] [stdout]                                at /rustc/e3feeb59cd1bdd011a2bfcc0747b55125d9b8527/library/test/src/lib.rs:701:18
[INFO] [stdout]   25:     0x596db482af65 - test[aada8e7e76ba119b]::run_test_in_process::{closure#0}
[INFO] [stdout]                                at /rustc/e3feeb59cd1bdd011a2bfcc0747b55125d9b8527/library/test/src/lib.rs:724:74
[INFO] [stdout]   26:     0x596db482af65 - <core[a373ad73a504971]::panic::unwind_safe::AssertUnwindSafe<test[aada8e7e76ba119b]::run_test_in_process::{closure#0}> as core[a373ad73a504971]::ops::function::FnOnce<()>>::call_once
[INFO] [stdout]                                at /rustc/e3feeb59cd1bdd011a2bfcc0747b55125d9b8527/library/core/src/panic/unwind_safe.rs:275:9
[INFO] [stdout]   27:     0x596db482af65 - std[617be2ca0a6fd877]::panicking::catch_unwind::do_call::<core[a373ad73a504971]::panic::unwind_safe::AssertUnwindSafe<test[aada8e7e76ba119b]::run_test_in_process::{closure#0}>, core[a373ad73a504971]::result::Result<(), alloc[2e1b2a31b91974c5]::string::String>>
[INFO] [stdout]                                at /rustc/e3feeb59cd1bdd011a2bfcc0747b55125d9b8527/library/std/src/panicking.rs:573:43
[INFO] [stdout]   28:     0x596db482af65 - std[617be2ca0a6fd877]::panicking::catch_unwind::<core[a373ad73a504971]::result::Result<(), alloc[2e1b2a31b91974c5]::string::String>, core[a373ad73a504971]::panic::unwind_safe::AssertUnwindSafe<test[aada8e7e76ba119b]::run_test_in_process::{closure#0}>>
[INFO] [stdout]                                at /rustc/e3feeb59cd1bdd011a2bfcc0747b55125d9b8527/library/std/src/panicking.rs:541:19
[INFO] [stdout]   29:     0x596db482af65 - std[617be2ca0a6fd877]::panic::catch_unwind::<core[a373ad73a504971]::panic::unwind_safe::AssertUnwindSafe<test[aada8e7e76ba119b]::run_test_in_process::{closure#0}>, core[a373ad73a504971]::result::Result<(), alloc[2e1b2a31b91974c5]::string::String>>
[INFO] [stdout]                                at /rustc/e3feeb59cd1bdd011a2bfcc0747b55125d9b8527/library/std/src/panic.rs:359:14
[INFO] [stdout]   30:     0x596db482af65 - test[aada8e7e76ba119b]::run_test_in_process
[INFO] [stdout]                                at /rustc/e3feeb59cd1bdd011a2bfcc0747b55125d9b8527/library/test/src/lib.rs:724:27
[INFO] [stdout]   31:     0x596db482af65 - test[aada8e7e76ba119b]::run_test::{closure#0}
[INFO] [stdout]                                at /rustc/e3feeb59cd1bdd011a2bfcc0747b55125d9b8527/library/test/src/lib.rs:645:43
[INFO] [stdout]   32:     0x596db4824854 - test[aada8e7e76ba119b]::run_test::{closure#1}
[INFO] [stdout]                                at /rustc/e3feeb59cd1bdd011a2bfcc0747b55125d9b8527/library/test/src/lib.rs:675:41
[INFO] [stdout]   33:     0x596db4824854 - std[617be2ca0a6fd877]::sys::backtrace::__rust_begin_short_backtrace::<test[aada8e7e76ba119b]::run_test::{closure#1}, ()>
[INFO] [stdout]                                at /rustc/e3feeb59cd1bdd011a2bfcc0747b55125d9b8527/library/std/src/sys/backtrace.rs:166:18
[INFO] [stdout]   34:     0x596db482dff2 - std[617be2ca0a6fd877]::thread::lifecycle::spawn_unchecked::<test[aada8e7e76ba119b]::run_test::{closure#1}, ()>::{closure#1}::{closure#0}
[INFO] [stdout]                                at /rustc/e3feeb59cd1bdd011a2bfcc0747b55125d9b8527/library/std/src/thread/lifecycle.rs:70:13
[INFO] [stdout]   35:     0x596db482dff2 - <core[a373ad73a504971]::panic::unwind_safe::AssertUnwindSafe<std[617be2ca0a6fd877]::thread::lifecycle::spawn_unchecked<test[aada8e7e76ba119b]::run_test::{closure#1}, ()>::{closure#1}::{closure#0}> as core[a373ad73a504971]::ops::function::FnOnce<()>>::call_once
[INFO] [stdout]                                at /rustc/e3feeb59cd1bdd011a2bfcc0747b55125d9b8527/library/core/src/panic/unwind_safe.rs:275:9
[INFO] [stdout]   36:     0x596db482dff2 - std[617be2ca0a6fd877]::panicking::catch_unwind::do_call::<core[a373ad73a504971]::panic::unwind_safe::AssertUnwindSafe<std[617be2ca0a6fd877]::thread::lifecycle::spawn_unchecked<test[aada8e7e76ba119b]::run_test::{closure#1}, ()>::{closure#1}::{closure#0}>, ()>
[INFO] [stdout]                                at /rustc/e3feeb59cd1bdd011a2bfcc0747b55125d9b8527/library/std/src/panicking.rs:573:43
[INFO] [stdout]   37:     0x596db482dff2 - std[617be2ca0a6fd877]::panicking::catch_unwind::<(), core[a373ad73a504971]::panic::unwind_safe::AssertUnwindSafe<std[617be2ca0a6fd877]::thread::lifecycle::spawn_unchecked<test[aada8e7e76ba119b]::run_test::{closure#1}, ()>::{closure#1}::{closure#0}>>
[INFO] [stdout]                                at /rustc/e3feeb59cd1bdd011a2bfcc0747b55125d9b8527/library/std/src/panicking.rs:541:19
[INFO] [stdout]   38:     0x596db482dff2 - std[617be2ca0a6fd877]::panic::catch_unwind::<core[a373ad73a504971]::panic::unwind_safe::AssertUnwindSafe<std[617be2ca0a6fd877]::thread::lifecycle::spawn_unchecked<test[aada8e7e76ba119b]::run_test::{closure#1}, ()>::{closure#1}::{closure#0}>, ()>
[INFO] [stdout]                                at /rustc/e3feeb59cd1bdd011a2bfcc0747b55125d9b8527/library/std/src/panic.rs:359:14
[INFO] [stdout]   39:     0x596db482dff2 - std[617be2ca0a6fd877]::thread::lifecycle::spawn_unchecked::<test[aada8e7e76ba119b]::run_test::{closure#1}, ()>::{closure#1}
[INFO] [stdout]                                at /rustc/e3feeb59cd1bdd011a2bfcc0747b55125d9b8527/library/std/src/thread/lifecycle.rs:68:26
[INFO] [stdout]   40:     0x596db482dff2 - <std[617be2ca0a6fd877]::thread::lifecycle::spawn_unchecked<test[aada8e7e76ba119b]::run_test::{closure#1}, ()>::{closure#1} as core[a373ad73a504971]::ops::function::FnOnce<()>>::call_once::{shim:vtable#0}
[INFO] [stdout]                                at /rustc/e3feeb59cd1bdd011a2bfcc0747b55125d9b8527/library/core/src/ops/function.rs:250:5
[INFO] [stdout]   41:     0x596db489745f - <alloc[2e1b2a31b91974c5]::boxed::Box<dyn core[a373ad73a504971]::ops::function::FnOnce<(), Output = ()> + core[a373ad73a504971]::marker::Send> as core[a373ad73a504971]::ops::function::FnOnce<()>>::call_once
[INFO] [stdout]                                at /rustc/e3feeb59cd1bdd011a2bfcc0747b55125d9b8527/library/alloc/src/boxed.rs:2314:9
[INFO] [stdout]   42:     0x596db489745f - <std[617be2ca0a6fd877]::sys::thread::unix::Thread>::new::thread_start
[INFO] [stdout]                                at /rustc/e3feeb59cd1bdd011a2bfcc0747b55125d9b8527/library/std/src/sys/thread/unix.rs:127:17
[INFO] [stdout]   43:     0x79b53f880dfa - <unknown>
[INFO] [stdout]   44:     0x79b53f9143d4 - clone
[INFO] [stdout]   45:                0x0 - <unknown>
[INFO] [stdout] 
[INFO] [stdout] ---- test_interop_tests_fixtures_interop_cli_app stdout ----
[INFO] [stdout] 
[INFO] [stdout] thread 'test_interop_tests_fixtures_interop_cli_app' (4526) panicked at tests/interop.rs:54:9:
[INFO] [stdout] Interop test failed for tests/fixtures/interop/cli_app:
[INFO] [stdout] sop build failed:
[INFO] [stdout] soppo::go_module_resolution
[INFO] [stdout] 
[INFO] [stdout]   × Cannot resolve Go module `github.com/lmittmann/tint`
[INFO] [stdout]     ╭─[main.sop:11:2]
[INFO] [stdout]  10 │ 
[INFO] [stdout]  11 │     "github.com/lmittmann/tint"
[INFO] [stdout]     ·     ─────────────┬─────────────
[INFO] [stdout]     ·                  ╰── module cannot be resolved
[INFO] [stdout]  12 │     "github.com/mattn/go-colorable"
[INFO] [stdout]     ╰────
[INFO] [stdout]   help: Run `go get github.com/lmittmann/tint` to add the dependency
[INFO] [stdout] 
[INFO] [stdout] Error: soppo::go_module_resolution
[INFO] [stdout] 
[INFO] [stdout]   × Cannot resolve Go module `github.com/mattn/go-colorable`
[INFO] [stdout]     ╭─[main.sop:12:2]
[INFO] [stdout]  11 │     "github.com/lmittmann/tint"
[INFO] [stdout]  12 │     "github.com/mattn/go-colorable"
[INFO] [stdout]     ·     ───────────────┬───────────────
[INFO] [stdout]     ·                    ╰── module cannot be resolved
[INFO] [stdout]  13 │     "github.com/mattn/go-isatty"
[INFO] [stdout]     ╰────
[INFO] [stdout]   help: Run `go get github.com/mattn/go-colorable` to add the dependency
[INFO] [stdout] 
[INFO] [stdout] Error: soppo::go_module_resolution
[INFO] [stdout] 
[INFO] [stdout]   × Cannot resolve Go module `github.com/mattn/go-isatty`
[INFO] [stdout]     ╭─[main.sop:13:2]
[INFO] [stdout]  12 │     "github.com/mattn/go-colorable"
[INFO] [stdout]  13 │     "github.com/mattn/go-isatty"
[INFO] [stdout]     ·     ──────────────┬─────────────
[INFO] [stdout]     ·                   ╰── module cannot be resolved
[INFO] [stdout]  14 │     "github.com/urfave/cli/v3"
[INFO] [stdout]     ╰────
[INFO] [stdout]   help: Run `go get github.com/mattn/go-isatty` to add the dependency
[INFO] [stdout] 
[INFO] [stdout] Error: soppo::go_module_resolution
[INFO] [stdout] 
[INFO] [stdout]   × Cannot resolve Go module `github.com/urfave/cli/v3`
[INFO] [stdout]     ╭─[main.sop:14:2]
[INFO] [stdout]  13 │     "github.com/mattn/go-isatty"
[INFO] [stdout]  14 │     "github.com/urfave/cli/v3"
[INFO] [stdout]     ·     ─────────────┬────────────
[INFO] [stdout]     ·                  ╰── module cannot be resolved
[INFO] [stdout]  15 │ )
[INFO] [stdout]     ╰────
[INFO] [stdout]   help: Run `go get github.com/urfave/cli/v3` to add the dependency
[INFO] [stdout] 
[INFO] [stdout] stack backtrace:
[INFO] [stdout]    0:     0x596db4898141 - std[617be2ca0a6fd877]::backtrace_rs::backtrace::libunwind::trace
[INFO] [stdout]                                at /rustc/e3feeb59cd1bdd011a2bfcc0747b55125d9b8527/library/std/src/../../backtrace/src/backtrace/libunwind.rs:117:9
[INFO] [stdout]    1:     0x596db4898141 - std[617be2ca0a6fd877]::backtrace_rs::backtrace::trace_unsynchronized::<std[617be2ca0a6fd877]::sys::backtrace::_print_fmt::{closure#1}>
[INFO] [stdout]                                at /rustc/e3feeb59cd1bdd011a2bfcc0747b55125d9b8527/library/std/src/../../backtrace/src/backtrace/mod.rs:66:14
[INFO] [stdout]    2:     0x596db4898141 - std[617be2ca0a6fd877]::sys::backtrace::_print_fmt
[INFO] [stdout]                                at /rustc/e3feeb59cd1bdd011a2bfcc0747b55125d9b8527/library/std/src/sys/backtrace.rs:74:9
[INFO] [stdout]    3:     0x596db4898141 - <<std[617be2ca0a6fd877]::sys::backtrace::BacktraceLock>::print::DisplayBacktrace as core[a373ad73a504971]::fmt::Display>::fmt
[INFO] [stdout]                                at /rustc/e3feeb59cd1bdd011a2bfcc0747b55125d9b8527/library/std/src/sys/backtrace.rs:44:26
[INFO] [stdout]    4:     0x596db48af56a - <core[a373ad73a504971]::fmt::rt::Argument>::fmt
[INFO] [stdout]                                at /rustc/e3feeb59cd1bdd011a2bfcc0747b55125d9b8527/library/core/src/fmt/rt.rs:152:76
[INFO] [stdout]    5:     0x596db48af56a - core[a373ad73a504971]::fmt::write
[INFO] [stdout]    6:     0x596db489c64c - core[a373ad73a504971]::io::write::default_write_fmt::<alloc[2e1b2a31b91974c5]::vec::Vec<u8>>
[INFO] [stdout]                                at /rustc/e3feeb59cd1bdd011a2bfcc0747b55125d9b8527/library/core/src/io/write.rs:402:11
[INFO] [stdout]    7:     0x596db489c64c - <alloc[2e1b2a31b91974c5]::vec::Vec<u8> as core[a373ad73a504971]::io::write::Write>::write_fmt
[INFO] [stdout]                                at /rustc/e3feeb59cd1bdd011a2bfcc0747b55125d9b8527/library/core/src/io/write.rs:335:13
[INFO] [stdout]    8:     0x596db48728a6 - <std[617be2ca0a6fd877]::sys::backtrace::BacktraceLock>::print
[INFO] [stdout]                                at /rustc/e3feeb59cd1bdd011a2bfcc0747b55125d9b8527/library/std/src/sys/backtrace.rs:47:9
[INFO] [stdout]    9:     0x596db48728a6 - std[617be2ca0a6fd877]::panicking::default_hook::{closure#0}
[INFO] [stdout]                                at /rustc/e3feeb59cd1bdd011a2bfcc0747b55125d9b8527/library/std/src/panicking.rs:289:27
[INFO] [stdout]   10:     0x596db488fed9 - std[617be2ca0a6fd877]::panicking::default_hook
[INFO] [stdout]                                at /rustc/e3feeb59cd1bdd011a2bfcc0747b55125d9b8527/library/std/src/panicking.rs:313:9
[INFO] [stdout]   11:     0x596db482a940 - <alloc[2e1b2a31b91974c5]::boxed::Box<dyn for<'a, 'b> core[a373ad73a504971]::ops::function::Fn<(&'a std[617be2ca0a6fd877]::panic::PanicHookInfo<'b>,), Output = ()> + core[a373ad73a504971]::marker::Sync + core[a373ad73a504971]::marker::Send> as core[a373ad73a504971]::ops::function::Fn<(&std[617be2ca0a6fd877]::panic::PanicHookInfo,)>>::call
[INFO] [stdout]                                at /rustc/e3feeb59cd1bdd011a2bfcc0747b55125d9b8527/library/alloc/src/boxed.rs:2328:9
[INFO] [stdout]   12:     0x596db482a940 - test[aada8e7e76ba119b]::test_main_inner::{closure#0}
[INFO] [stdout]                                at /rustc/e3feeb59cd1bdd011a2bfcc0747b55125d9b8527/library/test/src/lib.rs:137:21
[INFO] [stdout]   13:     0x596db4890092 - <alloc[2e1b2a31b91974c5]::boxed::Box<dyn for<'a, 'b> core[a373ad73a504971]::ops::function::Fn<(&'a std[617be2ca0a6fd877]::panic::PanicHookInfo<'b>,), Output = ()> + core[a373ad73a504971]::marker::Sync + core[a373ad73a504971]::marker::Send> as core[a373ad73a504971]::ops::function::Fn<(&std[617be2ca0a6fd877]::panic::PanicHookInfo,)>>::call
[INFO] [stdout]                                at /rustc/e3feeb59cd1bdd011a2bfcc0747b55125d9b8527/library/alloc/src/boxed.rs:2328:9
[INFO] [stdout]   14:     0x596db4890092 - std[617be2ca0a6fd877]::panicking::panic_with_hook
[INFO] [stdout]                                at /rustc/e3feeb59cd1bdd011a2bfcc0747b55125d9b8527/library/std/src/panicking.rs:819:13
[INFO] [stdout]   15:     0x596db4872952 - std[617be2ca0a6fd877]::panicking::panic_handler::{closure#0}
[INFO] [stdout]                                at /rustc/e3feeb59cd1bdd011a2bfcc0747b55125d9b8527/library/std/src/panicking.rs:685:13
[INFO] [stdout]   16:     0x596db486b299 - std[617be2ca0a6fd877]::sys::backtrace::__rust_end_short_backtrace::<std[617be2ca0a6fd877]::panicking::panic_handler::{closure#0}, !>
[INFO] [stdout]                                at /rustc/e3feeb59cd1bdd011a2bfcc0747b55125d9b8527/library/std/src/sys/backtrace.rs:182:18
[INFO] [stdout]   17:     0x596db48735dd - __rustc[ea4f61d10b84890b]::rust_begin_unwind
[INFO] [stdout]                                at /rustc/e3feeb59cd1bdd011a2bfcc0747b55125d9b8527/library/std/src/panicking.rs:676:5
[INFO] [stdout]   18:     0x596db48afe0c - core[a373ad73a504971]::panicking::panic_fmt
[INFO] [stdout]                                at /rustc/e3feeb59cd1bdd011a2bfcc0747b55125d9b8527/library/core/src/panicking.rs:80:14
[INFO] [stdout]   19:     0x596db41e7c66 - interop[bcb6f95317cb5255]::test_interop
[INFO] [stdout]                                at /opt/rustwide/workdir/tests/interop.rs:54:9
[INFO] [stdout]   20:     0x596db41e8724 - interop[bcb6f95317cb5255]::test_interop_tests_fixtures_interop_cli_app
[INFO] [stdout]                                at /opt/rustwide/workdir/tests/interop.rs:50:1
[INFO] [stdout]   21:     0x596db41e7ac7 - interop[bcb6f95317cb5255]::test_interop_tests_fixtures_interop_cli_app::{closure#0}
[INFO] [stdout]                                at /opt/rustwide/workdir/tests/interop.rs:50:47
[INFO] [stdout]   22:     0x596db41e8ce6 - <interop[bcb6f95317cb5255]::test_interop_tests_fixtures_interop_cli_app::{closure#0} as core[a373ad73a504971]::ops::function::FnOnce<()>>::call_once
[INFO] [stdout]                                at /rustc/e3feeb59cd1bdd011a2bfcc0747b55125d9b8527/library/core/src/ops/function.rs:250:5
[INFO] [stdout]   23:     0x596db481dd8b - <fn() -> core[a373ad73a504971]::result::Result<(), alloc[2e1b2a31b91974c5]::string::String> as core[a373ad73a504971]::ops::function::FnOnce<()>>::call_once
[INFO] [stdout]                                at /rustc/e3feeb59cd1bdd011a2bfcc0747b55125d9b8527/library/core/src/ops/function.rs:250:5
[INFO] [stdout]   24:     0x596db481dd8b - test[aada8e7e76ba119b]::__rust_begin_short_backtrace::<core[a373ad73a504971]::result::Result<(), alloc[2e1b2a31b91974c5]::string::String>, fn() -> core[a373ad73a504971]::result::Result<(), alloc[2e1b2a31b91974c5]::string::String>>
[INFO] [stdout]                                at /rustc/e3feeb59cd1bdd011a2bfcc0747b55125d9b8527/library/test/src/lib.rs:701:18
[INFO] [stdout]   25:     0x596db482af65 - test[aada8e7e76ba119b]::run_test_in_process::{closure#0}
[INFO] [stdout]                                at /rustc/e3feeb59cd1bdd011a2bfcc0747b55125d9b8527/library/test/src/lib.rs:724:74
[INFO] [stdout]   26:     0x596db482af65 - <core[a373ad73a504971]::panic::unwind_safe::AssertUnwindSafe<test[aada8e7e76ba119b]::run_test_in_process::{closure#0}> as core[a373ad73a504971]::ops::function::FnOnce<()>>::call_once
[INFO] [stdout]                                at /rustc/e3feeb59cd1bdd011a2bfcc0747b55125d9b8527/library/core/src/panic/unwind_safe.rs:275:9
[INFO] [stdout]   27:     0x596db482af65 - std[617be2ca0a6fd877]::panicking::catch_unwind::do_call::<core[a373ad73a504971]::panic::unwind_safe::AssertUnwindSafe<test[aada8e7e76ba119b]::run_test_in_process::{closure#0}>, core[a373ad73a504971]::result::Result<(), alloc[2e1b2a31b91974c5]::string::String>>
[INFO] [stdout]                                at /rustc/e3feeb59cd1bdd011a2bfcc0747b55125d9b8527/library/std/src/panicking.rs:573:43
[INFO] [stdout]   28:     0x596db482af65 - std[617be2ca0a6fd877]::panicking::catch_unwind::<core[a373ad73a504971]::result::Result<(), alloc[2e1b2a31b91974c5]::string::String>, core[a373ad73a504971]::panic::unwind_safe::AssertUnwindSafe<test[aada8e7e76ba119b]::run_test_in_process::{closure#0}>>
[INFO] [stdout]                                at /rustc/e3feeb59cd1bdd011a2bfcc0747b55125d9b8527/library/std/src/panicking.rs:541:19
[INFO] [stdout]   29:     0x596db482af65 - std[617be2ca0a6fd877]::panic::catch_unwind::<core[a373ad73a504971]::panic::unwind_safe::AssertUnwindSafe<test[aada8e7e76ba119b]::run_test_in_process::{closure#0}>, core[a373ad73a504971]::result::Result<(), alloc[2e1b2a31b91974c5]::string::String>>
[INFO] [stdout]                                at /rustc/e3feeb59cd1bdd011a2bfcc0747b55125d9b8527/library/std/src/panic.rs:359:14
[INFO] [stdout]   30:     0x596db482af65 - test[aada8e7e76ba119b]::run_test_in_process
[INFO] [stdout]                                at /rustc/e3feeb59cd1bdd011a2bfcc0747b55125d9b8527/library/test/src/lib.rs:724:27
[INFO] [stdout]   31:     0x596db482af65 - test[aada8e7e76ba119b]::run_test::{closure#0}
[INFO] [stdout]                                at /rustc/e3feeb59cd1bdd011a2bfcc0747b55125d9b8527/library/test/src/lib.rs:645:43
[INFO] [stdout]   32:     0x596db4824854 - test[aada8e7e76ba119b]::run_test::{closure#1}
[INFO] [stdout]                                at /rustc/e3feeb59cd1bdd011a2bfcc0747b55125d9b8527/library/test/src/lib.rs:675:41
[INFO] [stdout]   33:     0x596db4824854 - std[617be2ca0a6fd877]::sys::backtrace::__rust_begin_short_backtrace::<test[aada8e7e76ba119b]::run_test::{closure#1}, ()>
[INFO] [stdout]                                at /rustc/e3feeb59cd1bdd011a2bfcc0747b55125d9b8527/library/std/src/sys/backtrace.rs:166:18
[INFO] [stdout]   34:     0x596db482dff2 - std[617be2ca0a6fd877]::thread::lifecycle::spawn_unchecked::<test[aada8e7e76ba119b]::run_test::{closure#1}, ()>::{closure#1}::{closure#0}
[INFO] [stdout]                                at /rustc/e3feeb59cd1bdd011a2bfcc0747b55125d9b8527/library/std/src/thread/lifecycle.rs:70:13
[INFO] [stdout]   35:     0x596db482dff2 - <core[a373ad73a504971]::panic::unwind_safe::AssertUnwindSafe<std[617be2ca0a6fd877]::thread::lifecycle::spawn_unchecked<test[aada8e7e76ba119b]::run_test::{closure#1}, ()>::{closure#1}::{closure#0}> as core[a373ad73a504971]::ops::function::FnOnce<()>>::call_once
[INFO] [stdout]                                at /rustc/e3feeb59cd1bdd011a2bfcc0747b55125d9b8527/library/core/src/panic/unwind_safe.rs:275:9
[INFO] [stdout]   36:     0x596db482dff2 - std[617be2ca0a6fd877]::panicking::catch_unwind::do_call::<core[a373ad73a504971]::panic::unwind_safe::AssertUnwindSafe<std[617be2ca0a6fd877]::thread::lifecycle::spawn_unchecked<test[aada8e7e76ba119b]::run_test::{closure#1}, ()>::{closure#1}::{closure#0}>, ()>
[INFO] [stdout]                                at /rustc/e3feeb59cd1bdd011a2bfcc0747b55125d9b8527/library/std/src/panicking.rs:573:43
[INFO] [stdout]   37:     0x596db482dff2 - std[617be2ca0a6fd877]::panicking::catch_unwind::<(), core[a373ad73a504971]::panic::unwind_safe::AssertUnwindSafe<std[617be2ca0a6fd877]::thread::lifecycle::spawn_unchecked<test[aada8e7e76ba119b]::run_test::{closure#1}, ()>::{closure#1}::{closure#0}>>
[INFO] [stdout]                                at /rustc/e3feeb59cd1bdd011a2bfcc0747b55125d9b8527/library/std/src/panicking.rs:541:19
[INFO] [stdout]   38:     0x596db482dff2 - std[617be2ca0a6fd877]::panic::catch_unwind::<core[a373ad73a504971]::panic::unwind_safe::AssertUnwindSafe<std[617be2ca0a6fd877]::thread::lifecycle::spawn_unchecked<test[aada8e7e76ba119b]::run_test::{closure#1}, ()>::{closure#1}::{closure#0}>, ()>
[INFO] [stdout]                                at /rustc/e3feeb59cd1bdd011a2bfcc0747b55125d9b8527/library/std/src/panic.rs:359:14
[INFO] [stdout]   39:     0x596db482dff2 - std[617be2ca0a6fd877]::thread::lifecycle::spawn_unchecked::<test[aada8e7e76ba119b]::run_test::{closure#1}, ()>::{closure#1}
[INFO] [stdout]                                at /rustc/e3feeb59cd1bdd011a2bfcc0747b55125d9b8527/library/std/src/thread/lifecycle.rs:68:26
[INFO] [stdout]   40:     0x596db482dff2 - <std[617be2ca0a6fd877]::thread::lifecycle::spawn_unchecked<test[aada8e7e76ba119b]::run_test::{closure#1}, ()>::{closure#1} as core[a373ad73a504971]::ops::function::FnOnce<()>>::call_once::{shim:vtable#0}
[INFO] [stdout]                                at /rustc/e3feeb59cd1bdd011a2bfcc0747b55125d9b8527/library/core/src/ops/function.rs:250:5
[INFO] [stdout]   41:     0x596db489745f - <alloc[2e1b2a31b91974c5]::boxed::Box<dyn core[a373ad73a504971]::ops::function::FnOnce<(), Output = ()> + core[a373ad73a504971]::marker::Send> as core[a373ad73a504971]::ops::function::FnOnce<()>>::call_once
[INFO] [stdout]                                at /rustc/e3feeb59cd1bdd011a2bfcc0747b55125d9b8527/library/alloc/src/boxed.rs:2314:9
[INFO] [stdout]   42:     0x596db489745f - <std[617be2ca0a6fd877]::sys::thread::unix::Thread>::new::thread_start
[INFO] [stdout]                                at /rustc/e3feeb59cd1bdd011a2bfcc0747b55125d9b8527/library/std/src/sys/thread/unix.rs:127:17
[INFO] [stdout]   43:     0x79b53f880dfa - <unknown>
[INFO] [stdout]   44:     0x79b53f9143d4 - clone
[INFO] [stdout]   45:                0x0 - <unknown>
[INFO] [stdout] 
[INFO] [stdout] 
[INFO] [stdout] failures:
[INFO] [stdout]     test_interop_tests_fixtures_interop_cli_app
[INFO] [stdout]     test_interop_tests_fixtures_interop_embedded_pointer_promotion
[INFO] [stdout] 
[INFO] [stdout] test result: FAILED. 0 passed; 2 failed; 0 ignored; 0 measured; 0 filtered out; finished in 3.56s
[INFO] [stdout] 
[INFO] running `Command { std: "docker" "inspect" "40c3a6685821e23a4545ef901a52a726c624ae2c68de1929b1f8c896065a99d2", kill_on_drop: false }`
[INFO] running `Command { std: "docker" "rm" "-f" "40c3a6685821e23a4545ef901a52a726c624ae2c68de1929b1f8c896065a99d2", kill_on_drop: false }`
[INFO] [stdout] 40c3a6685821e23a4545ef901a52a726c624ae2c68de1929b1f8c896065a99d2
