[INFO] fetching crate sonda-server 1.23.1...
[INFO] testing sonda-server-1.23.1 against 1.99.0-beta.8 for beta-1.100-2
[INFO] extracting crate sonda-server 1.23.1 into /workspace/builds/worker-7-tc1/source
[INFO] started tweaking crates.io crate sonda-server 1.23.1
[INFO] removed 0 missing tests
[INFO] finished tweaking crates.io crate sonda-server 1.23.1
[INFO] tweaked toml for crates.io crate sonda-server 1.23.1 written to /workspace/builds/worker-7-tc1/source/Cargo.toml
[INFO] validating manifest of crates.io crate sonda-server 1.23.1 on toolchain 1.99.0-beta.8
[INFO] running `Command { std: CARGO_HOME="/workspace/cargo-home" RUSTUP_HOME="/workspace/rustup-home" "/workspace/cargo-home/bin/cargo" "+1.99.0-beta.8" "metadata" "--manifest-path" "Cargo.toml" "--no-deps", kill_on_drop: false }`
[INFO] crate crates.io crate sonda-server 1.23.1 already has a lockfile, it will not be regenerated
[INFO] running `Command { std: CARGO_HOME="/workspace/cargo-home" RUSTUP_HOME="/workspace/rustup-home" "/workspace/cargo-home/bin/cargo" "+1.99.0-beta.8" "fetch" "--manifest-path" "Cargo.toml", kill_on_drop: false }`
[INFO] [stderr]     Updating crates.io index
[INFO] [stderr]  Downloading crates ...
[INFO] [stderr]   Downloaded serde_yaml_ng v0.10.0
[INFO] [stderr]   Downloaded integer-encoding v4.1.0
[INFO] [stderr]   Downloaded snap v1.1.2
[INFO] [stderr]   Downloaded serde_ignored v0.1.14
[INFO] [stderr]   Downloaded strip-ansi-escapes v0.2.1
[INFO] [stderr]   Downloaded rsasl v2.2.1
[INFO] [stderr]   Downloaded aws-lc-rs v1.16.2
[INFO] [stderr]   Downloaded console v0.16.3
[INFO] [stderr]   Downloaded rskafka v0.6.0
[INFO] [stderr]   Downloaded rand v0.9.3
[INFO] [stderr]   Downloaded vte v0.14.1
[INFO] [stderr]   Downloaded sonda-core v1.23.1
[INFO] [stderr]   Downloaded aws-lc-sys v0.39.1
[INFO] running `Command { std: "docker" "create" "-v" "/var/lib/crater-agent-workspace/builds/worker-7-tc1/source:/opt/rustwide/workdir:ro,Z" "-v" "/var/lib/crater-agent-workspace/builds/worker-7-tc1/target:/opt/rustwide/target:rw,Z" "-v" "/var/lib/crater-agent-workspace/cargo-home:/opt/rustwide/cargo-home:ro,Z" "-v" "/var/lib/crater-agent-workspace/rustup-home:/opt/rustwide/rustup-home:ro,Z" "-m" "1610612736" "--network" "none" "ghcr.io/rust-lang/crates-build-env/linux@sha256:3111399a4047eeb3a02b7a90e478d715f38a8c6669b5c4b49d30a17385265909" "sleep" "infinity", kill_on_drop: false }`
[INFO] [stdout] 9ca892bc7c776419514d4a46b4c2d9be59b07840c4a2e165726d57f87348516a
[INFO] running `Command { std: "docker" "start" "9ca892bc7c776419514d4a46b4c2d9be59b07840c4a2e165726d57f87348516a", kill_on_drop: false }`
[INFO] running `Command { std: "docker" "inspect" "9ca892bc7c776419514d4a46b4c2d9be59b07840c4a2e165726d57f87348516a", kill_on_drop: false }`
[INFO] running `Command { std: "docker" "exec" "-e" "SOURCE_DIR=/opt/rustwide/workdir" "-e" "CARGO_HOME=/opt/rustwide/cargo-home" "-e" "RUSTUP_HOME=/opt/rustwide/rustup-home" "-e" "CARGO_TARGET_DIR=/opt/rustwide/target" "-w" "/opt/rustwide/workdir" "--user" "0:0" "9ca892bc7c776419514d4a46b4c2d9be59b07840c4a2e165726d57f87348516a" "/opt/rustwide/cargo-home/bin/cargo" "+1.99.0-beta.8" "metadata" "--no-deps" "--format-version=1", kill_on_drop: false }`
[INFO] running `Command { std: "docker" "inspect" "9ca892bc7c776419514d4a46b4c2d9be59b07840c4a2e165726d57f87348516a", kill_on_drop: false }`
[INFO] running `Command { std: "docker" "exec" "-e" "SOURCE_DIR=/opt/rustwide/workdir" "-e" "CARGO_HOME=/opt/rustwide/cargo-home" "-e" "RUSTUP_HOME=/opt/rustwide/rustup-home" "-e" "CARGO_TARGET_DIR=/opt/rustwide/target" "-e" "CARGO_INCREMENTAL=0" "-e" "RUST_BACKTRACE=full" "-e" "RUSTFLAGS=--cap-lints=warn" "-e" "RUSTDOCFLAGS=--cap-lints=warn" "-w" "/opt/rustwide/workdir" "--user" "0:0" "9ca892bc7c776419514d4a46b4c2d9be59b07840c4a2e165726d57f87348516a" "/opt/rustwide/cargo-home/bin/cargo" "+1.99.0-beta.8" "build" "--frozen" "--message-format=json", kill_on_drop: false }`
[INFO] [stderr]    Compiling serde_core v1.0.228
[INFO] [stderr]    Compiling cc v1.2.58
[INFO] [stderr]    Compiling rustls-pki-types v1.15.1
[INFO] [stderr]    Compiling http-body v1.0.1
[INFO] [stderr]    Compiling syn v2.0.117
[INFO] [stderr]    Compiling parking_lot_core v0.9.12
[INFO] [stderr]    Compiling mio v1.2.0
[INFO] [stderr]    Compiling socket2 v0.6.3
[INFO] [stderr]    Compiling syn v3.0.3
[INFO] [stderr]    Compiling getrandom v0.2.17
[INFO] [stderr]    Compiling num-traits v0.2.19
[INFO] [stderr]    Compiling rustls v0.23.43
[INFO] [stderr]    Compiling slab v0.4.12
[INFO] [stderr]    Compiling regex-syntax v0.8.10
[INFO] [stderr]    Compiling futures-task v0.3.32
[INFO] [stderr]    Compiling indexmap v2.13.0
[INFO] [stderr]    Compiling http-body-util v0.1.5
[INFO] [stderr]    Compiling unsafe-libyaml v0.2.11
[INFO] [stderr]    Compiling clap_builder v4.6.6
[INFO] [stderr]    Compiling getrandom v0.4.2
[INFO] [stderr]    Compiling futures-util v0.3.32
[INFO] [stderr]    Compiling tracing-log v0.2.0
[INFO] [stderr]    Compiling parking_lot v0.12.5
[INFO] [stderr]    Compiling thread_local v1.1.9
[INFO] [stderr]    Compiling sonda-server v1.23.1 (/opt/rustwide/workdir)
[INFO] [stderr]    Compiling webpki-roots v1.0.9
[INFO] [stderr]    Compiling webpki-roots v0.26.11
[INFO] [stderr]    Compiling bitflags v2.11.0
[INFO] [stderr]    Compiling matchit v0.8.4
[INFO] [stderr]    Compiling uuid v1.26.0
[INFO] [stderr]    Compiling ring v0.17.14
[INFO] [stderr]    Compiling regex-automata v0.4.18
[INFO] [stderr]    Compiling serde_json v1.0.151
[INFO] [stderr]    Compiling serde_path_to_error v0.1.20
[INFO] [stderr]    Compiling serde_ignored v0.1.14
[INFO] [stderr]    Compiling thiserror-impl v2.0.20
[INFO] [stderr]    Compiling async-trait v0.1.92
[INFO] [stderr]    Compiling clap_derive v4.6.4
[INFO] [stderr]    Compiling thiserror v2.0.20
[INFO] [stderr]    Compiling clap v4.6.6
[INFO] [stderr]    Compiling matchers v0.2.0
[INFO] [stderr]    Compiling synstructure v0.13.2
[INFO] [stderr]    Compiling rustls-webpki v0.103.13
[INFO] [stderr]    Compiling zerofrom-derive v0.1.7
[INFO] [stderr]    Compiling yoke-derive v0.8.2
[INFO] [stderr]    Compiling zerovec-derive v0.11.3
[INFO] [stderr]    Compiling displaydoc v0.2.5
[INFO] [stderr]    Compiling tokio-macros v2.7.0
[INFO] [stderr]    Compiling serde_derive v1.0.228
[INFO] [stderr]    Compiling tracing-attributes v0.1.31
[INFO] [stderr]    Compiling tokio v1.53.1
[INFO] [stderr]    Compiling zerofrom v0.1.7
[INFO] [stderr]    Compiling yoke v0.8.2
[INFO] [stderr]    Compiling tracing v0.1.44
[INFO] [stderr]    Compiling zerotrie v0.2.4
[INFO] [stderr]    Compiling zerovec v0.11.6
[INFO] [stderr]    Compiling axum-core v0.5.6
[INFO] [stderr]    Compiling tracing-subscriber v0.3.23
[INFO] [stderr]    Compiling tinystr v0.8.3
[INFO] [stderr]    Compiling potential_utf v0.1.5
[INFO] [stderr]    Compiling icu_collections v2.2.0
[INFO] [stderr]    Compiling icu_locale_core v2.2.0
[INFO] [stderr]    Compiling serde v1.0.228
[INFO] [stderr]    Compiling icu_provider v2.2.0
[INFO] [stderr]    Compiling chrono v0.4.45
[INFO] [stderr]    Compiling serde_yaml_ng v0.10.0
[INFO] [stderr]    Compiling serde_urlencoded v0.7.1
[INFO] [stderr]    Compiling icu_normalizer v2.2.0
[INFO] [stderr]    Compiling icu_properties v2.2.0
[INFO] [stderr]    Compiling idna_adapter v1.2.1
[INFO] [stderr]    Compiling idna v1.1.0
[INFO] [stderr]    Compiling url v2.5.8
[INFO] [stderr]    Compiling ureq v2.12.1
[INFO] [stderr]    Compiling tokio-util v0.7.19
[INFO] [stderr]    Compiling hyper v1.11.0
[INFO] [stderr]    Compiling tower-http v0.6.11
[INFO] [stderr]    Compiling tower v0.5.3
[INFO] [stderr]    Compiling sonda-core v1.23.1
[INFO] [stderr]    Compiling hyper-util v0.1.20
[INFO] [stderr]    Compiling axum v0.8.9
[INFO] [stderr]     Finished `dev` profile [unoptimized + debuginfo] target(s) in 1m 13s
[INFO] running `Command { std: "docker" "inspect" "9ca892bc7c776419514d4a46b4c2d9be59b07840c4a2e165726d57f87348516a", kill_on_drop: false }`
[INFO] running `Command { std: "docker" "exec" "-e" "SOURCE_DIR=/opt/rustwide/workdir" "-e" "CARGO_HOME=/opt/rustwide/cargo-home" "-e" "RUSTUP_HOME=/opt/rustwide/rustup-home" "-e" "CARGO_TARGET_DIR=/opt/rustwide/target" "-e" "CARGO_INCREMENTAL=0" "-e" "RUST_BACKTRACE=full" "-e" "RUSTFLAGS=--cap-lints=warn" "-e" "RUSTDOCFLAGS=--cap-lints=warn" "-w" "/opt/rustwide/workdir" "--user" "0:0" "9ca892bc7c776419514d4a46b4c2d9be59b07840c4a2e165726d57f87348516a" "/opt/rustwide/cargo-home/bin/cargo" "+1.99.0-beta.8" "test" "--frozen" "--no-run" "--message-format=json", kill_on_drop: false }`
[INFO] [stderr]    Compiling aws-lc-rs v1.16.2
[INFO] [stderr]    Compiling jobserver v0.1.34
[INFO] [stderr]    Compiling rustls v0.23.43
[INFO] [stderr]    Compiling futures-macro v0.3.32
[INFO] [stderr]    Compiling futures-channel v0.3.32
[INFO] [stderr]    Compiling regex-syntax v0.8.10
[INFO] [stderr]    Compiling winnow v1.0.1
[INFO] [stderr]    Compiling pest v2.8.6
[INFO] [stderr]    Compiling aho-corasick v1.1.4
[INFO] [stderr]    Compiling rstest_macros v0.26.1
[INFO] [stderr]    Compiling axum-core v0.5.6
[INFO] [stderr]    Compiling rustix v1.1.4
[INFO] [stderr]    Compiling rustls-native-certs v0.8.3
[INFO] [stderr]    Compiling vte v0.14.1
[INFO] [stderr]    Compiling relative-path v1.9.3
[INFO] [stderr]    Compiling hyper v1.11.0
[INFO] [stderr]    Compiling glob v0.3.3
[INFO] [stderr]    Compiling cc v1.2.58
[INFO] [stderr]    Compiling strip-ansi-escapes v0.2.1
[INFO] [stderr]    Compiling console v0.16.3
[INFO] [stderr]    Compiling futures-util v0.3.32
[INFO] [stderr]    Compiling cmake v0.1.58
[INFO] [stderr]    Compiling regex-automata v0.4.18
[INFO] [stderr]    Compiling toml_parser v1.1.2+spec-1.1.0
[INFO] [stderr]    Compiling tempfile v3.27.0
[INFO] [stderr]    Compiling ring v0.17.14
[INFO] [stderr]    Compiling aws-lc-sys v0.39.1
[INFO] [stderr]    Compiling pest_meta v2.8.6
[INFO] [stderr]    Compiling toml_edit v0.25.11+spec-1.1.0
[INFO] [stderr]    Compiling pest_generator v2.8.6
[INFO] [stderr]    Compiling proc-macro-crate v3.5.0
[INFO] [stderr]    Compiling pest_derive v2.8.6
[INFO] [stderr]    Compiling hyper-util v0.1.20
[INFO] [stderr]    Compiling tower v0.5.3
[INFO] [stderr]    Compiling matchers v0.2.0
[INFO] [stderr]    Compiling regex v1.12.3
[INFO] [stderr]    Compiling tracing-subscriber v0.3.23
[INFO] [stderr]    Compiling tower-http v0.6.11
[INFO] [stderr]    Compiling insta v1.48.0
[INFO] [stderr]    Compiling axum v0.8.9
[INFO] [stderr]    Compiling rstest v0.26.1
[INFO] [stderr]    Compiling rustls-webpki v0.103.13
[INFO] [stderr]    Compiling tokio-rustls v0.26.4
[INFO] [stderr]    Compiling ureq v2.12.1
[INFO] [stderr]    Compiling rustls-platform-verifier v0.6.2
[INFO] [stderr]    Compiling hyper-rustls v0.27.7
[INFO] [stderr]    Compiling sonda-core v1.23.1
[INFO] [stderr]    Compiling reqwest v0.13.4
[INFO] [stderr]    Compiling sonda-server v1.23.1 (/opt/rustwide/workdir)
[INFO] [stderr]     Finished `test` profile [unoptimized + debuginfo] target(s) in 2m 07s
[INFO] running `Command { std: "docker" "inspect" "9ca892bc7c776419514d4a46b4c2d9be59b07840c4a2e165726d57f87348516a", kill_on_drop: false }`
[INFO] running `Command { std: "docker" "exec" "-e" "SOURCE_DIR=/opt/rustwide/workdir" "-e" "CARGO_HOME=/opt/rustwide/cargo-home" "-e" "RUSTUP_HOME=/opt/rustwide/rustup-home" "-e" "CARGO_TARGET_DIR=/opt/rustwide/target" "-e" "CARGO_INCREMENTAL=0" "-e" "RUST_BACKTRACE=full" "-e" "RUSTFLAGS=--cap-lints=warn" "-e" "RUSTDOCFLAGS=--cap-lints=warn" "-w" "/opt/rustwide/workdir" "--user" "0:0" "9ca892bc7c776419514d4a46b4c2d9be59b07840c4a2e165726d57f87348516a" "/opt/rustwide/cargo-home/bin/cargo" "+1.99.0-beta.8" "test" "--frozen", kill_on_drop: false }`
[INFO] [stderr]     Finished `test` profile [unoptimized + debuginfo] target(s) in 0.50s
[INFO] [stderr]      Running unittests src/main.rs (/opt/rustwide/target/debug/deps/sonda_server-30d19b0914958b15)
[INFO] [stdout] 
[INFO] [stdout] running 318 tests
[INFO] [stdout] test auth::tests::extract_non_bearer_scheme_returns_none ... ok
[INFO] [stdout] test auth::tests::extract_scheme_only_returns_none ... ok
[INFO] [stdout] test auth::tests::extract_bearer_no_token_returns_none ... ok
[INFO] [stdout] test auth::tests::extract_valid_bearer_token ... ok
[INFO] [stdout] test auth::tests::unauthorized_preserves_detail ... ok
[INFO] [stdout] test auth::tests::extract_token_with_spaces_preserved ... ok
[INFO] [stdout] test auth::tests::unauthorized_returns_401 ... ok
[INFO] [stdout] test autostart::tests::a_cancelled_sweep_never_reports_itself_finished ... ok
[INFO] [stdout] test auth::tests::extract_bearer_case_insensitive ... ok
[INFO] [stdout] test gate_registry::tests::downstream_resolves_with_upstream_cancelled_error_when_upstream_cancels ... ok
[INFO] [stdout] test auth::tests::unauthorized_returns_json_body ... ok
[INFO] [stdout] test auth::tests::extract_missing_header_returns_none ... ok
[INFO] [stdout] test gate_registry::tests::t_reg_2_subscribe_with_live_upstream_returns_bus_and_track_records_subscriber ... ok
[INFO] [stdout] test gate_registry::tests::t_reg_3_subscribe_with_no_upstream_returns_none_then_insert_pending ... ok
[INFO] [stdout] test gate_registry::tests::t_reg_4_sweep_pending_resolves_after_register ... ok
[INFO] [stdout] test gate_registry::tests::t_reg_1_register_then_lookup_roundtrip ... ok
[INFO] [stdout] test gate_registry::tests::t_reg_5_unregister_entries_moves_subscribers_to_pending_and_signals_gone ... ok
[INFO] [stdout] test gate_registry::tests::t_reg_7_scenario_name_in_use_reports_correctly ... ok
[INFO] [stdout] test gate_registry::tests::t_reg_8_dead_weak_is_silently_skipped_on_unregister_entries_and_sweep ... ok
[INFO] [stdout] test gate_registry::tests::t_reg_duplicate_register_returns_err ... ok
[INFO] [stdout] test auth::tests::extract_bearer_empty_token_returns_none ... ok
[INFO] [stdout] test autostart::tests::cancelled_sweep_admits_nothing ... ok
[INFO] [stdout] test gate_registry::tests::t_reg_6_re_register_after_unregister_entries_re_wires_existing_sender ... ok
[INFO] [stdout] test gate_registry::tests::unregister_entries_removes_only_the_named_entries_buses ... ok
[INFO] [stdout] test gate_registry::tests::unregister_entries_with_no_entry_ids_removes_nothing ... ok
[INFO] [stdout] test locks::tests::a_healthy_lock_records_no_recoveries ... ok
[INFO] [stdout] test locks::tests::read_returns_the_value_written_under_a_healthy_lock ... ok
[INFO] [stdout] test locks::tests::recovering_lock_is_send_and_sync ... ok
[INFO] [stdout] test locks::tests::the_name_is_carried_for_reporting ... ok
[INFO] [stdout] test autostart::tests::sweep_admits_every_runnable_entry ... ok
[INFO] [stdout] test gate_registry::tests::t22_concurrent_subscribe_does_not_deadlock ... ok
[INFO] [stdout] test autostart::tests::a_completed_sweep_reports_finished_with_its_counts ... ok
[INFO] [stdout] test routes::events::tests::deserializes_logs_branch ... ok
[INFO] [stdout] test routes::events::tests::deserializes_metrics_branch ... ok
[INFO] [stdout] test routes::events::tests::error_response_maps_config_to_422 ... ok
[INFO] [stdout] test routes::events::tests::error_response_maps_runtime_to_500 ... ok
[INFO] [stdout] test routes::events::tests::error_response_maps_sink_to_502 ... ok
[INFO] [stdout] test routes::events::tests::labels_from_empty_map_returns_default ... ok
[INFO] [stdout] test routes::events::tests::labels_from_map_rejects_invalid_keys ... ok
[INFO] [stdout] test routes::events::tests::missing_log_message_fails_to_deserialize ... ok
[INFO] [stdout] test routes::events::tests::sink_kind_tags_match_yaml_type_names ... ok
[INFO] [stdout] test routes::events::tests::unknown_signal_type_fails_to_deserialize ... ok
[INFO] [stdout] test routes::health::tests::health_response_has_single_status_key ... ok
[INFO] [stdout] test routes::health::tests::health_returns_status_ok ... ok
[INFO] [stdout] test routes::health::tests::health_status_value_is_ok_string ... ok
[INFO] [stdout] test routes::metrics::tests::autostart_progress_is_zeroed_when_autostart_is_off ... ok
[INFO] [stdout] test routes::metrics::tests::autostart_progress_reports_started_and_expected ... ok
[INFO] [stdout] test routes::metrics::tests::escape_label_handles_backslash_quote_and_newline ... ok
[INFO] [stdout] test gate_registry::tests::unregister_entries_leaves_an_unresolved_waiter_on_the_removed_entry_pending ... ok
[INFO] [stdout] test gate_registry::tests::unregister_entries_leaves_pending_waiters_on_other_entries_of_the_same_name ... ok
[INFO] [stdout] test gate_registry::tests::unregister_entries_requeues_only_the_removed_entrys_subscribers ... ok
[INFO] [stdout] test gate_registry::tests::cancel_pending_for_upstream_only_affects_matching_upstream ... ok
[INFO] [stdout] test routes::metrics::tests::lock_recoveries_reports_every_lock_at_zero_on_a_healthy_server ... ok
[INFO] [stdout] test routes::ready::tests::a_finished_sweep_is_ready ... ok
[INFO] [stdout] test routes::ready::tests::a_running_sweep_is_not_ready ... ok
[INFO] [stdout] test routes::ready::tests::a_failed_sweep_is_not_ready ... ok
[INFO] [stdout] test routes::ready::tests::a_sweep_that_skipped_entries_is_still_ready ... ok
[INFO] [stdout] test routes::ready::tests::no_autostart_is_ready ... ok
[INFO] [stdout] test gate_registry::tests::sweep_counts_the_resolution_attempt_through_a_poisoned_stats_lock ... ok
[INFO] [stdout] test gate_registry::tests::poisoned_registry_locks_still_resolve_a_pending_subscriber ... ok
[INFO] [stdout] test locks::tests::read_after_poisoning_yields_the_state_the_panicking_writer_left ... ok
[INFO] [stdout] test autostart::tests::entries_behind_a_panicking_admission_still_start ... ok
[INFO] [stdout] test locks::tests::write_after_poisoning_still_mutates ... ok
[INFO] [stdout] test middleware::metrics::tests::increment_counter_survives_poisoned_request_counters_lock ... ok
[INFO] [stdout] test routes::scenarios::tests::aggregate_metrics_auth_gate_enforced ... ok
[INFO] [stdout] test routes::scenarios::tests::aggregate_metrics_emits_one_sample_per_series_no_timestamp ... ok
[INFO] [stdout] test locks::tests::recoveries_from_other_threads_are_visible ... ok
[INFO] [stdout] test routes::scenarios::tests::aggregate_metrics_empty_state_returns_200_empty_body ... ok
[INFO] [stdout] test routes::scenarios::tests::aggregate_metrics_emits_one_type_block_per_name ... ok
[INFO] [stdout] test routes::scenarios::tests::aggregate_metrics_groups_samples_by_name ... ok
[INFO] [stdout] test routes::scenarios::tests::aggregate_metrics_filter_multi_label_and_semantics ... ok
[INFO] [stdout] test middleware::metrics::tests::observe_histogram_survives_poisoned_request_histograms_lock ... ok
[INFO] [stdout] test autostart::tests::a_sweep_with_a_panicking_entry_still_finishes_and_reports_ready ... ok
[INFO] [stdout] test routes::scenarios::tests::aggregate_metrics_handle_with_no_labels_never_matches_filter ... ok
[INFO] [stdout] test routes::scenarios::tests::aggregate_metrics_histogram_scenario_exposes_buckets_sum_and_count ... ok
[INFO] [stdout] test locks::tests::every_recovered_acquisition_is_counted ... ok
[INFO] [stdout] test routes::scenarios::tests::aggregate_metrics_filter_single_label_no_match_excluded ... ok
[INFO] [stdout] test routes::scenarios::tests::aggregate_metrics_filter_single_label_match_included ... ok
[INFO] [stdout] test routes::scenarios::tests::aggregate_metrics_label_filter_still_works_with_type_lines ... ok
[INFO] [stdout] test routes::scenarios::tests::aggregate_metrics_mixed_type_collision_emits_untyped_and_warns ... ok
[INFO] [stdout] test routes::scenarios::tests::created_scenario_serializes_warnings_when_present ... ok
[INFO] [stdout] test routes::scenarios::tests::created_scenarios_response_serializes_correctly ... ok
[INFO] [stdout] test routes::scenarios::tests::created_scenarios_response_serializes_warnings_when_present ... ok
[INFO] [stdout] test routes::scenarios::tests::aggregate_metrics_summary_scenario_exposes_quantiles_sum_and_count ... ok
[INFO] [stdout] test routes::scenarios::tests::created_scenario_serializes_to_expected_json ... ok
[INFO] [stdout] test routes::scenarios::tests::aggregate_metrics_malformed_filter_returns_400 ... ok
[INFO] [stdout] test routes::scenarios::tests::aggregate_metrics_single_scenario_no_filter_returns_events ... ok
[INFO] [stdout] test routes::metrics::tests::lock_recoveries_counts_each_recovered_acquisition ... ok
[INFO] [stdout] test gate_registry::tests::cancelling_an_upstream_marks_a_downstream_unresolved_through_its_poisoned_stats_lock ... ok
[INFO] [stdout] test routes::scenarios::tests::aggregate_and_per_scenario_scrapes_are_both_idempotent ... ok
[INFO] [stdout] test routes::scenarios::tests::aggregate_metrics_idempotent_across_scrapes ... ok
[INFO] [stdout] test routes::scenarios::tests::delete_removes_handle_from_hashmap ... ok
[INFO] [stdout] test routes::scenarios::tests::delete_running_scenario_returns_stopped_status ... ok
[INFO] [stdout] test routes::scenarios::tests::delete_response_has_expected_json_shape ... ok
[INFO] [stdout] test routes::scenarios::tests::delete_response_id_matches_requested_id ... ok
[INFO] [stdout] test routes::scenarios::tests::deleted_scenario_serializes_to_expected_json ... ok
[INFO] [stdout] test routes::scenarios::tests::deleted_scenario_force_stopped_serializes_correctly ... ok
[INFO] [stdout] test routes::scenarios::tests::delete_scenario_reports_not_found_after_the_map_lock_is_poisoned ... ok
[INFO] [stdout] test routes::scenarios::tests::delete_unknown_returns_json_content_type ... ok
[INFO] [stdout] test routes::scenarios::tests::delete_unknown_scenario_returns_404 ... ok
[INFO] [stdout] test routes::scenarios::tests::a_poisoned_map_lock_leaves_scenarios_metrics_and_ready_all_serving ... ok
[INFO] [stdout] test routes::scenarios::tests::detailed_stats_response_serializes_all_fields ... ok
[INFO] [stdout] test routes::scenarios::tests::delete_scenario_returns_json_content_type ... ok
[INFO] [stdout] test routes::scenarios::tests::a_panic_during_adoption_leaves_a_downstream_of_an_adopted_row_subscribed ... ok
[INFO] [stdout] test routes::scenarios::tests::a_panic_during_adoption_keeps_the_rows_already_inserted_and_stops_the_tail ... ok
[INFO] [stdout] test routes::scenarios::tests::delete_twice_on_same_id_returns_404_on_second ... ok
[INFO] [stdout] test routes::scenarios::tests::get_scenario_degraded_false_for_healthy_scenario ... ok
[INFO] [stdout] test routes::scenarios::tests::get_scenario_degraded_true_when_failures_and_no_delivery ... ok
[INFO] [stdout] test routes::scenarios::tests::deleting_one_row_of_a_batch_leaves_its_siblings_bus_and_downstream_alone ... ok
[INFO] [stdout] test routes::scenarios::tests::get_scenario_metrics_reports_not_found_after_the_map_lock_is_poisoned ... ok
[INFO] [stdout] test routes::scenarios::tests::dropping_the_adoption_guard_stops_the_scenarios_it_holds ... ok
[INFO] [stdout] test routes::scenarios::tests::get_scenario_nonexistent_returns_json_content_type ... ok
[INFO] [stdout] test routes::scenarios::tests::get_scenario_nonexistent_returns_404_with_json_body ... ok
[INFO] [stdout] test routes::scenarios::tests::a_panic_between_launch_and_adoption_stops_the_scenarios_and_frees_the_name ... ok
[INFO] [stdout] test routes::scenarios::tests::delete_already_stopped_returns_200_ok ... ok
[INFO] [stdout] test routes::scenarios::tests::delete_scenario_excluded_from_list ... ok
[INFO] [stdout] test routes::scenarios::tests::delete_panicked_thread_returns_stopped ... ok
[INFO] [stdout] test routes::scenarios::tests::get_scenario_response_has_stats_fields ... ok
[INFO] [stdout] test routes::scenarios::tests::detailed_stats_response_json_snapshot_locks_field_shape ... ok
[INFO] [stdout] test routes::scenarios::tests::detailed_stats_response_state_snapshot::case_2_running ... ok
[INFO] [stdout] test routes::scenarios::tests::is_yaml_content_type_defaults_to_true_when_missing ... ok
[INFO] [stdout] test routes::scenarios::tests::is_yaml_content_type_returns_false_for_application_json ... ok
[INFO] [stdout] test routes::scenarios::tests::get_scenario_stats_reports_not_found_after_the_map_lock_is_poisoned ... ok
[INFO] [stdout] test routes::scenarios::tests::is_yaml_content_type_returns_true_for_text_yaml ... ok
[INFO] [stdout] test routes::scenarios::tests::detailed_stats_response_state_snapshot::case_1_pending ... ok
[INFO] [stdout] test routes::scenarios::tests::list_scenarios_degraded_false_for_healthy_scenario ... ok
[INFO] [stdout] test routes::scenarios::tests::detailed_stats_response_state_snapshot::case_3_paused ... ok
[INFO] [stdout] test routes::scenarios::tests::list_scenarios_empty_returns_empty_array ... ok
[INFO] [stdout] test routes::scenarios::tests::list_scenarios_sets_json_content_type ... ok
[INFO] [stdout] test routes::scenarios::tests::detailed_stats_response_state_snapshot::case_4_finished ... ok
[INFO] [stdout] test routes::scenarios::tests::list_scenarios_response_shape_has_required_fields ... ok
[INFO] [stdout] test routes::scenarios::tests::metrics_endpoint_404_returns_json_content_type ... ok
[INFO] [stdout] test routes::scenarios::tests::list_scenarios_returns_both_when_two_present ... ok
[INFO] [stdout] test routes::scenarios::tests::metrics_endpoint_emits_one_sample_per_distinct_series ... ok
[INFO] [stdout] test routes::scenarios::tests::metrics_endpoint_empty_buffer_returns_200_empty_body ... ok
[INFO] [stdout] test routes::scenarios::tests::metrics_endpoint_output_ends_with_newline ... ok
[INFO] [stdout] test routes::scenarios::tests::metrics_endpoint_unknown_id_returns_404 ... ok
[INFO] [stdout] test routes::scenarios::tests::metrics_endpoint_returns_prometheus_text_format ... ok
[INFO] [stdout] test routes::scenarios::tests::parse_body_accepts_v2_json ... ok
[INFO] [stdout] test routes::scenarios::tests::parse_body_rejects_invalid_json ... ok
[INFO] [stdout] test routes::scenarios::tests::parse_body_pack_reference_without_catalog_fails_cleanly ... ok
[INFO] [stdout] test routes::scenarios::tests::parse_body_rejects_garbage_yaml ... ok
[INFO] [stdout] test routes::scenarios::tests::is_yaml_content_type_returns_true_for_application_x_yaml ... ok
[INFO] [stdout] test routes::scenarios::tests::parse_body_rejects_v1_flat_metrics ... ok
[INFO] [stdout] test routes::scenarios::tests::parse_body_accepts_v2_metrics_yaml ... ok
[INFO] [stdout] test routes::scenarios::tests::parse_body_rejects_v1_multi_scenarios ... ok
[INFO] [stdout] test routes::scenarios::tests::parse_include_state_absent_returns_none ... ok
[INFO] [stdout] test routes::scenarios::tests::parse_include_state_accepts_all_known_variants ... ok
[INFO] [stdout] test routes::scenarios::tests::parse_include_state_comma_separated ... ok
[INFO] [stdout] test routes::scenarios::tests::parse_body_returns_multi_entry_compiled_for_v2_scenarios_array ... ok
[INFO] [stdout] test routes::scenarios::tests::parse_include_state_composes_with_other_query_keys ... ok
[INFO] [stdout] test routes::scenarios::tests::parse_include_state_empty_value_is_error ... ok
[INFO] [stdout] test routes::scenarios::tests::parse_include_state_rejects_unknown_sentinel ... ok
[INFO] [stdout] test routes::scenarios::tests::get_scenario_returns_correct_name_status_elapsed ... ok
[INFO] [stdout] test routes::scenarios::tests::parse_include_state_repeated_param_takes_last ... ok
[INFO] [stdout] test routes::scenarios::tests::metrics_endpoint_sets_prometheus_content_type ... ok
[INFO] [stdout] test routes::scenarios::tests::parse_include_state_single_held_value ... ok
[INFO] [stdout] test routes::scenarios::tests::parse_body_accepts_v2_logs_yaml ... ok
[INFO] [stdout] test routes::scenarios::tests::parse_include_state_dedups_duplicates ... ok
[INFO] [stdout] test routes::scenarios::tests::parse_include_state_unknown_token_is_error ... ok
[INFO] [stdout] test routes::scenarios::tests::parse_include_state_single_value ... ok
[INFO] [stdout] test routes::scenarios::tests::parse_include_state_trims_whitespace_per_token ... ok
[INFO] [stdout] test routes::scenarios::tests::parse_label_filters_empty_query_returns_empty ... ok
[INFO] [stdout] test routes::scenarios::tests::parse_label_filters_ignores_non_label_keys ... ok
[INFO] [stdout] test routes::scenarios::tests::parse_body_resolves_pack_reference_from_catalog_dir ... ok
[INFO] [stdout] test routes::scenarios::tests::parse_label_filters_accepts_repeated_pairs ... ok
[INFO] [stdout] test routes::scenarios::tests::parse_label_filters_rejects_empty_key ... ok
[INFO] [stdout] test routes::scenarios::tests::parse_label_filters_rejects_empty_value ... ok
[INFO] [stdout] test routes::scenarios::tests::per_scenario_metrics_emits_type_line ... ok
[INFO] [stdout] test routes::scenarios::tests::parse_label_filters_value_may_contain_colon ... ok
[INFO] [stdout] test routes::scenarios::tests::per_scenario_metrics_distinct_series_emit_distinct_samples ... ok
[INFO] [stdout] test routes::scenarios::tests::per_scenario_metrics_emits_help_line_when_set ... ok
[INFO] [stdout] test routes::scenarios::tests::per_scenario_metrics_emits_one_sample_per_series_no_timestamp ... ok
[INFO] [stdout] test routes::scenarios::tests::per_scenario_metrics_log_scenario_returns_empty ... ok
[INFO] [stdout] test routes::scenarios::tests::post_empty_body_returns_400 ... ok
[INFO] [stdout] test routes::scenarios::tests::per_scenario_metrics_omits_help_when_unset ... ok
[INFO] [stdout] test routes::scenarios::tests::post_invalid_json_returns_400 ... ok
[INFO] [stdout] test routes::scenarios::tests::get_scenario_finished_reports_finished_status ... ok
[INFO] [stdout] test routes::scenarios::tests::post_multi_scenario_empty_array_returns_400 ... ok
[INFO] [stdout] test routes::scenarios::tests::parse_label_filters_rejects_missing_colon ... ok
[INFO] [stdout] test routes::scenarios::tests::post_invalid_yaml_returns_400 ... ok
[INFO] [stdout] test routes::scenarios::tests::get_scenario_reports_not_found_for_an_unknown_id_after_the_lock_is_poisoned ... ok
[INFO] [stdout] test routes::scenarios::tests::per_scenario_metrics_idempotent_across_scrapes ... ok
[INFO] [stdout] test routes::scenarios::tests::post_multi_scenario_invalid_entry_returns_422_nothing_launched ... ok
[INFO] [stdout] test routes::scenarios::tests::post_multi_scenario_mixed_signal_types ... ok
[INFO] [stdout] test routes::scenarios::tests::get_scenario_still_serves_the_map_contents_after_the_lock_is_poisoned ... ok
[INFO] [stdout] test routes::scenarios::tests::post_scenario_pack_reference_without_catalog_returns_4xx ... ok
[INFO] [stdout] test routes::scenarios::tests::post_multi_scenario_ids_are_unique ... ok
[INFO] [stdout] test routes::scenarios::tests::post_multi_scenario_entries_visible_in_get_list ... ok
[INFO] [stdout] test routes::scenarios::tests::list_scenarios_still_serves_the_map_contents_after_the_lock_is_poisoned ... ok
[INFO] [stdout] test routes::scenarios::tests::post_multi_scenario_json_returns_201 ... ok
[INFO] [stdout] test routes::scenarios::tests::post_multi_scenario_phase_offset_honored ... ok
[INFO] [stdout] test routes::scenarios::tests::post_response_body_has_expected_keys ... ok
[INFO] [stdout] test routes::scenarios::tests::post_multi_scenario_entries_stoppable_via_delete ... ok
[INFO] [stdout] test routes::scenarios::tests::post_scenario_plain_body_works_with_catalog_set ... ok
[INFO] [stdout] test routes::scenarios::tests::post_multi_scenario_yaml_returns_201_with_scenarios_array ... ok
[INFO] [stdout] test routes::scenarios::tests::post_scenario_still_admits_after_the_map_lock_is_poisoned ... ok
[INFO] [stdout] test routes::scenarios::tests::post_scenario_thread_is_running ... ok
[INFO] [stdout] test routes::scenarios::tests::post_single_scenario_with_phase_offset_returns_201 ... ok
[INFO] [stdout] test routes::scenarios::tests::post_tagged_metrics_yaml_returns_201 ... ok
[INFO] [stdout] test routes::scenarios::tests::post_multi_scenario_stores_all_handles ... ok
[INFO] [stdout] test routes::scenarios::tests::post_single_scenario_with_zero_rate_returns_422_via_prepare_entries ... ok
[INFO] [stdout] test routes::scenarios::tests::post_yaml_missing_required_fields_returns_400 ... ok
[INFO] [stdout] test routes::scenarios::tests::post_valid_logs_yaml_returns_201 ... ok
[INFO] [stdout] test routes::scenarios::tests::prometheus_content_type_constant_has_correct_value ... ok
[INFO] [stdout] test routes::scenarios::tests::scenario_summary_serializes_correctly ... ok
[INFO] [stdout] test routes::scenarios::tests::state_string_maps_each_variant_to_lowercase_wire_string ... ok
[INFO] [stdout] test routes::scenarios::tests::post_valid_metrics_yaml_returns_201_with_id ... ok
[INFO] [stdout] test routes::scenarios::tests::stats_endpoint_404_returns_json_content_type ... ok
[INFO] [stdout] test routes::scenarios::tests::scenario_detail_serializes_with_nested_stats ... ok
[INFO] [stdout] test routes::scenarios::tests::post_response_id_is_valid_uuid ... ok
[INFO] [stdout] test routes::scenarios::tests::post_yaml_with_zero_rate_returns_422 ... ok
[INFO] [stdout] test routes::scenarios::tests::stats_endpoint_degraded_true_when_failures_and_no_delivery ... ok
[INFO] [stdout] test routes::scenarios::tests::stats_endpoint_degraded_false_for_healthy_scenario ... ok
[INFO] [stdout] test routes::scenarios::tests::post_single_scenario_backward_compat ... ok
[INFO] [stdout] test routes::scenarios::tests::stats_endpoint_in_gap_true_when_stats_indicate_gap ... ok
[INFO] [stdout] test routes::scenarios::tests::post_scenario_resolves_pack_reference_when_catalog_set ... ok
[INFO] [stdout] test routes::scenarios::tests::stats_endpoint_returns_all_expected_fields ... ok
[INFO] [stdout] test routes::scenarios::tests::stats_endpoint_target_rate_reflects_configured_rate ... ok
[INFO] [stdout] test routes::scenarios::tests::stats_response_from_scenario_stats_converts_all_fields ... ok
[INFO] [stdout] test routes::scenarios::tests::stats_endpoint_success_returns_json_content_type ... ok
[INFO] [stdout] test routes::scenarios::tests::post_with_json_content_type_returns_201 ... ok
[INFO] [stdout] test routes::scenarios::tests::stats_endpoint_unknown_id_returns_404 ... ok
[INFO] [stdout] test routes::scenarios::tests::post_with_no_content_type_defaults_to_yaml ... ok
[INFO] [stdout] test routes::scenarios::tests::post_yaml_with_negative_rate_returns_422 ... ok
[INFO] [stdout] test routes::scenarios::tests::post_with_text_yaml_content_type_returns_201 ... ok
[INFO] [stdout] test routes::scenarios::tests::post_with_application_x_yaml_content_type_returns_201 ... ok
[INFO] [stdout] test routes::sink_warnings::tests::collect_warnings_for_sink_flags_tcp_localhost ... ok
[INFO] [stdout] test routes::sink_warnings::tests::collect_warnings_for_sink_skips_stdout ... ok
[INFO] [stdout] test routes::scenarios::tests::t15_validate_strict_with_mixed_refs_rejects_whole_body ... ok
[INFO] [stdout] test routes::sink_warnings::tests::extract_host_parses_bare_authority ... ok
[INFO] [stdout] test routes::sink_warnings::tests::extract_host_parses_http_url ... ok
[INFO] [stdout] test routes::sink_warnings::tests::extract_host_parses_ipv6_literal ... ok
[INFO] [stdout] test routes::sink_warnings::tests::extract_host_parses_url_without_port ... ok
[INFO] [stdout] test routes::sink_warnings::tests::extract_host_rejects_empty_input ... ok
[INFO] [stdout] test routes::sink_warnings::tests::is_loopback_host_is_case_insensitive ... ok
[INFO] [stdout] test routes::scenarios::tests::stats_endpoint_uptime_secs_is_positive ... ok
[INFO] [stdout] test routes::sink_warnings::tests::is_loopback_host_matches_canonical_hosts ... ok
[INFO] [stdout] test routes::sink_warnings::tests::is_loopback_host_rejects_real_hostnames ... ok
[INFO] [stdout] test routes::sink_warnings::tests::loki_cardinality_warning_does_not_fire_for_non_loki_sink ... ok
[INFO] [stdout] test routes::scenarios::tests::t16_validate_strict_with_all_resolvable_returns_201 ... ok
[INFO] [stdout] test routes::sink_warnings::tests::extract_host_handles_userinfo ... ok
[INFO] [stdout] test routes::scenarios::tests::t20_duplicate_scenario_name_returns_409_via_registry ... ok
[INFO] [stdout] test routes::scenarios::tests::t14_validate_strict_with_typo_returns_422_and_unresolved_refs ... ok
[INFO] [stdout] test routes::sink_warnings::tests::loki_cardinality_warning_does_not_fire_for_metrics_entry ... ok
[INFO] [stdout] test routes::sink_warnings::tests::loki_cardinality_warning_does_not_fire_without_dynamic_labels ... ok
[INFO] [stdout] test routes::sink_warnings::tests::loki_cardinality_warning_fires_when_explicit_cap_undershoots ... ok
[INFO] [stdout] test routes::sink_warnings::tests::loki_cardinality_warning_silent_when_default_cap_dominates ... ok
[INFO] [stdout] test routes::sink_warnings::tests::loki_cardinality_warning_fires_when_predicted_exceeds_cap ... ok
[INFO] [stdout] test routes::sink_warnings::tests::predicted_loki_stream_count_handles_large_but_safe_count ... ok
[INFO] [stdout] test routes::sink_warnings::tests::loki_cardinality_warning_uses_lcm_for_multiple_dynamic_labels ... ok
[INFO] [stdout] test routes::sink_warnings::tests::loki_cardinality_warning_reports_saturation_phrase_on_overflow ... ok
[INFO] [stdout] test routes::sink_warnings::tests::loki_cardinality_warning_silent_when_explicit_cap_dominates ... ok
[INFO] [stdout] test routes::sink_warnings::tests::sink_loopback_warnings_flags_tcp_localhost ... ok
[INFO] [stdout] test routes::sink_warnings::tests::sink_loopback_warnings_flags_http_push_ipv6_loopback ... ok
[INFO] [stdout] test routes::sink_warnings::tests::sink_loopback_warnings_skips_http_push_service_name ... ok
[INFO] [stdout] test routes::sink_warnings::tests::predicted_loki_stream_count_saturates_on_overflow ... ok
[INFO] [stdout] test routes::sink_warnings::tests::sink_loopback_warnings_flags_udp_127_0_0_1 ... ok
[INFO] [stdout] test routes::scenarios::tests::the_batch_name_stays_conflicted_after_an_adoption_panic_until_the_adopted_row_is_deleted ... ok
[INFO] [stdout] test routes::sink_warnings::tests::sink_loopback_warnings_flags_http_push_localhost ... ok
[INFO] [stdout] test routes::sink_warnings::tests::sink_loopback_warnings_skips_real_tcp_host ... ok
[INFO] [stdout] test routes::tests::auth_enabled_delete_scenario_returns_401 ... ok
[INFO] [stdout] test routes::sink_warnings::tests::sink_loopback_warnings_skips_stdout ... ok
[INFO] [stdout] test routes::tests::auth_enabled_correct_key_returns_200 ... ok
[INFO] [stdout] test routes::tests::auth_enabled_health_remains_public ... ok
[INFO] [stdout] test routes::tests::auth_enabled_ready_remains_public ... ok
[INFO] [stdout] test routes::tests::auth_enabled_wrong_key_returns_401 ... ok
[INFO] [stdout] test routes::tests::auth_enabled_no_header_returns_401 ... ok
[INFO] [stdout] test routes::tests::auth_enabled_unknown_route_returns_404 ... ok
[INFO] [stdout] test routes::tests::deeply_nested_unknown_path_returns_404 ... ok
[INFO] [stdout] test routes::tests::auth_enabled_post_scenario_returns_401 ... ok
[INFO] [stdout] test state::tests::a_failed_sweep_is_not_ready_and_keeps_its_counts ... ok
[INFO] [stdout] test routes::tests::get_health_returns_status_ok_json ... ok
[INFO] [stdout] test routes::tests::no_auth_scenarios_accessible ... ok
[INFO] [stdout] test routes::tests::get_health_returns_200 ... ok
[INFO] [stdout] test routes::tests::unknown_route_returns_404 ... ok
[INFO] [stdout] test routes::tests::get_health_sets_json_content_type ... ok
[INFO] [stdout] test state::tests::app_state_is_clone ... ok
[INFO] [stdout] test state::tests::clone_shares_same_arc ... ok
[INFO] [stdout] test state::tests::clone_shares_api_key_arc ... ok
[INFO] [stdout] test state::tests::app_state_is_send_and_sync ... ok
[INFO] [stdout] test state::tests::default_produces_empty_state ... ok
[INFO] [stdout] test state::tests::catalog_dir_is_carried_and_shared_on_clone ... ok
[INFO] [stdout] test state::tests::clone_shares_the_same_sweep_status ... ok
[INFO] [stdout] test state::tests::in_progress_status_carries_the_expected_count_before_anything_starts ... ok
[INFO] [stdout] test state::tests::histogram_shard_observe_records_bucket_count_and_sum ... ok
[INFO] [stdout] test routes::tests::post_health_returns_405 ... ok
[INFO] [stdout] test state::tests::new_defaults_semaphore_to_max_permits ... ok
[INFO] [stdout] test state::tests::new_state_has_empty_scenarios ... ok
[INFO] [stdout] test state::tests::not_configured_status_is_ready_with_zero_counts ... ok
[INFO] [stdout] test state::tests::phase_codes_round_trip ... ok
[INFO] [stdout] test state::tests::new_state_reports_no_autostart_sweep ... ok
[INFO] [stdout] test state::tests::phase_labels_are_stable ... ok
[INFO] [stdout] test state::tests::with_api_key_has_empty_scenarios ... ok
[INFO] [stdout] test state::tests::started_at_is_recorded_on_construction ... ok
[INFO] [stdout] test state::tests::record_started_counts_up_to_finish ... ok
[INFO] [stdout] test tests::a_spawned_sweep_that_finishes_stays_ready ... ok
[INFO] [stdout] test state::tests::with_api_key_some_stores_key ... ok
[INFO] [stdout] test state::tests::constructors_default_catalog_dir_to_none ... ok
[INFO] [stdout] test tests::dispatch_list_covers_all_known_subcommands ... ok
[INFO] [stdout] test tests::a_sweep_that_returns_normally_keeps_the_status_it_set_itself ... ok
[INFO] [stdout] test state::tests::with_api_key_none_disables_auth ... ok
[INFO] [stdout] test tests::server_flags_are_not_treated_as_subcommands ... ok
[INFO] [stdout] test routes::scenarios::tests::stats_endpoint_returns_finished_state_for_finished_scenario ... ok
[INFO] [stdout] test tests::a_spawned_sweep_that_panics_is_reported_as_failed_without_waiting_for_shutdown ... ok
[INFO] [stdout] test tests::sonda_git_sha_env_is_injected_by_build_rs ... ok
[INFO] [stdout] test tests::dispatch_list_has_no_duplicates ... ok
[INFO] [stdout] test tests::a_panicking_sweep_is_reported_as_failed_without_waiting_for_shutdown ... ok
[INFO] [stdout] test tests::an_aborted_sweep_is_reported_as_failed ... ok
[INFO] [stdout] test state::tests::new_state_has_no_api_key ... ok
[INFO] [stdout] test routes::scenarios::tests::delete_returns_final_stats_with_total_events ... ok
[INFO] [stdout] test routes::scenarios::tests::get_scenario_stats_total_events_positive_after_running ... ok
[INFO] [stdout] test routes::scenarios::tests::the_batch_name_frees_only_once_its_last_row_is_deleted ... ok
[INFO] [stdout] test routes::scenarios::tests::stats_endpoint_fields_update_as_scenario_progresses ... ok
[INFO] [stdout] test routes::scenarios::tests::t18_get_scenario_for_unresolved_returns_pending_ref ... ok
[INFO] [stdout] test routes::scenarios::tests::t19_stats_endpoint_has_current_state_secs_and_cumulative_attempts ... ok
[INFO] [stdout] test routes::scenarios::tests::elapsed_secs_tracks_real_time_within_one_second ... ok
[INFO] [stdout] test routes::scenarios::tests::delete_unjoinable_thread_returns_force_stopped ... ok
[INFO] [stdout] 
[INFO] [stdout] test result: ok. 318 passed; 0 failed; 0 ignored; 0 measured; 0 filtered out; finished in 5.15s
[INFO] [stdout] 
[INFO] [stderr]      Running tests/auth.rs (/opt/rustwide/target/debug/deps/auth-58e8bda0af20f740)
[INFO] [stdout] 
[INFO] [stdout] running 7 tests
[INFO] [stdout] test no_key_all_endpoints_public ... ok
[INFO] [stdout] test scenarios_without_auth_returns_401 ... ok
[INFO] [stdout] test scenarios_correct_key_returns_200 ... ok
[INFO] [stdout] test scenarios_wrong_key_returns_401 ... ok
[INFO] [stdout] test health_public_with_api_key_set ... ok
[INFO] [stdout] test no_key_health_accessible ... ok
[INFO] [stderr]      Running tests/autostart.rs (/opt/rustwide/target/debug/deps/autostart-2193bd99b7f46162)
[INFO] [stdout] test env_var_enables_auth ... ok
[INFO] [stdout] 
[INFO] [stdout] test result: ok. 7 passed; 0 failed; 0 ignored; 0 measured; 0 filtered out; finished in 0.47s
[INFO] [stdout] 
[INFO] [stdout] 
[INFO] [stdout] running 19 tests
[INFO] [stdout] test autostart_skips_an_unreadable_file_and_starts_the_rest ... ok
[INFO] [stdout] test autostart_without_catalog_fails_before_binding ... ok
[INFO] [stdout] test autostart_env_var_without_catalog_fails_before_binding ... ok
[INFO] [stdout] test autostart_with_duplicate_entry_names_fails_before_binding ... ok
[INFO] [stdout] test autostart_honours_max_scenarios ... ok
[INFO] [stdout] test autostart_leaves_composable_packs_alone ... ok
[INFO] [stdout] test autostart_skips_v1_shaped_file_and_starts_the_rest ... ok
[INFO] [stdout] test duplicate_entry_names_without_autostart_still_start_the_server ... ok
[INFO] [stdout] test autostart_logs_a_summary_even_when_nothing_starts ... ok
[INFO] [stdout] test autostart_starts_runnable_entries ... ok
[INFO] [stdout] test unparseable_yaml_never_becomes_a_catalog_entry ... ok
[INFO] [stdout] test autostart_env_var_starts_the_same_scenarios_as_the_flag ... ok
[INFO] [stdout] test autostart_resolves_a_cross_file_while_reference ... ok
[INFO] [stdout] test autostart_skips_uncompilable_file_and_starts_the_rest ... ok
[INFO] [stdout] test catalog_without_autostart_starts_nothing ... ok
[INFO] [stdout] test autostart_logs_one_launch_line_per_started_scenario ... ok
[INFO] [stdout] test sigterm_during_the_sweep_exits_cleanly_and_joins_what_it_started ... ok
[INFO] [stdout] test the_server_answers_while_the_sweep_is_still_starting_entries ... ok
[INFO] [stdout] test autostart_env_var_accepts_the_shapes_operators_actually_set ... ok
[INFO] [stdout] 
[INFO] [stdout] test result: ok. 19 passed; 0 failed; 0 ignored; 0 measured; 0 filtered out; finished in 2.48s
[INFO] [stdout] 
[INFO] [stderr]      Running tests/bounded_scheduler.rs (/opt/rustwide/target/debug/deps/bounded_scheduler-b1224a6c382df93e)
[INFO] [stdout] 
[INFO] [stdout] running 15 tests
[INFO] [stdout] test request_timeout_zero_is_rejected_at_parse_time ... ok
[INFO] [stdout] test single_worker_runtime_drains_three_scenarios_on_sigterm ... ok
[INFO] [stdout] test sixth_scenario_returns_429_when_max_scenarios_is_five ... ok
[INFO] [stdout] test body_limit_returns_413_with_structured_error ... ok
[INFO] [stdout] test requests_total_uses_matched_path_for_route_label ... ok
[INFO] [stdout] test server_metrics_requires_bearer_token_when_api_key_set ... ok
[INFO] [stdout] test server_metrics_emits_all_twelve_series_with_zero_state_rows ... ok
[INFO] [stdout] test build_info_exposes_version_and_git_sha ... ok
[INFO] [stdout] test request_timeout_returns_408_with_structured_error ... FAILED
[INFO] [stdout] test delete_frees_slot_before_join_window_elapses ... ok
[INFO] [stdout] test max_scenarios_zero_allows_unlimited_posts ... ok
[INFO] [stdout] test observability_endpoints_reachable_under_concurrent_post_saturation ... ok
[INFO] [stdout] test health_remains_responsive_when_control_plane_is_saturated ... FAILED
[INFO] [stdout] test global_inflight_limit_gates_across_routes ... FAILED
[INFO] [stdout] test finished_scenarios_count_against_cap ... ok
[INFO] [stdout] 
[INFO] [stdout] failures:
[INFO] [stdout] 
[INFO] [stdout] ---- request_timeout_returns_408_with_structured_error stdout ----
[INFO] [stdout] 
[INFO] [stdout] thread 'request_timeout_returns_408_with_structured_error' (5069) panicked at tests/bounded_scheduler.rs:470:5:
[INFO] [stdout] assertion `left == right` failed: request awaiting beyond --request-timeout must return 408 Request Timeout
[INFO] [stdout]   left: 502
[INFO] [stdout]  right: 408
[INFO] [stdout] stack backtrace:
[INFO] [stdout]    0:     0x5d0a128a3ce1 - std[70759c8f55707aa4]::backtrace_rs::backtrace::libunwind::trace
[INFO] [stdout]                                at /rustc/dfb0accb7f508ae8be965d8629557221c889dd98/library/std/src/../../backtrace/src/backtrace/libunwind.rs:117:9
[INFO] [stdout]    1:     0x5d0a128a3ce1 - std[70759c8f55707aa4]::backtrace_rs::backtrace::trace_unsynchronized::<std[70759c8f55707aa4]::sys::backtrace::_print_fmt::{closure#1}>
[INFO] [stdout]                                at /rustc/dfb0accb7f508ae8be965d8629557221c889dd98/library/std/src/../../backtrace/src/backtrace/mod.rs:66:14
[INFO] [stdout]    2:     0x5d0a128a3ce1 - std[70759c8f55707aa4]::sys::backtrace::_print_fmt
[INFO] [stdout]                                at /rustc/dfb0accb7f508ae8be965d8629557221c889dd98/library/std/src/sys/backtrace.rs:74:9
[INFO] [stdout]    3:     0x5d0a128a3ce1 - <<std[70759c8f55707aa4]::sys::backtrace::BacktraceLock>::print::DisplayBacktrace as core[df12db4294e9bfd3]::fmt::Display>::fmt
[INFO] [stdout]                                at /rustc/dfb0accb7f508ae8be965d8629557221c889dd98/library/std/src/sys/backtrace.rs:44:26
[INFO] [stdout]    4:     0x5d0a128bab7a - <core[df12db4294e9bfd3]::fmt::rt::Argument>::fmt
[INFO] [stdout]                                at /rustc/dfb0accb7f508ae8be965d8629557221c889dd98/library/core/src/fmt/rt.rs:152:76
[INFO] [stdout]    5:     0x5d0a128bab7a - core[df12db4294e9bfd3]::fmt::write
[INFO] [stdout]    6:     0x5d0a128a8c3c - core[df12db4294e9bfd3]::io::write::default_write_fmt::<alloc[2182bb758b4b3781]::vec::Vec<u8>>
[INFO] [stdout]                                at /rustc/dfb0accb7f508ae8be965d8629557221c889dd98/library/core/src/io/write.rs:402:11
[INFO] [stdout]    7:     0x5d0a128a8c3c - <alloc[2182bb758b4b3781]::vec::Vec<u8> as core[df12db4294e9bfd3]::io::write::Write>::write_fmt
[INFO] [stdout]                                at /rustc/dfb0accb7f508ae8be965d8629557221c889dd98/library/core/src/io/write.rs:335:13
[INFO] [stdout]    8:     0x5d0a1287d9b6 - <std[70759c8f55707aa4]::sys::backtrace::BacktraceLock>::print
[INFO] [stdout]                                at /rustc/dfb0accb7f508ae8be965d8629557221c889dd98/library/std/src/sys/backtrace.rs:47:9
[INFO] [stdout]    9:     0x5d0a1287d9b6 - std[70759c8f55707aa4]::panicking::default_hook::{closure#0}
[INFO] [stdout]                                at /rustc/dfb0accb7f508ae8be965d8629557221c889dd98/library/std/src/panicking.rs:292:27
[INFO] [stdout]   10:     0x5d0a1289b259 - std[70759c8f55707aa4]::panicking::default_hook
[INFO] [stdout]                                at /rustc/dfb0accb7f508ae8be965d8629557221c889dd98/library/std/src/panicking.rs:316:9
[INFO] [stdout]   11:     0x5d0a12835510 - <alloc[2182bb758b4b3781]::boxed::Box<dyn for<'a, 'b> core[df12db4294e9bfd3]::ops::function::Fn<(&'a std[70759c8f55707aa4]::panic::PanicHookInfo<'b>,), Output = ()> + core[df12db4294e9bfd3]::marker::Send + core[df12db4294e9bfd3]::marker::Sync> as core[df12db4294e9bfd3]::ops::function::Fn<(&std[70759c8f55707aa4]::panic::PanicHookInfo,)>>::call
[INFO] [stdout]                                at /rustc/dfb0accb7f508ae8be965d8629557221c889dd98/library/alloc/src/boxed.rs:2334:9
[INFO] [stdout]   12:     0x5d0a12835510 - test[9d35eded1c95d3be]::test_main_inner::<test[9d35eded1c95d3be]::test_main_static::{closure#0}>::{closure#0}
[INFO] [stdout]                                at /rustc/dfb0accb7f508ae8be965d8629557221c889dd98/library/test/src/lib.rs:155:21
[INFO] [stdout]   13:     0x5d0a1289b582 - <alloc[2182bb758b4b3781]::boxed::Box<dyn for<'a, 'b> core[df12db4294e9bfd3]::ops::function::Fn<(&'a std[70759c8f55707aa4]::panic::PanicHookInfo<'b>,), Output = ()> + core[df12db4294e9bfd3]::marker::Send + core[df12db4294e9bfd3]::marker::Sync> as core[df12db4294e9bfd3]::ops::function::Fn<(&std[70759c8f55707aa4]::panic::PanicHookInfo,)>>::call
[INFO] [stdout]                                at /rustc/dfb0accb7f508ae8be965d8629557221c889dd98/library/alloc/src/boxed.rs:2334:9
[INFO] [stdout]   14:     0x5d0a1289b582 - std[70759c8f55707aa4]::panicking::panic_with_hook
[INFO] [stdout]                                at /rustc/dfb0accb7f508ae8be965d8629557221c889dd98/library/std/src/panicking.rs:823:13
[INFO] [stdout]   15:     0x5d0a1287da62 - std[70759c8f55707aa4]::panicking::panic_handler::{closure#0}
[INFO] [stdout]                                at /rustc/dfb0accb7f508ae8be965d8629557221c889dd98/library/std/src/panicking.rs:688:13
[INFO] [stdout]   16:     0x5d0a12876669 - std[70759c8f55707aa4]::sys::backtrace::__rust_end_short_backtrace::<std[70759c8f55707aa4]::panicking::panic_handler::{closure#0}, !>
[INFO] [stdout]                                at /rustc/dfb0accb7f508ae8be965d8629557221c889dd98/library/std/src/sys/backtrace.rs:182:18
[INFO] [stdout]   17:     0x5d0a1287e84d - __rustc[8fa7c3cbc660c2b3]::rust_begin_unwind
[INFO] [stdout]                                at /rustc/dfb0accb7f508ae8be965d8629557221c889dd98/library/std/src/panicking.rs:679:5
[INFO] [stdout]   18:     0x5d0a128bb3cc - core[df12db4294e9bfd3]::panicking::panic_fmt
[INFO] [stdout]                                at /rustc/dfb0accb7f508ae8be965d8629557221c889dd98/library/core/src/panicking.rs:80:14
[INFO] [stdout]   19:     0x5d0a128bb293 - core[df12db4294e9bfd3]::panicking::assert_failed_inner
[INFO] [stdout]                                at /rustc/dfb0accb7f508ae8be965d8629557221c889dd98/library/core/src/panicking.rs:447:23
[INFO] [stdout]   20:     0x5d0a1214d2a7 - core[df12db4294e9bfd3]::panicking::assert_failed::<u16, u16>
[INFO] [stdout]                                at /rustc/dfb0accb7f508ae8be965d8629557221c889dd98/library/core/src/panicking.rs:407:5
[INFO] [stdout]   21:     0x5d0a12128194 - bounded_scheduler[b3d48589100bbb1b]::request_timeout_returns_408_with_structured_error
[INFO] [stdout]                                at /opt/rustwide/workdir/tests/bounded_scheduler.rs:470:5
[INFO] [stdout]   22:     0x5d0a1211db47 - bounded_scheduler[b3d48589100bbb1b]::request_timeout_returns_408_with_structured_error::{closure#0}
[INFO] [stdout]                                at /opt/rustwide/workdir/tests/bounded_scheduler.rs:443:55
[INFO] [stdout]   23:     0x5d0a12156d06 - <bounded_scheduler[b3d48589100bbb1b]::request_timeout_returns_408_with_structured_error::{closure#0} as core[df12db4294e9bfd3]::ops::function::FnOnce<()>>::call_once
[INFO] [stdout]                                at /rustc/dfb0accb7f508ae8be965d8629557221c889dd98/library/core/src/ops/function.rs:250:5
[INFO] [stdout]   24:     0x5d0a128287fb - <fn() -> core[df12db4294e9bfd3]::result::Result<(), alloc[2182bb758b4b3781]::string::String> as core[df12db4294e9bfd3]::ops::function::FnOnce<()>>::call_once
[INFO] [stdout]                                at /rustc/dfb0accb7f508ae8be965d8629557221c889dd98/library/core/src/ops/function.rs:250:5
[INFO] [stdout]   25:     0x5d0a128287fb - test[9d35eded1c95d3be]::__rust_begin_short_backtrace::<core[df12db4294e9bfd3]::result::Result<(), alloc[2182bb758b4b3781]::string::String>, fn() -> core[df12db4294e9bfd3]::result::Result<(), alloc[2182bb758b4b3781]::string::String>>
[INFO] [stdout]                                at /rustc/dfb0accb7f508ae8be965d8629557221c889dd98/library/test/src/lib.rs:733:18
[INFO] [stdout]   26:     0x5d0a12835e65 - test[9d35eded1c95d3be]::run_test_in_process::{closure#0}
[INFO] [stdout]                                at /rustc/dfb0accb7f508ae8be965d8629557221c889dd98/library/test/src/lib.rs:756:74
[INFO] [stdout]   27:     0x5d0a12835e65 - <core[df12db4294e9bfd3]::panic::unwind_safe::AssertUnwindSafe<test[9d35eded1c95d3be]::run_test_in_process::{closure#0}> as core[df12db4294e9bfd3]::ops::function::FnOnce<()>>::call_once
[INFO] [stdout]                                at /rustc/dfb0accb7f508ae8be965d8629557221c889dd98/library/core/src/panic/unwind_safe.rs:275:9
[INFO] [stdout]   28:     0x5d0a12835e65 - std[70759c8f55707aa4]::panicking::catch_unwind::do_call::<core[df12db4294e9bfd3]::panic::unwind_safe::AssertUnwindSafe<test[9d35eded1c95d3be]::run_test_in_process::{closure#0}>, core[df12db4294e9bfd3]::result::Result<(), alloc[2182bb758b4b3781]::string::String>>
[INFO] [stdout]                                at /rustc/dfb0accb7f508ae8be965d8629557221c889dd98/library/std/src/panicking.rs:576:43
[INFO] [stdout]   29:     0x5d0a12835e65 - std[70759c8f55707aa4]::panicking::catch_unwind::<core[df12db4294e9bfd3]::result::Result<(), alloc[2182bb758b4b3781]::string::String>, core[df12db4294e9bfd3]::panic::unwind_safe::AssertUnwindSafe<test[9d35eded1c95d3be]::run_test_in_process::{closure#0}>>
[INFO] [stdout]                                at /rustc/dfb0accb7f508ae8be965d8629557221c889dd98/library/std/src/panicking.rs:544:19
[INFO] [stdout]   30:     0x5d0a12835e65 - std[70759c8f55707aa4]::panic::catch_unwind::<core[df12db4294e9bfd3]::panic::unwind_safe::AssertUnwindSafe<test[9d35eded1c95d3be]::run_test_in_process::{closure#0}>, core[df12db4294e9bfd3]::result::Result<(), alloc[2182bb758b4b3781]::string::String>>
[INFO] [stdout]                                at /rustc/dfb0accb7f508ae8be965d8629557221c889dd98/library/std/src/panic.rs:359:14
[INFO] [stdout]   31:     0x5d0a12835e65 - test[9d35eded1c95d3be]::run_test_in_process
[INFO] [stdout]                                at /rustc/dfb0accb7f508ae8be965d8629557221c889dd98/library/test/src/lib.rs:756:27
[INFO] [stdout]   32:     0x5d0a12835e65 - test[9d35eded1c95d3be]::run_test::{closure#0}
[INFO] [stdout]                                at /rustc/dfb0accb7f508ae8be965d8629557221c889dd98/library/test/src/lib.rs:677:43
[INFO] [stdout]   33:     0x5d0a1282f724 - test[9d35eded1c95d3be]::run_test::{closure#1}
[INFO] [stdout]                                at /rustc/dfb0accb7f508ae8be965d8629557221c889dd98/library/test/src/lib.rs:707:41
[INFO] [stdout]   34:     0x5d0a1282f724 - std[70759c8f55707aa4]::sys::backtrace::__rust_begin_short_backtrace::<test[9d35eded1c95d3be]::run_test::{closure#1}, ()>
[INFO] [stdout]                                at /rustc/dfb0accb7f508ae8be965d8629557221c889dd98/library/std/src/sys/backtrace.rs:166:18
[INFO] [stdout]   35:     0x5d0a12838fc2 - std[70759c8f55707aa4]::thread::lifecycle::spawn_unchecked::<test[9d35eded1c95d3be]::run_test::{closure#1}, ()>::{closure#1}::{closure#0}
[INFO] [stdout]                                at /rustc/dfb0accb7f508ae8be965d8629557221c889dd98/library/std/src/thread/lifecycle.rs:70:13
[INFO] [stdout]   36:     0x5d0a12838fc2 - <core[df12db4294e9bfd3]::panic::unwind_safe::AssertUnwindSafe<std[70759c8f55707aa4]::thread::lifecycle::spawn_unchecked<test[9d35eded1c95d3be]::run_test::{closure#1}, ()>::{closure#1}::{closure#0}> as core[df12db4294e9bfd3]::ops::function::FnOnce<()>>::call_once
[INFO] [stdout]                                at /rustc/dfb0accb7f508ae8be965d8629557221c889dd98/library/core/src/panic/unwind_safe.rs:275:9
[INFO] [stdout]   37:     0x5d0a12838fc2 - std[70759c8f55707aa4]::panicking::catch_unwind::do_call::<core[df12db4294e9bfd3]::panic::unwind_safe::AssertUnwindSafe<std[70759c8f55707aa4]::thread::lifecycle::spawn_unchecked<test[9d35eded1c95d3be]::run_test::{closure#1}, ()>::{closure#1}::{closure#0}>, ()>
[INFO] [stdout]                                at /rustc/dfb0accb7f508ae8be965d8629557221c889dd98/library/std/src/panicking.rs:576:43
[INFO] [stdout]   38:     0x5d0a12838fc2 - std[70759c8f55707aa4]::panicking::catch_unwind::<(), core[df12db4294e9bfd3]::panic::unwind_safe::AssertUnwindSafe<std[70759c8f55707aa4]::thread::lifecycle::spawn_unchecked<test[9d35eded1c95d3be]::run_test::{closure#1}, ()>::{closure#1}::{closure#0}>>
[INFO] [stdout]                                at /rustc/dfb0accb7f508ae8be965d8629557221c889dd98/library/std/src/panicking.rs:544:19
[INFO] [stdout]   39:     0x5d0a12838fc2 - std[70759c8f55707aa4]::panic::catch_unwind::<core[df12db4294e9bfd3]::panic::unwind_safe::AssertUnwindSafe<std[70759c8f55707aa4]::thread::lifecycle::spawn_unchecked<test[9d35eded1c95d3be]::run_test::{closure#1}, ()>::{closure#1}::{closure#0}>, ()>
[INFO] [stdout]                                at /rustc/dfb0accb7f508ae8be965d8629557221c889dd98/library/std/src/panic.rs:359:14
[INFO] [stdout]   40:     0x5d0a12838fc2 - std[70759c8f55707aa4]::thread::lifecycle::spawn_unchecked::<test[9d35eded1c95d3be]::run_test::{closure#1}, ()>::{closure#1}
[INFO] [stdout]                                at /rustc/dfb0accb7f508ae8be965d8629557221c889dd98/library/std/src/thread/lifecycle.rs:68:26
[INFO] [stdout]   41:     0x5d0a12838fc2 - <std[70759c8f55707aa4]::thread::lifecycle::spawn_unchecked<test[9d35eded1c95d3be]::run_test::{closure#1}, ()>::{closure#1} as core[df12db4294e9bfd3]::ops::function::FnOnce<()>>::call_once::{shim:vtable#0}
[INFO] [stdout]                                at /rustc/dfb0accb7f508ae8be965d8629557221c889dd98/library/core/src/ops/function.rs:250:5
[INFO] [stdout]   42:     0x5d0a128a3209 - <alloc[2182bb758b4b3781]::boxed::Box<dyn core[df12db4294e9bfd3]::ops::function::FnOnce<(), Output = ()> + core[df12db4294e9bfd3]::marker::Send> as core[df12db4294e9bfd3]::ops::function::FnOnce<()>>::call_once
[INFO] [stdout]                                at /rustc/dfb0accb7f508ae8be965d8629557221c889dd98/library/alloc/src/boxed.rs:2320:9
[INFO] [stdout]   43:     0x5d0a128a3209 - <std[70759c8f55707aa4]::sys::thread::unix::Thread>::new::thread_start
[INFO] [stdout]                                at /rustc/dfb0accb7f508ae8be965d8629557221c889dd98/library/std/src/sys/thread/unix.rs:123:17
[INFO] [stdout]   44:     0x70b5b4c64dfa - <unknown>
[INFO] [stdout]   45:     0x70b5b4cf83d4 - clone
[INFO] [stdout]   46:                0x0 - <unknown>
[INFO] [stdout] 
[INFO] [stdout] ---- health_remains_responsive_when_control_plane_is_saturated stdout ----
[INFO] [stdout] 
[INFO] [stdout] thread 'health_remains_responsive_when_control_plane_is_saturated' (5066) panicked at tests/bounded_scheduler.rs:598:5:
[INFO] [stdout] second POST on the saturated route should have been queued; elapsed 2.617942ms (result: Ok(Response { url: "http://127.0.0.1:43969/events", status: 502, headers: {"content-type": "application/json", "content-length": "112", "date": "Tue, 06 Oct 2026 18:38:24 GMT"} }))
[INFO] [stdout] stack backtrace:
[INFO] [stdout]    0:     0x5d0a128a3ce1 - std[70759c8f55707aa4]::backtrace_rs::backtrace::libunwind::trace
[INFO] [stdout]                                at /rustc/dfb0accb7f508ae8be965d8629557221c889dd98/library/std/src/../../backtrace/src/backtrace/libunwind.rs:117:9
[INFO] [stdout]    1:     0x5d0a128a3ce1 - std[70759c8f55707aa4]::backtrace_rs::backtrace::trace_unsynchronized::<std[70759c8f55707aa4]::sys::backtrace::_print_fmt::{closure#1}>
[INFO] [stdout]                                at /rustc/dfb0accb7f508ae8be965d8629557221c889dd98/library/std/src/../../backtrace/src/backtrace/mod.rs:66:14
[INFO] [stdout]    2:     0x5d0a128a3ce1 - std[70759c8f55707aa4]::sys::backtrace::_print_fmt
[INFO] [stdout]                                at /rustc/dfb0accb7f508ae8be965d8629557221c889dd98/library/std/src/sys/backtrace.rs:74:9
[INFO] [stdout]    3:     0x5d0a128a3ce1 - <<std[70759c8f55707aa4]::sys::backtrace::BacktraceLock>::print::DisplayBacktrace as core[df12db4294e9bfd3]::fmt::Display>::fmt
[INFO] [stdout]                                at /rustc/dfb0accb7f508ae8be965d8629557221c889dd98/library/std/src/sys/backtrace.rs:44:26
[INFO] [stdout]    4:     0x5d0a128bab7a - <core[df12db4294e9bfd3]::fmt::rt::Argument>::fmt
[INFO] [stdout]                                at /rustc/dfb0accb7f508ae8be965d8629557221c889dd98/library/core/src/fmt/rt.rs:152:76
[INFO] [stdout]    5:     0x5d0a128bab7a - core[df12db4294e9bfd3]::fmt::write
[INFO] [stdout]    6:     0x5d0a128a8c3c - core[df12db4294e9bfd3]::io::write::default_write_fmt::<alloc[2182bb758b4b3781]::vec::Vec<u8>>
[INFO] [stdout]                                at /rustc/dfb0accb7f508ae8be965d8629557221c889dd98/library/core/src/io/write.rs:402:11
[INFO] [stdout]    7:     0x5d0a128a8c3c - <alloc[2182bb758b4b3781]::vec::Vec<u8> as core[df12db4294e9bfd3]::io::write::Write>::write_fmt
[INFO] [stdout]                                at /rustc/dfb0accb7f508ae8be965d8629557221c889dd98/library/core/src/io/write.rs:335:13
[INFO] [stdout]    8:     0x5d0a1287d9b6 - <std[70759c8f55707aa4]::sys::backtrace::BacktraceLock>::print
[INFO] [stdout]                                at /rustc/dfb0accb7f508ae8be965d8629557221c889dd98/library/std/src/sys/backtrace.rs:47:9
[INFO] [stdout]    9:     0x5d0a1287d9b6 - std[70759c8f55707aa4]::panicking::default_hook::{closure#0}
[INFO] [stdout]                                at /rustc/dfb0accb7f508ae8be965d8629557221c889dd98/library/std/src/panicking.rs:292:27
[INFO] [stdout]   10:     0x5d0a1289b259 - std[70759c8f55707aa4]::panicking::default_hook
[INFO] [stdout]                                at /rustc/dfb0accb7f508ae8be965d8629557221c889dd98/library/std/src/panicking.rs:316:9
[INFO] [stdout]   11:     0x5d0a12835510 - <alloc[2182bb758b4b3781]::boxed::Box<dyn for<'a, 'b> core[df12db4294e9bfd3]::ops::function::Fn<(&'a std[70759c8f55707aa4]::panic::PanicHookInfo<'b>,), Output = ()> + core[df12db4294e9bfd3]::marker::Send + core[df12db4294e9bfd3]::marker::Sync> as core[df12db4294e9bfd3]::ops::function::Fn<(&std[70759c8f55707aa4]::panic::PanicHookInfo,)>>::call
[INFO] [stdout]                                at /rustc/dfb0accb7f508ae8be965d8629557221c889dd98/library/alloc/src/boxed.rs:2334:9
[INFO] [stdout]   12:     0x5d0a12835510 - test[9d35eded1c95d3be]::test_main_inner::<test[9d35eded1c95d3be]::test_main_static::{closure#0}>::{closure#0}
[INFO] [stdout]                                at /rustc/dfb0accb7f508ae8be965d8629557221c889dd98/library/test/src/lib.rs:155:21
[INFO] [stdout]   13:     0x5d0a1289b582 - <alloc[2182bb758b4b3781]::boxed::Box<dyn for<'a, 'b> core[df12db4294e9bfd3]::ops::function::Fn<(&'a std[70759c8f55707aa4]::panic::PanicHookInfo<'b>,), Output = ()> + core[df12db4294e9bfd3]::marker::Send + core[df12db4294e9bfd3]::marker::Sync> as core[df12db4294e9bfd3]::ops::function::Fn<(&std[70759c8f55707aa4]::panic::PanicHookInfo,)>>::call
[INFO] [stdout]                                at /rustc/dfb0accb7f508ae8be965d8629557221c889dd98/library/alloc/src/boxed.rs:2334:9
[INFO] [stdout]   14:     0x5d0a1289b582 - std[70759c8f55707aa4]::panicking::panic_with_hook
[INFO] [stdout]                                at /rustc/dfb0accb7f508ae8be965d8629557221c889dd98/library/std/src/panicking.rs:823:13
[INFO] [stdout]   15:     0x5d0a1287da62 - std[70759c8f55707aa4]::panicking::panic_handler::{closure#0}
[INFO] [stdout]                                at /rustc/dfb0accb7f508ae8be965d8629557221c889dd98/library/std/src/panicking.rs:688:13
[INFO] [stdout]   16:     0x5d0a12876669 - std[70759c8f55707aa4]::sys::backtrace::__rust_end_short_backtrace::<std[70759c8f55707aa4]::panicking::panic_handler::{closure#0}, !>
[INFO] [stdout]                                at /rustc/dfb0accb7f508ae8be965d8629557221c889dd98/library/std/src/sys/backtrace.rs:182:18
[INFO] [stdout]   17:     0x5d0a1287e84d - __rustc[8fa7c3cbc660c2b3]::rust_begin_unwind
[INFO] [stdout]                                at /rustc/dfb0accb7f508ae8be965d8629557221c889dd98/library/std/src/panicking.rs:679:5
[INFO] [stdout]   18:     0x5d0a128bb3cc - core[df12db4294e9bfd3]::panicking::panic_fmt
[INFO] [stdout]                                at /rustc/dfb0accb7f508ae8be965d8629557221c889dd98/library/core/src/panicking.rs:80:14
[INFO] [stdout]   19:     0x5d0a1212bdac - bounded_scheduler[b3d48589100bbb1b]::health_remains_responsive_when_control_plane_is_saturated
[INFO] [stdout]                                at /opt/rustwide/workdir/tests/bounded_scheduler.rs:598:5
[INFO] [stdout]   20:     0x5d0a1211dc07 - bounded_scheduler[b3d48589100bbb1b]::health_remains_responsive_when_control_plane_is_saturated::{closure#0}
[INFO] [stdout]                                at /opt/rustwide/workdir/tests/bounded_scheduler.rs:520:63
[INFO] [stdout]   21:     0x5d0a12156d86 - <bounded_scheduler[b3d48589100bbb1b]::health_remains_responsive_when_control_plane_is_saturated::{closure#0} as core[df12db4294e9bfd3]::ops::function::FnOnce<()>>::call_once
[INFO] [stdout]                                at /rustc/dfb0accb7f508ae8be965d8629557221c889dd98/library/core/src/ops/function.rs:250:5
[INFO] [stdout]   22:     0x5d0a128287fb - <fn() -> core[df12db4294e9bfd3]::result::Result<(), alloc[2182bb758b4b3781]::string::String> as core[df12db4294e9bfd3]::ops::function::FnOnce<()>>::call_once
[INFO] [stdout]                                at /rustc/dfb0accb7f508ae8be965d8629557221c889dd98/library/core/src/ops/function.rs:250:5
[INFO] [stdout]   23:     0x5d0a128287fb - test[9d35eded1c95d3be]::__rust_begin_short_backtrace::<core[df12db4294e9bfd3]::result::Result<(), alloc[2182bb758b4b3781]::string::String>, fn() -> core[df12db4294e9bfd3]::result::Result<(), alloc[2182bb758b4b3781]::string::String>>
[INFO] [stdout]                                at /rustc/dfb0accb7f508ae8be965d8629557221c889dd98/library/test/src/lib.rs:733:18
[INFO] [stdout]   24:     0x5d0a12835e65 - test[9d35eded1c95d3be]::run_test_in_process::{closure#0}
[INFO] [stdout]                                at /rustc/dfb0accb7f508ae8be965d8629557221c889dd98/library/test/src/lib.rs:756:74
[INFO] [stdout]   25:     0x5d0a12835e65 - <core[df12db4294e9bfd3]::panic::unwind_safe::AssertUnwindSafe<test[9d35eded1c95d3be]::run_test_in_process::{closure#0}> as core[df12db4294e9bfd3]::ops::function::FnOnce<()>>::call_once
[INFO] [stdout]                                at /rustc/dfb0accb7f508ae8be965d8629557221c889dd98/library/core/src/panic/unwind_safe.rs:275:9
[INFO] [stdout]   26:     0x5d0a12835e65 - std[70759c8f55707aa4]::panicking::catch_unwind::do_call::<core[df12db4294e9bfd3]::panic::unwind_safe::AssertUnwindSafe<test[9d35eded1c95d3be]::run_test_in_process::{closure#0}>, core[df12db4294e9bfd3]::result::Result<(), alloc[2182bb758b4b3781]::string::String>>
[INFO] [stdout]                                at /rustc/dfb0accb7f508ae8be965d8629557221c889dd98/library/std/src/panicking.rs:576:43
[INFO] [stdout]   27:     0x5d0a12835e65 - std[70759c8f55707aa4]::panicking::catch_unwind::<core[df12db4294e9bfd3]::result::Result<(), alloc[2182bb758b4b3781]::string::String>, core[df12db4294e9bfd3]::panic::unwind_safe::AssertUnwindSafe<test[9d35eded1c95d3be]::run_test_in_process::{closure#0}>>
[INFO] [stdout]                                at /rustc/dfb0accb7f508ae8be965d8629557221c889dd98/library/std/src/panicking.rs:544:19
[INFO] [stdout]   28:     0x5d0a12835e65 - std[70759c8f55707aa4]::panic::catch_unwind::<core[df12db4294e9bfd3]::panic::unwind_safe::AssertUnwindSafe<test[9d35eded1c95d3be]::run_test_in_process::{closure#0}>, core[df12db4294e9bfd3]::result::Result<(), alloc[2182bb758b4b3781]::string::String>>
[INFO] [stdout]                                at /rustc/dfb0accb7f508ae8be965d8629557221c889dd98/library/std/src/panic.rs:359:14
[INFO] [stdout]   29:     0x5d0a12835e65 - test[9d35eded1c95d3be]::run_test_in_process
[INFO] [stdout]                                at /rustc/dfb0accb7f508ae8be965d8629557221c889dd98/library/test/src/lib.rs:756:27
[INFO] [stdout]   30:     0x5d0a12835e65 - test[9d35eded1c95d3be]::run_test::{closure#0}
[INFO] [stdout]                                at /rustc/dfb0accb7f508ae8be965d8629557221c889dd98/library/test/src/lib.rs:677:43
[INFO] [stdout]   31:     0x5d0a1282f724 - test[9d35eded1c95d3be]::run_test::{closure#1}
[INFO] [stdout]                                at /rustc/dfb0accb7f508ae8be965d8629557221c889dd98/library/test/src/lib.rs:707:41
[INFO] [stdout]   32:     0x5d0a1282f724 - std[70759c8f55707aa4]::sys::backtrace::__rust_begin_short_backtrace::<test[9d35eded1c95d3be]::run_test::{closure#1}, ()>
[INFO] [stdout]                                at /rustc/dfb0accb7f508ae8be965d8629557221c889dd98/library/std/src/sys/backtrace.rs:166:18
[INFO] [stdout]   33:     0x5d0a12838fc2 - std[70759c8f55707aa4]::thread::lifecycle::spawn_unchecked::<test[9d35eded1c95d3be]::run_test::{closure#1}, ()>::{closure#1}::{closure#0}
[INFO] [stdout]                                at /rustc/dfb0accb7f508ae8be965d8629557221c889dd98/library/std/src/thread/lifecycle.rs:70:13
[INFO] [stdout]   34:     0x5d0a12838fc2 - <core[df12db4294e9bfd3]::panic::unwind_safe::AssertUnwindSafe<std[70759c8f55707aa4]::thread::lifecycle::spawn_unchecked<test[9d35eded1c95d3be]::run_test::{closure#1}, ()>::{closure#1}::{closure#0}> as core[df12db4294e9bfd3]::ops::function::FnOnce<()>>::call_once
[INFO] [stdout]                                at /rustc/dfb0accb7f508ae8be965d8629557221c889dd98/library/core/src/panic/unwind_safe.rs:275:9
[INFO] [stdout]   35:     0x5d0a12838fc2 - std[70759c8f55707aa4]::panicking::catch_unwind::do_call::<core[df12db4294e9bfd3]::panic::unwind_safe::AssertUnwindSafe<std[70759c8f55707aa4]::thread::lifecycle::spawn_unchecked<test[9d35eded1c95d3be]::run_test::{closure#1}, ()>::{closure#1}::{closure#0}>, ()>
[INFO] [stdout]                                at /rustc/dfb0accb7f508ae8be965d8629557221c889dd98/library/std/src/panicking.rs:576:43
[INFO] [stdout]   36:     0x5d0a12838fc2 - std[70759c8f55707aa4]::panicking::catch_unwind::<(), core[df12db4294e9bfd3]::panic::unwind_safe::AssertUnwindSafe<std[70759c8f55707aa4]::thread::lifecycle::spawn_unchecked<test[9d35eded1c95d3be]::run_test::{closure#1}, ()>::{closure#1}::{closure#0}>>
[INFO] [stdout]                                at /rustc/dfb0accb7f508ae8be965d8629557221c889dd98/library/std/src/panicking.rs:544:19
[INFO] [stdout]   37:     0x5d0a12838fc2 - std[70759c8f55707aa4]::panic::catch_unwind::<core[df12db4294e9bfd3]::panic::unwind_safe::AssertUnwindSafe<std[70759c8f55707aa4]::thread::lifecycle::spawn_unchecked<test[9d35eded1c95d3be]::run_test::{closure#1}, ()>::{closure#1}::{closure#0}>, ()>
[INFO] [stdout]                                at /rustc/dfb0accb7f508ae8be965d8629557221c889dd98/library/std/src/panic.rs:359:14
[INFO] [stdout]   38:     0x5d0a12838fc2 - std[70759c8f55707aa4]::thread::lifecycle::spawn_unchecked::<test[9d35eded1c95d3be]::run_test::{closure#1}, ()>::{closure#1}
[INFO] [stdout]                                at /rustc/dfb0accb7f508ae8be965d8629557221c889dd98/library/std/src/thread/lifecycle.rs:68:26
[INFO] [stdout]   39:     0x5d0a12838fc2 - <std[70759c8f55707aa4]::thread::lifecycle::spawn_unchecked<test[9d35eded1c95d3be]::run_test::{closure#1}, ()>::{closure#1} as core[df12db4294e9bfd3]::ops::function::FnOnce<()>>::call_once::{shim:vtable#0}
[INFO] [stdout]                                at /rustc/dfb0accb7f508ae8be965d8629557221c889dd98/library/core/src/ops/function.rs:250:5
[INFO] [stdout]   40:     0x5d0a128a3209 - <alloc[2182bb758b4b3781]::boxed::Box<dyn core[df12db4294e9bfd3]::ops::function::FnOnce<(), Output = ()> + core[df12db4294e9bfd3]::marker::Send> as core[df12db4294e9bfd3]::ops::function::FnOnce<()>>::call_once
[INFO] [stdout]                                at /rustc/dfb0accb7f508ae8be965d8629557221c889dd98/library/alloc/src/boxed.rs:2320:9
[INFO] [stdout]   41:     0x5d0a128a3209 - <std[70759c8f55707aa4]::sys::thread::unix::Thread>::new::thread_start
[INFO] [stdout]                                at /rustc/dfb0accb7f508ae8be965d8629557221c889dd98/library/std/src/sys/thread/unix.rs:123:17
[INFO] [stdout]   42:     0x70b5b4c64dfa - <unknown>
[INFO] [stdout]   43:     0x70b5b4cf83d4 - clone
[INFO] [stdout]   44:                0x0 - <unknown>
[INFO] [stdout] 
[INFO] [stdout] ---- global_inflight_limit_gates_across_routes stdout ----
[INFO] [stdout] 
[INFO] [stdout] thread 'global_inflight_limit_gates_across_routes' (5065) panicked at tests/bounded_scheduler.rs:657:5:
[INFO] [stdout] POST /scenarios should have been queued behind the /events permit; elapsed 8.117114ms (result: Ok(Response { url: "http://127.0.0.1:33643/scenarios", status: 201, headers: {"content-type": "application/json", "content-length": "84", "date": "Tue, 06 Oct 2026 18:38:25 GMT"} }))
[INFO] [stdout] stack backtrace:
[INFO] [stdout]    0:     0x5d0a128a3ce1 - std[70759c8f55707aa4]::backtrace_rs::backtrace::libunwind::trace
[INFO] [stdout]                                at /rustc/dfb0accb7f508ae8be965d8629557221c889dd98/library/std/src/../../backtrace/src/backtrace/libunwind.rs:117:9
[INFO] [stdout]    1:     0x5d0a128a3ce1 - std[70759c8f55707aa4]::backtrace_rs::backtrace::trace_unsynchronized::<std[70759c8f55707aa4]::sys::backtrace::_print_fmt::{closure#1}>
[INFO] [stdout]                                at /rustc/dfb0accb7f508ae8be965d8629557221c889dd98/library/std/src/../../backtrace/src/backtrace/mod.rs:66:14
[INFO] [stdout]    2:     0x5d0a128a3ce1 - std[70759c8f55707aa4]::sys::backtrace::_print_fmt
[INFO] [stdout]                                at /rustc/dfb0accb7f508ae8be965d8629557221c889dd98/library/std/src/sys/backtrace.rs:74:9
[INFO] [stdout]    3:     0x5d0a128a3ce1 - <<std[70759c8f55707aa4]::sys::backtrace::BacktraceLock>::print::DisplayBacktrace as core[df12db4294e9bfd3]::fmt::Display>::fmt
[INFO] [stdout]                                at /rustc/dfb0accb7f508ae8be965d8629557221c889dd98/library/std/src/sys/backtrace.rs:44:26
[INFO] [stdout]    4:     0x5d0a128bab7a - <core[df12db4294e9bfd3]::fmt::rt::Argument>::fmt
[INFO] [stdout]                                at /rustc/dfb0accb7f508ae8be965d8629557221c889dd98/library/core/src/fmt/rt.rs:152:76
[INFO] [stdout]    5:     0x5d0a128bab7a - core[df12db4294e9bfd3]::fmt::write
[INFO] [stdout]    6:     0x5d0a128a8c3c - core[df12db4294e9bfd3]::io::write::default_write_fmt::<alloc[2182bb758b4b3781]::vec::Vec<u8>>
[INFO] [stdout]                                at /rustc/dfb0accb7f508ae8be965d8629557221c889dd98/library/core/src/io/write.rs:402:11
[INFO] [stdout]    7:     0x5d0a128a8c3c - <alloc[2182bb758b4b3781]::vec::Vec<u8> as core[df12db4294e9bfd3]::io::write::Write>::write_fmt
[INFO] [stdout]                                at /rustc/dfb0accb7f508ae8be965d8629557221c889dd98/library/core/src/io/write.rs:335:13
[INFO] [stdout]    8:     0x5d0a1287d9b6 - <std[70759c8f55707aa4]::sys::backtrace::BacktraceLock>::print
[INFO] [stdout]                                at /rustc/dfb0accb7f508ae8be965d8629557221c889dd98/library/std/src/sys/backtrace.rs:47:9
[INFO] [stdout]    9:     0x5d0a1287d9b6 - std[70759c8f55707aa4]::panicking::default_hook::{closure#0}
[INFO] [stdout]                                at /rustc/dfb0accb7f508ae8be965d8629557221c889dd98/library/std/src/panicking.rs:292:27
[INFO] [stdout]   10:     0x5d0a1289b259 - std[70759c8f55707aa4]::panicking::default_hook
[INFO] [stdout]                                at /rustc/dfb0accb7f508ae8be965d8629557221c889dd98/library/std/src/panicking.rs:316:9
[INFO] [stdout]   11:     0x5d0a12835510 - <alloc[2182bb758b4b3781]::boxed::Box<dyn for<'a, 'b> core[df12db4294e9bfd3]::ops::function::Fn<(&'a std[70759c8f55707aa4]::panic::PanicHookInfo<'b>,), Output = ()> + core[df12db4294e9bfd3]::marker::Send + core[df12db4294e9bfd3]::marker::Sync> as core[df12db4294e9bfd3]::ops::function::Fn<(&std[70759c8f55707aa4]::panic::PanicHookInfo,)>>::call
[INFO] [stdout]                                at /rustc/dfb0accb7f508ae8be965d8629557221c889dd98/library/alloc/src/boxed.rs:2334:9
[INFO] [stdout]   12:     0x5d0a12835510 - test[9d35eded1c95d3be]::test_main_inner::<test[9d35eded1c95d3be]::test_main_static::{closure#0}>::{closure#0}
[INFO] [stdout]                                at /rustc/dfb0accb7f508ae8be965d8629557221c889dd98/library/test/src/lib.rs:155:21
[INFO] [stdout]   13:     0x5d0a1289b582 - <alloc[2182bb758b4b3781]::boxed::Box<dyn for<'a, 'b> core[df12db4294e9bfd3]::ops::function::Fn<(&'a std[70759c8f55707aa4]::panic::PanicHookInfo<'b>,), Output = ()> + core[df12db4294e9bfd3]::marker::Send + core[df12db4294e9bfd3]::marker::Sync> as core[df12db4294e9bfd3]::ops::function::Fn<(&std[70759c8f55707aa4]::panic::PanicHookInfo,)>>::call
[INFO] [stdout]                                at /rustc/dfb0accb7f508ae8be965d8629557221c889dd98/library/alloc/src/boxed.rs:2334:9
[INFO] [stdout]   14:     0x5d0a1289b582 - std[70759c8f55707aa4]::panicking::panic_with_hook
[INFO] [stdout]                                at /rustc/dfb0accb7f508ae8be965d8629557221c889dd98/library/std/src/panicking.rs:823:13
[INFO] [stdout]   15:     0x5d0a1287da62 - std[70759c8f55707aa4]::panicking::panic_handler::{closure#0}
[INFO] [stdout]                                at /rustc/dfb0accb7f508ae8be965d8629557221c889dd98/library/std/src/panicking.rs:688:13
[INFO] [stdout]   16:     0x5d0a12876669 - std[70759c8f55707aa4]::sys::backtrace::__rust_end_short_backtrace::<std[70759c8f55707aa4]::panicking::panic_handler::{closure#0}, !>
[INFO] [stdout]                                at /rustc/dfb0accb7f508ae8be965d8629557221c889dd98/library/std/src/sys/backtrace.rs:182:18
[INFO] [stdout]   17:     0x5d0a1287e84d - __rustc[8fa7c3cbc660c2b3]::rust_begin_unwind
[INFO] [stdout]                                at /rustc/dfb0accb7f508ae8be965d8629557221c889dd98/library/std/src/panicking.rs:679:5
[INFO] [stdout]   18:     0x5d0a128bb3cc - core[df12db4294e9bfd3]::panicking::panic_fmt
[INFO] [stdout]                                at /rustc/dfb0accb7f508ae8be965d8629557221c889dd98/library/core/src/panicking.rs:80:14
[INFO] [stdout]   19:     0x5d0a12123c1e - bounded_scheduler[b3d48589100bbb1b]::global_inflight_limit_gates_across_routes
[INFO] [stdout]                                at /opt/rustwide/workdir/tests/bounded_scheduler.rs:657:5
[INFO] [stdout]   20:     0x5d0a1211da27 - bounded_scheduler[b3d48589100bbb1b]::global_inflight_limit_gates_across_routes::{closure#0}
[INFO] [stdout]                                at /opt/rustwide/workdir/tests/bounded_scheduler.rs:607:47
[INFO] [stdout]   21:     0x5d0a12156c46 - <bounded_scheduler[b3d48589100bbb1b]::global_inflight_limit_gates_across_routes::{closure#0} as core[df12db4294e9bfd3]::ops::function::FnOnce<()>>::call_once
[INFO] [stdout]                                at /rustc/dfb0accb7f508ae8be965d8629557221c889dd98/library/core/src/ops/function.rs:250:5
[INFO] [stdout]   22:     0x5d0a128287fb - <fn() -> core[df12db4294e9bfd3]::result::Result<(), alloc[2182bb758b4b3781]::string::String> as core[df12db4294e9bfd3]::ops::function::FnOnce<()>>::call_once
[INFO] [stdout]                                at /rustc/dfb0accb7f508ae8be965d8629557221c889dd98/library/core/src/ops/function.rs:250:5
[INFO] [stdout]   23:     0x5d0a128287fb - test[9d35eded1c95d3be]::__rust_begin_short_backtrace::<core[df12db4294e9bfd3]::result::Result<(), alloc[2182bb758b4b3781]::string::String>, fn() -> core[df12db4294e9bfd3]::result::Result<(), alloc[2182bb758b4b3781]::string::String>>
[INFO] [stdout]                                at /rustc/dfb0accb7f508ae8be965d8629557221c889dd98/library/test/src/lib.rs:733:18
[INFO] [stdout]   24:     0x5d0a12835e65 - test[9d35eded1c95d3be]::run_test_in_process::{closure#0}
[INFO] [stdout]                                at /rustc/dfb0accb7f508ae8be965d8629557221c889dd98/library/test/src/lib.rs:756:74
[INFO] [stdout]   25:     0x5d0a12835e65 - <core[df12db4294e9bfd3]::panic::unwind_safe::AssertUnwindSafe<test[9d35eded1c95d3be]::run_test_in_process::{closure#0}> as core[df12db4294e9bfd3]::ops::function::FnOnce<()>>::call_once
[INFO] [stdout]                                at /rustc/dfb0accb7f508ae8be965d8629557221c889dd98/library/core/src/panic/unwind_safe.rs:275:9
[INFO] [stdout]   26:     0x5d0a12835e65 - std[70759c8f55707aa4]::panicking::catch_unwind::do_call::<core[df12db4294e9bfd3]::panic::unwind_safe::AssertUnwindSafe<test[9d35eded1c95d3be]::run_test_in_process::{closure#0}>, core[df12db4294e9bfd3]::result::Result<(), alloc[2182bb758b4b3781]::string::String>>
[INFO] [stdout]                                at /rustc/dfb0accb7f508ae8be965d8629557221c889dd98/library/std/src/panicking.rs:576:43
[INFO] [stdout]   27:     0x5d0a12835e65 - std[70759c8f55707aa4]::panicking::catch_unwind::<core[df12db4294e9bfd3]::result::Result<(), alloc[2182bb758b4b3781]::string::String>, core[df12db4294e9bfd3]::panic::unwind_safe::AssertUnwindSafe<test[9d35eded1c95d3be]::run_test_in_process::{closure#0}>>
[INFO] [stdout]                                at /rustc/dfb0accb7f508ae8be965d8629557221c889dd98/library/std/src/panicking.rs:544:19
[INFO] [stdout]   28:     0x5d0a12835e65 - std[70759c8f55707aa4]::panic::catch_unwind::<core[df12db4294e9bfd3]::panic::unwind_safe::AssertUnwindSafe<test[9d35eded1c95d3be]::run_test_in_process::{closure#0}>, core[df12db4294e9bfd3]::result::Result<(), alloc[2182bb758b4b3781]::string::String>>
[INFO] [stdout]                                at /rustc/dfb0accb7f508ae8be965d8629557221c889dd98/library/std/src/panic.rs:359:14
[INFO] [stdout]   29:     0x5d0a12835e65 - test[9d35eded1c95d3be]::run_test_in_process
[INFO] [stdout]                                at /rustc/dfb0accb7f508ae8be965d8629557221c889dd98/library/test/src/lib.rs:756:27
[INFO] [stdout]   30:     0x5d0a12835e65 - test[9d35eded1c95d3be]::run_test::{closure#0}
[INFO] [stdout]                                at /rustc/dfb0accb7f508ae8be965d8629557221c889dd98/library/test/src/lib.rs:677:43
[INFO] [stdout]   31:     0x5d0a1282f724 - test[9d35eded1c95d3be]::run_test::{closure#1}
[INFO] [stdout]                                at /rustc/dfb0accb7f508ae8be965d8629557221c889dd98/library/test/src/lib.rs:707:41
[INFO] [stdout]   32:     0x5d0a1282f724 - std[70759c8f55707aa4]::sys::backtrace::__rust_begin_short_backtrace::<test[9d35eded1c95d3be]::run_test::{closure#1}, ()>
[INFO] [stdout]                                at /rustc/dfb0accb7f508ae8be965d8629557221c889dd98/library/std/src/sys/backtrace.rs:166:18
[INFO] [stdout]   33:     0x5d0a12838fc2 - std[70759c8f55707aa4]::thread::lifecycle::spawn_unchecked::<test[9d35eded1c95d3be]::run_test::{closure#1}, ()>::{closure#1}::{closure#0}
[INFO] [stdout]                                at /rustc/dfb0accb7f508ae8be965d8629557221c889dd98/library/std/src/thread/lifecycle.rs:70:13
[INFO] [stdout]   34:     0x5d0a12838fc2 - <core[df12db4294e9bfd3]::panic::unwind_safe::AssertUnwindSafe<std[70759c8f55707aa4]::thread::lifecycle::spawn_unchecked<test[9d35eded1c95d3be]::run_test::{closure#1}, ()>::{closure#1}::{closure#0}> as core[df12db4294e9bfd3]::ops::function::FnOnce<()>>::call_once
[INFO] [stdout]                                at /rustc/dfb0accb7f508ae8be965d8629557221c889dd98/library/core/src/panic/unwind_safe.rs:275:9
[INFO] [stdout]   35:     0x5d0a12838fc2 - std[70759c8f55707aa4]::panicking::catch_unwind::do_call::<core[df12db4294e9bfd3]::panic::unwind_safe::AssertUnwindSafe<std[70759c8f55707aa4]::thread::lifecycle::spawn_unchecked<test[9d35eded1c95d3be]::run_test::{closure#1}, ()>::{closure#1}::{closure#0}>, ()>
[INFO] [stdout]                                at /rustc/dfb0accb7f508ae8be965d8629557221c889dd98/library/std/src/panicking.rs:576:43
[INFO] [stdout]   36:     0x5d0a12838fc2 - std[70759c8f55707aa4]::panicking::catch_unwind::<(), core[df12db4294e9bfd3]::panic::unwind_safe::AssertUnwindSafe<std[70759c8f55707aa4]::thread::lifecycle::spawn_unchecked<test[9d35eded1c95d3be]::run_test::{closure#1}, ()>::{closure#1}::{closure#0}>>
[INFO] [stdout]                                at /rustc/dfb0accb7f508ae8be965d8629557221c889dd98/library/std/src/panicking.rs:544:19
[INFO] [stdout]   37:     0x5d0a12838fc2 - std[70759c8f55707aa4]::panic::catch_unwind::<core[df12db4294e9bfd3]::panic::unwind_safe::AssertUnwindSafe<std[70759c8f55707aa4]::thread::lifecycle::spawn_unchecked<test[9d35eded1c95d3be]::run_test::{closure#1}, ()>::{closure#1}::{closure#0}>, ()>
[INFO] [stdout]                                at /rustc/dfb0accb7f508ae8be965d8629557221c889dd98/library/std/src/panic.rs:359:14
[INFO] [stdout]   38:     0x5d0a12838fc2 - std[70759c8f55707aa4]::thread::lifecycle::spawn_unchecked::<test[9d35eded1c95d3be]::run_test::{closure#1}, ()>::{closure#1}
[INFO] [stdout]                                at /rustc/dfb0accb7f508ae8be965d8629557221c889dd98/library/std/src/thread/lifecycle.rs:68:26
[INFO] [stdout]   39:     0x5d0a12838fc2 - <std[70759c8f55707aa4]::thread::lifecycle::spawn_unchecked<test[9d35eded1c95d3be]::run_test::{closure#1}, ()>::{closure#1} as core[df12db4294e9bfd3]::ops::function::FnOnce<()>>::call_once::{shim:vtable#0}
[INFO] [stdout]                                at /rustc/dfb0accb7f508ae8be965d8629557221c889dd98/library/core/src/ops/function.rs:250:5
[INFO] [stdout]   40:     0x5d0a128a3209 - <alloc[2182bb758b4b3781]::boxed::Box<dyn core[df12db4294e9bfd3]::ops::function::FnOnce<(), Output = ()> + core[df12db4294e9bfd3]::marker::Send> as core[df12db4294e9bfd3]::ops::function::FnOnce<()>>::call_once
[INFO] [stdout]                                at /rustc/dfb0accb7f508ae8be965d8629557221c889dd98/library/alloc/src/boxed.rs:2320:9
[INFO] [stdout]   41:     0x5d0a128a3209 - <std[70759c8f55707aa4]::sys::thread::unix::Thread>::new::thread_start
[INFO] [stdout]                                at /rustc/dfb0accb7f508ae8be965d8629557221c889dd98/library/std/src/sys/thread/unix.rs:123:17
[INFO] [stdout]   42:     0x70b5b4c64dfa - <unknown>
[INFO] [stdout]   43:     0x70b5b4cf83d4 - clone
[INFO] [stdout]   44:                0x0 - <unknown>
[INFO] [stdout] 
[INFO] [stdout] 
[INFO] [stdout] failures:
[INFO] [stdout]     global_inflight_limit_gates_across_routes
[INFO] [stdout]     health_remains_responsive_when_control_plane_is_saturated
[INFO] [stdout]     request_timeout_returns_408_with_structured_error
[INFO] [stdout] 
[INFO] [stdout] test result: FAILED. 12 passed; 3 failed; 0 ignored; 0 measured; 0 filtered out; finished in 1.50s
[INFO] [stdout] 
[INFO] [stderr] error: test failed, to rerun pass `--test bounded_scheduler`
[INFO] running `Command { std: "docker" "inspect" "9ca892bc7c776419514d4a46b4c2d9be59b07840c4a2e165726d57f87348516a", kill_on_drop: false }`
[INFO] running `Command { std: "docker" "rm" "-f" "9ca892bc7c776419514d4a46b4c2d9be59b07840c4a2e165726d57f87348516a", kill_on_drop: false }`
[INFO] [stdout] 9ca892bc7c776419514d4a46b4c2d9be59b07840c4a2e165726d57f87348516a
