[INFO] fetching crate solar-codegen 0.2.0...
[INFO] testing solar-codegen-0.2.0 against 1.100.0-beta.1 for beta-1.100-2
[INFO] extracting crate solar-codegen 0.2.0 into /workspace/builds/worker-1-tc2/source
[INFO] started tweaking crates.io crate solar-codegen 0.2.0
[INFO] finished tweaking crates.io crate solar-codegen 0.2.0
[INFO] tweaked toml for crates.io crate solar-codegen 0.2.0 written to /workspace/builds/worker-1-tc2/source/Cargo.toml
[INFO] validating manifest of crates.io crate solar-codegen 0.2.0 on toolchain 1.100.0-beta.1
[INFO] running `Command { std: CARGO_HOME="/workspace/cargo-home" RUSTUP_HOME="/workspace/rustup-home" "/workspace/cargo-home/bin/cargo" "+1.100.0-beta.1" "metadata" "--manifest-path" "Cargo.toml" "--no-deps", kill_on_drop: false }`
[INFO] crate crates.io crate solar-codegen 0.2.0 already has a lockfile, it will not be regenerated
[INFO] running `Command { std: CARGO_HOME="/workspace/cargo-home" RUSTUP_HOME="/workspace/rustup-home" "/workspace/cargo-home/bin/cargo" "+1.100.0-beta.1" "fetch" "--manifest-path" "Cargo.toml", kill_on_drop: false }`
[INFO] [stderr] warning: Cargo.toml: `lints.clippy.dbg-macro` is deprecated in favor of `lints.clippy.dbg_macro` and will not work in a future edition
[INFO] [stderr] warning: Cargo.toml: `lints.clippy.manual-string-new` is deprecated in favor of `lints.clippy.manual_string_new` and will not work in a future edition
[INFO] [stderr] warning: Cargo.toml: `lints.clippy.redundant-clone` is deprecated in favor of `lints.clippy.redundant_clone` and will not work in a future edition
[INFO] [stderr] warning: Cargo.toml: `lints.clippy.test-attr-in-doctest` is deprecated in favor of `lints.clippy.test_attr_in_doctest` and will not work in a future edition
[INFO] [stderr] warning: Cargo.toml: `lints.clippy.uninlined-format-args` is deprecated in favor of `lints.clippy.uninlined_format_args` and will not work in a future edition
[INFO] [stderr] warning: Cargo.toml: `lints.clippy.use-self` is deprecated in favor of `lints.clippy.use_self` and will not work in a future edition
[INFO] [stderr] warning: Cargo.toml: `lints.rust.redundant-lifetimes` is deprecated in favor of `lints.rust.redundant_lifetimes` and will not work in a future edition
[INFO] [stderr] warning: Cargo.toml: `lints.rust.rust-2018-idioms` is deprecated in favor of `lints.rust.rust_2018_idioms` and will not work in a future edition
[INFO] [stderr] warning: Cargo.toml: `lints.rust.unnameable-types` is deprecated in favor of `lints.rust.unnameable_types` and will not work in a future edition
[INFO] [stderr] warning: Cargo.toml: `lints.rust.unreachable-pub` is deprecated in favor of `lints.rust.unreachable_pub` and will not work in a future edition
[INFO] [stderr] warning: Cargo.toml: `lints.rust.unused-crate-dependencies` is deprecated in favor of `lints.rust.unused_crate_dependencies` and will not work in a future edition
[INFO] [stderr] warning: Cargo.toml: `lints.rust.unused-must-use` is deprecated in favor of `lints.rust.unused_must_use` and will not work in a future edition
[INFO] [stderr] warning: `solar-codegen` (manifest) generated 12 warnings
[INFO] running `Command { std: "docker" "create" "-v" "/var/lib/crater-agent-workspace/builds/worker-1-tc2/source:/opt/rustwide/workdir:ro,Z" "-v" "/var/lib/crater-agent-workspace/builds/worker-1-tc2/target:/opt/rustwide/target:rw,Z" "-v" "/var/lib/crater-agent-workspace/cargo-home:/opt/rustwide/cargo-home:ro,Z" "-v" "/var/lib/crater-agent-workspace/rustup-home:/opt/rustwide/rustup-home:ro,Z" "-m" "1610612736" "--network" "none" "ghcr.io/rust-lang/crates-build-env/linux@sha256:3111399a4047eeb3a02b7a90e478d715f38a8c6669b5c4b49d30a17385265909" "sleep" "infinity", kill_on_drop: false }`
[INFO] [stdout] 40c50889a8a6ca724eb8e20c9f15467886b444681bb6db4b0b68b23da2110f72
[INFO] running `Command { std: "docker" "start" "40c50889a8a6ca724eb8e20c9f15467886b444681bb6db4b0b68b23da2110f72", kill_on_drop: false }`
[INFO] running `Command { std: "docker" "inspect" "40c50889a8a6ca724eb8e20c9f15467886b444681bb6db4b0b68b23da2110f72", kill_on_drop: false }`
[INFO] running `Command { std: "docker" "exec" "-e" "SOURCE_DIR=/opt/rustwide/workdir" "-e" "CARGO_HOME=/opt/rustwide/cargo-home" "-e" "RUSTUP_HOME=/opt/rustwide/rustup-home" "-e" "CARGO_TARGET_DIR=/opt/rustwide/target" "-w" "/opt/rustwide/workdir" "--user" "0:0" "40c50889a8a6ca724eb8e20c9f15467886b444681bb6db4b0b68b23da2110f72" "/opt/rustwide/cargo-home/bin/cargo" "+1.100.0-beta.1" "metadata" "--no-deps" "--format-version=1", kill_on_drop: false }`
[INFO] running `Command { std: "docker" "inspect" "40c50889a8a6ca724eb8e20c9f15467886b444681bb6db4b0b68b23da2110f72", kill_on_drop: false }`
[INFO] running `Command { std: "docker" "exec" "-e" "SOURCE_DIR=/opt/rustwide/workdir" "-e" "CARGO_HOME=/opt/rustwide/cargo-home" "-e" "RUSTUP_HOME=/opt/rustwide/rustup-home" "-e" "CARGO_TARGET_DIR=/opt/rustwide/target" "-e" "CARGO_INCREMENTAL=0" "-e" "RUST_BACKTRACE=full" "-e" "RUSTFLAGS=--cap-lints=warn" "-e" "RUSTDOCFLAGS=--cap-lints=warn" "-w" "/opt/rustwide/workdir" "--user" "0:0" "40c50889a8a6ca724eb8e20c9f15467886b444681bb6db4b0b68b23da2110f72" "/opt/rustwide/cargo-home/bin/cargo" "+1.100.0-beta.1" "build" "--frozen" "--message-format=json", kill_on_drop: false }`
[INFO] [stderr] warning: Cargo.toml: `lints.clippy.dbg-macro` is deprecated in favor of `lints.clippy.dbg_macro` and will not work in a future edition
[INFO] [stderr] warning: Cargo.toml: `lints.clippy.manual-string-new` is deprecated in favor of `lints.clippy.manual_string_new` and will not work in a future edition
[INFO] [stderr] warning: Cargo.toml: `lints.clippy.redundant-clone` is deprecated in favor of `lints.clippy.redundant_clone` and will not work in a future edition
[INFO] [stderr] warning: Cargo.toml: `lints.clippy.test-attr-in-doctest` is deprecated in favor of `lints.clippy.test_attr_in_doctest` and will not work in a future edition
[INFO] [stderr] warning: Cargo.toml: `lints.clippy.uninlined-format-args` is deprecated in favor of `lints.clippy.uninlined_format_args` and will not work in a future edition
[INFO] [stderr] warning: Cargo.toml: `lints.clippy.use-self` is deprecated in favor of `lints.clippy.use_self` and will not work in a future edition
[INFO] [stderr] warning: Cargo.toml: `lints.rust.redundant-lifetimes` is deprecated in favor of `lints.rust.redundant_lifetimes` and will not work in a future edition
[INFO] [stderr] warning: Cargo.toml: `lints.rust.rust-2018-idioms` is deprecated in favor of `lints.rust.rust_2018_idioms` and will not work in a future edition
[INFO] [stderr] warning: Cargo.toml: `lints.rust.unnameable-types` is deprecated in favor of `lints.rust.unnameable_types` and will not work in a future edition
[INFO] [stderr] warning: Cargo.toml: `lints.rust.unreachable-pub` is deprecated in favor of `lints.rust.unreachable_pub` and will not work in a future edition
[INFO] [stderr] warning: Cargo.toml: `lints.rust.unused-crate-dependencies` is deprecated in favor of `lints.rust.unused_crate_dependencies` and will not work in a future edition
[INFO] [stderr] warning: Cargo.toml: `lints.rust.unused-must-use` is deprecated in favor of `lints.rust.unused_must_use` and will not work in a future edition
[INFO] [stderr] warning: `solar-codegen` (manifest) generated 12 warnings
[INFO] [stderr]    Compiling smallvec v1.15.2
[INFO] [stderr]    Compiling syn v2.0.118
[INFO] [stderr]    Compiling foldhash v0.2.0
[INFO] [stderr]    Compiling hybrid-array v0.4.13
[INFO] [stderr]    Compiling convert_case v0.10.0
[INFO] [stderr]    Compiling num-integer v0.1.46
[INFO] [stderr]    Compiling crossbeam-epoch v0.9.20
[INFO] [stderr]    Compiling unicode-xid v0.2.6
[INFO] [stderr]    Compiling rustc-hash v2.1.2
[INFO] [stderr]    Compiling hashbrown v0.17.1
[INFO] [stderr]    Compiling parking_lot_core v0.9.12
[INFO] [stderr]    Compiling either v1.16.0
[INFO] [stderr]    Compiling keccak v0.2.0
[INFO] [stderr]    Compiling ruint-macro v1.2.1
[INFO] [stderr]    Compiling bumpalo v3.20.3
[INFO] [stderr]    Compiling crossbeam-deque v0.8.6
[INFO] [stderr]    Compiling crypto-common v0.2.2
[INFO] [stderr]    Compiling block-buffer v0.12.1
[INFO] [stderr]    Compiling parking_lot v0.12.5
[INFO] [stderr]    Compiling nonmax v0.5.5
[INFO] [stderr]    Compiling hashbrown v0.14.5
[INFO] [stderr]    Compiling rayon-core v1.13.0
[INFO] [stderr]    Compiling serde_json v1.0.150
[INFO] [stderr]    Compiling solar-config v0.2.0
[INFO] [stderr]    Compiling const-hex v1.19.1
[INFO] [stderr]    Compiling ruint v1.18.0
[INFO] [stderr]    Compiling indexmap v2.14.0
[INFO] [stderr]    Compiling oxc_index v5.0.0
[INFO] [stderr]    Compiling rayon v1.12.0
[INFO] [stderr]    Compiling dashmap v6.2.1
[INFO] [stderr]    Compiling stable_deref_trait v1.2.1
[INFO] [stderr]    Compiling digest v0.11.3
[INFO] [stderr]    Compiling boxcar v0.2.14
[INFO] [stderr]    Compiling sha3 v0.11.0
[INFO] [stderr]    Compiling inturn v0.2.0
[INFO] [stderr]    Compiling once_map v0.4.24
[INFO] [stderr]    Compiling annotate-snippets v0.12.16
[INFO] [stderr]    Compiling itertools v0.10.5
[INFO] [stderr]    Compiling num-bigint v0.4.6
[INFO] [stderr]    Compiling dunce v1.0.5
[INFO] [stderr]    Compiling normalize-path v0.2.1
[INFO] [stderr]    Compiling winnow v1.0.3
[INFO] [stderr]    Compiling bitflags v2.13.0
[INFO] [stderr]    Compiling comfy-table v7.2.2
[INFO] [stderr]    Compiling num-rational v0.4.2
[INFO] [stderr]    Compiling solar-data-structures v0.2.0
[INFO] [stderr]    Compiling serde_derive v1.0.228
[INFO] [stderr]    Compiling derive_more-impl v2.1.1
[INFO] [stderr]    Compiling strum_macros v0.28.0
[INFO] [stderr]    Compiling tracing-attributes v0.1.31
[INFO] [stderr]    Compiling thiserror-impl v1.0.69
[INFO] [stderr]    Compiling solar-macros v0.2.0
[INFO] [stderr]    Compiling tracing v0.1.44
[INFO] [stderr]    Compiling thiserror v1.0.69
[INFO] [stderr]    Compiling strum v0.28.0
[INFO] [stderr]    Compiling serde v1.0.228
[INFO] [stderr]    Compiling bytes v1.12.0
[INFO] [stderr]    Compiling alloy-sol-type-parser v1.6.0
[INFO] [stderr]    Compiling derive_more v2.1.1
[INFO] [stderr]    Compiling alloy-primitives v1.6.0
[INFO] [stderr]    Compiling solar-interface v0.2.0
[INFO] [stderr]    Compiling alloy-json-abi v1.6.0
[INFO] [stderr]    Compiling solar-ast v0.2.0
[INFO] [stderr]    Compiling solar-parse v0.2.0
[INFO] [stderr]    Compiling solar-sema v0.2.0
[INFO] [stderr]    Compiling solar-codegen v0.2.0 (/opt/rustwide/workdir)
[INFO] [stderr]     Finished `dev` profile [unoptimized + debuginfo] target(s) in 1m 22s
[INFO] running `Command { std: "docker" "inspect" "40c50889a8a6ca724eb8e20c9f15467886b444681bb6db4b0b68b23da2110f72", kill_on_drop: false }`
[INFO] running `Command { std: "docker" "exec" "-e" "SOURCE_DIR=/opt/rustwide/workdir" "-e" "CARGO_HOME=/opt/rustwide/cargo-home" "-e" "RUSTUP_HOME=/opt/rustwide/rustup-home" "-e" "CARGO_TARGET_DIR=/opt/rustwide/target" "-e" "CARGO_INCREMENTAL=0" "-e" "RUST_BACKTRACE=full" "-e" "RUSTFLAGS=--cap-lints=warn" "-e" "RUSTDOCFLAGS=--cap-lints=warn" "-w" "/opt/rustwide/workdir" "--user" "0:0" "40c50889a8a6ca724eb8e20c9f15467886b444681bb6db4b0b68b23da2110f72" "/opt/rustwide/cargo-home/bin/cargo" "+1.100.0-beta.1" "test" "--frozen" "--no-run" "--message-format=json", kill_on_drop: false }`
[INFO] [stderr] warning: Cargo.toml: `lints.clippy.dbg-macro` is deprecated in favor of `lints.clippy.dbg_macro` and will not work in a future edition
[INFO] [stderr] warning: Cargo.toml: `lints.clippy.manual-string-new` is deprecated in favor of `lints.clippy.manual_string_new` and will not work in a future edition
[INFO] [stderr] warning: Cargo.toml: `lints.clippy.redundant-clone` is deprecated in favor of `lints.clippy.redundant_clone` and will not work in a future edition
[INFO] [stderr] warning: Cargo.toml: `lints.clippy.test-attr-in-doctest` is deprecated in favor of `lints.clippy.test_attr_in_doctest` and will not work in a future edition
[INFO] [stderr] warning: Cargo.toml: `lints.clippy.uninlined-format-args` is deprecated in favor of `lints.clippy.uninlined_format_args` and will not work in a future edition
[INFO] [stderr] warning: Cargo.toml: `lints.clippy.use-self` is deprecated in favor of `lints.clippy.use_self` and will not work in a future edition
[INFO] [stderr] warning: Cargo.toml: `lints.rust.redundant-lifetimes` is deprecated in favor of `lints.rust.redundant_lifetimes` and will not work in a future edition
[INFO] [stderr] warning: Cargo.toml: `lints.rust.rust-2018-idioms` is deprecated in favor of `lints.rust.rust_2018_idioms` and will not work in a future edition
[INFO] [stderr] warning: Cargo.toml: `lints.rust.unnameable-types` is deprecated in favor of `lints.rust.unnameable_types` and will not work in a future edition
[INFO] [stderr] warning: Cargo.toml: `lints.rust.unreachable-pub` is deprecated in favor of `lints.rust.unreachable_pub` and will not work in a future edition
[INFO] [stderr] warning: Cargo.toml: `lints.rust.unused-crate-dependencies` is deprecated in favor of `lints.rust.unused_crate_dependencies` and will not work in a future edition
[INFO] [stderr] warning: Cargo.toml: `lints.rust.unused-must-use` is deprecated in favor of `lints.rust.unused_must_use` and will not work in a future edition
[INFO] [stderr] warning: `solar-codegen` (manifest) generated 12 warnings
[INFO] [stderr]    Compiling snapbox-macros v1.1.0
[INFO] [stderr]    Compiling similar v3.1.1
[INFO] [stderr]    Compiling solar-parse v0.2.0
[INFO] [stderr]    Compiling snapbox v1.2.2
[INFO] [stderr]    Compiling solar-sema v0.2.0
[INFO] [stderr]    Compiling solar-codegen v0.2.0 (/opt/rustwide/workdir)
[INFO] [stderr]     Finished `test` profile [unoptimized + debuginfo] target(s) in 52.02s
[INFO] running `Command { std: "docker" "inspect" "40c50889a8a6ca724eb8e20c9f15467886b444681bb6db4b0b68b23da2110f72", kill_on_drop: false }`
[INFO] running `Command { std: "docker" "exec" "-e" "SOURCE_DIR=/opt/rustwide/workdir" "-e" "CARGO_HOME=/opt/rustwide/cargo-home" "-e" "RUSTUP_HOME=/opt/rustwide/rustup-home" "-e" "CARGO_TARGET_DIR=/opt/rustwide/target" "-e" "CARGO_INCREMENTAL=0" "-e" "RUST_BACKTRACE=full" "-e" "RUSTFLAGS=--cap-lints=warn" "-e" "RUSTDOCFLAGS=--cap-lints=warn" "-w" "/opt/rustwide/workdir" "--user" "0:0" "40c50889a8a6ca724eb8e20c9f15467886b444681bb6db4b0b68b23da2110f72" "/opt/rustwide/cargo-home/bin/cargo" "+1.100.0-beta.1" "test" "--frozen", kill_on_drop: false }`
[INFO] [stderr] warning: Cargo.toml: `lints.clippy.dbg-macro` is deprecated in favor of `lints.clippy.dbg_macro` and will not work in a future edition
[INFO] [stderr] warning: Cargo.toml: `lints.clippy.manual-string-new` is deprecated in favor of `lints.clippy.manual_string_new` and will not work in a future edition
[INFO] [stderr] warning: Cargo.toml: `lints.clippy.redundant-clone` is deprecated in favor of `lints.clippy.redundant_clone` and will not work in a future edition
[INFO] [stderr] warning: Cargo.toml: `lints.clippy.test-attr-in-doctest` is deprecated in favor of `lints.clippy.test_attr_in_doctest` and will not work in a future edition
[INFO] [stderr] warning: Cargo.toml: `lints.clippy.uninlined-format-args` is deprecated in favor of `lints.clippy.uninlined_format_args` and will not work in a future edition
[INFO] [stderr] warning: Cargo.toml: `lints.clippy.use-self` is deprecated in favor of `lints.clippy.use_self` and will not work in a future edition
[INFO] [stderr] warning: Cargo.toml: `lints.rust.redundant-lifetimes` is deprecated in favor of `lints.rust.redundant_lifetimes` and will not work in a future edition
[INFO] [stderr] warning: Cargo.toml: `lints.rust.rust-2018-idioms` is deprecated in favor of `lints.rust.rust_2018_idioms` and will not work in a future edition
[INFO] [stderr] warning: Cargo.toml: `lints.rust.unnameable-types` is deprecated in favor of `lints.rust.unnameable_types` and will not work in a future edition
[INFO] [stderr] warning: Cargo.toml: `lints.rust.unreachable-pub` is deprecated in favor of `lints.rust.unreachable_pub` and will not work in a future edition
[INFO] [stderr] warning: Cargo.toml: `lints.rust.unused-crate-dependencies` is deprecated in favor of `lints.rust.unused_crate_dependencies` and will not work in a future edition
[INFO] [stderr] warning: Cargo.toml: `lints.rust.unused-must-use` is deprecated in favor of `lints.rust.unused_must_use` and will not work in a future edition
[INFO] [stderr] warning: `solar-codegen` (manifest) generated 12 warnings
[INFO] [stderr]     Finished `test` profile [unoptimized + debuginfo] target(s) in 0.24s
[INFO] [stderr]      Running unittests src/lib.rs (/opt/rustwide/target/debug/build/solar-codegen/e91d7bbf65f4f3b7/out/solar_codegen-e91d7bbf65f4f3b7)
[INFO] [stdout] 
[INFO] [stdout] running 174 tests
[INFO] [stdout] test analysis::liveness::tests::test_dead_instruction_result ... ok
[INFO] [stdout] test analysis::liveness::tests::test_diamond_cfg ... ok
[INFO] [stdout] test analysis::liveness::tests::test_empty_function ... ok
[INFO] [stdout] test analysis::liveness::tests::test_inst_to_value_map_consistency ... ok
[INFO] [stdout] test analysis::liveness::tests::test_is_dead_after ... ok
[INFO] [stdout] test analysis::liveness::tests::test_last_use_in_block ... ok
[INFO] [stdout] test analysis::liveness::tests::test_linear_code ... ok
[INFO] [stdout] test analysis::liveness::tests::test_live_at_inst ... ok
[INFO] [stdout] test analysis::liveness::tests::test_liveset_basic ... ok
[INFO] [stdout] test analysis::liveness::tests::test_liveset_boundary ... ok
[INFO] [stdout] test analysis::liveness::tests::test_liveset_iter ... ok
[INFO] [stdout] test analysis::liveness::tests::test_liveset_union ... ok
[INFO] [stdout] test analysis::liveness::tests::test_liveset_clear ... ok
[INFO] [stdout] test analysis::liveness::tests::test_multiple_returns ... ok
[INFO] [stdout] test analysis::liveness::tests::test_phi_liveness ... ok
[INFO] [stdout] test analysis::liveness::tests::test_simple_loop ... ok
[INFO] [stdout] test analysis::liveness::tests::test_side_effect_op_keeps_operands_live ... ok
[INFO] [stdout] test analysis::liveness::tests::test_unused_param ... ok
[INFO] [stdout] test analysis::liveness::tests::test_value_live_across_multiple_blocks ... ok
[INFO] [stdout] test analysis::phi_elimination::tests::test_chain ... ok
[INFO] [stdout] test analysis::loop_analysis::tests::test_simple_loop_detection ... ok
[INFO] [stdout] test analysis::phi_elimination::tests::test_no_cycle ... ok
[INFO] [stdout] test analysis::phi_elimination::tests::test_simple_cycle ... ok
[INFO] [stdout] test analysis::phi_elimination::tests::test_independent_copies ... ok
[INFO] [stdout] test analysis::phi_elimination::tests::test_three_way_cycle ... ok
[INFO] [stdout] test analysis::validator::tests::bad_block_reference_is_caught ... ok
[INFO] [stdout] test analysis::validator::tests::empty_function_with_just_terminator_is_valid ... ok
[INFO] [stdout] test analysis::validator::tests::missing_terminator_is_caught ... ok
[INFO] [stdout] test backend::evm::assembler::tests::assembler_inst_is_compact ... ok
[INFO] [stdout] test backend::evm::assembler::tests::cold_terminal_block_keeps_fallthrough_position ... ok
[INFO] [stdout] test backend::evm::assembler::tests::cold_terminal_block_moves_after_hot_block ... ok
[INFO] [stdout] test analysis::validator::tests::predecessor_back_link_is_caught ... ok
[INFO] [stdout] test analysis::validator::tests::valid_simple_function ... ok
[INFO] [stdout] test backend::evm::assembler::tests::compact_full_word_all_ones_push ... ok
[INFO] [stdout] test analysis::validator::tests::validation_error_display ... ok
[INFO] [stdout] test backend::evm::assembler::tests::compact_left_aligned_selector_push ... ok
[INFO] [stdout] test backend::evm::assembler::tests::compact_lower_all_ones_mask_push ... ok
[INFO] [stdout] test backend::evm::assembler::tests::compact_not_small_push ... ok
[INFO] [stdout] test backend::evm::assembler::tests::compact_push_respects_optimization_mode ... ok
[INFO] [stdout] test analysis::validator::tests::entry_block_with_predecessors_is_caught ... ok
[INFO] [stdout] test backend::evm::assembler::tests::compact_not_byte_push ... ok
[INFO] [stdout] test backend::evm::assembler::tests::compact_push_uses_push1_zero_before_shanghai ... ok
[INFO] [stdout] test backend::evm::assembler::tests::compact_right_padded_text_push ... ok
[INFO] [stdout] test backend::evm::assembler::tests::push_values_are_inline_or_interned ... ok
[INFO] [stdout] test analysis::validator::tests::validator_as_analysis_pass ... ok
[INFO] [stdout] test backend::evm::assembler::tests::push_zero_uses_push1_before_shanghai ... ok
[INFO] [stdout] test backend::evm::assembler::tests::test_push_width ... ok
[INFO] [stdout] test backend::evm::assembler::tests::test_label_resolution ... ok
[INFO] [stdout] test backend::evm::assembler::tests::test_simple_assembly ... ok
[INFO] [stdout] test backend::evm::assembler::tests::push_zero_uses_push0_when_available ... ok
[INFO] [stdout] test analysis::liveness::tests::test_value_used_in_two_successors ... ok
[INFO] [stdout] test backend::evm::assembler::tests::assembler_can_be_reused_after_assembly ... ok
[INFO] [stdout] test backend::evm::ir::parse::tests::parser_rejects_instructions_after_terminator ... ok
[INFO] [stdout] test backend::evm::codegen::tests::test_direct_storage_in_conditional_works ... ok
[INFO] [stdout] test backend::evm::peephole::tests::preserves_push_one_div ... ok
[INFO] [stdout] test backend::evm::peephole::tests::preserves_push_zero_sub ... ok
[INFO] [stdout] test backend::evm::peephole::tests::removes_push_zero_add ... ok
[INFO] [stdout] test backend::evm::peephole::tests::replaces_mul_zero_with_pop_zero ... ok
[INFO] [stdout] test backend::evm::peephole::tests::resolves_labels_after_rewrites ... ok
[INFO] [stdout] test backend::evm::peephole::tests::rewrites_push_zero_eq ... ok
[INFO] [stdout] test backend::evm::stack::model::tests::test_dup ... ok
[INFO] [stdout] test backend::evm::stack::model::tests::test_find ... ok
[INFO] [stdout] test backend::evm::stack::model::tests::test_push_pop ... ok
[INFO] [stdout] test backend::evm::stack::model::tests::test_swap ... ok
[INFO] [stdout] test backend::evm::stack::scheduler::tests::test_block_layout_set_and_get ... ok
[INFO] [stdout] test backend::evm::stack::scheduler::tests::test_clear_block_layouts ... ok
[INFO] [stdout] test backend::evm::stack::scheduler::tests::test_deep_unspilled_inst_result_is_not_emittable ... ok
[INFO] [stdout] test backend::evm::codegen::tests::test_local_var_in_conditional_ice ... ok
[INFO] [stdout] test backend::evm::stack::scheduler::tests::test_ensure_on_top_already_there ... ok
[INFO] [stdout] test backend::evm::stack::scheduler::tests::test_ensure_on_top_dup ... ok
[INFO] [stdout] test backend::evm::stack::scheduler::tests::test_init_from_block_entry_layout ... ok
[INFO] [stdout] test backend::evm::codegen::tests::test_phi_value_used_multiple_times_after_if_else ... ok
[INFO] [stdout] test backend::evm::stack::scheduler::tests::test_record_block_exit_layout ... ok
[INFO] [stdout] test backend::evm::stack::scheduler::tests::test_stack_matches_entry_layout ... ok
[INFO] [stdout] test backend::evm::codegen::tests::test_phi_value_used_after_if_else ... ok
[INFO] [stdout] test backend::evm::stack::shuffler::tests::test_backward_layout_analysis ... ok
[INFO] [stdout] test backend::evm::stack::shuffler::tests::test_block_stack_layout_basic ... ok
[INFO] [stdout] test backend::evm::stack::shuffler::tests::test_block_stack_layout_to_target ... ok
[INFO] [stdout] test backend::evm::stack::shuffler::tests::test_combine_stack_layouts_different_values ... ok
[INFO] [stdout] test backend::evm::stack::shuffler::tests::test_combine_stack_layouts_identical ... ok
[INFO] [stdout] test backend::evm::stack::shuffler::tests::test_combine_stack_layouts_single ... ok
[INFO] [stdout] test backend::evm::stack::shuffler::tests::test_estimate_shuffle_cost_identical ... ok
[INFO] [stdout] test backend::evm::stack::shuffler::tests::test_estimate_shuffle_cost_swap ... ok
[INFO] [stdout] test backend::evm::stack::shuffler::tests::test_ideal_binary_op_entry ... ok
[INFO] [stdout] test backend::evm::stack::shuffler::tests::test_ideal_operand_layout ... ok
[INFO] [stdout] test backend::evm::stack::shuffler::tests::test_shuffle_already_correct ... ok
[INFO] [stdout] test backend::evm::stack::shuffler::tests::test_shuffle_complex_rearrangement ... ok
[INFO] [stdout] test backend::evm::stack::shuffler::tests::test_shuffle_dup_needed ... ok
[INFO] [stdout] test backend::evm::stack::shuffler::tests::test_shuffle_pop_excess ... ok
[INFO] [stdout] test backend::evm::stack::shuffler::tests::test_shuffle_swap_needed ... ok
[INFO] [stdout] test backend::evm::stack::spill::tests::test_free ... ok
[INFO] [stdout] test backend::evm::stack::spill::tests::test_reloadable_and_stored_are_distinct ... ok
[INFO] [stdout] test mir::display::tests::text_diamond_cfg ... ok
[INFO] [stdout] test backend::evm::stack::spill::tests::test_allocate ... ok
[INFO] [stdout] test backend::evm::stack::spill::tests::test_allocate_idempotent ... ok
[INFO] [stdout] test mir::display::tests::text_storage_ops ... ok
[INFO] [stdout] test mir::parser::tests::error_includes_source_snippet ... ok
[INFO] [stdout] test mir::inst::tests::phi_operands_include_incoming_values ... ok
[INFO] [stdout] test backend::evm::codegen::tests::test_phi_with_ternary_in_branch ... ok
[INFO] [stdout] test mir::parser::tests::error_snippet_format_is_clang_like ... ok
[INFO] [stdout] test mir::display::tests::text_linear_function ... ok
[INFO] [stdout] test mir::inst::tests::instruction_layout_sizes ... ok
[INFO] [stdout] test backend::evm::peephole::tests::cascades_after_rewrite ... ok
[INFO] [stdout] test mir::parser::tests::parse_call_instruction ... ok
[INFO] [stdout] test mir::parser::tests::parse_environment_nullary ... ok
[INFO] [stdout] test mir::parser::tests::parse_linear_function ... ok
[INFO] [stdout] test mir::parser::tests::parse_phi_node ... ok
[INFO] [stdout] test mir::parser::tests::parse_phi_round_trip_with_printer ... ok
[INFO] [stdout] test mir::parser::tests::parse_loop_with_jump ... ok
[INFO] [stdout] test mir::parser::tests::parse_branch ... ok
[INFO] [stdout] test mir::parser::tests::parse_keccak_and_mload_mstore ... ok
[INFO] [stdout] test mir::parser::tests::parse_round_trip_module ... ok
[INFO] [stdout] test mir::parser::tests::parse_select_and_logs ... ok
[INFO] [stdout] test mir::parser::tests::parse_unknown_instruction_errors ... ok
[INFO] [stdout] test mir::parser::tests::parse_storage_ops ... ok
[INFO] [stdout] test transform::cfg_simplify::tests::block_merge_rewrites_successor_phi_incoming ... ok
[INFO] [stdout] test transform::cfg_simplify::tests::dead_function_elimination_keeps_internal_call_targets ... ok
[INFO] [stdout] test transform::cfg_simplify::tests::empty_forwarder_rewrites_target_phi_incoming ... ok
[INFO] [stdout] test transform::check_elim::tests::range_intersection_and_union ... ok
[INFO] [stdout] test transform::frame_promotion::tests::promotes_across_internal_calls ... ok
[INFO] [stdout] test mir::parser::tests::parse_revert_terminator ... ok
[INFO] [stdout] test mir::parser::tests::parse_switch_terminator ... ok
[INFO] [stdout] test transform::frame_promotion::tests::promotes_frame_address_with_constant_offset ... ok
[INFO] [stdout] test transform::frame_promotion::tests::promotes_loop_carried_frame_slot ... ok
[INFO] [stdout] test transform::frame_promotion::tests::skips_gas_observed_functions ... ok
[INFO] [stdout] test transform::frame_promotion::tests::skips_escaped_frame_address ... ok
[INFO] [stdout] test transform::inline::tests::inlines_loop_return_through_continuation_phi ... ok
[INFO] [stdout] test transform::inst_simplify::tests::inverts_iszero_branch_condition ... ok
[INFO] [stdout] test transform::inst_simplify::tests::folds_iszero_immediate ... ok
[INFO] [stdout] test transform::inst_simplify::tests::folds_not_not ... ok
[INFO] [stdout] test transform::inst_simplify::tests::mask_rewrite_feeds_selfbalance ... ok
[INFO] [stdout] test transform::inst_simplify::tests::preserves_non_constant_side_of_and_all_ones ... ok
[INFO] [stdout] test transform::inst_simplify::tests::removes_add_zero ... ok
[INFO] [stdout] test transform::inst_simplify::tests::preserves_non_constant_side_of_mul_one ... ok
[INFO] [stdout] test transform::inst_simplify::tests::removes_idempotent_logic_ops ... ok
[INFO] [stdout] test transform::inst_simplify::tests::removes_self_sub ... ok
[INFO] [stdout] test transform::inst_simplify::tests::rewrites_eq_zero_to_iszero ... ok
[INFO] [stdout] test transform::inst_simplify::tests::rewrites_own_balance_to_selfbalance ... ok
[INFO] [stdout] test transform::loop_opt::tests::licm_does_not_move_work_across_gas_observer ... ok
[INFO] [stdout] test transform::inst_simplify::tests::removes_address_mask ... ok
[INFO] [stdout] test transform::loop_opt::tests::licm_hoists_keccak_past_non_overlapping_const_store ... ok
[INFO] [stdout] test transform::loop_opt::tests::licm_hoists_mload_past_non_overlapping_const_store ... ok
[INFO] [stdout] test transform::loop_opt::tests::licm_keeps_keccak_inside_loop_when_store_overlaps ... ok
[INFO] [stdout] test transform::loop_opt::tests::licm_keeps_mload_inside_loop_when_store_overlaps ... ok
[INFO] [stdout] test transform::loop_opt::tests::licm_keeps_sload_inside_loop_when_store_uses_same_slot ... ok
[INFO] [stdout] test transform::memory_dse::tests::does_not_forward_load_across_internal_call ... ok
[INFO] [stdout] test transform::memory_dse::tests::does_not_forward_load_across_memory_write ... ok
[INFO] [stdout] test transform::memory_dse::tests::forwards_load_from_store ... ok
[INFO] [stdout] test transform::memory_dse::tests::forwards_load_through_non_memory_operation ... ok
[INFO] [stdout] test transform::loop_opt::tests::licm_hoists_profitable_invariant_mul ... ok
[INFO] [stdout] test transform::loop_opt::tests::licm_hoists_sload_past_different_const_slot_store ... ok
[INFO] [stdout] test transform::memory_dse::tests::forwards_store_observed_only_by_load ... ok
[INFO] [stdout] test transform::memory_dse::tests::handles_distinct_immediate_values_for_same_address ... ok
[INFO] [stdout] test transform::memory_dse::tests::gas_is_a_barrier ... ok
[INFO] [stdout] test transform::memory_dse::tests::handles_equivalent_base_offset_addresses ... ok
[INFO] [stdout] test transform::memory_dse::tests::overlapping_load_blocks_overwritten_store_elimination ... ok
[INFO] [stdout] test transform::memory_dse::tests::removes_overwritten_store ... ok
[INFO] [stdout] test transform::memory_dse::tests::removes_overwritten_store_to_equivalent_base_offset_address ... ok
[INFO] [stdout] test transform::memory_dse::tests::removes_unused_internal_frame_store ... ok
[INFO] [stdout] test transform::memory_dse::tests::resolves_chained_forwarded_loads ... ok
[INFO] [stdout] test transform::storage_promotion::tests::promotes_external_storage_update_loop ... ok
[INFO] [stdout] test transform::memory_dse::tests::reuses_dominated_immutable_copy_load ... ok
[INFO] [stdout] test transform::storage_promotion::tests::promotes_invariant_symbolic_storage_slot ... ok
[INFO] [stdout] test transform::sccp::tests::immediate_for_type_preserves_result_types ... ok
[INFO] [stdout] test transform::storage_promotion::tests::promotes_storage_update_loop_without_preheader_store ... ok
[INFO] [stdout] test transform::storage_promotion::tests::promotes_store_only_loop_without_preheader_store ... ok
[INFO] [stdout] test transform::storage_promotion::tests::skips_non_external_functions ... ok
[INFO] [stdout] test transform::storage_promotion::tests::skips_loop_variant_symbolic_storage_slot ... ok
[INFO] [stdout] test transform::storage_promotion::tests::skips_symbolic_slot_with_possibly_aliasing_storage_load ... ok
[INFO] [stdout] test backend::evm::codegen::tests::stack_schedule_bridge_flag_is_bytecode_neutral ... ok
[INFO] [stdout] test backend::evm::ir::parse::tests::round_trip_all_evm_ir_fixtures ... FAILED
[INFO] [stdout] test mir::round_trip::round_trip_all_sol_files ... FAILED
[INFO] [stdout] test mir::round_trip::validate_all_lowered_sol_modules ... FAILED
[INFO] [stdout] test mir::round_trip::round_trip_all_mir_files ... FAILED
[INFO] [stdout] 
[INFO] [stdout] failures:
[INFO] [stdout] 
[INFO] [stdout] ---- backend::evm::ir::parse::tests::round_trip_all_evm_ir_fixtures stdout ----
[INFO] [stdout] 
[INFO] [stdout] thread 'backend::evm::ir::parse::tests::round_trip_all_evm_ir_fixtures' (1159) panicked at src/backend/evm/ir/parse.rs:790:9:
[INFO] [stdout] EVM IR fixture dir not found: /opt/rustwide/workdir/../../tests/ui/codegen/evm-ir
[INFO] [stdout] stack backtrace:
[INFO] [stdout]    0:     0x61557ffb8651 - std[617be2ca0a6fd877]::backtrace_rs::backtrace::libunwind::trace
[INFO] [stdout]                                at /rustc/e3feeb59cd1bdd011a2bfcc0747b55125d9b8527/library/std/src/../../backtrace/src/backtrace/libunwind.rs:117:9
[INFO] [stdout]    1:     0x61557ffb8651 - std[617be2ca0a6fd877]::backtrace_rs::backtrace::trace_unsynchronized::<std[617be2ca0a6fd877]::sys::backtrace::_print_fmt::{closure#1}>
[INFO] [stdout]                                at /rustc/e3feeb59cd1bdd011a2bfcc0747b55125d9b8527/library/std/src/../../backtrace/src/backtrace/mod.rs:66:14
[INFO] [stdout]    2:     0x61557ffb8651 - std[617be2ca0a6fd877]::sys::backtrace::_print_fmt
[INFO] [stdout]                                at /rustc/e3feeb59cd1bdd011a2bfcc0747b55125d9b8527/library/std/src/sys/backtrace.rs:74:9
[INFO] [stdout]    3:     0x61557ffb8651 - <<std[617be2ca0a6fd877]::sys::backtrace::BacktraceLock>::print::DisplayBacktrace as core[a373ad73a504971]::fmt::Display>::fmt
[INFO] [stdout]                                at /rustc/e3feeb59cd1bdd011a2bfcc0747b55125d9b8527/library/std/src/sys/backtrace.rs:44:26
[INFO] [stdout]    4:     0x61557ffcfc6a - <core[a373ad73a504971]::fmt::rt::Argument>::fmt
[INFO] [stdout]                                at /rustc/e3feeb59cd1bdd011a2bfcc0747b55125d9b8527/library/core/src/fmt/rt.rs:152:76
[INFO] [stdout]    5:     0x61557ffcfc6a - core[a373ad73a504971]::fmt::write
[INFO] [stdout]    6:     0x61557ffbdbdc - core[a373ad73a504971]::io::write::default_write_fmt::<alloc[2e1b2a31b91974c5]::vec::Vec<u8>>
[INFO] [stdout]                                at /rustc/e3feeb59cd1bdd011a2bfcc0747b55125d9b8527/library/core/src/io/write.rs:402:11
[INFO] [stdout]    7:     0x61557ffbdbdc - <alloc[2e1b2a31b91974c5]::vec::Vec<u8> as core[a373ad73a504971]::io::write::Write>::write_fmt
[INFO] [stdout]                                at /rustc/e3feeb59cd1bdd011a2bfcc0747b55125d9b8527/library/core/src/io/write.rs:335:13
[INFO] [stdout]    8:     0x61557ff92ac6 - <std[617be2ca0a6fd877]::sys::backtrace::BacktraceLock>::print
[INFO] [stdout]                                at /rustc/e3feeb59cd1bdd011a2bfcc0747b55125d9b8527/library/std/src/sys/backtrace.rs:47:9
[INFO] [stdout]    9:     0x61557ff92ac6 - std[617be2ca0a6fd877]::panicking::default_hook::{closure#0}
[INFO] [stdout]                                at /rustc/e3feeb59cd1bdd011a2bfcc0747b55125d9b8527/library/std/src/panicking.rs:289:27
[INFO] [stdout]   10:     0x61557ffafea9 - std[617be2ca0a6fd877]::panicking::default_hook
[INFO] [stdout]                                at /rustc/e3feeb59cd1bdd011a2bfcc0747b55125d9b8527/library/std/src/panicking.rs:313:9
[INFO] [stdout]   11:     0x61557f8cd060 - <alloc[2e1b2a31b91974c5]::boxed::Box<dyn for<'a, 'b> core[a373ad73a504971]::ops::function::Fn<(&'a std[617be2ca0a6fd877]::panic::PanicHookInfo<'b>,), Output = ()> + core[a373ad73a504971]::marker::Sync + core[a373ad73a504971]::marker::Send> as core[a373ad73a504971]::ops::function::Fn<(&std[617be2ca0a6fd877]::panic::PanicHookInfo,)>>::call
[INFO] [stdout]                                at /rustc/e3feeb59cd1bdd011a2bfcc0747b55125d9b8527/library/alloc/src/boxed.rs:2328:9
[INFO] [stdout]   12:     0x61557f8cd060 - test[aada8e7e76ba119b]::test_main_inner::{closure#0}
[INFO] [stdout]                                at /rustc/e3feeb59cd1bdd011a2bfcc0747b55125d9b8527/library/test/src/lib.rs:137:21
[INFO] [stdout]   13:     0x61557ffb01d2 - <alloc[2e1b2a31b91974c5]::boxed::Box<dyn for<'a, 'b> core[a373ad73a504971]::ops::function::Fn<(&'a std[617be2ca0a6fd877]::panic::PanicHookInfo<'b>,), Output = ()> + core[a373ad73a504971]::marker::Sync + core[a373ad73a504971]::marker::Send> as core[a373ad73a504971]::ops::function::Fn<(&std[617be2ca0a6fd877]::panic::PanicHookInfo,)>>::call
[INFO] [stdout]                                at /rustc/e3feeb59cd1bdd011a2bfcc0747b55125d9b8527/library/alloc/src/boxed.rs:2328:9
[INFO] [stdout]   14:     0x61557ffb01d2 - std[617be2ca0a6fd877]::panicking::panic_with_hook
[INFO] [stdout]                                at /rustc/e3feeb59cd1bdd011a2bfcc0747b55125d9b8527/library/std/src/panicking.rs:819:13
[INFO] [stdout]   15:     0x61557ff92b72 - std[617be2ca0a6fd877]::panicking::panic_handler::{closure#0}
[INFO] [stdout]                                at /rustc/e3feeb59cd1bdd011a2bfcc0747b55125d9b8527/library/std/src/panicking.rs:685:13
[INFO] [stdout]   16:     0x61557ff8b2f9 - std[617be2ca0a6fd877]::sys::backtrace::__rust_end_short_backtrace::<std[617be2ca0a6fd877]::panicking::panic_handler::{closure#0}, !>
[INFO] [stdout]                                at /rustc/e3feeb59cd1bdd011a2bfcc0747b55125d9b8527/library/std/src/sys/backtrace.rs:182:18
[INFO] [stdout]   17:     0x61557ff937fd - __rustc[ea4f61d10b84890b]::rust_begin_unwind
[INFO] [stdout]                                at /rustc/e3feeb59cd1bdd011a2bfcc0747b55125d9b8527/library/std/src/panicking.rs:676:5
[INFO] [stdout]   18:     0x61557ffd04bc - core[a373ad73a504971]::panicking::panic_fmt
[INFO] [stdout]                                at /rustc/e3feeb59cd1bdd011a2bfcc0747b55125d9b8527/library/core/src/panicking.rs:80:14
[INFO] [stdout]   19:     0x61557f8536ab - solar_codegen[c5499bb577d8e0fe]::backend::evm::ir::parse::tests::round_trip_all_evm_ir_fixtures
[INFO] [stdout]                                at /opt/rustwide/workdir/src/backend/evm/ir/parse.rs:790:9
[INFO] [stdout]   20:     0x61557f847017 - solar_codegen[c5499bb577d8e0fe]::backend::evm::ir::parse::tests::round_trip_all_evm_ir_fixtures::{closure#0}
[INFO] [stdout]                                at /opt/rustwide/workdir/src/backend/evm/ir/parse.rs:788:40
[INFO] [stdout]   21:     0x61557f73aa86 - <solar_codegen[c5499bb577d8e0fe]::backend::evm::ir::parse::tests::round_trip_all_evm_ir_fixtures::{closure#0} as core[a373ad73a504971]::ops::function::FnOnce<()>>::call_once
[INFO] [stdout]                                at /rustc/e3feeb59cd1bdd011a2bfcc0747b55125d9b8527/library/core/src/ops/function.rs:250:5
[INFO] [stdout]   22:     0x61557f8c04ab - <fn() -> core[a373ad73a504971]::result::Result<(), alloc[2e1b2a31b91974c5]::string::String> as core[a373ad73a504971]::ops::function::FnOnce<()>>::call_once
[INFO] [stdout]                                at /rustc/e3feeb59cd1bdd011a2bfcc0747b55125d9b8527/library/core/src/ops/function.rs:250:5
[INFO] [stdout]   23:     0x61557f8c04ab - test[aada8e7e76ba119b]::__rust_begin_short_backtrace::<core[a373ad73a504971]::result::Result<(), alloc[2e1b2a31b91974c5]::string::String>, fn() -> core[a373ad73a504971]::result::Result<(), alloc[2e1b2a31b91974c5]::string::String>>
[INFO] [stdout]                                at /rustc/e3feeb59cd1bdd011a2bfcc0747b55125d9b8527/library/test/src/lib.rs:701:18
[INFO] [stdout]   24:     0x61557f8cd685 - test[aada8e7e76ba119b]::run_test_in_process::{closure#0}
[INFO] [stdout]                                at /rustc/e3feeb59cd1bdd011a2bfcc0747b55125d9b8527/library/test/src/lib.rs:724:74
[INFO] [stdout]   25:     0x61557f8cd685 - <core[a373ad73a504971]::panic::unwind_safe::AssertUnwindSafe<test[aada8e7e76ba119b]::run_test_in_process::{closure#0}> as core[a373ad73a504971]::ops::function::FnOnce<()>>::call_once
[INFO] [stdout]                                at /rustc/e3feeb59cd1bdd011a2bfcc0747b55125d9b8527/library/core/src/panic/unwind_safe.rs:275:9
[INFO] [stdout]   26:     0x61557f8cd685 - std[617be2ca0a6fd877]::panicking::catch_unwind::do_call::<core[a373ad73a504971]::panic::unwind_safe::AssertUnwindSafe<test[aada8e7e76ba119b]::run_test_in_process::{closure#0}>, core[a373ad73a504971]::result::Result<(), alloc[2e1b2a31b91974c5]::string::String>>
[INFO] [stdout]                                at /rustc/e3feeb59cd1bdd011a2bfcc0747b55125d9b8527/library/std/src/panicking.rs:573:43
[INFO] [stdout]   27:     0x61557f8cd685 - std[617be2ca0a6fd877]::panicking::catch_unwind::<core[a373ad73a504971]::result::Result<(), alloc[2e1b2a31b91974c5]::string::String>, core[a373ad73a504971]::panic::unwind_safe::AssertUnwindSafe<test[aada8e7e76ba119b]::run_test_in_process::{closure#0}>>
[INFO] [stdout]                                at /rustc/e3feeb59cd1bdd011a2bfcc0747b55125d9b8527/library/std/src/panicking.rs:541:19
[INFO] [stdout]   28:     0x61557f8cd685 - std[617be2ca0a6fd877]::panic::catch_unwind::<core[a373ad73a504971]::panic::unwind_safe::AssertUnwindSafe<test[aada8e7e76ba119b]::run_test_in_process::{closure#0}>, core[a373ad73a504971]::result::Result<(), alloc[2e1b2a31b91974c5]::string::String>>
[INFO] [stdout]                                at /rustc/e3feeb59cd1bdd011a2bfcc0747b55125d9b8527/library/std/src/panic.rs:359:14
[INFO] [stdout]   29:     0x61557f8cd685 - test[aada8e7e76ba119b]::run_test_in_process
[INFO] [stdout]                                at /rustc/e3feeb59cd1bdd011a2bfcc0747b55125d9b8527/library/test/src/lib.rs:724:27
[INFO] [stdout]   30:     0x61557f8cd685 - test[aada8e7e76ba119b]::run_test::{closure#0}
[INFO] [stdout]                                at /rustc/e3feeb59cd1bdd011a2bfcc0747b55125d9b8527/library/test/src/lib.rs:645:43
[INFO] [stdout]   31:     0x61557f8c6f74 - test[aada8e7e76ba119b]::run_test::{closure#1}
[INFO] [stdout]                                at /rustc/e3feeb59cd1bdd011a2bfcc0747b55125d9b8527/library/test/src/lib.rs:675:41
[INFO] [stdout]   32:     0x61557f8c6f74 - std[617be2ca0a6fd877]::sys::backtrace::__rust_begin_short_backtrace::<test[aada8e7e76ba119b]::run_test::{closure#1}, ()>
[INFO] [stdout]                                at /rustc/e3feeb59cd1bdd011a2bfcc0747b55125d9b8527/library/std/src/sys/backtrace.rs:166:18
[INFO] [stdout]   33:     0x61557f8d0712 - std[617be2ca0a6fd877]::thread::lifecycle::spawn_unchecked::<test[aada8e7e76ba119b]::run_test::{closure#1}, ()>::{closure#1}::{closure#0}
[INFO] [stdout]                                at /rustc/e3feeb59cd1bdd011a2bfcc0747b55125d9b8527/library/std/src/thread/lifecycle.rs:70:13
[INFO] [stdout]   34:     0x61557f8d0712 - <core[a373ad73a504971]::panic::unwind_safe::AssertUnwindSafe<std[617be2ca0a6fd877]::thread::lifecycle::spawn_unchecked<test[aada8e7e76ba119b]::run_test::{closure#1}, ()>::{closure#1}::{closure#0}> as core[a373ad73a504971]::ops::function::FnOnce<()>>::call_once
[INFO] [stdout]                                at /rustc/e3feeb59cd1bdd011a2bfcc0747b55125d9b8527/library/core/src/panic/unwind_safe.rs:275:9
[INFO] [stdout]   35:     0x61557f8d0712 - std[617be2ca0a6fd877]::panicking::catch_unwind::do_call::<core[a373ad73a504971]::panic::unwind_safe::AssertUnwindSafe<std[617be2ca0a6fd877]::thread::lifecycle::spawn_unchecked<test[aada8e7e76ba119b]::run_test::{closure#1}, ()>::{closure#1}::{closure#0}>, ()>
[INFO] [stdout]                                at /rustc/e3feeb59cd1bdd011a2bfcc0747b55125d9b8527/library/std/src/panicking.rs:573:43
[INFO] [stdout]   36:     0x61557f8d0712 - std[617be2ca0a6fd877]::panicking::catch_unwind::<(), core[a373ad73a504971]::panic::unwind_safe::AssertUnwindSafe<std[617be2ca0a6fd877]::thread::lifecycle::spawn_unchecked<test[aada8e7e76ba119b]::run_test::{closure#1}, ()>::{closure#1}::{closure#0}>>
[INFO] [stdout]                                at /rustc/e3feeb59cd1bdd011a2bfcc0747b55125d9b8527/library/std/src/panicking.rs:541:19
[INFO] [stdout]   37:     0x61557f8d0712 - std[617be2ca0a6fd877]::panic::catch_unwind::<core[a373ad73a504971]::panic::unwind_safe::AssertUnwindSafe<std[617be2ca0a6fd877]::thread::lifecycle::spawn_unchecked<test[aada8e7e76ba119b]::run_test::{closure#1}, ()>::{closure#1}::{closure#0}>, ()>
[INFO] [stdout]                                at /rustc/e3feeb59cd1bdd011a2bfcc0747b55125d9b8527/library/std/src/panic.rs:359:14
[INFO] [stdout]   38:     0x61557f8d0712 - std[617be2ca0a6fd877]::thread::lifecycle::spawn_unchecked::<test[aada8e7e76ba119b]::run_test::{closure#1}, ()>::{closure#1}
[INFO] [stdout]                                at /rustc/e3feeb59cd1bdd011a2bfcc0747b55125d9b8527/library/std/src/thread/lifecycle.rs:68:26
[INFO] [stdout]   39:     0x61557f8d0712 - <std[617be2ca0a6fd877]::thread::lifecycle::spawn_unchecked<test[aada8e7e76ba119b]::run_test::{closure#1}, ()>::{closure#1} as core[a373ad73a504971]::ops::function::FnOnce<()>>::call_once::{shim:vtable#0}
[INFO] [stdout]                                at /rustc/e3feeb59cd1bdd011a2bfcc0747b55125d9b8527/library/core/src/ops/function.rs:250:5
[INFO] [stdout]   40:     0x61557ffb761f - <alloc[2e1b2a31b91974c5]::boxed::Box<dyn core[a373ad73a504971]::ops::function::FnOnce<(), Output = ()> + core[a373ad73a504971]::marker::Send> as core[a373ad73a504971]::ops::function::FnOnce<()>>::call_once
[INFO] [stdout]                                at /rustc/e3feeb59cd1bdd011a2bfcc0747b55125d9b8527/library/alloc/src/boxed.rs:2314:9
[INFO] [stdout]   41:     0x61557ffb761f - <std[617be2ca0a6fd877]::sys::thread::unix::Thread>::new::thread_start
[INFO] [stdout]                                at /rustc/e3feeb59cd1bdd011a2bfcc0747b55125d9b8527/library/std/src/sys/thread/unix.rs:127:17
[INFO] [stdout]   42:     0x7d5e732bedfa - <unknown>
[INFO] [stdout]   43:     0x7d5e733523d4 - clone
[INFO] [stdout]   44:                0x0 - <unknown>
[INFO] [stdout] 
[INFO] [stdout] ---- mir::round_trip::round_trip_all_sol_files stdout ----
[INFO] [stdout] 
[INFO] [stdout] thread 'mir::round_trip::round_trip_all_sol_files' (1412) panicked at src/mir/mod.rs:106:9:
[INFO] [stdout] ui codegen dir not found: /opt/rustwide/workdir/../../tests/ui/codegen
[INFO] [stdout] stack backtrace:
[INFO] [stdout]    0:     0x61557ffb8651 - std[617be2ca0a6fd877]::backtrace_rs::backtrace::libunwind::trace
[INFO] [stdout]                                at /rustc/e3feeb59cd1bdd011a2bfcc0747b55125d9b8527/library/std/src/../../backtrace/src/backtrace/libunwind.rs:117:9
[INFO] [stdout]    1:     0x61557ffb8651 - std[617be2ca0a6fd877]::backtrace_rs::backtrace::trace_unsynchronized::<std[617be2ca0a6fd877]::sys::backtrace::_print_fmt::{closure#1}>
[INFO] [stdout]                                at /rustc/e3feeb59cd1bdd011a2bfcc0747b55125d9b8527/library/std/src/../../backtrace/src/backtrace/mod.rs:66:14
[INFO] [stdout]    2:     0x61557ffb8651 - std[617be2ca0a6fd877]::sys::backtrace::_print_fmt
[INFO] [stdout]                                at /rustc/e3feeb59cd1bdd011a2bfcc0747b55125d9b8527/library/std/src/sys/backtrace.rs:74:9
[INFO] [stdout]    3:     0x61557ffb8651 - <<std[617be2ca0a6fd877]::sys::backtrace::BacktraceLock>::print::DisplayBacktrace as core[a373ad73a504971]::fmt::Display>::fmt
[INFO] [stdout]                                at /rustc/e3feeb59cd1bdd011a2bfcc0747b55125d9b8527/library/std/src/sys/backtrace.rs:44:26
[INFO] [stdout]    4:     0x61557ffcfc6a - <core[a373ad73a504971]::fmt::rt::Argument>::fmt
[INFO] [stdout]                                at /rustc/e3feeb59cd1bdd011a2bfcc0747b55125d9b8527/library/core/src/fmt/rt.rs:152:76
[INFO] [stdout]    5:     0x61557ffcfc6a - core[a373ad73a504971]::fmt::write
[INFO] [stdout]    6:     0x61557ffbdbdc - core[a373ad73a504971]::io::write::default_write_fmt::<alloc[2e1b2a31b91974c5]::vec::Vec<u8>>
[INFO] [stdout]                                at /rustc/e3feeb59cd1bdd011a2bfcc0747b55125d9b8527/library/core/src/io/write.rs:402:11
[INFO] [stdout]    7:     0x61557ffbdbdc - <alloc[2e1b2a31b91974c5]::vec::Vec<u8> as core[a373ad73a504971]::io::write::Write>::write_fmt
[INFO] [stdout]                                at /rustc/e3feeb59cd1bdd011a2bfcc0747b55125d9b8527/library/core/src/io/write.rs:335:13
[INFO] [stdout]    8:     0x61557ff92ac6 - <std[617be2ca0a6fd877]::sys::backtrace::BacktraceLock>::print
[INFO] [stdout]                                at /rustc/e3feeb59cd1bdd011a2bfcc0747b55125d9b8527/library/std/src/sys/backtrace.rs:47:9
[INFO] [stdout]    9:     0x61557ff92ac6 - std[617be2ca0a6fd877]::panicking::default_hook::{closure#0}
[INFO] [stdout]                                at /rustc/e3feeb59cd1bdd011a2bfcc0747b55125d9b8527/library/std/src/panicking.rs:289:27
[INFO] [stdout]   10:     0x61557ffafea9 - std[617be2ca0a6fd877]::panicking::default_hook
[INFO] [stdout]                                at /rustc/e3feeb59cd1bdd011a2bfcc0747b55125d9b8527/library/std/src/panicking.rs:313:9
[INFO] [stdout]   11:     0x61557f8cd060 - <alloc[2e1b2a31b91974c5]::boxed::Box<dyn for<'a, 'b> core[a373ad73a504971]::ops::function::Fn<(&'a std[617be2ca0a6fd877]::panic::PanicHookInfo<'b>,), Output = ()> + core[a373ad73a504971]::marker::Sync + core[a373ad73a504971]::marker::Send> as core[a373ad73a504971]::ops::function::Fn<(&std[617be2ca0a6fd877]::panic::PanicHookInfo,)>>::call
[INFO] [stdout]                                at /rustc/e3feeb59cd1bdd011a2bfcc0747b55125d9b8527/library/alloc/src/boxed.rs:2328:9
[INFO] [stdout]   12:     0x61557f8cd060 - test[aada8e7e76ba119b]::test_main_inner::{closure#0}
[INFO] [stdout]                                at /rustc/e3feeb59cd1bdd011a2bfcc0747b55125d9b8527/library/test/src/lib.rs:137:21
[INFO] [stdout]   13:     0x61557ffb01d2 - <alloc[2e1b2a31b91974c5]::boxed::Box<dyn for<'a, 'b> core[a373ad73a504971]::ops::function::Fn<(&'a std[617be2ca0a6fd877]::panic::PanicHookInfo<'b>,), Output = ()> + core[a373ad73a504971]::marker::Sync + core[a373ad73a504971]::marker::Send> as core[a373ad73a504971]::ops::function::Fn<(&std[617be2ca0a6fd877]::panic::PanicHookInfo,)>>::call
[INFO] [stdout]                                at /rustc/e3feeb59cd1bdd011a2bfcc0747b55125d9b8527/library/alloc/src/boxed.rs:2328:9
[INFO] [stdout]   14:     0x61557ffb01d2 - std[617be2ca0a6fd877]::panicking::panic_with_hook
[INFO] [stdout]                                at /rustc/e3feeb59cd1bdd011a2bfcc0747b55125d9b8527/library/std/src/panicking.rs:819:13
[INFO] [stdout]   15:     0x61557ff92b72 - std[617be2ca0a6fd877]::panicking::panic_handler::{closure#0}
[INFO] [stdout]                                at /rustc/e3feeb59cd1bdd011a2bfcc0747b55125d9b8527/library/std/src/panicking.rs:685:13
[INFO] [stdout]   16:     0x61557ff8b2f9 - std[617be2ca0a6fd877]::sys::backtrace::__rust_end_short_backtrace::<std[617be2ca0a6fd877]::panicking::panic_handler::{closure#0}, !>
[INFO] [stdout]                                at /rustc/e3feeb59cd1bdd011a2bfcc0747b55125d9b8527/library/std/src/sys/backtrace.rs:182:18
[INFO] [stdout]   17:     0x61557ff937fd - __rustc[ea4f61d10b84890b]::rust_begin_unwind
[INFO] [stdout]                                at /rustc/e3feeb59cd1bdd011a2bfcc0747b55125d9b8527/library/std/src/panicking.rs:676:5
[INFO] [stdout]   18:     0x61557ffd04bc - core[a373ad73a504971]::panicking::panic_fmt
[INFO] [stdout]                                at /rustc/e3feeb59cd1bdd011a2bfcc0747b55125d9b8527/library/core/src/panicking.rs:80:14
[INFO] [stdout]   19:     0x61557f85022b - solar_codegen[c5499bb577d8e0fe]::mir::round_trip::round_trip_all_sol_files
[INFO] [stdout]                                at /opt/rustwide/workdir/src/mir/mod.rs:106:9
[INFO] [stdout]   20:     0x61557f8439d7 - solar_codegen[c5499bb577d8e0fe]::mir::round_trip::round_trip_all_sol_files::{closure#0}
[INFO] [stdout]                                at /opt/rustwide/workdir/src/mir/mod.rs:104:34
[INFO] [stdout]   21:     0x61557f739906 - <solar_codegen[c5499bb577d8e0fe]::mir::round_trip::round_trip_all_sol_files::{closure#0} as core[a373ad73a504971]::ops::function::FnOnce<()>>::call_once
[INFO] [stdout]                                at /rustc/e3feeb59cd1bdd011a2bfcc0747b55125d9b8527/library/core/src/ops/function.rs:250:5
[INFO] [stdout]   22:     0x61557f8c04ab - <fn() -> core[a373ad73a504971]::result::Result<(), alloc[2e1b2a31b91974c5]::string::String> as core[a373ad73a504971]::ops::function::FnOnce<()>>::call_once
[INFO] [stdout]                                at /rustc/e3feeb59cd1bdd011a2bfcc0747b55125d9b8527/library/core/src/ops/function.rs:250:5
[INFO] [stdout]   23:     0x61557f8c04ab - test[aada8e7e76ba119b]::__rust_begin_short_backtrace::<core[a373ad73a504971]::result::Result<(), alloc[2e1b2a31b91974c5]::string::String>, fn() -> core[a373ad73a504971]::result::Result<(), alloc[2e1b2a31b91974c5]::string::String>>
[INFO] [stdout]                                at /rustc/e3feeb59cd1bdd011a2bfcc0747b55125d9b8527/library/test/src/lib.rs:701:18
[INFO] [stdout]   24:     0x61557f8cd685 - test[aada8e7e76ba119b]::run_test_in_process::{closure#0}
[INFO] [stdout]                                at /rustc/e3feeb59cd1bdd011a2bfcc0747b55125d9b8527/library/test/src/lib.rs:724:74
[INFO] [stdout]   25:     0x61557f8cd685 - <core[a373ad73a504971]::panic::unwind_safe::AssertUnwindSafe<test[aada8e7e76ba119b]::run_test_in_process::{closure#0}> as core[a373ad73a504971]::ops::function::FnOnce<()>>::call_once
[INFO] [stdout]                                at /rustc/e3feeb59cd1bdd011a2bfcc0747b55125d9b8527/library/core/src/panic/unwind_safe.rs:275:9
[INFO] [stdout]   26:     0x61557f8cd685 - std[617be2ca0a6fd877]::panicking::catch_unwind::do_call::<core[a373ad73a504971]::panic::unwind_safe::AssertUnwindSafe<test[aada8e7e76ba119b]::run_test_in_process::{closure#0}>, core[a373ad73a504971]::result::Result<(), alloc[2e1b2a31b91974c5]::string::String>>
[INFO] [stdout]                                at /rustc/e3feeb59cd1bdd011a2bfcc0747b55125d9b8527/library/std/src/panicking.rs:573:43
[INFO] [stdout]   27:     0x61557f8cd685 - std[617be2ca0a6fd877]::panicking::catch_unwind::<core[a373ad73a504971]::result::Result<(), alloc[2e1b2a31b91974c5]::string::String>, core[a373ad73a504971]::panic::unwind_safe::AssertUnwindSafe<test[aada8e7e76ba119b]::run_test_in_process::{closure#0}>>
[INFO] [stdout]                                at /rustc/e3feeb59cd1bdd011a2bfcc0747b55125d9b8527/library/std/src/panicking.rs:541:19
[INFO] [stdout]   28:     0x61557f8cd685 - std[617be2ca0a6fd877]::panic::catch_unwind::<core[a373ad73a504971]::panic::unwind_safe::AssertUnwindSafe<test[aada8e7e76ba119b]::run_test_in_process::{closure#0}>, core[a373ad73a504971]::result::Result<(), alloc[2e1b2a31b91974c5]::string::String>>
[INFO] [stdout]                                at /rustc/e3feeb59cd1bdd011a2bfcc0747b55125d9b8527/library/std/src/panic.rs:359:14
[INFO] [stdout]   29:     0x61557f8cd685 - test[aada8e7e76ba119b]::run_test_in_process
[INFO] [stdout]                                at /rustc/e3feeb59cd1bdd011a2bfcc0747b55125d9b8527/library/test/src/lib.rs:724:27
[INFO] [stdout]   30:     0x61557f8cd685 - test[aada8e7e76ba119b]::run_test::{closure#0}
[INFO] [stdout]                                at /rustc/e3feeb59cd1bdd011a2bfcc0747b55125d9b8527/library/test/src/lib.rs:645:43
[INFO] [stdout]   31:     0x61557f8c6f74 - test[aada8e7e76ba119b]::run_test::{closure#1}
[INFO] [stdout]                                at /rustc/e3feeb59cd1bdd011a2bfcc0747b55125d9b8527/library/test/src/lib.rs:675:41
[INFO] [stdout]   32:     0x61557f8c6f74 - std[617be2ca0a6fd877]::sys::backtrace::__rust_begin_short_backtrace::<test[aada8e7e76ba119b]::run_test::{closure#1}, ()>
[INFO] [stdout]                                at /rustc/e3feeb59cd1bdd011a2bfcc0747b55125d9b8527/library/std/src/sys/backtrace.rs:166:18
[INFO] [stdout]   33:     0x61557f8d0712 - std[617be2ca0a6fd877]::thread::lifecycle::spawn_unchecked::<test[aada8e7e76ba119b]::run_test::{closure#1}, ()>::{closure#1}::{closure#0}
[INFO] [stdout]                                at /rustc/e3feeb59cd1bdd011a2bfcc0747b55125d9b8527/library/std/src/thread/lifecycle.rs:70:13
[INFO] [stdout]   34:     0x61557f8d0712 - <core[a373ad73a504971]::panic::unwind_safe::AssertUnwindSafe<std[617be2ca0a6fd877]::thread::lifecycle::spawn_unchecked<test[aada8e7e76ba119b]::run_test::{closure#1}, ()>::{closure#1}::{closure#0}> as core[a373ad73a504971]::ops::function::FnOnce<()>>::call_once
[INFO] [stdout]                                at /rustc/e3feeb59cd1bdd011a2bfcc0747b55125d9b8527/library/core/src/panic/unwind_safe.rs:275:9
[INFO] [stdout]   35:     0x61557f8d0712 - std[617be2ca0a6fd877]::panicking::catch_unwind::do_call::<core[a373ad73a504971]::panic::unwind_safe::AssertUnwindSafe<std[617be2ca0a6fd877]::thread::lifecycle::spawn_unchecked<test[aada8e7e76ba119b]::run_test::{closure#1}, ()>::{closure#1}::{closure#0}>, ()>
[INFO] [stdout]                                at /rustc/e3feeb59cd1bdd011a2bfcc0747b55125d9b8527/library/std/src/panicking.rs:573:43
[INFO] [stdout]   36:     0x61557f8d0712 - std[617be2ca0a6fd877]::panicking::catch_unwind::<(), core[a373ad73a504971]::panic::unwind_safe::AssertUnwindSafe<std[617be2ca0a6fd877]::thread::lifecycle::spawn_unchecked<test[aada8e7e76ba119b]::run_test::{closure#1}, ()>::{closure#1}::{closure#0}>>
[INFO] [stdout]                                at /rustc/e3feeb59cd1bdd011a2bfcc0747b55125d9b8527/library/std/src/panicking.rs:541:19
[INFO] [stdout]   37:     0x61557f8d0712 - std[617be2ca0a6fd877]::panic::catch_unwind::<core[a373ad73a504971]::panic::unwind_safe::AssertUnwindSafe<std[617be2ca0a6fd877]::thread::lifecycle::spawn_unchecked<test[aada8e7e76ba119b]::run_test::{closure#1}, ()>::{closure#1}::{closure#0}>, ()>
[INFO] [stdout]                                at /rustc/e3feeb59cd1bdd011a2bfcc0747b55125d9b8527/library/std/src/panic.rs:359:14
[INFO] [stdout]   38:     0x61557f8d0712 - std[617be2ca0a6fd877]::thread::lifecycle::spawn_unchecked::<test[aada8e7e76ba119b]::run_test::{closure#1}, ()>::{closure#1}
[INFO] [stdout]                                at /rustc/e3feeb59cd1bdd011a2bfcc0747b55125d9b8527/library/std/src/thread/lifecycle.rs:68:26
[INFO] [stdout]   39:     0x61557f8d0712 - <std[617be2ca0a6fd877]::thread::lifecycle::spawn_unchecked<test[aada8e7e76ba119b]::run_test::{closure#1}, ()>::{closure#1} as core[a373ad73a504971]::ops::function::FnOnce<()>>::call_once::{shim:vtable#0}
[INFO] [stdout]                                at /rustc/e3feeb59cd1bdd011a2bfcc0747b55125d9b8527/library/core/src/ops/function.rs:250:5
[INFO] [stdout]   40:     0x61557ffb761f - <alloc[2e1b2a31b91974c5]::boxed::Box<dyn core[a373ad73a504971]::ops::function::FnOnce<(), Output = ()> + core[a373ad73a504971]::marker::Send> as core[a373ad73a504971]::ops::function::FnOnce<()>>::call_once
[INFO] [stdout]                                at /rustc/e3feeb59cd1bdd011a2bfcc0747b55125d9b8527/library/alloc/src/boxed.rs:2314:9
[INFO] [stdout]   41:     0x61557ffb761f - <std[617be2ca0a6fd877]::sys::thread::unix::Thread>::new::thread_start
[INFO] [stdout]                                at /rustc/e3feeb59cd1bdd011a2bfcc0747b55125d9b8527/library/std/src/sys/thread/unix.rs:127:17
[INFO] [stdout]   42:     0x7d5e732bedfa - <unknown>
[INFO] [stdout]   43:     0x7d5e733523d4 - clone
[INFO] [stdout]   44:                0x0 - <unknown>
[INFO] [stdout] 
[INFO] [stdout] ---- mir::round_trip::validate_all_lowered_sol_modules stdout ----
[INFO] [stdout] 
[INFO] [stdout] thread 'mir::round_trip::validate_all_lowered_sol_modules' (1438) panicked at src/mir/mod.rs:137:46:
[INFO] [stdout] called `Result::unwrap()` on an `Err` value: Os { code: 2, kind: NotFound, message: "No such file or directory" }
[INFO] [stdout] stack backtrace:
[INFO] [stdout]    0:     0x61557ffb8651 - std[617be2ca0a6fd877]::backtrace_rs::backtrace::libunwind::trace
[INFO] [stdout]                                at /rustc/e3feeb59cd1bdd011a2bfcc0747b55125d9b8527/library/std/src/../../backtrace/src/backtrace/libunwind.rs:117:9
[INFO] [stdout]    1:     0x61557ffb8651 - std[617be2ca0a6fd877]::backtrace_rs::backtrace::trace_unsynchronized::<std[617be2ca0a6fd877]::sys::backtrace::_print_fmt::{closure#1}>
[INFO] [stdout]                                at /rustc/e3feeb59cd1bdd011a2bfcc0747b55125d9b8527/library/std/src/../../backtrace/src/backtrace/mod.rs:66:14
[INFO] [stdout]    2:     0x61557ffb8651 - std[617be2ca0a6fd877]::sys::backtrace::_print_fmt
[INFO] [stdout]                                at /rustc/e3feeb59cd1bdd011a2bfcc0747b55125d9b8527/library/std/src/sys/backtrace.rs:74:9
[INFO] [stdout]    3:     0x61557ffb8651 - <<std[617be2ca0a6fd877]::sys::backtrace::BacktraceLock>::print::DisplayBacktrace as core[a373ad73a504971]::fmt::Display>::fmt
[INFO] [stdout]                                at /rustc/e3feeb59cd1bdd011a2bfcc0747b55125d9b8527/library/std/src/sys/backtrace.rs:44:26
[INFO] [stdout]    4:     0x61557ffcfc6a - <core[a373ad73a504971]::fmt::rt::Argument>::fmt
[INFO] [stdout]                                at /rustc/e3feeb59cd1bdd011a2bfcc0747b55125d9b8527/library/core/src/fmt/rt.rs:152:76
[INFO] [stdout]    5:     0x61557ffcfc6a - core[a373ad73a504971]::fmt::write
[INFO] [stdout]    6:     0x61557ffbdbdc - core[a373ad73a504971]::io::write::default_write_fmt::<alloc[2e1b2a31b91974c5]::vec::Vec<u8>>
[INFO] [stdout]                                at /rustc/e3feeb59cd1bdd011a2bfcc0747b55125d9b8527/library/core/src/io/write.rs:402:11
[INFO] [stdout]    7:     0x61557ffbdbdc - <alloc[2e1b2a31b91974c5]::vec::Vec<u8> as core[a373ad73a504971]::io::write::Write>::write_fmt
[INFO] [stdout]                                at /rustc/e3feeb59cd1bdd011a2bfcc0747b55125d9b8527/library/core/src/io/write.rs:335:13
[INFO] [stdout]    8:     0x61557ff92ac6 - <std[617be2ca0a6fd877]::sys::backtrace::BacktraceLock>::print
[INFO] [stdout]                                at /rustc/e3feeb59cd1bdd011a2bfcc0747b55125d9b8527/library/std/src/sys/backtrace.rs:47:9
[INFO] [stdout]    9:     0x61557ff92ac6 - std[617be2ca0a6fd877]::panicking::default_hook::{closure#0}
[INFO] [stdout]                                at /rustc/e3feeb59cd1bdd011a2bfcc0747b55125d9b8527/library/std/src/panicking.rs:289:27
[INFO] [stdout]   10:     0x61557ffafea9 - std[617be2ca0a6fd877]::panicking::default_hook
[INFO] [stdout]                                at /rustc/e3feeb59cd1bdd011a2bfcc0747b55125d9b8527/library/std/src/panicking.rs:313:9
[INFO] [stdout]   11:     0x61557f8cd060 - <alloc[2e1b2a31b91974c5]::boxed::Box<dyn for<'a, 'b> core[a373ad73a504971]::ops::function::Fn<(&'a std[617be2ca0a6fd877]::panic::PanicHookInfo<'b>,), Output = ()> + core[a373ad73a504971]::marker::Sync + core[a373ad73a504971]::marker::Send> as core[a373ad73a504971]::ops::function::Fn<(&std[617be2ca0a6fd877]::panic::PanicHookInfo,)>>::call
[INFO] [stdout]                                at /rustc/e3feeb59cd1bdd011a2bfcc0747b55125d9b8527/library/alloc/src/boxed.rs:2328:9
[INFO] [stdout]   12:     0x61557f8cd060 - test[aada8e7e76ba119b]::test_main_inner::{closure#0}
[INFO] [stdout]                                at /rustc/e3feeb59cd1bdd011a2bfcc0747b55125d9b8527/library/test/src/lib.rs:137:21
[INFO] [stdout]   13:     0x61557ffb01d2 - <alloc[2e1b2a31b91974c5]::boxed::Box<dyn for<'a, 'b> core[a373ad73a504971]::ops::function::Fn<(&'a std[617be2ca0a6fd877]::panic::PanicHookInfo<'b>,), Output = ()> + core[a373ad73a504971]::marker::Sync + core[a373ad73a504971]::marker::Send> as core[a373ad73a504971]::ops::function::Fn<(&std[617be2ca0a6fd877]::panic::PanicHookInfo,)>>::call
[INFO] [stdout]                                at /rustc/e3feeb59cd1bdd011a2bfcc0747b55125d9b8527/library/alloc/src/boxed.rs:2328:9
[INFO] [stdout]   14:     0x61557ffb01d2 - std[617be2ca0a6fd877]::panicking::panic_with_hook
[INFO] [stdout]                                at /rustc/e3feeb59cd1bdd011a2bfcc0747b55125d9b8527/library/std/src/panicking.rs:819:13
[INFO] [stdout]   15:     0x61557ff92b72 - std[617be2ca0a6fd877]::panicking::panic_handler::{closure#0}
[INFO] [stdout]                                at /rustc/e3feeb59cd1bdd011a2bfcc0747b55125d9b8527/library/std/src/panicking.rs:685:13
[INFO] [stdout]   16:     0x61557ff8b2f9 - std[617be2ca0a6fd877]::sys::backtrace::__rust_end_short_backtrace::<std[617be2ca0a6fd877]::panicking::panic_handler::{closure#0}, !>
[INFO] [stdout]                                at /rustc/e3feeb59cd1bdd011a2bfcc0747b55125d9b8527/library/std/src/sys/backtrace.rs:182:18
[INFO] [stdout]   17:     0x61557ff937fd - __rustc[ea4f61d10b84890b]::rust_begin_unwind
[INFO] [stdout]                                at /rustc/e3feeb59cd1bdd011a2bfcc0747b55125d9b8527/library/std/src/panicking.rs:676:5
[INFO] [stdout]   18:     0x61557ffd04bc - core[a373ad73a504971]::panicking::panic_fmt
[INFO] [stdout]                                at /rustc/e3feeb59cd1bdd011a2bfcc0747b55125d9b8527/library/core/src/panicking.rs:80:14
[INFO] [stdout]   19:     0x61557ffd01e2 - core[a373ad73a504971]::result::unwrap_failed
[INFO] [stdout]                                at /rustc/e3feeb59cd1bdd011a2bfcc0747b55125d9b8527/library/core/src/result.rs:1870:5
[INFO] [stdout]   20:     0x61557f850d79 - <core[a373ad73a504971]::result::Result<std[617be2ca0a6fd877]::fs::ReadDir, core[a373ad73a504971]::io::error::Error>>::unwrap
[INFO] [stdout]                                at /rustc/e3feeb59cd1bdd011a2bfcc0747b55125d9b8527/library/core/src/result.rs:1232:23
[INFO] [stdout]   21:     0x61557f850d79 - solar_codegen[c5499bb577d8e0fe]::mir::round_trip::validate_all_lowered_sol_modules
[INFO] [stdout]                                at /opt/rustwide/workdir/src/mir/mod.rs:137:46
[INFO] [stdout]   22:     0x61557f843a07 - solar_codegen[c5499bb577d8e0fe]::mir::round_trip::validate_all_lowered_sol_modules::{closure#0}
[INFO] [stdout]                                at /opt/rustwide/workdir/src/mir/mod.rs:131:42
[INFO] [stdout]   23:     0x61557f739926 - <solar_codegen[c5499bb577d8e0fe]::mir::round_trip::validate_all_lowered_sol_modules::{closure#0} as core[a373ad73a504971]::ops::function::FnOnce<()>>::call_once
[INFO] [stdout]                                at /rustc/e3feeb59cd1bdd011a2bfcc0747b55125d9b8527/library/core/src/ops/function.rs:250:5
[INFO] [stdout]   24:     0x61557f8c04ab - <fn() -> core[a373ad73a504971]::result::Result<(), alloc[2e1b2a31b91974c5]::string::String> as core[a373ad73a504971]::ops::function::FnOnce<()>>::call_once
[INFO] [stdout]                                at /rustc/e3feeb59cd1bdd011a2bfcc0747b55125d9b8527/library/core/src/ops/function.rs:250:5
[INFO] [stdout]   25:     0x61557f8c04ab - test[aada8e7e76ba119b]::__rust_begin_short_backtrace::<core[a373ad73a504971]::result::Result<(), alloc[2e1b2a31b91974c5]::string::String>, fn() -> core[a373ad73a504971]::result::Result<(), alloc[2e1b2a31b91974c5]::string::String>>
[INFO] [stdout]                                at /rustc/e3feeb59cd1bdd011a2bfcc0747b55125d9b8527/library/test/src/lib.rs:701:18
[INFO] [stdout]   26:     0x61557f8cd685 - test[aada8e7e76ba119b]::run_test_in_process::{closure#0}
[INFO] [stdout]                                at /rustc/e3feeb59cd1bdd011a2bfcc0747b55125d9b8527/library/test/src/lib.rs:724:74
[INFO] [stdout]   27:     0x61557f8cd685 - <core[a373ad73a504971]::panic::unwind_safe::AssertUnwindSafe<test[aada8e7e76ba119b]::run_test_in_process::{closure#0}> as core[a373ad73a504971]::ops::function::FnOnce<()>>::call_once
[INFO] [stdout]                                at /rustc/e3feeb59cd1bdd011a2bfcc0747b55125d9b8527/library/core/src/panic/unwind_safe.rs:275:9
[INFO] [stdout]   28:     0x61557f8cd685 - std[617be2ca0a6fd877]::panicking::catch_unwind::do_call::<core[a373ad73a504971]::panic::unwind_safe::AssertUnwindSafe<test[aada8e7e76ba119b]::run_test_in_process::{closure#0}>, core[a373ad73a504971]::result::Result<(), alloc[2e1b2a31b91974c5]::string::String>>
[INFO] [stdout]                                at /rustc/e3feeb59cd1bdd011a2bfcc0747b55125d9b8527/library/std/src/panicking.rs:573:43
[INFO] [stdout]   29:     0x61557f8cd685 - std[617be2ca0a6fd877]::panicking::catch_unwind::<core[a373ad73a504971]::result::Result<(), alloc[2e1b2a31b91974c5]::string::String>, core[a373ad73a504971]::panic::unwind_safe::AssertUnwindSafe<test[aada8e7e76ba119b]::run_test_in_process::{closure#0}>>
[INFO] [stdout]                                at /rustc/e3feeb59cd1bdd011a2bfcc0747b55125d9b8527/library/std/src/panicking.rs:541:19
[INFO] [stdout]   30:     0x61557f8cd685 - std[617be2ca0a6fd877]::panic::catch_unwind::<core[a373ad73a504971]::panic::unwind_safe::AssertUnwindSafe<test[aada8e7e76ba119b]::run_test_in_process::{closure#0}>, core[a373ad73a504971]::result::Result<(), alloc[2e1b2a31b91974c5]::string::String>>
[INFO] [stdout]                                at /rustc/e3feeb59cd1bdd011a2bfcc0747b55125d9b8527/library/std/src/panic.rs:359:14
[INFO] [stdout]   31:     0x61557f8cd685 - test[aada8e7e76ba119b]::run_test_in_process
[INFO] [stdout]                                at /rustc/e3feeb59cd1bdd011a2bfcc0747b55125d9b8527/library/test/src/lib.rs:724:27
[INFO] [stdout]   32:     0x61557f8cd685 - test[aada8e7e76ba119b]::run_test::{closure#0}
[INFO] [stdout]                                at /rustc/e3feeb59cd1bdd011a2bfcc0747b55125d9b8527/library/test/src/lib.rs:645:43
[INFO] [stdout]   33:     0x61557f8c6f74 - test[aada8e7e76ba119b]::run_test::{closure#1}
[INFO] [stdout]                                at /rustc/e3feeb59cd1bdd011a2bfcc0747b55125d9b8527/library/test/src/lib.rs:675:41
[INFO] [stdout]   34:     0x61557f8c6f74 - std[617be2ca0a6fd877]::sys::backtrace::__rust_begin_short_backtrace::<test[aada8e7e76ba119b]::run_test::{closure#1}, ()>
[INFO] [stdout]                                at /rustc/e3feeb59cd1bdd011a2bfcc0747b55125d9b8527/library/std/src/sys/backtrace.rs:166:18
[INFO] [stdout]   35:     0x61557f8d0712 - std[617be2ca0a6fd877]::thread::lifecycle::spawn_unchecked::<test[aada8e7e76ba119b]::run_test::{closure#1}, ()>::{closure#1}::{closure#0}
[INFO] [stdout]                                at /rustc/e3feeb59cd1bdd011a2bfcc0747b55125d9b8527/library/std/src/thread/lifecycle.rs:70:13
[INFO] [stdout]   36:     0x61557f8d0712 - <core[a373ad73a504971]::panic::unwind_safe::AssertUnwindSafe<std[617be2ca0a6fd877]::thread::lifecycle::spawn_unchecked<test[aada8e7e76ba119b]::run_test::{closure#1}, ()>::{closure#1}::{closure#0}> as core[a373ad73a504971]::ops::function::FnOnce<()>>::call_once
[INFO] [stdout]                                at /rustc/e3feeb59cd1bdd011a2bfcc0747b55125d9b8527/library/core/src/panic/unwind_safe.rs:275:9
[INFO] [stdout]   37:     0x61557f8d0712 - std[617be2ca0a6fd877]::panicking::catch_unwind::do_call::<core[a373ad73a504971]::panic::unwind_safe::AssertUnwindSafe<std[617be2ca0a6fd877]::thread::lifecycle::spawn_unchecked<test[aada8e7e76ba119b]::run_test::{closure#1}, ()>::{closure#1}::{closure#0}>, ()>
[INFO] [stdout]                                at /rustc/e3feeb59cd1bdd011a2bfcc0747b55125d9b8527/library/std/src/panicking.rs:573:43
[INFO] [stdout]   38:     0x61557f8d0712 - std[617be2ca0a6fd877]::panicking::catch_unwind::<(), core[a373ad73a504971]::panic::unwind_safe::AssertUnwindSafe<std[617be2ca0a6fd877]::thread::lifecycle::spawn_unchecked<test[aada8e7e76ba119b]::run_test::{closure#1}, ()>::{closure#1}::{closure#0}>>
[INFO] [stdout]                                at /rustc/e3feeb59cd1bdd011a2bfcc0747b55125d9b8527/library/std/src/panicking.rs:541:19
[INFO] [stdout]   39:     0x61557f8d0712 - std[617be2ca0a6fd877]::panic::catch_unwind::<core[a373ad73a504971]::panic::unwind_safe::AssertUnwindSafe<std[617be2ca0a6fd877]::thread::lifecycle::spawn_unchecked<test[aada8e7e76ba119b]::run_test::{closure#1}, ()>::{closure#1}::{closure#0}>, ()>
[INFO] [stdout]                                at /rustc/e3feeb59cd1bdd011a2bfcc0747b55125d9b8527/library/std/src/panic.rs:359:14
[INFO] [stdout]   40:     0x61557f8d0712 - std[617be2ca0a6fd877]::thread::lifecycle::spawn_unchecked::<test[aada8e7e76ba119b]::run_test::{closure#1}, ()>::{closure#1}
[INFO] [stdout]                                at /rustc/e3feeb59cd1bdd011a2bfcc0747b55125d9b8527/library/std/src/thread/lifecycle.rs:68:26
[INFO] [stdout]   41:     0x61557f8d0712 - <std[617be2ca0a6fd877]::thread::lifecycle::spawn_unchecked<test[aada8e7e76ba119b]::run_test::{closure#1}, ()>::{closure#1} as core[a373ad73a504971]::ops::function::FnOnce<()>>::call_once::{shim:vtable#0}
[INFO] [stdout]                                at /rustc/e3feeb59cd1bdd011a2bfcc0747b55125d9b8527/library/core/src/ops/function.rs:250:5
[INFO] [stdout]   42:     0x61557ffb761f - <alloc[2e1b2a31b91974c5]::boxed::Box<dyn core[a373ad73a504971]::ops::function::FnOnce<(), Output = ()> + core[a373ad73a504971]::marker::Send> as core[a373ad73a504971]::ops::function::FnOnce<()>>::call_once
[INFO] [stdout]                                at /rustc/e3feeb59cd1bdd011a2bfcc0747b55125d9b8527/library/alloc/src/boxed.rs:2314:9
[INFO] [stdout]   43:     0x61557ffb761f - <std[617be2ca0a6fd877]::sys::thread::unix::Thread>::new::thread_start
[INFO] [stdout]                                at /rustc/e3feeb59cd1bdd011a2bfcc0747b55125d9b8527/library/std/src/sys/thread/unix.rs:127:17
[INFO] [stdout]   44:     0x7d5e732bedfa - <unknown>
[INFO] [stdout]   45:     0x7d5e733523d4 - clone
[INFO] [stdout]   46:                0x0 - <unknown>
[INFO] [stdout] 
[INFO] [stdout] ---- mir::round_trip::round_trip_all_mir_files stdout ----
[INFO] [stdout] 
[INFO] [stdout] thread 'mir::round_trip::round_trip_all_mir_files' (1411) panicked at src/mir/mod.rs:201:9:
[INFO] [stdout] mir test dir not found: /opt/rustwide/workdir/../../tests/ui/codegen/mir
[INFO] [stdout] stack backtrace:
[INFO] [stdout]    0:     0x61557ffb8651 - std[617be2ca0a6fd877]::backtrace_rs::backtrace::libunwind::trace
[INFO] [stdout]                                at /rustc/e3feeb59cd1bdd011a2bfcc0747b55125d9b8527/library/std/src/../../backtrace/src/backtrace/libunwind.rs:117:9
[INFO] [stdout]    1:     0x61557ffb8651 - std[617be2ca0a6fd877]::backtrace_rs::backtrace::trace_unsynchronized::<std[617be2ca0a6fd877]::sys::backtrace::_print_fmt::{closure#1}>
[INFO] [stdout]                                at /rustc/e3feeb59cd1bdd011a2bfcc0747b55125d9b8527/library/std/src/../../backtrace/src/backtrace/mod.rs:66:14
[INFO] [stdout]    2:     0x61557ffb8651 - std[617be2ca0a6fd877]::sys::backtrace::_print_fmt
[INFO] [stdout]                                at /rustc/e3feeb59cd1bdd011a2bfcc0747b55125d9b8527/library/std/src/sys/backtrace.rs:74:9
[INFO] [stdout]    3:     0x61557ffb8651 - <<std[617be2ca0a6fd877]::sys::backtrace::BacktraceLock>::print::DisplayBacktrace as core[a373ad73a504971]::fmt::Display>::fmt
[INFO] [stdout]                                at /rustc/e3feeb59cd1bdd011a2bfcc0747b55125d9b8527/library/std/src/sys/backtrace.rs:44:26
[INFO] [stdout]    4:     0x61557ffcfc6a - <core[a373ad73a504971]::fmt::rt::Argument>::fmt
[INFO] [stdout]                                at /rustc/e3feeb59cd1bdd011a2bfcc0747b55125d9b8527/library/core/src/fmt/rt.rs:152:76
[INFO] [stdout]    5:     0x61557ffcfc6a - core[a373ad73a504971]::fmt::write
[INFO] [stdout]    6:     0x61557ffbdbdc - core[a373ad73a504971]::io::write::default_write_fmt::<alloc[2e1b2a31b91974c5]::vec::Vec<u8>>
[INFO] [stdout]                                at /rustc/e3feeb59cd1bdd011a2bfcc0747b55125d9b8527/library/core/src/io/write.rs:402:11
[INFO] [stdout]    7:     0x61557ffbdbdc - <alloc[2e1b2a31b91974c5]::vec::Vec<u8> as core[a373ad73a504971]::io::write::Write>::write_fmt
[INFO] [stdout]                                at /rustc/e3feeb59cd1bdd011a2bfcc0747b55125d9b8527/library/core/src/io/write.rs:335:13
[INFO] [stdout]    8:     0x61557ff92ac6 - <std[617be2ca0a6fd877]::sys::backtrace::BacktraceLock>::print
[INFO] [stdout]                                at /rustc/e3feeb59cd1bdd011a2bfcc0747b55125d9b8527/library/std/src/sys/backtrace.rs:47:9
[INFO] [stdout]    9:     0x61557ff92ac6 - std[617be2ca0a6fd877]::panicking::default_hook::{closure#0}
[INFO] [stdout]                                at /rustc/e3feeb59cd1bdd011a2bfcc0747b55125d9b8527/library/std/src/panicking.rs:289:27
[INFO] [stdout]   10:     0x61557ffafea9 - std[617be2ca0a6fd877]::panicking::default_hook
[INFO] [stdout]                                at /rustc/e3feeb59cd1bdd011a2bfcc0747b55125d9b8527/library/std/src/panicking.rs:313:9
[INFO] [stdout]   11:     0x61557f8cd060 - <alloc[2e1b2a31b91974c5]::boxed::Box<dyn for<'a, 'b> core[a373ad73a504971]::ops::function::Fn<(&'a std[617be2ca0a6fd877]::panic::PanicHookInfo<'b>,), Output = ()> + core[a373ad73a504971]::marker::Sync + core[a373ad73a504971]::marker::Send> as core[a373ad73a504971]::ops::function::Fn<(&std[617be2ca0a6fd877]::panic::PanicHookInfo,)>>::call
[INFO] [stdout]                                at /rustc/e3feeb59cd1bdd011a2bfcc0747b55125d9b8527/library/alloc/src/boxed.rs:2328:9
[INFO] [stdout]   12:     0x61557f8cd060 - test[aada8e7e76ba119b]::test_main_inner::{closure#0}
[INFO] [stdout]                                at /rustc/e3feeb59cd1bdd011a2bfcc0747b55125d9b8527/library/test/src/lib.rs:137:21
[INFO] [stdout]   13:     0x61557ffb01d2 - <alloc[2e1b2a31b91974c5]::boxed::Box<dyn for<'a, 'b> core[a373ad73a504971]::ops::function::Fn<(&'a std[617be2ca0a6fd877]::panic::PanicHookInfo<'b>,), Output = ()> + core[a373ad73a504971]::marker::Sync + core[a373ad73a504971]::marker::Send> as core[a373ad73a504971]::ops::function::Fn<(&std[617be2ca0a6fd877]::panic::PanicHookInfo,)>>::call
[INFO] [stdout]                                at /rustc/e3feeb59cd1bdd011a2bfcc0747b55125d9b8527/library/alloc/src/boxed.rs:2328:9
[INFO] [stdout]   14:     0x61557ffb01d2 - std[617be2ca0a6fd877]::panicking::panic_with_hook
[INFO] [stdout]                                at /rustc/e3feeb59cd1bdd011a2bfcc0747b55125d9b8527/library/std/src/panicking.rs:819:13
[INFO] [stdout]   15:     0x61557ff92b72 - std[617be2ca0a6fd877]::panicking::panic_handler::{closure#0}
[INFO] [stdout]                                at /rustc/e3feeb59cd1bdd011a2bfcc0747b55125d9b8527/library/std/src/panicking.rs:685:13
[INFO] [stdout]   16:     0x61557ff8b2f9 - std[617be2ca0a6fd877]::sys::backtrace::__rust_end_short_backtrace::<std[617be2ca0a6fd877]::panicking::panic_handler::{closure#0}, !>
[INFO] [stdout]                                at /rustc/e3feeb59cd1bdd011a2bfcc0747b55125d9b8527/library/std/src/sys/backtrace.rs:182:18
[INFO] [stdout]   17:     0x61557ff937fd - __rustc[ea4f61d10b84890b]::rust_begin_unwind
[INFO] [stdout]                                at /rustc/e3feeb59cd1bdd011a2bfcc0747b55125d9b8527/library/std/src/panicking.rs:676:5
[INFO] [stdout]   18:     0x61557ffd04bc - core[a373ad73a504971]::panicking::panic_fmt
[INFO] [stdout]                                at /rustc/e3feeb59cd1bdd011a2bfcc0747b55125d9b8527/library/core/src/panicking.rs:80:14
[INFO] [stdout]   19:     0x61557f84f665 - solar_codegen[c5499bb577d8e0fe]::mir::round_trip::round_trip_all_mir_files
[INFO] [stdout]                                at /opt/rustwide/workdir/src/mir/mod.rs:201:9
[INFO] [stdout]   20:     0x61557f8439a7 - solar_codegen[c5499bb577d8e0fe]::mir::round_trip::round_trip_all_mir_files::{closure#0}
[INFO] [stdout]                                at /opt/rustwide/workdir/src/mir/mod.rs:199:34
[INFO] [stdout]   21:     0x61557f7398e6 - <solar_codegen[c5499bb577d8e0fe]::mir::round_trip::round_trip_all_mir_files::{closure#0} as core[a373ad73a504971]::ops::function::FnOnce<()>>::call_once
[INFO] [stdout]                                at /rustc/e3feeb59cd1bdd011a2bfcc0747b55125d9b8527/library/core/src/ops/function.rs:250:5
[INFO] [stdout]   22:     0x61557f8c04ab - <fn() -> core[a373ad73a504971]::result::Result<(), alloc[2e1b2a31b91974c5]::string::String> as core[a373ad73a504971]::ops::function::FnOnce<()>>::call_once
[INFO] [stdout]                                at /rustc/e3feeb59cd1bdd011a2bfcc0747b55125d9b8527/library/core/src/ops/function.rs:250:5
[INFO] [stdout]   23:     0x61557f8c04ab - test[aada8e7e76ba119b]::__rust_begin_short_backtrace::<core[a373ad73a504971]::result::Result<(), alloc[2e1b2a31b91974c5]::string::String>, fn() -> core[a373ad73a504971]::result::Result<(), alloc[2e1b2a31b91974c5]::string::String>>
[INFO] [stdout]                                at /rustc/e3feeb59cd1bdd011a2bfcc0747b55125d9b8527/library/test/src/lib.rs:701:18
[INFO] [stdout]   24:     0x61557f8cd685 - test[aada8e7e76ba119b]::run_test_in_process::{closure#0}
[INFO] [stdout]                                at /rustc/e3feeb59cd1bdd011a2bfcc0747b55125d9b8527/library/test/src/lib.rs:724:74
[INFO] [stdout]   25:     0x61557f8cd685 - <core[a373ad73a504971]::panic::unwind_safe::AssertUnwindSafe<test[aada8e7e76ba119b]::run_test_in_process::{closure#0}> as core[a373ad73a504971]::ops::function::FnOnce<()>>::call_once
[INFO] [stdout]                                at /rustc/e3feeb59cd1bdd011a2bfcc0747b55125d9b8527/library/core/src/panic/unwind_safe.rs:275:9
[INFO] [stdout]   26:     0x61557f8cd685 - std[617be2ca0a6fd877]::panicking::catch_unwind::do_call::<core[a373ad73a504971]::panic::unwind_safe::AssertUnwindSafe<test[aada8e7e76ba119b]::run_test_in_process::{closure#0}>, core[a373ad73a504971]::result::Result<(), alloc[2e1b2a31b91974c5]::string::String>>
[INFO] [stdout]                                at /rustc/e3feeb59cd1bdd011a2bfcc0747b55125d9b8527/library/std/src/panicking.rs:573:43
[INFO] [stdout]   27:     0x61557f8cd685 - std[617be2ca0a6fd877]::panicking::catch_unwind::<core[a373ad73a504971]::result::Result<(), alloc[2e1b2a31b91974c5]::string::String>, core[a373ad73a504971]::panic::unwind_safe::AssertUnwindSafe<test[aada8e7e76ba119b]::run_test_in_process::{closure#0}>>
[INFO] [stdout]                                at /rustc/e3feeb59cd1bdd011a2bfcc0747b55125d9b8527/library/std/src/panicking.rs:541:19
[INFO] [stdout]   28:     0x61557f8cd685 - std[617be2ca0a6fd877]::panic::catch_unwind::<core[a373ad73a504971]::panic::unwind_safe::AssertUnwindSafe<test[aada8e7e76ba119b]::run_test_in_process::{closure#0}>, core[a373ad73a504971]::result::Result<(), alloc[2e1b2a31b91974c5]::string::String>>
[INFO] [stdout]                                at /rustc/e3feeb59cd1bdd011a2bfcc0747b55125d9b8527/library/std/src/panic.rs:359:14
[INFO] [stdout]   29:     0x61557f8cd685 - test[aada8e7e76ba119b]::run_test_in_process
[INFO] [stdout]                                at /rustc/e3feeb59cd1bdd011a2bfcc0747b55125d9b8527/library/test/src/lib.rs:724:27
[INFO] [stdout]   30:     0x61557f8cd685 - test[aada8e7e76ba119b]::run_test::{closure#0}
[INFO] [stdout]                                at /rustc/e3feeb59cd1bdd011a2bfcc0747b55125d9b8527/library/test/src/lib.rs:645:43
[INFO] [stdout]   31:     0x61557f8c6f74 - test[aada8e7e76ba119b]::run_test::{closure#1}
[INFO] [stdout]                                at /rustc/e3feeb59cd1bdd011a2bfcc0747b55125d9b8527/library/test/src/lib.rs:675:41
[INFO] [stdout]   32:     0x61557f8c6f74 - std[617be2ca0a6fd877]::sys::backtrace::__rust_begin_short_backtrace::<test[aada8e7e76ba119b]::run_test::{closure#1}, ()>
[INFO] [stdout]                                at /rustc/e3feeb59cd1bdd011a2bfcc0747b55125d9b8527/library/std/src/sys/backtrace.rs:166:18
[INFO] [stdout]   33:     0x61557f8d0712 - std[617be2ca0a6fd877]::thread::lifecycle::spawn_unchecked::<test[aada8e7e76ba119b]::run_test::{closure#1}, ()>::{closure#1}::{closure#0}
[INFO] [stdout]                                at /rustc/e3feeb59cd1bdd011a2bfcc0747b55125d9b8527/library/std/src/thread/lifecycle.rs:70:13
[INFO] [stdout]   34:     0x61557f8d0712 - <core[a373ad73a504971]::panic::unwind_safe::AssertUnwindSafe<std[617be2ca0a6fd877]::thread::lifecycle::spawn_unchecked<test[aada8e7e76ba119b]::run_test::{closure#1}, ()>::{closure#1}::{closure#0}> as core[a373ad73a504971]::ops::function::FnOnce<()>>::call_once
[INFO] [stdout]                                at /rustc/e3feeb59cd1bdd011a2bfcc0747b55125d9b8527/library/core/src/panic/unwind_safe.rs:275:9
[INFO] [stdout]   35:     0x61557f8d0712 - std[617be2ca0a6fd877]::panicking::catch_unwind::do_call::<core[a373ad73a504971]::panic::unwind_safe::AssertUnwindSafe<std[617be2ca0a6fd877]::thread::lifecycle::spawn_unchecked<test[aada8e7e76ba119b]::run_test::{closure#1}, ()>::{closure#1}::{closure#0}>, ()>
[INFO] [stdout]                                at /rustc/e3feeb59cd1bdd011a2bfcc0747b55125d9b8527/library/std/src/panicking.rs:573:43
[INFO] [stdout]   36:     0x61557f8d0712 - std[617be2ca0a6fd877]::panicking::catch_unwind::<(), core[a373ad73a504971]::panic::unwind_safe::AssertUnwindSafe<std[617be2ca0a6fd877]::thread::lifecycle::spawn_unchecked<test[aada8e7e76ba119b]::run_test::{closure#1}, ()>::{closure#1}::{closure#0}>>
[INFO] [stdout]                                at /rustc/e3feeb59cd1bdd011a2bfcc0747b55125d9b8527/library/std/src/panicking.rs:541:19
[INFO] [stdout]   37:     0x61557f8d0712 - std[617be2ca0a6fd877]::panic::catch_unwind::<core[a373ad73a504971]::panic::unwind_safe::AssertUnwindSafe<std[617be2ca0a6fd877]::thread::lifecycle::spawn_unchecked<test[aada8e7e76ba119b]::run_test::{closure#1}, ()>::{closure#1}::{closure#0}>, ()>
[INFO] [stdout]                                at /rustc/e3feeb59cd1bdd011a2bfcc0747b55125d9b8527/library/std/src/panic.rs:359:14
[INFO] [stdout]   38:     0x61557f8d0712 - std[617be2ca0a6fd877]::thread::lifecycle::spawn_unchecked::<test[aada8e7e76ba119b]::run_test::{closure#1}, ()>::{closure#1}
[INFO] [stdout]                                at /rustc/e3feeb59cd1bdd011a2bfcc0747b55125d9b8527/library/std/src/thread/lifecycle.rs:68:26
[INFO] [stdout]   39:     0x61557f8d0712 - <std[617be2ca0a6fd877]::thread::lifecycle::spawn_unchecked<test[aada8e7e76ba119b]::run_test::{closure#1}, ()>::{closure#1} as core[a373ad73a504971]::ops::function::FnOnce<()>>::call_once::{shim:vtable#0}
[INFO] [stdout]                                at /rustc/e3feeb59cd1bdd011a2bfcc0747b55125d9b8527/library/core/src/ops/function.rs:250:5
[INFO] [stdout]   40:     0x61557ffb761f - <alloc[2e1b2a31b91974c5]::boxed::Box<dyn core[a373ad73a504971]::ops::function::FnOnce<(), Output = ()> + core[a373ad73a504971]::marker::Send> as core[a373ad73a504971]::ops::function::FnOnce<()>>::call_once
[INFO] [stdout]                                at /rustc/e3feeb59cd1bdd011a2bfcc0747b55125d9b8527/library/alloc/src/boxed.rs:2314:9
[INFO] [stdout]   41:     0x61557ffb761f - <std[617be2ca0a6fd877]::sys::thread::unix::Thread>::new::thread_start
[INFO] [stdout]                                at /rustc/e3feeb59cd1bdd011a2bfcc0747b55125d9b8527/library/std/src/sys/thread/unix.rs:127:17
[INFO] [stdout]   42:     0x7d5e732bedfa - <unknown>
[INFO] [stdout]   43:     0x7d5e733523d4 - clone
[INFO] [stdout]   44:                0x0 - <unknown>
[INFO] [stdout] 
[INFO] [stdout] 
[INFO] [stdout] failures:
[INFO] [stdout]     backend::evm::ir::parse::tests::round_trip_all_evm_ir_fixtures
[INFO] [stdout]     mir::round_trip::round_trip_all_mir_files
[INFO] [stdout]     mir::round_trip::round_trip_all_sol_files
[INFO] [stdout]     mir::round_trip::validate_all_lowered_sol_modules
[INFO] [stdout] 
[INFO] [stdout] test result: FAILED. 170 passed; 4 failed; 0 ignored; 0 measured; 0 filtered out; finished in 0.26s
[INFO] [stdout] 
[INFO] [stderr] error: test failed, to rerun pass `--lib`
[INFO] running `Command { std: "docker" "inspect" "40c50889a8a6ca724eb8e20c9f15467886b444681bb6db4b0b68b23da2110f72", kill_on_drop: false }`
[INFO] running `Command { std: "docker" "rm" "-f" "40c50889a8a6ca724eb8e20c9f15467886b444681bb6db4b0b68b23da2110f72", kill_on_drop: false }`
[INFO] [stdout] 40c50889a8a6ca724eb8e20c9f15467886b444681bb6db4b0b68b23da2110f72
