[INFO] fetching crate solana-ed25519-adaptor 0.1.0...
[INFO] testing solana-ed25519-adaptor-0.1.0 against 1.99.0-beta.8 for beta-1.100-2
[INFO] extracting crate solana-ed25519-adaptor 0.1.0 into /workspace/builds/worker-7-tc1/source
[INFO] started tweaking crates.io crate solana-ed25519-adaptor 0.1.0
[INFO] removed 0 missing tests
[INFO] finished tweaking crates.io crate solana-ed25519-adaptor 0.1.0
[INFO] tweaked toml for crates.io crate solana-ed25519-adaptor 0.1.0 written to /workspace/builds/worker-7-tc1/source/Cargo.toml
[INFO] validating manifest of crates.io crate solana-ed25519-adaptor 0.1.0 on toolchain 1.99.0-beta.8
[INFO] running `Command { std: CARGO_HOME="/workspace/cargo-home" RUSTUP_HOME="/workspace/rustup-home" "/workspace/cargo-home/bin/cargo" "+1.99.0-beta.8" "metadata" "--manifest-path" "Cargo.toml" "--no-deps", kill_on_drop: false }`
[INFO] crate crates.io crate solana-ed25519-adaptor 0.1.0 already has a lockfile, it will not be regenerated
[INFO] running `Command { std: CARGO_HOME="/workspace/cargo-home" RUSTUP_HOME="/workspace/rustup-home" "/workspace/cargo-home/bin/cargo" "+1.99.0-beta.8" "fetch" "--manifest-path" "Cargo.toml", kill_on_drop: false }`
[INFO] [stderr]     Blocking waiting for file lock on package cache
[INFO] [stderr]     Updating crates.io index
[INFO] [stderr]     Blocking waiting for file lock on package cache
[INFO] [stderr]  Downloading crates ...
[INFO] [stderr]   Downloaded svm-unit-test-macros v0.1.5
[INFO] [stderr]   Downloaded solana-instruction v3.4.0
[INFO] [stderr]   Downloaded solana-pubkey v4.2.0
[INFO] [stderr]   Downloaded solana-address v2.6.0
[INFO] [stderr]   Downloaded svm-unit-test v0.1.5
[INFO] [stderr]   Downloaded solana-hash v4.3.0
[INFO] [stderr]   Downloaded solana-svm-transaction v4.0.0-rc.0
[INFO] [stderr]   Downloaded solana-account v3.4.0
[INFO] [stderr]   Downloaded void v1.0.2
[INFO] [stderr]   Downloaded solana-svm-log-collector v4.0.0-rc.0
[INFO] [stderr]   Downloaded solana-logger v3.0.0
[INFO] [stderr]   Downloaded rand_xorshift v0.3.0
[INFO] [stderr]   Downloaded unreachable v1.0.0
[INFO] [stderr]   Downloaded solana-rent v3.1.0
[INFO] [stderr]   Downloaded solana-slot-hashes v3.0.2
[INFO] [stderr]   Downloaded percentage v0.1.0
[INFO] [stderr]   Downloaded solana-slot-history v3.0.1
[INFO] [stderr]   Downloaded solana-nonce v3.2.0
[INFO] [stderr]   Downloaded solana-curve25519 v4.0.1
[INFO] [stderr]   Downloaded solana-fee-calculator v3.2.0
[INFO] [stderr]   Downloaded enum-iterator v2.3.0
[INFO] [stderr]   Downloaded enum-iterator-derive v1.5.0
[INFO] [stderr]   Downloaded solana-svm-measure v4.0.0-rc.0
[INFO] [stderr]   Downloaded solana-svm-callback v4.0.0-rc.0
[INFO] [stderr]   Downloaded solana-loader-v3-interface v6.1.1
[INFO] [stderr]   Downloaded proc-macro-crate v3.5.0
[INFO] [stderr]   Downloaded solana-transaction-error v3.2.0
[INFO] [stderr]   Downloaded solana-last-restart-slot v3.0.1
[INFO] [stderr]   Downloaded solana-clock v3.1.0
[INFO] [stderr]   Downloaded solana-fee-structure v3.0.0
[INFO] [stderr]   Downloaded env_filter v1.0.1
[INFO] [stderr]   Downloaded enum-ordinalize v4.3.2
[INFO] [stderr]   Downloaded hash32 v0.3.1
[INFO] [stderr]   Downloaded solana-epoch-rewards v3.0.2
[INFO] [stderr]   Downloaded solana-packet v4.1.0
[INFO] [stderr]   Downloaded darling_macro v0.21.3
[INFO] [stderr]   Downloaded solana-instruction-error v2.3.0
[INFO] [stderr]   Downloaded solana-epoch-schedule v3.1.0
[INFO] [stderr]   Downloaded radium v0.7.0
[INFO] [stderr]   Downloaded solana-poseidon v4.0.0
[INFO] [stderr]   Downloaded solana-secp256k1-recover v3.1.1
[INFO] [stderr]   Downloaded solana-define-syscall v5.1.0
[INFO] [stderr]   Downloaded solana-svm-timings v4.0.0-rc.0
[INFO] [stderr]   Downloaded solana-precompile-error v3.0.0
[INFO] [stderr]   Downloaded solana-bincode v3.1.0
[INFO] [stderr]   Downloaded solana-svm-feature-set v4.0.0-rc.0
[INFO] [stderr]   Downloaded solana-nonce-account v3.0.0
[INFO] [stderr]   Downloaded funty v2.0.0
[INFO] [stderr]   Downloaded solana-instructions-sysvar v3.0.1
[INFO] [stderr]   Downloaded solana-svm-type-overrides v4.0.0-rc.0
[INFO] [stderr]   Downloaded eager v0.1.0
[INFO] [stderr]   Downloaded num v0.2.1
[INFO] [stderr]   Downloaded solana-loader-v4-interface v3.1.0
[INFO] [stderr]   Downloaded tap v1.0.1
[INFO] [stderr]   Downloaded solana-transaction-context v4.0.0-rc.0
[INFO] [stderr]   Downloaded enum-ordinalize-derive v4.3.2
[INFO] [stderr]   Downloaded ark-serialize v0.5.0
[INFO] [stderr]   Downloaded ark-serialize-derive v0.5.0
[INFO] [stderr]   Downloaded ark-ff-asm v0.4.2
[INFO] [stderr]   Downloaded qualifier_attr v0.2.2
[INFO] [stderr]   Downloaded env_logger v0.11.10
[INFO] [stderr]   Downloaded solana-compute-budget v4.0.0-rc.0
[INFO] [stderr]   Downloaded solana-sysvar v3.1.1
[INFO] [stderr]   Downloaded solana-transaction v3.1.0
[INFO] [stderr]   Downloaded keccak v0.1.6
[INFO] [stderr]   Downloaded num-rational v0.2.4
[INFO] [stderr]   Downloaded ascii v0.9.3
[INFO] [stderr]   Downloaded num-complex v0.2.4
[INFO] [stderr]   Downloaded solana-signature v3.4.0
[INFO] [stderr]   Downloaded wyz v0.5.1
[INFO] [stderr]   Downloaded ark-std v0.5.0
[INFO] [stderr]   Downloaded rustc-demangle v0.1.27
[INFO] [stderr]   Downloaded solana-system-interface v3.2.0
[INFO] [stderr]   Downloaded solana-system-program v4.0.0-rc.0
[INFO] [stderr]   Downloaded solana-message v3.1.0
[INFO] [stderr]   Downloaded solana-stake-interface v2.0.2
[INFO] [stderr]   Downloaded solana-bpf-loader-program v4.0.0-rc.0
[INFO] [stderr]   Downloaded educe v0.6.0
[INFO] [stderr]   Downloaded wincode-derive v0.4.5
[INFO] [stderr]   Downloaded darling v0.21.3
[INFO] [stderr]   Downloaded bitflags v2.11.1
[INFO] [stderr]   Downloaded toml_parser v1.1.2+spec-1.1.0
[INFO] [stderr]   Downloaded signal-hook v0.3.18
[INFO] [stderr]   Downloaded portable-atomic-util v0.2.7
[INFO] [stderr]   Downloaded darling_core v0.21.3
[INFO] [stderr]   Downloaded toml_edit v0.25.11+spec-1.1.0
[INFO] [stderr]   Downloaded tinyvec v1.11.0
[INFO] [stderr]   Downloaded agave-syscalls v4.0.0-rc.0
[INFO] [stderr]   Downloaded ark-ff v0.5.0
[INFO] [stderr]   Downloaded pairing v0.23.0
[INFO] [stderr]   Downloaded borsh v1.6.1
[INFO] [stderr]   Downloaded borsh-derive v1.6.1
[INFO] [stderr]   Downloaded zerocopy-derive v0.8.48
[INFO] [stderr]   Downloaded solana-program-runtime v4.0.0-rc.0
[INFO] [stderr]   Downloaded jiff-static v0.2.24
[INFO] [stderr]   Downloaded wincode v0.5.4
[INFO] [stderr]   Downloaded mollusk-svm v0.12.1-agave-4.0
[INFO] [stderr]   Downloaded combine v3.8.1
[INFO] [stderr]   Downloaded rand v0.9.4
[INFO] [stderr]   Downloaded num-bigint v0.2.6
[INFO] [stderr]   Downloaded wasip2 v1.0.3+wasi-0.2.9
[INFO] [stderr]   Downloaded ark-bn254 v0.4.0
[INFO] [stderr]   Downloaded libsecp256k1-gen-ecmult v0.2.1
[INFO] [stderr]   Downloaded itertools v0.14.0
[INFO] [stderr]   Downloaded winnow v1.0.3
[INFO] [stderr]   Downloaded solana-sbpf v0.14.4
[INFO] [stderr]   Downloaded portable-atomic v1.13.1
[INFO] [stderr]   Downloaded bitvec v1.0.1
[INFO] [stderr]   Downloaded zerocopy v0.8.48
[INFO] [stderr]   Downloaded light-poseidon v0.4.0
[INFO] [stderr]   Downloaded threadpool v1.8.1
[INFO] [stderr]   Downloaded jiff v0.2.24
[INFO] [stderr]   Downloaded ark-serialize-derive v0.4.2
[INFO] [stderr]   Downloaded rand_chacha v0.2.2
[INFO] [stderr]   Downloaded mollusk-svm-error v0.12.1-agave-4.0
[INFO] [stderr]   Downloaded ark-ff-macros v0.5.0
[INFO] [stderr]   Downloaded solana-big-mod-exp v3.0.0
[INFO] [stderr]   Downloaded ark-ff-macros v0.4.2
[INFO] [stderr]   Downloaded ark-ff-asm v0.5.0
[INFO] [stderr]   Downloaded solana-define-syscall v3.0.0
[INFO] [stderr]   Downloaded ark-serialize v0.4.2
[INFO] [stderr]   Downloaded libsecp256k1-gen-genmult v0.2.1
[INFO] [stderr]   Downloaded byte-slice-cast v1.2.3
[INFO] [stderr]   Downloaded ark-poly v0.4.2
[INFO] [stderr]   Downloaded solana-signer v3.0.0
[INFO] [stderr]   Downloaded sha2 v0.9.9
[INFO] [stderr]   Downloaded solana-bn254 v3.2.1
[INFO] [stderr]   Downloaded libsecp256k1-core v0.2.2
[INFO] [stderr]   Downloaded libsecp256k1 v0.6.0
[INFO] [stderr]   Downloaded brine-ed25519 v0.7.0
[INFO] [stderr]   Downloaded ark-bn254 v0.5.0
[INFO] [stderr]   Downloaded ark-std v0.4.0
[INFO] [stderr]   Downloaded agave-bls12-381 v4.0.0-rc.0
[INFO] [stderr]   Downloaded mollusk-svm-result v0.12.1-agave-4.0
[INFO] [stderr]   Downloaded agave-feature-set v4.0.0-rc.0
[INFO] [stderr]   Downloaded getrandom v0.1.16
[INFO] [stderr]   Downloaded derivative v2.2.0
[INFO] [stderr]   Downloaded ark-ec v0.5.0
[INFO] [stderr]   Downloaded ark-poly v0.5.0
[INFO] [stderr]   Downloaded ark-ec v0.4.2
[INFO] [stderr]   Downloaded base64 v0.12.3
[INFO] [stderr]   Downloaded blstrs v0.7.1
[INFO] [stderr]   Downloaded wasi v0.9.0+wasi-snapshot-preview1
[INFO] [stderr]   Downloaded ark-ff v0.4.2
[INFO] [stderr]   Downloaded cc v1.2.62
[INFO] [stderr]   Downloaded hashbrown v0.13.2
[INFO] [stderr]   Downloaded rand v0.7.3
[INFO] [stderr]   Downloaded blst v0.3.16
[INFO] [stderr]   Downloaded light-poseidon v0.2.0
[INFO] [stderr]   Downloaded sha3 v0.10.9
[INFO] running `Command { std: "docker" "create" "-v" "/var/lib/crater-agent-workspace/builds/worker-7-tc1/source:/opt/rustwide/workdir:ro,Z" "-v" "/var/lib/crater-agent-workspace/builds/worker-7-tc1/target:/opt/rustwide/target:rw,Z" "-v" "/var/lib/crater-agent-workspace/cargo-home:/opt/rustwide/cargo-home:ro,Z" "-v" "/var/lib/crater-agent-workspace/rustup-home:/opt/rustwide/rustup-home:ro,Z" "-m" "1610612736" "--network" "none" "ghcr.io/rust-lang/crates-build-env/linux@sha256:3111399a4047eeb3a02b7a90e478d715f38a8c6669b5c4b49d30a17385265909" "sleep" "infinity", kill_on_drop: false }`
[INFO] [stdout] 9ae9bcb4c3b27deb2d4adf67e22e2368c35da2bc5625e90d5dbabad08a830288
[INFO] running `Command { std: "docker" "start" "9ae9bcb4c3b27deb2d4adf67e22e2368c35da2bc5625e90d5dbabad08a830288", kill_on_drop: false }`
[INFO] running `Command { std: "docker" "inspect" "9ae9bcb4c3b27deb2d4adf67e22e2368c35da2bc5625e90d5dbabad08a830288", kill_on_drop: false }`
[INFO] running `Command { std: "docker" "exec" "-e" "SOURCE_DIR=/opt/rustwide/workdir" "-e" "CARGO_HOME=/opt/rustwide/cargo-home" "-e" "RUSTUP_HOME=/opt/rustwide/rustup-home" "-e" "CARGO_TARGET_DIR=/opt/rustwide/target" "-w" "/opt/rustwide/workdir" "--user" "0:0" "9ae9bcb4c3b27deb2d4adf67e22e2368c35da2bc5625e90d5dbabad08a830288" "/opt/rustwide/cargo-home/bin/cargo" "+1.99.0-beta.8" "metadata" "--no-deps" "--format-version=1", kill_on_drop: false }`
[INFO] running `Command { std: "docker" "inspect" "9ae9bcb4c3b27deb2d4adf67e22e2368c35da2bc5625e90d5dbabad08a830288", kill_on_drop: false }`
[INFO] running `Command { std: "docker" "exec" "-e" "SOURCE_DIR=/opt/rustwide/workdir" "-e" "CARGO_HOME=/opt/rustwide/cargo-home" "-e" "RUSTUP_HOME=/opt/rustwide/rustup-home" "-e" "CARGO_TARGET_DIR=/opt/rustwide/target" "-e" "CARGO_INCREMENTAL=0" "-e" "RUST_BACKTRACE=full" "-e" "RUSTFLAGS=--cap-lints=warn" "-e" "RUSTDOCFLAGS=--cap-lints=warn" "-w" "/opt/rustwide/workdir" "--user" "0:0" "9ae9bcb4c3b27deb2d4adf67e22e2368c35da2bc5625e90d5dbabad08a830288" "/opt/rustwide/cargo-home/bin/cargo" "+1.99.0-beta.8" "build" "--frozen" "--message-format=json", kill_on_drop: false }`
[INFO] [stderr]    Compiling generic-array v0.14.7
[INFO] [stderr]    Compiling typenum v1.20.0
[INFO] [stderr]    Compiling quote v1.0.45
[INFO] [stderr]    Compiling cpufeatures v0.2.17
[INFO] [stderr]    Compiling subtle v2.6.1
[INFO] [stderr]    Compiling solana-address v2.6.0
[INFO] [stderr]    Compiling curve25519-dalek v4.1.3
[INFO] [stderr]    Compiling solana-program-error v3.0.1
[INFO] [stderr]    Compiling syn v2.0.117
[INFO] [stderr]    Compiling block-buffer v0.10.4
[INFO] [stderr]    Compiling crypto-common v0.1.7
[INFO] [stderr]    Compiling digest v0.10.7
[INFO] [stderr]    Compiling sha2 v0.10.9
[INFO] [stderr]    Compiling curve25519-dalek-derive v0.1.1
[INFO] [stderr]    Compiling brine-ed25519 v0.7.0
[INFO] [stderr]    Compiling solana-ed25519-adaptor v0.1.0 (/opt/rustwide/workdir)
[INFO] [stderr]     Finished `dev` profile [unoptimized + debuginfo] target(s) in 8.67s
[INFO] running `Command { std: "docker" "inspect" "9ae9bcb4c3b27deb2d4adf67e22e2368c35da2bc5625e90d5dbabad08a830288", kill_on_drop: false }`
[INFO] running `Command { std: "docker" "exec" "-e" "SOURCE_DIR=/opt/rustwide/workdir" "-e" "CARGO_HOME=/opt/rustwide/cargo-home" "-e" "RUSTUP_HOME=/opt/rustwide/rustup-home" "-e" "CARGO_TARGET_DIR=/opt/rustwide/target" "-e" "CARGO_INCREMENTAL=0" "-e" "RUST_BACKTRACE=full" "-e" "RUSTFLAGS=--cap-lints=warn" "-e" "RUSTDOCFLAGS=--cap-lints=warn" "-w" "/opt/rustwide/workdir" "--user" "0:0" "9ae9bcb4c3b27deb2d4adf67e22e2368c35da2bc5625e90d5dbabad08a830288" "/opt/rustwide/cargo-home/bin/cargo" "+1.99.0-beta.8" "test" "--frozen" "--no-run" "--message-format=json", kill_on_drop: false }`
[INFO] [stderr]    Compiling unicode-ident v1.0.24
[INFO] [stderr]    Compiling quote v1.0.45
[INFO] [stderr]    Compiling libc v0.2.186
[INFO] [stderr]    Compiling subtle v2.6.1
[INFO] [stderr]    Compiling generic-array v0.14.7
[INFO] [stderr]    Compiling const-oid v0.9.6
[INFO] [stderr]    Compiling num-traits v0.2.19
[INFO] [stderr]    Compiling five8_core v1.0.0
[INFO] [stderr]    Compiling solana-sanitize v3.0.1
[INFO] [stderr]    Compiling five8 v1.0.0
[INFO] [stderr]    Compiling curve25519-dalek v4.1.3
[INFO] [stderr]    Compiling proc-macro2 v1.0.106
[INFO] [stderr]    Compiling solana-atomic-u64 v3.0.1
[INFO] [stderr]    Compiling five8_const v1.0.0
[INFO] [stderr]    Compiling sha2-const-stable v0.1.0
[INFO] [stderr]    Compiling zerocopy v0.8.48
[INFO] [stderr]    Compiling either v1.16.0
[INFO] [stderr]    Compiling bs58 v0.5.1
[INFO] [stderr]    Compiling log v0.4.29
[INFO] [stderr]    Compiling once_cell v1.21.4
[INFO] [stderr]    Compiling solana-program-memory v3.1.0
[INFO] [stderr]    Compiling paste v1.0.15
[INFO] [stderr]    Compiling feature-probe v0.1.1
[INFO] [stderr]    Compiling bv v0.11.1
[INFO] [stderr]    Compiling syn v1.0.109
[INFO] [stderr]    Compiling memchr v2.8.0
[INFO] [stderr]    Compiling syn v2.0.117
[INFO] [stderr]    Compiling thiserror v2.0.18
[INFO] [stderr]    Compiling radium v0.7.0
[INFO] [stderr]    Compiling num-integer v0.1.46
[INFO] [stderr]    Compiling solana-define-syscall v4.0.1
[INFO] [stderr]    Compiling tap v1.0.1
[INFO] [stderr]    Compiling getrandom v0.2.17
[INFO] [stderr]    Compiling getrandom v0.3.4
[INFO] [stderr]    Compiling num-bigint v0.4.6
[INFO] [stderr]    Compiling rand_core v0.6.4
[INFO] [stderr]    Compiling wyz v0.5.1
[INFO] [stderr]    Compiling serde_bytes v0.11.19
[INFO] [stderr]    Compiling find-msvc-tools v0.1.9
[INFO] [stderr]    Compiling funty v2.0.0
[INFO] [stderr]    Compiling base64 v0.22.1
[INFO] [stderr]    Compiling cc v1.2.62
[INFO] [stderr]    Compiling bitvec v1.0.1
[INFO] [stderr]    Compiling crunchy v0.2.4
[INFO] [stderr]    Compiling rand_xorshift v0.3.0
[INFO] [stderr]    Compiling rand_core v0.9.5
[INFO] [stderr]    Compiling num-bigint v0.2.6
[INFO] [stderr]    Compiling itertools v0.13.0
[INFO] [stderr]    Compiling num-rational v0.2.4
[INFO] [stderr]    Compiling num-complex v0.2.4
[INFO] [stderr]    Compiling byteorder v1.5.0
[INFO] [stderr]    Compiling solana-msg v3.1.0
[INFO] [stderr]    Compiling void v1.0.2
[INFO] [stderr]    Compiling digest v0.9.0
[INFO] [stderr]    Compiling unreachable v1.0.0
[INFO] [stderr]    Compiling hashbrown v0.15.5
[INFO] [stderr]    Compiling itertools v0.10.5
[INFO] [stderr]    Compiling ascii v0.9.3
[INFO] [stderr]    Compiling getrandom v0.1.16
[INFO] [stderr]    Compiling bitflags v2.11.1
[INFO] [stderr]    Compiling ff v0.13.1
[INFO] [stderr]    Compiling libsecp256k1-core v0.2.2
[INFO] [stderr]    Compiling combine v3.8.1
[INFO] [stderr]    Compiling hash32 v0.3.1
[INFO] [stderr]    Compiling num-iter v0.1.45
[INFO] [stderr]    Compiling base16ct v0.2.0
[INFO] [stderr]    Compiling ppv-lite86 v0.2.21
[INFO] [stderr]    Compiling ahash v0.8.12
[INFO] [stderr]    Compiling rustc-demangle v0.1.27
[INFO] [stderr]    Compiling hashbrown v0.13.2
[INFO] [stderr]    Compiling num v0.2.1
[INFO] [stderr]    Compiling rand_chacha v0.3.1
[INFO] [stderr]    Compiling rand_chacha v0.9.0
[INFO] [stderr]    Compiling blst v0.3.16
[INFO] [stderr]    Compiling num_cpus v1.17.0
[INFO] [stderr]    Compiling rand v0.8.6
[INFO] [stderr]    Compiling solana-precompile-error v3.0.0
[INFO] [stderr]    Compiling rand v0.9.4
[INFO] [stderr]    Compiling solana-svm-feature-set v4.0.0-rc.0
[INFO] [stderr]    Compiling eager v0.1.0
[INFO] [stderr]    Compiling threadpool v1.8.1
[INFO] [stderr]    Compiling rand_core v0.5.1
[INFO] [stderr]    Compiling libsecp256k1-gen-genmult v0.2.1
[INFO] [stderr]    Compiling libsecp256k1-gen-ecmult v0.2.1
[INFO] [stderr]    Compiling percentage v0.1.0
[INFO] [stderr]    Compiling blake3 v1.8.5
[INFO] [stderr]    Compiling aho-corasick v1.1.4
[INFO] [stderr]    Compiling ark-std v0.5.0
[INFO] [stderr]    Compiling group v0.13.0
[INFO] [stderr]    Compiling ark-std v0.4.0
[INFO] [stderr]    Compiling solana-svm-type-overrides v4.0.0-rc.0
[INFO] [stderr]    Compiling solana-svm-log-collector v4.0.0-rc.0
[INFO] [stderr]    Compiling itertools v0.14.0
[INFO] [stderr]    Compiling regex-syntax v0.8.10
[INFO] [stderr]    Compiling solana-svm-measure v4.0.0-rc.0
[INFO] [stderr]    Compiling arrayref v0.3.9
[INFO] [stderr]    Compiling solana-fee-structure v3.0.0
[INFO] [stderr]    Compiling pairing v0.23.0
[INFO] [stderr]    Compiling libsecp256k1 v0.6.0
[INFO] [stderr]    Compiling ark-serialize-derive v0.4.2
[INFO] [stderr]    Compiling derivative v2.2.0
[INFO] [stderr]    Compiling ark-ff-macros v0.4.2
[INFO] [stderr]    Compiling ark-ff-asm v0.4.2
[INFO] [stderr]    Compiling zeroize_derive v1.4.3
[INFO] [stderr]    Compiling serde_derive v1.0.228
[INFO] [stderr]    Compiling zeroize v1.8.2
[INFO] [stderr]    Compiling bytemuck_derive v1.10.2
[INFO] [stderr]    Compiling curve25519-dalek-derive v0.1.1
[INFO] [stderr]    Compiling block-buffer v0.10.4
[INFO] [stderr]    Compiling crypto-common v0.1.7
[INFO] [stderr]    Compiling digest v0.10.7
[INFO] [stderr]    Compiling solana-sdk-macro v3.0.1
[INFO] [stderr]    Compiling thiserror-impl v2.0.18
[INFO] [stderr]    Compiling sha2 v0.10.9
[INFO] [stderr]    Compiling signature v2.2.0
[INFO] [stderr]    Compiling ed25519 v2.2.3
[INFO] [stderr]    Compiling enum-ordinalize-derive v4.3.2
[INFO] [stderr]    Compiling ark-serialize-derive v0.5.0
[INFO] [stderr]    Compiling qualifier_attr v0.2.2
[INFO] [stderr]    Compiling bytemuck v1.25.0
[INFO] [stderr]    Compiling enum-ordinalize v4.3.2
[INFO] [stderr]    Compiling ark-serialize v0.5.0
[INFO] [stderr]    Compiling educe v0.6.0
[INFO] [stderr]    Compiling hmac v0.12.1
[INFO] [stderr]    Compiling der v0.7.10
[INFO] [stderr]    Compiling ark-ff-asm v0.5.0
[INFO] [stderr]    Compiling ark-ff-macros v0.5.0
[INFO] [stderr]    Compiling ark-serialize v0.4.2
[INFO] [stderr]    Compiling enum-iterator-derive v1.5.0
[INFO] [stderr]    Compiling crypto-bigint v0.5.5
[INFO] [stderr]    Compiling solana-sbpf v0.14.4
[INFO] [stderr]    Compiling ark-ff v0.4.2
[INFO] [stderr]    Compiling thiserror-impl v1.0.69
[INFO] [stderr]    Compiling spki v0.7.3
[INFO] [stderr]    Compiling pkcs8 v0.10.2
[INFO] [stderr]    Compiling serde v1.0.228
[INFO] [stderr]    Compiling enum-iterator v2.3.0
[INFO] [stderr]    Compiling sec1 v0.7.3
[INFO] [stderr]    Compiling thiserror v1.0.69
[INFO] [stderr]    Compiling rfc6979 v0.4.0
[INFO] [stderr]    Compiling elliptic-curve v0.13.8
[INFO] [stderr]    Compiling block-buffer v0.9.0
[INFO] [stderr]    Compiling regex-automata v0.4.14
[INFO] [stderr]    Compiling solana-hash v4.3.0
[INFO] [stderr]    Compiling solana-sha256-hasher v3.1.0
[INFO] [stderr]    Compiling solana-instruction-error v2.3.0
[INFO] [stderr]    Compiling bincode v1.3.3
[INFO] [stderr]    Compiling solana-fee-calculator v3.2.0
[INFO] [stderr]    Compiling solana-transaction-error v3.2.0
[INFO] [stderr]    Compiling ark-ff v0.5.0
[INFO] [stderr]    Compiling ecdsa v0.16.9
[INFO] [stderr]    Compiling solana-address v2.6.0
[INFO] [stderr]    Compiling solana-pubkey v4.2.0
[INFO] [stderr]    Compiling solana-sdk-ids v3.1.0
[INFO] [stderr]    Compiling solana-instruction v3.4.0
[INFO] [stderr]    Compiling solana-sysvar-id v3.1.0
[INFO] [stderr]    Compiling solana-account-info v3.1.1
[INFO] [stderr]    Compiling solana-epoch-schedule v3.1.0
[INFO] [stderr]    Compiling solana-program-entrypoint v3.1.1
[INFO] [stderr]    Compiling solana-slot-hashes v3.0.2
[INFO] [stderr]    Compiling solana-clock v3.1.0
[INFO] [stderr]    Compiling solana-slot-history v3.0.1
[INFO] [stderr]    Compiling solana-last-restart-slot v3.0.1
[INFO] [stderr]    Compiling solana-rent v3.1.0
[INFO] [stderr]    Compiling solana-epoch-rewards v3.0.2
[INFO] [stderr]    Compiling solana-address v1.1.0
[INFO] [stderr]    Compiling ed25519-dalek v2.2.0
[INFO] [stderr]    Compiling solana-pubkey v3.0.0
[INFO] [stderr]    Compiling solana-sysvar v3.1.1
[INFO] [stderr]    Compiling solana-message v3.1.0
[INFO] [stderr]    Compiling solana-system-interface v2.0.0
[INFO] [stderr]    Compiling solana-signature v3.4.0
[INFO] [stderr]    Compiling solana-account v3.4.0
[INFO] [stderr]    Compiling solana-serialize-utils v3.1.2
[INFO] [stderr]    Compiling solana-instructions-sysvar v3.0.1
[INFO] [stderr]    Compiling solana-transaction v3.1.0
[INFO] [stderr]    Compiling solana-cpi v3.1.0
[INFO] [stderr]    Compiling solana-svm-transaction v4.0.0-rc.0
[INFO] [stderr]    Compiling solana-stake-interface v2.0.2
[INFO] [stderr]    Compiling solana-transaction-context v4.0.0-rc.0
[INFO] [stderr]    Compiling solana-svm-callback v4.0.0-rc.0
[INFO] [stderr]    Compiling solana-loader-v3-interface v6.1.1
[INFO] [stderr]    Compiling solana-system-interface v3.2.0
[INFO] [stderr]    Compiling solana-stable-layout v3.0.1
[INFO] [stderr]    Compiling solana-svm-timings v4.0.0-rc.0
[INFO] [stderr]    Compiling rand_chacha v0.2.2
[INFO] [stderr]    Compiling utf8parse v0.2.2
[INFO] [stderr]    Compiling solana-program-runtime v4.0.0-rc.0
[INFO] [stderr]    Compiling keccak v0.1.6
[INFO] [stderr]    Compiling opaque-debug v0.3.1
[INFO] [stderr]    Compiling ark-poly v0.4.2
[INFO] [stderr]    Compiling constant_time_eq v0.4.2
[INFO] [stderr]    Compiling byte-slice-cast v1.2.3
[INFO] [stderr]    Compiling sha2 v0.9.9
[INFO] [stderr]    Compiling sha3 v0.10.9
[INFO] [stderr]    Compiling blstrs v0.7.1
[INFO] [stderr]    Compiling anstyle-parse v1.0.0
[INFO] [stderr]    Compiling rand v0.7.3
[INFO] [stderr]    Compiling regex v1.12.3
[INFO] [stderr]    Compiling k256 v0.13.4
[INFO] [stderr]    Compiling ark-ec v0.4.2
[INFO] [stderr]    Compiling pbkdf2 v0.11.0
[INFO] [stderr]    Compiling errno v0.3.14
[INFO] [stderr]    Compiling anstyle v1.0.14
[INFO] [stderr]    Compiling anstyle-query v1.1.5
[INFO] [stderr]    Compiling base64 v0.12.3
[INFO] [stderr]    Compiling is_terminal_polyfill v1.70.2
[INFO] [stderr]    Compiling signal-hook v0.3.18
[INFO] [stderr]    Compiling colorchoice v1.0.5
[INFO] [stderr]    Compiling anstream v1.0.0
[INFO] [stderr]    Compiling signal-hook-registry v1.4.8
[INFO] [stderr]    Compiling solana-secp256k1-recover v3.1.1
[INFO] [stderr]    Compiling solana-seed-phrase v3.0.0
[INFO] [stderr]    Compiling agave-bls12-381 v4.0.0-rc.0
[INFO] [stderr]    Compiling env_filter v1.0.1
[INFO] [stderr]    Compiling solana-blake3-hasher v3.1.0
[INFO] [stderr]    Compiling solana-keccak-hasher v3.1.0
[INFO] [stderr]    Compiling solana-signer v3.0.0
[INFO] [stderr]    Compiling solana-packet v4.1.0
[INFO] [stderr]    Compiling solana-nonce v3.2.0
[INFO] [stderr]    Compiling solana-curve25519 v4.0.1
[INFO] [stderr]    Compiling ark-poly v0.5.0
[INFO] [stderr]    Compiling solana-bincode v3.1.0
[INFO] [stderr]    Compiling solana-hash v3.1.0
[INFO] [stderr]    Compiling solana-big-mod-exp v3.0.0
[INFO] [stderr]    Compiling jiff v0.2.24
[INFO] [stderr]    Compiling solana-nonce-account v3.0.0
[INFO] [stderr]    Compiling solana-keypair v3.1.2
[INFO] [stderr]    Compiling ark-bn254 v0.4.0
[INFO] [stderr]    Compiling solana-loader-v4-interface v3.1.0
[INFO] [stderr]    Compiling light-poseidon v0.2.0
[INFO] [stderr]    Compiling agave-feature-set v4.0.0-rc.0
[INFO] [stderr]    Compiling solana-system-program v4.0.0-rc.0
[INFO] [stderr]    Compiling ark-ec v0.5.0
[INFO] [stderr]    Compiling solana-compute-budget v4.0.0-rc.0
[INFO] [stderr]    Compiling mollusk-svm-result v0.12.1-agave-4.0
[INFO] [stderr]    Compiling mollusk-svm-error v0.12.1-agave-4.0
[INFO] [stderr]    Compiling brine-ed25519 v0.7.0
[INFO] [stderr]    Compiling svm-unit-test-macros v0.1.5
[INFO] [stderr]    Compiling pathdiff v0.2.3
[INFO] [stderr]    Compiling solana-ed25519-adaptor v0.1.0 (/opt/rustwide/workdir)
[INFO] [stderr]    Compiling ark-bn254 v0.5.0
[INFO] [stderr]    Compiling light-poseidon v0.4.0
[INFO] [stderr]    Compiling solana-bn254 v3.2.1
[INFO] [stderr]    Compiling env_logger v0.11.10
[INFO] [stderr]    Compiling solana-logger v3.0.0
[INFO] [stderr]    Compiling solana-poseidon v4.0.0
[INFO] [stderr]    Compiling agave-syscalls v4.0.0-rc.0
[INFO] [stderr]    Compiling solana-bpf-loader-program v4.0.0-rc.0
[INFO] [stderr]    Compiling mollusk-svm v0.12.1-agave-4.0
[INFO] [stderr]    Compiling svm-unit-test v0.1.5
[INFO] [stderr]     Finished `test` profile [unoptimized + debuginfo] target(s) in 2m 47s
[INFO] running `Command { std: "docker" "inspect" "9ae9bcb4c3b27deb2d4adf67e22e2368c35da2bc5625e90d5dbabad08a830288", kill_on_drop: false }`
[INFO] running `Command { std: "docker" "exec" "-e" "SOURCE_DIR=/opt/rustwide/workdir" "-e" "CARGO_HOME=/opt/rustwide/cargo-home" "-e" "RUSTUP_HOME=/opt/rustwide/rustup-home" "-e" "CARGO_TARGET_DIR=/opt/rustwide/target" "-e" "CARGO_INCREMENTAL=0" "-e" "RUST_BACKTRACE=full" "-e" "RUSTFLAGS=--cap-lints=warn" "-e" "RUSTDOCFLAGS=--cap-lints=warn" "-w" "/opt/rustwide/workdir" "--user" "0:0" "9ae9bcb4c3b27deb2d4adf67e22e2368c35da2bc5625e90d5dbabad08a830288" "/opt/rustwide/cargo-home/bin/cargo" "+1.99.0-beta.8" "test" "--frozen", kill_on_drop: false }`
[INFO] [stderr]     Finished `test` profile [unoptimized + debuginfo] target(s) in 0.39s
[INFO] [stderr]      Running unittests src/lib.rs (/opt/rustwide/target/debug/deps/solana_ed25519_adaptor-3cafcb684de0ec40)
[INFO] [stdout] 
[INFO] [stdout] running 13 tests
[INFO] [stdout] test scalar::tests::negate_zero_is_zero ... ok
[INFO] [stdout] test tests::presign_rejects_negated_statement ... ok
[INFO] [stdout] test tests::extract_recovers_witness ... ok
[INFO] [stdout] test tests::preverify_rejects_negated_statement_collision ... ok
[INFO] [stdout] test tests::preverify_rejects_offcurve_statement ... ok
[INFO] [stdout] test tests::statement_is_on_curve ... ok
[INFO] [stdout] test tests::adapt_with_wrong_witness_does_not_verify ... ok
[INFO] [stdout] test scalar::tests::reduce_wide_matches_dalek ... ok
[INFO] [stdout] test tests::e2e ... ok
[INFO] [stdout] test tests::preverify_rejects_wrong_message ... ok
[INFO] [stdout] test tests::preverify_rejects_tampered_s_prime ... ok
[INFO] [stdout] test tests::preverify_rejects_wrong_statement ... ok
[INFO] [stdout] test scalar::tests::arithmetic_matches_dalek ... ok
[INFO] [stdout] 
[INFO] [stdout] test result: ok. 13 passed; 0 failed; 0 ignored; 0 measured; 0 filtered out; finished in 0.31s
[INFO] [stdout] 
[INFO] [stdout] 
[INFO] [stdout] running 4 tests
[INFO] [stderr]      Running tests/sbpf.rs (/opt/rustwide/target/debug/deps/sbpf-f97ea96758211f94)
[INFO] [stderr] error: no such command: `build-sbf`
[INFO] [stderr] 
[INFO] [stderr] help: view all installed commands with `cargo --list`
[INFO] [stderr] help: find a package to install `build-sbf` with `cargo search cargo-build-sbf`
[INFO] [stderr] error: no such command: `build-sbf`
[INFO] [stderr] 
[INFO] [stderr] help: view all installed commands with `cargo --list`
[INFO] [stderr] help: find a package to install `build-sbf` with `cargo search cargo-build-sbf`
[INFO] [stderr] error: no such command: `build-sbf`
[INFO] [stderr] 
[INFO] [stderr] help: view all installed commands with `cargo --list`
[INFO] [stderr] help: find a package to install `build-sbf` with `cargo search cargo-build-sbf`
[INFO] [stderr] error: no such command: `build-sbf`
[INFO] [stderr] 
[INFO] [stderr] help: view all installed commands with `cargo --list`
[INFO] [stderr] help: find a package to install `build-sbf` with `cargo search cargo-build-sbf`
[INFO] [stdout] test bench_presign ... FAILED
[INFO] [stdout] test bench_extract ... FAILED
[INFO] [stdout] test bench_preverify ... FAILED
[INFO] [stdout] test bench_adapt ... FAILED
[INFO] [stdout] 
[INFO] [stdout] failures:
[INFO] [stdout] 
[INFO] [stdout] ---- bench_presign stdout ----
[INFO] [stdout] 
[INFO] [stdout] thread 'bench_presign' (3407) panicked at /opt/rustwide/cargo-home/registry/src/index.crates.io-1949cf8c6b5b557f/svm-unit-test-0.1.5/src/builder.rs:133:5:
[INFO] [stdout] `cargo build-sbf` failed for svm_test `bench_presign` (manifest: /opt/rustwide/target/tmp/suite-0269231cf891323b/build/bench_presign/Cargo.toml)
[INFO] [stdout] stack backtrace:
[INFO] [stdout]    0:     0x5ba92924f061 - std[70759c8f55707aa4]::backtrace_rs::backtrace::libunwind::trace
[INFO] [stdout]                                at /rustc/dfb0accb7f508ae8be965d8629557221c889dd98/library/std/src/../../backtrace/src/backtrace/libunwind.rs:117:9
[INFO] [stdout]    1:     0x5ba92924f061 - std[70759c8f55707aa4]::backtrace_rs::backtrace::trace_unsynchronized::<std[70759c8f55707aa4]::sys::backtrace::_print_fmt::{closure#1}>
[INFO] [stdout]                                at /rustc/dfb0accb7f508ae8be965d8629557221c889dd98/library/std/src/../../backtrace/src/backtrace/mod.rs:66:14
[INFO] [stdout]    2:     0x5ba92924f061 - std[70759c8f55707aa4]::sys::backtrace::_print_fmt
[INFO] [stdout]                                at /rustc/dfb0accb7f508ae8be965d8629557221c889dd98/library/std/src/sys/backtrace.rs:74:9
[INFO] [stdout]    3:     0x5ba92924f061 - <<std[70759c8f55707aa4]::sys::backtrace::BacktraceLock>::print::DisplayBacktrace as core[df12db4294e9bfd3]::fmt::Display>::fmt
[INFO] [stdout]                                at /rustc/dfb0accb7f508ae8be965d8629557221c889dd98/library/std/src/sys/backtrace.rs:44:26
[INFO] [stdout]    4:     0x5ba929266a5a - <core[df12db4294e9bfd3]::fmt::rt::Argument>::fmt
[INFO] [stdout]                                at /rustc/dfb0accb7f508ae8be965d8629557221c889dd98/library/core/src/fmt/rt.rs:152:76
[INFO] [stdout]    5:     0x5ba929266a5a - core[df12db4294e9bfd3]::fmt::write
[INFO] [stdout]    6:     0x5ba92925501c - core[df12db4294e9bfd3]::io::write::default_write_fmt::<alloc[2182bb758b4b3781]::vec::Vec<u8>>
[INFO] [stdout]                                at /rustc/dfb0accb7f508ae8be965d8629557221c889dd98/library/core/src/io/write.rs:402:11
[INFO] [stdout]    7:     0x5ba92925501c - <alloc[2182bb758b4b3781]::vec::Vec<u8> as core[df12db4294e9bfd3]::io::write::Write>::write_fmt
[INFO] [stdout]                                at /rustc/dfb0accb7f508ae8be965d8629557221c889dd98/library/core/src/io/write.rs:335:13
[INFO] [stdout]    8:     0x5ba9292296e6 - <std[70759c8f55707aa4]::sys::backtrace::BacktraceLock>::print
[INFO] [stdout]                                at /rustc/dfb0accb7f508ae8be965d8629557221c889dd98/library/std/src/sys/backtrace.rs:47:9
[INFO] [stdout]    9:     0x5ba9292296e6 - std[70759c8f55707aa4]::panicking::default_hook::{closure#0}
[INFO] [stdout]                                at /rustc/dfb0accb7f508ae8be965d8629557221c889dd98/library/std/src/panicking.rs:292:27
[INFO] [stdout]   10:     0x5ba929246869 - std[70759c8f55707aa4]::panicking::default_hook
[INFO] [stdout]                                at /rustc/dfb0accb7f508ae8be965d8629557221c889dd98/library/std/src/panicking.rs:316:9
[INFO] [stdout]   11:     0x5ba9284ba060 - <alloc[2182bb758b4b3781]::boxed::Box<dyn for<'a, 'b> core[df12db4294e9bfd3]::ops::function::Fn<(&'a std[70759c8f55707aa4]::panic::PanicHookInfo<'b>,), Output = ()> + core[df12db4294e9bfd3]::marker::Send + core[df12db4294e9bfd3]::marker::Sync> as core[df12db4294e9bfd3]::ops::function::Fn<(&std[70759c8f55707aa4]::panic::PanicHookInfo,)>>::call
[INFO] [stdout]                                at /rustc/dfb0accb7f508ae8be965d8629557221c889dd98/library/alloc/src/boxed.rs:2334:9
[INFO] [stdout]   12:     0x5ba9284ba060 - test[9d35eded1c95d3be]::test_main_inner::<test[9d35eded1c95d3be]::test_main_static::{closure#0}>::{closure#0}
[INFO] [stdout]                                at /rustc/dfb0accb7f508ae8be965d8629557221c889dd98/library/test/src/lib.rs:155:21
[INFO] [stdout]   13:     0x5ba929246b92 - <alloc[2182bb758b4b3781]::boxed::Box<dyn for<'a, 'b> core[df12db4294e9bfd3]::ops::function::Fn<(&'a std[70759c8f55707aa4]::panic::PanicHookInfo<'b>,), Output = ()> + core[df12db4294e9bfd3]::marker::Send + core[df12db4294e9bfd3]::marker::Sync> as core[df12db4294e9bfd3]::ops::function::Fn<(&std[70759c8f55707aa4]::panic::PanicHookInfo,)>>::call
[INFO] [stdout]                                at /rustc/dfb0accb7f508ae8be965d8629557221c889dd98/library/alloc/src/boxed.rs:2334:9
[INFO] [stdout]   14:     0x5ba929246b92 - std[70759c8f55707aa4]::panicking::panic_with_hook
[INFO] [stdout]                                at /rustc/dfb0accb7f508ae8be965d8629557221c889dd98/library/std/src/panicking.rs:823:13
[INFO] [stdout]   15:     0x5ba929229792 - std[70759c8f55707aa4]::panicking::panic_handler::{closure#0}
[INFO] [stdout]                                at /rustc/dfb0accb7f508ae8be965d8629557221c889dd98/library/std/src/panicking.rs:688:13
[INFO] [stdout]   16:     0x5ba929222139 - std[70759c8f55707aa4]::sys::backtrace::__rust_end_short_backtrace::<std[70759c8f55707aa4]::panicking::panic_handler::{closure#0}, !>
[INFO] [stdout]                                at /rustc/dfb0accb7f508ae8be965d8629557221c889dd98/library/std/src/sys/backtrace.rs:182:18
[INFO] [stdout]   17:     0x5ba92922a47d - __rustc[8fa7c3cbc660c2b3]::rust_begin_unwind
[INFO] [stdout]                                at /rustc/dfb0accb7f508ae8be965d8629557221c889dd98/library/std/src/panicking.rs:679:5
[INFO] [stdout]   18:     0x5ba92926732c - core[df12db4294e9bfd3]::panicking::panic_fmt
[INFO] [stdout]                                at /rustc/dfb0accb7f508ae8be965d8629557221c889dd98/library/core/src/panicking.rs:80:14
[INFO] [stdout]   19:     0x5ba9284f7c28 - svm_unit_test[321f8b0ebe0e7fc6]::builder::build_one
[INFO] [stdout]                                at /opt/rustwide/cargo-home/registry/src/index.crates.io-1949cf8c6b5b557f/svm-unit-test-0.1.5/src/builder.rs:133:5
[INFO] [stdout]   20:     0x5ba9284f67d0 - svm_unit_test[321f8b0ebe0e7fc6]::builder::build_one_test
[INFO] [stdout]                                at /opt/rustwide/cargo-home/registry/src/index.crates.io-1949cf8c6b5b557f/svm-unit-test-0.1.5/src/builder.rs:49:5
[INFO] [stdout]   21:     0x5ba9284f19c4 - svm_unit_test[321f8b0ebe0e7fc6]::suite::ensure_test_built::{closure#2}
[INFO] [stdout]                                at /opt/rustwide/cargo-home/registry/src/index.crates.io-1949cf8c6b5b557f/svm-unit-test-0.1.5/src/suite.rs:58:20
[INFO] [stdout]   22:     0x5ba9284f113e - <std[70759c8f55707aa4]::sync::once_lock::OnceLock<&std[70759c8f55707aa4]::path::Path>>::get_or_init::<svm_unit_test[321f8b0ebe0e7fc6]::suite::ensure_test_built::{closure#2}>::{closure#0}
[INFO] [stdout]                                at /rustc/dfb0accb7f508ae8be965d8629557221c889dd98/library/std/src/sync/once_lock.rs:350:50
[INFO] [stdout]   23:     0x5ba9284f10c6 - <std[70759c8f55707aa4]::sync::once_lock::OnceLock<&std[70759c8f55707aa4]::path::Path>>::initialize::<<std[70759c8f55707aa4]::sync::once_lock::OnceLock<&std[70759c8f55707aa4]::path::Path>>::get_or_init<svm_unit_test[321f8b0ebe0e7fc6]::suite::ensure_test_built::{closure#2}>::{closure#0}, !>::{closure#0}
[INFO] [stdout]                                at /rustc/dfb0accb7f508ae8be965d8629557221c889dd98/library/std/src/sync/once_lock.rs:572:19
[INFO] [stdout]   24:     0x5ba9284fdcdc - <std[70759c8f55707aa4]::sync::once::Once>::call_once_force::<<std[70759c8f55707aa4]::sync::once_lock::OnceLock<&std[70759c8f55707aa4]::path::Path>>::initialize<<std[70759c8f55707aa4]::sync::once_lock::OnceLock<&std[70759c8f55707aa4]::path::Path>>::get_or_init<svm_unit_test[321f8b0ebe0e7fc6]::suite::ensure_test_built::{closure#2}>::{closure#0}, !>::{closure#0}>::{closure#0}
[INFO] [stdout]                                at /rustc/dfb0accb7f508ae8be965d8629557221c889dd98/library/std/src/sync/once.rs:226:40
[INFO] [stdout]   25:     0x5ba92922f419 - <std[70759c8f55707aa4]::sys::sync::once::futex::Once>::call
[INFO] [stdout]                                at /rustc/dfb0accb7f508ae8be965d8629557221c889dd98/library/std/src/sys/sync/once/futex.rs:183:21
[INFO] [stdout]   26:     0x5ba9284fae32 - <std[70759c8f55707aa4]::sync::once::Once>::call_once_force::<<std[70759c8f55707aa4]::sync::once_lock::OnceLock<&std[70759c8f55707aa4]::path::Path>>::initialize<<std[70759c8f55707aa4]::sync::once_lock::OnceLock<&std[70759c8f55707aa4]::path::Path>>::get_or_init<svm_unit_test[321f8b0ebe0e7fc6]::suite::ensure_test_built::{closure#2}>::{closure#0}, !>::{closure#0}>
[INFO] [stdout]                                at /rustc/dfb0accb7f508ae8be965d8629557221c889dd98/library/std/src/sync/once.rs:226:20
[INFO] [stdout]   27:     0x5ba9284eecd8 - <std[70759c8f55707aa4]::sync::once_lock::OnceLock<&std[70759c8f55707aa4]::path::Path>>::initialize::<<std[70759c8f55707aa4]::sync::once_lock::OnceLock<&std[70759c8f55707aa4]::path::Path>>::get_or_init<svm_unit_test[321f8b0ebe0e7fc6]::suite::ensure_test_built::{closure#2}>::{closure#0}, !>
[INFO] [stdout]                                at /rustc/dfb0accb7f508ae8be965d8629557221c889dd98/library/std/src/sync/once_lock.rs:571:19
[INFO] [stdout]   28:     0x5ba9284eed9b - <std[70759c8f55707aa4]::sync::once_lock::OnceLock<&std[70759c8f55707aa4]::path::Path>>::get_or_try_init::<<std[70759c8f55707aa4]::sync::once_lock::OnceLock<&std[70759c8f55707aa4]::path::Path>>::get_or_init<svm_unit_test[321f8b0ebe0e7fc6]::suite::ensure_test_built::{closure#2}>::{closure#0}, !>
[INFO] [stdout]                                at /rustc/dfb0accb7f508ae8be965d8629557221c889dd98/library/std/src/sync/once_lock.rs:439:14
[INFO] [stdout]   29:     0x5ba9284eed0b - <std[70759c8f55707aa4]::sync::once_lock::OnceLock<&std[70759c8f55707aa4]::path::Path>>::get_or_init::<svm_unit_test[321f8b0ebe0e7fc6]::suite::ensure_test_built::{closure#2}>
[INFO] [stdout]                                at /rustc/dfb0accb7f508ae8be965d8629557221c889dd98/library/std/src/sync/once_lock.rs:350:20
[INFO] [stdout]   30:     0x5ba9284f5155 - svm_unit_test[321f8b0ebe0e7fc6]::suite::ensure_test_built
[INFO] [stdout]                                at /opt/rustwide/cargo-home/registry/src/index.crates.io-1949cf8c6b5b557f/svm-unit-test-0.1.5/src/suite.rs:56:11
[INFO] [stdout]   31:     0x5ba9284ace2b - sbpf[51c2657587a8f863]::bench_presign
[INFO] [stdout]                                at /opt/rustwide/workdir/tests/sbpf.rs:50:1
[INFO] [stdout]   32:     0x5ba9284ac5e7 - sbpf[51c2657587a8f863]::bench_presign::{closure#0}
[INFO] [stdout]                                at /opt/rustwide/workdir/tests/sbpf.rs:50:12
[INFO] [stdout]   33:     0x5ba9284ad2d6 - <sbpf[51c2657587a8f863]::bench_presign::{closure#0} as core[df12db4294e9bfd3]::ops::function::FnOnce<()>>::call_once
[INFO] [stdout]                                at /rustc/dfb0accb7f508ae8be965d8629557221c889dd98/library/core/src/ops/function.rs:250:5
[INFO] [stdout]   34:     0x5ba9284ad34b - <fn() -> core[df12db4294e9bfd3]::result::Result<(), alloc[2182bb758b4b3781]::string::String> as core[df12db4294e9bfd3]::ops::function::FnOnce<()>>::call_once
[INFO] [stdout]                                at /rustc/dfb0accb7f508ae8be965d8629557221c889dd98/library/core/src/ops/function.rs:250:5
[INFO] [stdout]   35:     0x5ba9284ad34b - test[9d35eded1c95d3be]::__rust_begin_short_backtrace::<core[df12db4294e9bfd3]::result::Result<(), alloc[2182bb758b4b3781]::string::String>, fn() -> core[df12db4294e9bfd3]::result::Result<(), alloc[2182bb758b4b3781]::string::String>>
[INFO] [stdout]                                at /rustc/dfb0accb7f508ae8be965d8629557221c889dd98/library/test/src/lib.rs:733:18
[INFO] [stdout]   36:     0x5ba9284ba9b5 - test[9d35eded1c95d3be]::run_test_in_process::{closure#0}
[INFO] [stdout]                                at /rustc/dfb0accb7f508ae8be965d8629557221c889dd98/library/test/src/lib.rs:756:74
[INFO] [stdout]   37:     0x5ba9284ba9b5 - <core[df12db4294e9bfd3]::panic::unwind_safe::AssertUnwindSafe<test[9d35eded1c95d3be]::run_test_in_process::{closure#0}> as core[df12db4294e9bfd3]::ops::function::FnOnce<()>>::call_once
[INFO] [stdout]                                at /rustc/dfb0accb7f508ae8be965d8629557221c889dd98/library/core/src/panic/unwind_safe.rs:275:9
[INFO] [stdout]   38:     0x5ba9284ba9b5 - std[70759c8f55707aa4]::panicking::catch_unwind::do_call::<core[df12db4294e9bfd3]::panic::unwind_safe::AssertUnwindSafe<test[9d35eded1c95d3be]::run_test_in_process::{closure#0}>, core[df12db4294e9bfd3]::result::Result<(), alloc[2182bb758b4b3781]::string::String>>
[INFO] [stdout]                                at /rustc/dfb0accb7f508ae8be965d8629557221c889dd98/library/std/src/panicking.rs:576:43
[INFO] [stdout]   39:     0x5ba9284ba9b5 - std[70759c8f55707aa4]::panicking::catch_unwind::<core[df12db4294e9bfd3]::result::Result<(), alloc[2182bb758b4b3781]::string::String>, core[df12db4294e9bfd3]::panic::unwind_safe::AssertUnwindSafe<test[9d35eded1c95d3be]::run_test_in_process::{closure#0}>>
[INFO] [stdout]                                at /rustc/dfb0accb7f508ae8be965d8629557221c889dd98/library/std/src/panicking.rs:544:19
[INFO] [stdout]   40:     0x5ba9284ba9b5 - std[70759c8f55707aa4]::panic::catch_unwind::<core[df12db4294e9bfd3]::panic::unwind_safe::AssertUnwindSafe<test[9d35eded1c95d3be]::run_test_in_process::{closure#0}>, core[df12db4294e9bfd3]::result::Result<(), alloc[2182bb758b4b3781]::string::String>>
[INFO] [stdout]                                at /rustc/dfb0accb7f508ae8be965d8629557221c889dd98/library/std/src/panic.rs:359:14
[INFO] [stdout]   41:     0x5ba9284ba9b5 - test[9d35eded1c95d3be]::run_test_in_process
[INFO] [stdout]                                at /rustc/dfb0accb7f508ae8be965d8629557221c889dd98/library/test/src/lib.rs:756:27
[INFO] [stdout]   42:     0x5ba9284ba9b5 - test[9d35eded1c95d3be]::run_test::{closure#0}
[INFO] [stdout]                                at /rustc/dfb0accb7f508ae8be965d8629557221c889dd98/library/test/src/lib.rs:677:43
[INFO] [stdout]   43:     0x5ba9284b4274 - test[9d35eded1c95d3be]::run_test::{closure#1}
[INFO] [stdout]                                at /rustc/dfb0accb7f508ae8be965d8629557221c889dd98/library/test/src/lib.rs:707:41
[INFO] [stdout]   44:     0x5ba9284b4274 - std[70759c8f55707aa4]::sys::backtrace::__rust_begin_short_backtrace::<test[9d35eded1c95d3be]::run_test::{closure#1}, ()>
[INFO] [stdout]                                at /rustc/dfb0accb7f508ae8be965d8629557221c889dd98/library/std/src/sys/backtrace.rs:166:18
[INFO] [stdout]   45:     0x5ba9284bdb12 - std[70759c8f55707aa4]::thread::lifecycle::spawn_unchecked::<test[9d35eded1c95d3be]::run_test::{closure#1}, ()>::{closure#1}::{closure#0}
[INFO] [stdout]                                at /rustc/dfb0accb7f508ae8be965d8629557221c889dd98/library/std/src/thread/lifecycle.rs:70:13
[INFO] [stdout]   46:     0x5ba9284bdb12 - <core[df12db4294e9bfd3]::panic::unwind_safe::AssertUnwindSafe<std[70759c8f55707aa4]::thread::lifecycle::spawn_unchecked<test[9d35eded1c95d3be]::run_test::{closure#1}, ()>::{closure#1}::{closure#0}> as core[df12db4294e9bfd3]::ops::function::FnOnce<()>>::call_once
[INFO] [stdout]                                at /rustc/dfb0accb7f508ae8be965d8629557221c889dd98/library/core/src/panic/unwind_safe.rs:275:9
[INFO] [stdout]   47:     0x5ba9284bdb12 - std[70759c8f55707aa4]::panicking::catch_unwind::do_call::<core[df12db4294e9bfd3]::panic::unwind_safe::AssertUnwindSafe<std[70759c8f55707aa4]::thread::lifecycle::spawn_unchecked<test[9d35eded1c95d3be]::run_test::{closure#1}, ()>::{closure#1}::{closure#0}>, ()>
[INFO] [stdout]                                at /rustc/dfb0accb7f508ae8be965d8629557221c889dd98/library/std/src/panicking.rs:576:43
[INFO] [stdout]   48:     0x5ba9284bdb12 - std[70759c8f55707aa4]::panicking::catch_unwind::<(), core[df12db4294e9bfd3]::panic::unwind_safe::AssertUnwindSafe<std[70759c8f55707aa4]::thread::lifecycle::spawn_unchecked<test[9d35eded1c95d3be]::run_test::{closure#1}, ()>::{closure#1}::{closure#0}>>
[INFO] [stdout]                                at /rustc/dfb0accb7f508ae8be965d8629557221c889dd98/library/std/src/panicking.rs:544:19
[INFO] [stdout]   49:     0x5ba9284bdb12 - std[70759c8f55707aa4]::panic::catch_unwind::<core[df12db4294e9bfd3]::panic::unwind_safe::AssertUnwindSafe<std[70759c8f55707aa4]::thread::lifecycle::spawn_unchecked<test[9d35eded1c95d3be]::run_test::{closure#1}, ()>::{closure#1}::{closure#0}>, ()>
[INFO] [stdout]                                at /rustc/dfb0accb7f508ae8be965d8629557221c889dd98/library/std/src/panic.rs:359:14
[INFO] [stdout]   50:     0x5ba9284bdb12 - std[70759c8f55707aa4]::thread::lifecycle::spawn_unchecked::<test[9d35eded1c95d3be]::run_test::{closure#1}, ()>::{closure#1}
[INFO] [stdout]                                at /rustc/dfb0accb7f508ae8be965d8629557221c889dd98/library/std/src/thread/lifecycle.rs:68:26
[INFO] [stdout]   51:     0x5ba9284bdb12 - <std[70759c8f55707aa4]::thread::lifecycle::spawn_unchecked<test[9d35eded1c95d3be]::run_test::{closure#1}, ()>::{closure#1} as core[df12db4294e9bfd3]::ops::function::FnOnce<()>>::call_once::{shim:vtable#0}
[INFO] [stdout]                                at /rustc/dfb0accb7f508ae8be965d8629557221c889dd98/library/core/src/ops/function.rs:250:5
[INFO] [stdout]   52:     0x5ba92924e0a9 - <alloc[2182bb758b4b3781]::boxed::Box<dyn core[df12db4294e9bfd3]::ops::function::FnOnce<(), Output = ()> + core[df12db4294e9bfd3]::marker::Send> as core[df12db4294e9bfd3]::ops::function::FnOnce<()>>::call_once
[INFO] [stdout]                                at /rustc/dfb0accb7f508ae8be965d8629557221c889dd98/library/alloc/src/boxed.rs:2320:9
[INFO] [stdout]   53:     0x5ba92924e0a9 - <std[70759c8f55707aa4]::sys::thread::unix::Thread>::new::thread_start
[INFO] [stdout]                                at /rustc/dfb0accb7f508ae8be965d8629557221c889dd98/library/std/src/sys/thread/unix.rs:123:17
[INFO] [stdout]   54:     0x7e73151f3dfa - <unknown>
[INFO] [stdout]   55:     0x7e73152873d4 - clone
[INFO] [stdout]   56:                0x0 - <unknown>
[INFO] [stdout] 
[INFO] [stdout] ---- bench_extract stdout ----
[INFO] [stdout] 
[INFO] [stdout] thread 'bench_extract' (3406) panicked at /opt/rustwide/cargo-home/registry/src/index.crates.io-1949cf8c6b5b557f/svm-unit-test-0.1.5/src/builder.rs:133:5:
[INFO] [stdout] `cargo build-sbf` failed for svm_test `bench_extract` (manifest: /opt/rustwide/target/tmp/suite-0269231cf891323b/build/bench_extract/Cargo.toml)
[INFO] [stdout] stack backtrace:
[INFO] [stdout]    0:     0x5ba92924f061 - std[70759c8f55707aa4]::backtrace_rs::backtrace::libunwind::trace
[INFO] [stdout]                                at /rustc/dfb0accb7f508ae8be965d8629557221c889dd98/library/std/src/../../backtrace/src/backtrace/libunwind.rs:117:9
[INFO] [stdout]    1:     0x5ba92924f061 - std[70759c8f55707aa4]::backtrace_rs::backtrace::trace_unsynchronized::<std[70759c8f55707aa4]::sys::backtrace::_print_fmt::{closure#1}>
[INFO] [stdout]                                at /rustc/dfb0accb7f508ae8be965d8629557221c889dd98/library/std/src/../../backtrace/src/backtrace/mod.rs:66:14
[INFO] [stdout]    2:     0x5ba92924f061 - std[70759c8f55707aa4]::sys::backtrace::_print_fmt
[INFO] [stdout]                                at /rustc/dfb0accb7f508ae8be965d8629557221c889dd98/library/std/src/sys/backtrace.rs:74:9
[INFO] [stdout]    3:     0x5ba92924f061 - <<std[70759c8f55707aa4]::sys::backtrace::BacktraceLock>::print::DisplayBacktrace as core[df12db4294e9bfd3]::fmt::Display>::fmt
[INFO] [stdout]                                at /rustc/dfb0accb7f508ae8be965d8629557221c889dd98/library/std/src/sys/backtrace.rs:44:26
[INFO] [stdout]    4:     0x5ba929266a5a - <core[df12db4294e9bfd3]::fmt::rt::Argument>::fmt
[INFO] [stdout]                                at /rustc/dfb0accb7f508ae8be965d8629557221c889dd98/library/core/src/fmt/rt.rs:152:76
[INFO] [stdout]    5:     0x5ba929266a5a - core[df12db4294e9bfd3]::fmt::write
[INFO] [stdout]    6:     0x5ba92925501c - core[df12db4294e9bfd3]::io::write::default_write_fmt::<alloc[2182bb758b4b3781]::vec::Vec<u8>>
[INFO] [stdout]                                at /rustc/dfb0accb7f508ae8be965d8629557221c889dd98/library/core/src/io/write.rs:402:11
[INFO] [stdout]    7:     0x5ba92925501c - <alloc[2182bb758b4b3781]::vec::Vec<u8> as core[df12db4294e9bfd3]::io::write::Write>::write_fmt
[INFO] [stdout]                                at /rustc/dfb0accb7f508ae8be965d8629557221c889dd98/library/core/src/io/write.rs:335:13
[INFO] [stdout]    8:     0x5ba9292296e6 - <std[70759c8f55707aa4]::sys::backtrace::BacktraceLock>::print
[INFO] [stdout]                                at /rustc/dfb0accb7f508ae8be965d8629557221c889dd98/library/std/src/sys/backtrace.rs:47:9
[INFO] [stdout]    9:     0x5ba9292296e6 - std[70759c8f55707aa4]::panicking::default_hook::{closure#0}
[INFO] [stdout]                                at /rustc/dfb0accb7f508ae8be965d8629557221c889dd98/library/std/src/panicking.rs:292:27
[INFO] [stdout]   10:     0x5ba929246869 - std[70759c8f55707aa4]::panicking::default_hook
[INFO] [stdout]                                at /rustc/dfb0accb7f508ae8be965d8629557221c889dd98/library/std/src/panicking.rs:316:9
[INFO] [stdout]   11:     0x5ba9284ba060 - <alloc[2182bb758b4b3781]::boxed::Box<dyn for<'a, 'b> core[df12db4294e9bfd3]::ops::function::Fn<(&'a std[70759c8f55707aa4]::panic::PanicHookInfo<'b>,), Output = ()> + core[df12db4294e9bfd3]::marker::Send + core[df12db4294e9bfd3]::marker::Sync> as core[df12db4294e9bfd3]::ops::function::Fn<(&std[70759c8f55707aa4]::panic::PanicHookInfo,)>>::call
[INFO] [stdout]                                at /rustc/dfb0accb7f508ae8be965d8629557221c889dd98/library/alloc/src/boxed.rs:2334:9
[INFO] [stdout]   12:     0x5ba9284ba060 - test[9d35eded1c95d3be]::test_main_inner::<test[9d35eded1c95d3be]::test_main_static::{closure#0}>::{closure#0}
[INFO] [stdout]                                at /rustc/dfb0accb7f508ae8be965d8629557221c889dd98/library/test/src/lib.rs:155:21
[INFO] [stdout]   13:     0x5ba929246b92 - <alloc[2182bb758b4b3781]::boxed::Box<dyn for<'a, 'b> core[df12db4294e9bfd3]::ops::function::Fn<(&'a std[70759c8f55707aa4]::panic::PanicHookInfo<'b>,), Output = ()> + core[df12db4294e9bfd3]::marker::Send + core[df12db4294e9bfd3]::marker::Sync> as core[df12db4294e9bfd3]::ops::function::Fn<(&std[70759c8f55707aa4]::panic::PanicHookInfo,)>>::call
[INFO] [stdout]                                at /rustc/dfb0accb7f508ae8be965d8629557221c889dd98/library/alloc/src/boxed.rs:2334:9
[INFO] [stdout]   14:     0x5ba929246b92 - std[70759c8f55707aa4]::panicking::panic_with_hook
[INFO] [stdout]                                at /rustc/dfb0accb7f508ae8be965d8629557221c889dd98/library/std/src/panicking.rs:823:13
[INFO] [stdout]   15:     0x5ba929229792 - std[70759c8f55707aa4]::panicking::panic_handler::{closure#0}
[INFO] [stdout]                                at /rustc/dfb0accb7f508ae8be965d8629557221c889dd98/library/std/src/panicking.rs:688:13
[INFO] [stdout]   16:     0x5ba929222139 - std[70759c8f55707aa4]::sys::backtrace::__rust_end_short_backtrace::<std[70759c8f55707aa4]::panicking::panic_handler::{closure#0}, !>
[INFO] [stdout]                                at /rustc/dfb0accb7f508ae8be965d8629557221c889dd98/library/std/src/sys/backtrace.rs:182:18
[INFO] [stdout]   17:     0x5ba92922a47d - __rustc[8fa7c3cbc660c2b3]::rust_begin_unwind
[INFO] [stdout]                                at /rustc/dfb0accb7f508ae8be965d8629557221c889dd98/library/std/src/panicking.rs:679:5
[INFO] [stdout]   18:     0x5ba92926732c - core[df12db4294e9bfd3]::panicking::panic_fmt
[INFO] [stdout]                                at /rustc/dfb0accb7f508ae8be965d8629557221c889dd98/library/core/src/panicking.rs:80:14
[INFO] [stdout]   19:     0x5ba9284f7c28 - svm_unit_test[321f8b0ebe0e7fc6]::builder::build_one
[INFO] [stdout]                                at /opt/rustwide/cargo-home/registry/src/index.crates.io-1949cf8c6b5b557f/svm-unit-test-0.1.5/src/builder.rs:133:5
[INFO] [stdout]   20:     0x5ba9284f67d0 - svm_unit_test[321f8b0ebe0e7fc6]::builder::build_one_test
[INFO] [stdout]                                at /opt/rustwide/cargo-home/registry/src/index.crates.io-1949cf8c6b5b557f/svm-unit-test-0.1.5/src/builder.rs:49:5
[INFO] [stdout]   21:     0x5ba9284f19c4 - svm_unit_test[321f8b0ebe0e7fc6]::suite::ensure_test_built::{closure#2}
[INFO] [stdout]                                at /opt/rustwide/cargo-home/registry/src/index.crates.io-1949cf8c6b5b557f/svm-unit-test-0.1.5/src/suite.rs:58:20
[INFO] [stdout]   22:     0x5ba9284f113e - <std[70759c8f55707aa4]::sync::once_lock::OnceLock<&std[70759c8f55707aa4]::path::Path>>::get_or_init::<svm_unit_test[321f8b0ebe0e7fc6]::suite::ensure_test_built::{closure#2}>::{closure#0}
[INFO] [stdout]                                at /rustc/dfb0accb7f508ae8be965d8629557221c889dd98/library/std/src/sync/once_lock.rs:350:50
[INFO] [stdout]   23:     0x5ba9284f10c6 - <std[70759c8f55707aa4]::sync::once_lock::OnceLock<&std[70759c8f55707aa4]::path::Path>>::initialize::<<std[70759c8f55707aa4]::sync::once_lock::OnceLock<&std[70759c8f55707aa4]::path::Path>>::get_or_init<svm_unit_test[321f8b0ebe0e7fc6]::suite::ensure_test_built::{closure#2}>::{closure#0}, !>::{closure#0}
[INFO] [stdout]                                at /rustc/dfb0accb7f508ae8be965d8629557221c889dd98/library/std/src/sync/once_lock.rs:572:19
[INFO] [stdout]   24:     0x5ba9284fdcdc - <std[70759c8f55707aa4]::sync::once::Once>::call_once_force::<<std[70759c8f55707aa4]::sync::once_lock::OnceLock<&std[70759c8f55707aa4]::path::Path>>::initialize<<std[70759c8f55707aa4]::sync::once_lock::OnceLock<&std[70759c8f55707aa4]::path::Path>>::get_or_init<svm_unit_test[321f8b0ebe0e7fc6]::suite::ensure_test_built::{closure#2}>::{closure#0}, !>::{closure#0}>::{closure#0}
[INFO] [stdout]                                at /rustc/dfb0accb7f508ae8be965d8629557221c889dd98/library/std/src/sync/once.rs:226:40
[INFO] [stdout]   25:     0x5ba92922f419 - <std[70759c8f55707aa4]::sys::sync::once::futex::Once>::call
[INFO] [stdout]                                at /rustc/dfb0accb7f508ae8be965d8629557221c889dd98/library/std/src/sys/sync/once/futex.rs:183:21
[INFO] [stdout]   26:     0x5ba9284fae32 - <std[70759c8f55707aa4]::sync::once::Once>::call_once_force::<<std[70759c8f55707aa4]::sync::once_lock::OnceLock<&std[70759c8f55707aa4]::path::Path>>::initialize<<std[70759c8f55707aa4]::sync::once_lock::OnceLock<&std[70759c8f55707aa4]::path::Path>>::get_or_init<svm_unit_test[321f8b0ebe0e7fc6]::suite::ensure_test_built::{closure#2}>::{closure#0}, !>::{closure#0}>
[INFO] [stdout]                                at /rustc/dfb0accb7f508ae8be965d8629557221c889dd98/library/std/src/sync/once.rs:226:20
[INFO] [stdout]   27:     0x5ba9284eecd8 - <std[70759c8f55707aa4]::sync::once_lock::OnceLock<&std[70759c8f55707aa4]::path::Path>>::initialize::<<std[70759c8f55707aa4]::sync::once_lock::OnceLock<&std[70759c8f55707aa4]::path::Path>>::get_or_init<svm_unit_test[321f8b0ebe0e7fc6]::suite::ensure_test_built::{closure#2}>::{closure#0}, !>
[INFO] [stdout]                                at /rustc/dfb0accb7f508ae8be965d8629557221c889dd98/library/std/src/sync/once_lock.rs:571:19
[INFO] [stdout]   28:     0x5ba9284eed9b - <std[70759c8f55707aa4]::sync::once_lock::OnceLock<&std[70759c8f55707aa4]::path::Path>>::get_or_try_init::<<std[70759c8f55707aa4]::sync::once_lock::OnceLock<&std[70759c8f55707aa4]::path::Path>>::get_or_init<svm_unit_test[321f8b0ebe0e7fc6]::suite::ensure_test_built::{closure#2}>::{closure#0}, !>
[INFO] [stdout]                                at /rustc/dfb0accb7f508ae8be965d8629557221c889dd98/library/std/src/sync/once_lock.rs:439:14
[INFO] [stdout]   29:     0x5ba9284eed0b - <std[70759c8f55707aa4]::sync::once_lock::OnceLock<&std[70759c8f55707aa4]::path::Path>>::get_or_init::<svm_unit_test[321f8b0ebe0e7fc6]::suite::ensure_test_built::{closure#2}>
[INFO] [stdout]                                at /rustc/dfb0accb7f508ae8be965d8629557221c889dd98/library/std/src/sync/once_lock.rs:350:20
[INFO] [stdout]   30:     0x5ba9284f5155 - svm_unit_test[321f8b0ebe0e7fc6]::suite::ensure_test_built
[INFO] [stdout]                                at /opt/rustwide/cargo-home/registry/src/index.crates.io-1949cf8c6b5b557f/svm-unit-test-0.1.5/src/suite.rs:56:11
[INFO] [stdout]   31:     0x5ba9284accdb - sbpf[51c2657587a8f863]::bench_extract
[INFO] [stdout]                                at /opt/rustwide/workdir/tests/sbpf.rs:65:1
[INFO] [stdout]   32:     0x5ba9284ac5b7 - sbpf[51c2657587a8f863]::bench_extract::{closure#0}
[INFO] [stdout]                                at /opt/rustwide/workdir/tests/sbpf.rs:65:12
[INFO] [stdout]   33:     0x5ba9284ad2b6 - <sbpf[51c2657587a8f863]::bench_extract::{closure#0} as core[df12db4294e9bfd3]::ops::function::FnOnce<()>>::call_once
[INFO] [stdout]                                at /rustc/dfb0accb7f508ae8be965d8629557221c889dd98/library/core/src/ops/function.rs:250:5
[INFO] [stdout]   34:     0x5ba9284ad34b - <fn() -> core[df12db4294e9bfd3]::result::Result<(), alloc[2182bb758b4b3781]::string::String> as core[df12db4294e9bfd3]::ops::function::FnOnce<()>>::call_once
[INFO] [stdout]                                at /rustc/dfb0accb7f508ae8be965d8629557221c889dd98/library/core/src/ops/function.rs:250:5
[INFO] [stdout]   35:     0x5ba9284ad34b - test[9d35eded1c95d3be]::__rust_begin_short_backtrace::<core[df12db4294e9bfd3]::result::Result<(), alloc[2182bb758b4b3781]::string::String>, fn() -> core[df12db4294e9bfd3]::result::Result<(), alloc[2182bb758b4b3781]::string::String>>
[INFO] [stdout]                                at /rustc/dfb0accb7f508ae8be965d8629557221c889dd98/library/test/src/lib.rs:733:18
[INFO] [stdout]   36:     0x5ba9284ba9b5 - test[9d35eded1c95d3be]::run_test_in_process::{closure#0}
[INFO] [stdout]                                at /rustc/dfb0accb7f508ae8be965d8629557221c889dd98/library/test/src/lib.rs:756:74
[INFO] [stdout]   37:     0x5ba9284ba9b5 - <core[df12db4294e9bfd3]::panic::unwind_safe::AssertUnwindSafe<test[9d35eded1c95d3be]::run_test_in_process::{closure#0}> as core[df12db4294e9bfd3]::ops::function::FnOnce<()>>::call_once
[INFO] [stdout]                                at /rustc/dfb0accb7f508ae8be965d8629557221c889dd98/library/core/src/panic/unwind_safe.rs:275:9
[INFO] [stdout]   38:     0x5ba9284ba9b5 - std[70759c8f55707aa4]::panicking::catch_unwind::do_call::<core[df12db4294e9bfd3]::panic::unwind_safe::AssertUnwindSafe<test[9d35eded1c95d3be]::run_test_in_process::{closure#0}>, core[df12db4294e9bfd3]::result::Result<(), alloc[2182bb758b4b3781]::string::String>>
[INFO] [stdout]                                at /rustc/dfb0accb7f508ae8be965d8629557221c889dd98/library/std/src/panicking.rs:576:43
[INFO] [stdout]   39:     0x5ba9284ba9b5 - std[70759c8f55707aa4]::panicking::catch_unwind::<core[df12db4294e9bfd3]::result::Result<(), alloc[2182bb758b4b3781]::string::String>, core[df12db4294e9bfd3]::panic::unwind_safe::AssertUnwindSafe<test[9d35eded1c95d3be]::run_test_in_process::{closure#0}>>
[INFO] [stdout]                                at /rustc/dfb0accb7f508ae8be965d8629557221c889dd98/library/std/src/panicking.rs:544:19
[INFO] [stdout]   40:     0x5ba9284ba9b5 - std[70759c8f55707aa4]::panic::catch_unwind::<core[df12db4294e9bfd3]::panic::unwind_safe::AssertUnwindSafe<test[9d35eded1c95d3be]::run_test_in_process::{closure#0}>, core[df12db4294e9bfd3]::result::Result<(), alloc[2182bb758b4b3781]::string::String>>
[INFO] [stdout]                                at /rustc/dfb0accb7f508ae8be965d8629557221c889dd98/library/std/src/panic.rs:359:14
[INFO] [stdout]   41:     0x5ba9284ba9b5 - test[9d35eded1c95d3be]::run_test_in_process
[INFO] [stdout]                                at /rustc/dfb0accb7f508ae8be965d8629557221c889dd98/library/test/src/lib.rs:756:27
[INFO] [stdout]   42:     0x5ba9284ba9b5 - test[9d35eded1c95d3be]::run_test::{closure#0}
[INFO] [stdout]                                at /rustc/dfb0accb7f508ae8be965d8629557221c889dd98/library/test/src/lib.rs:677:43
[INFO] [stdout]   43:     0x5ba9284b4274 - test[9d35eded1c95d3be]::run_test::{closure#1}
[INFO] [stdout]                                at /rustc/dfb0accb7f508ae8be965d8629557221c889dd98/library/test/src/lib.rs:707:41
[INFO] [stdout]   44:     0x5ba9284b4274 - std[70759c8f55707aa4]::sys::backtrace::__rust_begin_short_backtrace::<test[9d35eded1c95d3be]::run_test::{closure#1}, ()>
[INFO] [stdout]                                at /rustc/dfb0accb7f508ae8be965d8629557221c889dd98/library/std/src/sys/backtrace.rs:166:18
[INFO] [stdout]   45:     0x5ba9284bdb12 - std[70759c8f55707aa4]::thread::lifecycle::spawn_unchecked::<test[9d35eded1c95d3be]::run_test::{closure#1}, ()>::{closure#1}::{closure#0}
[INFO] [stdout]                                at /rustc/dfb0accb7f508ae8be965d8629557221c889dd98/library/std/src/thread/lifecycle.rs:70:13
[INFO] [stdout]   46:     0x5ba9284bdb12 - <core[df12db4294e9bfd3]::panic::unwind_safe::AssertUnwindSafe<std[70759c8f55707aa4]::thread::lifecycle::spawn_unchecked<test[9d35eded1c95d3be]::run_test::{closure#1}, ()>::{closure#1}::{closure#0}> as core[df12db4294e9bfd3]::ops::function::FnOnce<()>>::call_once
[INFO] [stdout]                                at /rustc/dfb0accb7f508ae8be965d8629557221c889dd98/library/core/src/panic/unwind_safe.rs:275:9
[INFO] [stdout]   47:     0x5ba9284bdb12 - std[70759c8f55707aa4]::panicking::catch_unwind::do_call::<core[df12db4294e9bfd3]::panic::unwind_safe::AssertUnwindSafe<std[70759c8f55707aa4]::thread::lifecycle::spawn_unchecked<test[9d35eded1c95d3be]::run_test::{closure#1}, ()>::{closure#1}::{closure#0}>, ()>
[INFO] [stdout]                                at /rustc/dfb0accb7f508ae8be965d8629557221c889dd98/library/std/src/panicking.rs:576:43
[INFO] [stdout]   48:     0x5ba9284bdb12 - std[70759c8f55707aa4]::panicking::catch_unwind::<(), core[df12db4294e9bfd3]::panic::unwind_safe::AssertUnwindSafe<std[70759c8f55707aa4]::thread::lifecycle::spawn_unchecked<test[9d35eded1c95d3be]::run_test::{closure#1}, ()>::{closure#1}::{closure#0}>>
[INFO] [stdout]                                at /rustc/dfb0accb7f508ae8be965d8629557221c889dd98/library/std/src/panicking.rs:544:19
[INFO] [stdout]   49:     0x5ba9284bdb12 - std[70759c8f55707aa4]::panic::catch_unwind::<core[df12db4294e9bfd3]::panic::unwind_safe::AssertUnwindSafe<std[70759c8f55707aa4]::thread::lifecycle::spawn_unchecked<test[9d35eded1c95d3be]::run_test::{closure#1}, ()>::{closure#1}::{closure#0}>, ()>
[INFO] [stdout]                                at /rustc/dfb0accb7f508ae8be965d8629557221c889dd98/library/std/src/panic.rs:359:14
[INFO] [stdout]   50:     0x5ba9284bdb12 - std[70759c8f55707aa4]::thread::lifecycle::spawn_unchecked::<test[9d35eded1c95d3be]::run_test::{closure#1}, ()>::{closure#1}
[INFO] [stdout]                                at /rustc/dfb0accb7f508ae8be965d8629557221c889dd98/library/std/src/thread/lifecycle.rs:68:26
[INFO] [stdout]   51:     0x5ba9284bdb12 - <std[70759c8f55707aa4]::thread::lifecycle::spawn_unchecked<test[9d35eded1c95d3be]::run_test::{closure#1}, ()>::{closure#1} as core[df12db4294e9bfd3]::ops::function::FnOnce<()>>::call_once::{shim:vtable#0}
[INFO] [stdout]                                at /rustc/dfb0accb7f508ae8be965d8629557221c889dd98/library/core/src/ops/function.rs:250:5
[INFO] [stdout]   52:     0x5ba92924e0a9 - <alloc[2182bb758b4b3781]::boxed::Box<dyn core[df12db4294e9bfd3]::ops::function::FnOnce<(), Output = ()> + core[df12db4294e9bfd3]::marker::Send> as core[df12db4294e9bfd3]::ops::function::FnOnce<()>>::call_once
[INFO] [stdout]                                at /rustc/dfb0accb7f508ae8be965d8629557221c889dd98/library/alloc/src/boxed.rs:2320:9
[INFO] [stdout]   53:     0x5ba92924e0a9 - <std[70759c8f55707aa4]::sys::thread::unix::Thread>::new::thread_start
[INFO] [stdout]                                at /rustc/dfb0accb7f508ae8be965d8629557221c889dd98/library/std/src/sys/thread/unix.rs:123:17
[INFO] [stdout]   54:     0x7e73151f3dfa - <unknown>
[INFO] [stdout]   55:     0x7e73152873d4 - clone
[INFO] [stdout]   56:                0x0 - <unknown>
[INFO] [stdout] 
[INFO] [stdout] ---- bench_preverify stdout ----
[INFO] [stdout] 
[INFO] [stdout] thread 'bench_preverify' (3408) panicked at /opt/rustwide/cargo-home/registry/src/index.crates.io-1949cf8c6b5b557f/svm-unit-test-0.1.5/src/builder.rs:133:5:
[INFO] [stdout] `cargo build-sbf` failed for svm_test `bench_preverify` (manifest: /opt/rustwide/target/tmp/suite-0269231cf891323b/build/bench_preverify/Cargo.toml)
[INFO] [stdout] stack backtrace:
[INFO] [stdout]    0:     0x5ba92924f061 - std[70759c8f55707aa4]::backtrace_rs::backtrace::libunwind::trace
[INFO] [stdout]                                at /rustc/dfb0accb7f508ae8be965d8629557221c889dd98/library/std/src/../../backtrace/src/backtrace/libunwind.rs:117:9
[INFO] [stdout]    1:     0x5ba92924f061 - std[70759c8f55707aa4]::backtrace_rs::backtrace::trace_unsynchronized::<std[70759c8f55707aa4]::sys::backtrace::_print_fmt::{closure#1}>
[INFO] [stdout]                                at /rustc/dfb0accb7f508ae8be965d8629557221c889dd98/library/std/src/../../backtrace/src/backtrace/mod.rs:66:14
[INFO] [stdout]    2:     0x5ba92924f061 - std[70759c8f55707aa4]::sys::backtrace::_print_fmt
[INFO] [stdout]                                at /rustc/dfb0accb7f508ae8be965d8629557221c889dd98/library/std/src/sys/backtrace.rs:74:9
[INFO] [stdout]    3:     0x5ba92924f061 - <<std[70759c8f55707aa4]::sys::backtrace::BacktraceLock>::print::DisplayBacktrace as core[df12db4294e9bfd3]::fmt::Display>::fmt
[INFO] [stdout]                                at /rustc/dfb0accb7f508ae8be965d8629557221c889dd98/library/std/src/sys/backtrace.rs:44:26
[INFO] [stdout]    4:     0x5ba929266a5a - <core[df12db4294e9bfd3]::fmt::rt::Argument>::fmt
[INFO] [stdout]                                at /rustc/dfb0accb7f508ae8be965d8629557221c889dd98/library/core/src/fmt/rt.rs:152:76
[INFO] [stdout]    5:     0x5ba929266a5a - core[df12db4294e9bfd3]::fmt::write
[INFO] [stdout]    6:     0x5ba92925501c - core[df12db4294e9bfd3]::io::write::default_write_fmt::<alloc[2182bb758b4b3781]::vec::Vec<u8>>
[INFO] [stdout]                                at /rustc/dfb0accb7f508ae8be965d8629557221c889dd98/library/core/src/io/write.rs:402:11
[INFO] [stdout]    7:     0x5ba92925501c - <alloc[2182bb758b4b3781]::vec::Vec<u8> as core[df12db4294e9bfd3]::io::write::Write>::write_fmt
[INFO] [stdout]                                at /rustc/dfb0accb7f508ae8be965d8629557221c889dd98/library/core/src/io/write.rs:335:13
[INFO] [stdout]    8:     0x5ba9292296e6 - <std[70759c8f55707aa4]::sys::backtrace::BacktraceLock>::print
[INFO] [stdout]                                at /rustc/dfb0accb7f508ae8be965d8629557221c889dd98/library/std/src/sys/backtrace.rs:47:9
[INFO] [stdout]    9:     0x5ba9292296e6 - std[70759c8f55707aa4]::panicking::default_hook::{closure#0}
[INFO] [stdout]                                at /rustc/dfb0accb7f508ae8be965d8629557221c889dd98/library/std/src/panicking.rs:292:27
[INFO] [stdout]   10:     0x5ba929246869 - std[70759c8f55707aa4]::panicking::default_hook
[INFO] [stdout]                                at /rustc/dfb0accb7f508ae8be965d8629557221c889dd98/library/std/src/panicking.rs:316:9
[INFO] [stdout]   11:     0x5ba9284ba060 - <alloc[2182bb758b4b3781]::boxed::Box<dyn for<'a, 'b> core[df12db4294e9bfd3]::ops::function::Fn<(&'a std[70759c8f55707aa4]::panic::PanicHookInfo<'b>,), Output = ()> + core[df12db4294e9bfd3]::marker::Send + core[df12db4294e9bfd3]::marker::Sync> as core[df12db4294e9bfd3]::ops::function::Fn<(&std[70759c8f55707aa4]::panic::PanicHookInfo,)>>::call
[INFO] [stdout]                                at /rustc/dfb0accb7f508ae8be965d8629557221c889dd98/library/alloc/src/boxed.rs:2334:9
[INFO] [stdout]   12:     0x5ba9284ba060 - test[9d35eded1c95d3be]::test_main_inner::<test[9d35eded1c95d3be]::test_main_static::{closure#0}>::{closure#0}
[INFO] [stdout]                                at /rustc/dfb0accb7f508ae8be965d8629557221c889dd98/library/test/src/lib.rs:155:21
[INFO] [stdout]   13:     0x5ba929246b92 - <alloc[2182bb758b4b3781]::boxed::Box<dyn for<'a, 'b> core[df12db4294e9bfd3]::ops::function::Fn<(&'a std[70759c8f55707aa4]::panic::PanicHookInfo<'b>,), Output = ()> + core[df12db4294e9bfd3]::marker::Send + core[df12db4294e9bfd3]::marker::Sync> as core[df12db4294e9bfd3]::ops::function::Fn<(&std[70759c8f55707aa4]::panic::PanicHookInfo,)>>::call
[INFO] [stdout]                                at /rustc/dfb0accb7f508ae8be965d8629557221c889dd98/library/alloc/src/boxed.rs:2334:9
[INFO] [stdout]   14:     0x5ba929246b92 - std[70759c8f55707aa4]::panicking::panic_with_hook
[INFO] [stdout]                                at /rustc/dfb0accb7f508ae8be965d8629557221c889dd98/library/std/src/panicking.rs:823:13
[INFO] [stdout]   15:     0x5ba929229792 - std[70759c8f55707aa4]::panicking::panic_handler::{closure#0}
[INFO] [stdout]                                at /rustc/dfb0accb7f508ae8be965d8629557221c889dd98/library/std/src/panicking.rs:688:13
[INFO] [stdout]   16:     0x5ba929222139 - std[70759c8f55707aa4]::sys::backtrace::__rust_end_short_backtrace::<std[70759c8f55707aa4]::panicking::panic_handler::{closure#0}, !>
[INFO] [stdout]                                at /rustc/dfb0accb7f508ae8be965d8629557221c889dd98/library/std/src/sys/backtrace.rs:182:18
[INFO] [stdout]   17:     0x5ba92922a47d - __rustc[8fa7c3cbc660c2b3]::rust_begin_unwind
[INFO] [stdout]                                at /rustc/dfb0accb7f508ae8be965d8629557221c889dd98/library/std/src/panicking.rs:679:5
[INFO] [stdout]   18:     0x5ba92926732c - core[df12db4294e9bfd3]::panicking::panic_fmt
[INFO] [stdout]                                at /rustc/dfb0accb7f508ae8be965d8629557221c889dd98/library/core/src/panicking.rs:80:14
[INFO] [stdout]   19:     0x5ba9284f7c28 - svm_unit_test[321f8b0ebe0e7fc6]::builder::build_one
[INFO] [stdout]                                at /opt/rustwide/cargo-home/registry/src/index.crates.io-1949cf8c6b5b557f/svm-unit-test-0.1.5/src/builder.rs:133:5
[INFO] [stdout]   20:     0x5ba9284f67d0 - svm_unit_test[321f8b0ebe0e7fc6]::builder::build_one_test
[INFO] [stdout]                                at /opt/rustwide/cargo-home/registry/src/index.crates.io-1949cf8c6b5b557f/svm-unit-test-0.1.5/src/builder.rs:49:5
[INFO] [stdout]   21:     0x5ba9284f19c4 - svm_unit_test[321f8b0ebe0e7fc6]::suite::ensure_test_built::{closure#2}
[INFO] [stdout]                                at /opt/rustwide/cargo-home/registry/src/index.crates.io-1949cf8c6b5b557f/svm-unit-test-0.1.5/src/suite.rs:58:20
[INFO] [stdout]   22:     0x5ba9284f113e - <std[70759c8f55707aa4]::sync::once_lock::OnceLock<&std[70759c8f55707aa4]::path::Path>>::get_or_init::<svm_unit_test[321f8b0ebe0e7fc6]::suite::ensure_test_built::{closure#2}>::{closure#0}
[INFO] [stdout]                                at /rustc/dfb0accb7f508ae8be965d8629557221c889dd98/library/std/src/sync/once_lock.rs:350:50
[INFO] [stdout]   23:     0x5ba9284f10c6 - <std[70759c8f55707aa4]::sync::once_lock::OnceLock<&std[70759c8f55707aa4]::path::Path>>::initialize::<<std[70759c8f55707aa4]::sync::once_lock::OnceLock<&std[70759c8f55707aa4]::path::Path>>::get_or_init<svm_unit_test[321f8b0ebe0e7fc6]::suite::ensure_test_built::{closure#2}>::{closure#0}, !>::{closure#0}
[INFO] [stdout]                                at /rustc/dfb0accb7f508ae8be965d8629557221c889dd98/library/std/src/sync/once_lock.rs:572:19
[INFO] [stdout]   24:     0x5ba9284fdcdc - <std[70759c8f55707aa4]::sync::once::Once>::call_once_force::<<std[70759c8f55707aa4]::sync::once_lock::OnceLock<&std[70759c8f55707aa4]::path::Path>>::initialize<<std[70759c8f55707aa4]::sync::once_lock::OnceLock<&std[70759c8f55707aa4]::path::Path>>::get_or_init<svm_unit_test[321f8b0ebe0e7fc6]::suite::ensure_test_built::{closure#2}>::{closure#0}, !>::{closure#0}>::{closure#0}
[INFO] [stdout]                                at /rustc/dfb0accb7f508ae8be965d8629557221c889dd98/library/std/src/sync/once.rs:226:40
[INFO] [stdout]   25:     0x5ba92922f419 - <std[70759c8f55707aa4]::sys::sync::once::futex::Once>::call
[INFO] [stdout]                                at /rustc/dfb0accb7f508ae8be965d8629557221c889dd98/library/std/src/sys/sync/once/futex.rs:183:21
[INFO] [stdout]   26:     0x5ba9284fae32 - <std[70759c8f55707aa4]::sync::once::Once>::call_once_force::<<std[70759c8f55707aa4]::sync::once_lock::OnceLock<&std[70759c8f55707aa4]::path::Path>>::initialize<<std[70759c8f55707aa4]::sync::once_lock::OnceLock<&std[70759c8f55707aa4]::path::Path>>::get_or_init<svm_unit_test[321f8b0ebe0e7fc6]::suite::ensure_test_built::{closure#2}>::{closure#0}, !>::{closure#0}>
[INFO] [stdout]                                at /rustc/dfb0accb7f508ae8be965d8629557221c889dd98/library/std/src/sync/once.rs:226:20
[INFO] [stdout]   27:     0x5ba9284eecd8 - <std[70759c8f55707aa4]::sync::once_lock::OnceLock<&std[70759c8f55707aa4]::path::Path>>::initialize::<<std[70759c8f55707aa4]::sync::once_lock::OnceLock<&std[70759c8f55707aa4]::path::Path>>::get_or_init<svm_unit_test[321f8b0ebe0e7fc6]::suite::ensure_test_built::{closure#2}>::{closure#0}, !>
[INFO] [stdout]                                at /rustc/dfb0accb7f508ae8be965d8629557221c889dd98/library/std/src/sync/once_lock.rs:571:19
[INFO] [stdout]   28:     0x5ba9284eed9b - <std[70759c8f55707aa4]::sync::once_lock::OnceLock<&std[70759c8f55707aa4]::path::Path>>::get_or_try_init::<<std[70759c8f55707aa4]::sync::once_lock::OnceLock<&std[70759c8f55707aa4]::path::Path>>::get_or_init<svm_unit_test[321f8b0ebe0e7fc6]::suite::ensure_test_built::{closure#2}>::{closure#0}, !>
[INFO] [stdout]                                at /rustc/dfb0accb7f508ae8be965d8629557221c889dd98/library/std/src/sync/once_lock.rs:439:14
[INFO] [stdout]   29:     0x5ba9284eed0b - <std[70759c8f55707aa4]::sync::once_lock::OnceLock<&std[70759c8f55707aa4]::path::Path>>::get_or_init::<svm_unit_test[321f8b0ebe0e7fc6]::suite::ensure_test_built::{closure#2}>
[INFO] [stdout]                                at /rustc/dfb0accb7f508ae8be965d8629557221c889dd98/library/std/src/sync/once_lock.rs:350:20
[INFO] [stdout]   30:     0x5ba9284f5155 - svm_unit_test[321f8b0ebe0e7fc6]::suite::ensure_test_built
[INFO] [stdout]                                at /opt/rustwide/cargo-home/registry/src/index.crates.io-1949cf8c6b5b557f/svm-unit-test-0.1.5/src/suite.rs:56:11
[INFO] [stdout]   31:     0x5ba9284acf7d - sbpf[51c2657587a8f863]::bench_preverify
[INFO] [stdout]                                at /opt/rustwide/workdir/tests/sbpf.rs:55:1
[INFO] [stdout]   32:     0x5ba9284ac617 - sbpf[51c2657587a8f863]::bench_preverify::{closure#0}
[INFO] [stdout]                                at /opt/rustwide/workdir/tests/sbpf.rs:55:12
[INFO] [stdout]   33:     0x5ba9284ad2f6 - <sbpf[51c2657587a8f863]::bench_preverify::{closure#0} as core[df12db4294e9bfd3]::ops::function::FnOnce<()>>::call_once
[INFO] [stdout]                                at /rustc/dfb0accb7f508ae8be965d8629557221c889dd98/library/core/src/ops/function.rs:250:5
[INFO] [stdout]   34:     0x5ba9284ad34b - <fn() -> core[df12db4294e9bfd3]::result::Result<(), alloc[2182bb758b4b3781]::string::String> as core[df12db4294e9bfd3]::ops::function::FnOnce<()>>::call_once
[INFO] [stdout]                                at /rustc/dfb0accb7f508ae8be965d8629557221c889dd98/library/core/src/ops/function.rs:250:5
[INFO] [stdout]   35:     0x5ba9284ad34b - test[9d35eded1c95d3be]::__rust_begin_short_backtrace::<core[df12db4294e9bfd3]::result::Result<(), alloc[2182bb758b4b3781]::string::String>, fn() -> core[df12db4294e9bfd3]::result::Result<(), alloc[2182bb758b4b3781]::string::String>>
[INFO] [stdout]                                at /rustc/dfb0accb7f508ae8be965d8629557221c889dd98/library/test/src/lib.rs:733:18
[INFO] [stdout]   36:     0x5ba9284ba9b5 - test[9d35eded1c95d3be]::run_test_in_process::{closure#0}
[INFO] [stdout]                                at /rustc/dfb0accb7f508ae8be965d8629557221c889dd98/library/test/src/lib.rs:756:74
[INFO] [stdout]   37:     0x5ba9284ba9b5 - <core[df12db4294e9bfd3]::panic::unwind_safe::AssertUnwindSafe<test[9d35eded1c95d3be]::run_test_in_process::{closure#0}> as core[df12db4294e9bfd3]::ops::function::FnOnce<()>>::call_once
[INFO] [stdout]                                at /rustc/dfb0accb7f508ae8be965d8629557221c889dd98/library/core/src/panic/unwind_safe.rs:275:9
[INFO] [stdout]   38:     0x5ba9284ba9b5 - std[70759c8f55707aa4]::panicking::catch_unwind::do_call::<core[df12db4294e9bfd3]::panic::unwind_safe::AssertUnwindSafe<test[9d35eded1c95d3be]::run_test_in_process::{closure#0}>, core[df12db4294e9bfd3]::result::Result<(), alloc[2182bb758b4b3781]::string::String>>
[INFO] [stdout]                                at /rustc/dfb0accb7f508ae8be965d8629557221c889dd98/library/std/src/panicking.rs:576:43
[INFO] [stdout]   39:     0x5ba9284ba9b5 - std[70759c8f55707aa4]::panicking::catch_unwind::<core[df12db4294e9bfd3]::result::Result<(), alloc[2182bb758b4b3781]::string::String>, core[df12db4294e9bfd3]::panic::unwind_safe::AssertUnwindSafe<test[9d35eded1c95d3be]::run_test_in_process::{closure#0}>>
[INFO] [stdout]                                at /rustc/dfb0accb7f508ae8be965d8629557221c889dd98/library/std/src/panicking.rs:544:19
[INFO] [stdout]   40:     0x5ba9284ba9b5 - std[70759c8f55707aa4]::panic::catch_unwind::<core[df12db4294e9bfd3]::panic::unwind_safe::AssertUnwindSafe<test[9d35eded1c95d3be]::run_test_in_process::{closure#0}>, core[df12db4294e9bfd3]::result::Result<(), alloc[2182bb758b4b3781]::string::String>>
[INFO] [stdout]                                at /rustc/dfb0accb7f508ae8be965d8629557221c889dd98/library/std/src/panic.rs:359:14
[INFO] [stdout]   41:     0x5ba9284ba9b5 - test[9d35eded1c95d3be]::run_test_in_process
[INFO] [stdout]                                at /rustc/dfb0accb7f508ae8be965d8629557221c889dd98/library/test/src/lib.rs:756:27
[INFO] [stdout]   42:     0x5ba9284ba9b5 - test[9d35eded1c95d3be]::run_test::{closure#0}
[INFO] [stdout]                                at /rustc/dfb0accb7f508ae8be965d8629557221c889dd98/library/test/src/lib.rs:677:43
[INFO] [stdout]   43:     0x5ba9284b4274 - test[9d35eded1c95d3be]::run_test::{closure#1}
[INFO] [stdout]                                at /rustc/dfb0accb7f508ae8be965d8629557221c889dd98/library/test/src/lib.rs:707:41
[INFO] [stdout]   44:     0x5ba9284b4274 - std[70759c8f55707aa4]::sys::backtrace::__rust_begin_short_backtrace::<test[9d35eded1c95d3be]::run_test::{closure#1}, ()>
[INFO] [stdout]                                at /rustc/dfb0accb7f508ae8be965d8629557221c889dd98/library/std/src/sys/backtrace.rs:166:18
[INFO] [stdout]   45:     0x5ba9284bdb12 - std[70759c8f55707aa4]::thread::lifecycle::spawn_unchecked::<test[9d35eded1c95d3be]::run_test::{closure#1}, ()>::{closure#1}::{closure#0}
[INFO] [stdout]                                at /rustc/dfb0accb7f508ae8be965d8629557221c889dd98/library/std/src/thread/lifecycle.rs:70:13
[INFO] [stdout]   46:     0x5ba9284bdb12 - <core[df12db4294e9bfd3]::panic::unwind_safe::AssertUnwindSafe<std[70759c8f55707aa4]::thread::lifecycle::spawn_unchecked<test[9d35eded1c95d3be]::run_test::{closure#1}, ()>::{closure#1}::{closure#0}> as core[df12db4294e9bfd3]::ops::function::FnOnce<()>>::call_once
[INFO] [stdout]                                at /rustc/dfb0accb7f508ae8be965d8629557221c889dd98/library/core/src/panic/unwind_safe.rs:275:9
[INFO] [stdout]   47:     0x5ba9284bdb12 - std[70759c8f55707aa4]::panicking::catch_unwind::do_call::<core[df12db4294e9bfd3]::panic::unwind_safe::AssertUnwindSafe<std[70759c8f55707aa4]::thread::lifecycle::spawn_unchecked<test[9d35eded1c95d3be]::run_test::{closure#1}, ()>::{closure#1}::{closure#0}>, ()>
[INFO] [stdout]                                at /rustc/dfb0accb7f508ae8be965d8629557221c889dd98/library/std/src/panicking.rs:576:43
[INFO] [stdout]   48:     0x5ba9284bdb12 - std[70759c8f55707aa4]::panicking::catch_unwind::<(), core[df12db4294e9bfd3]::panic::unwind_safe::AssertUnwindSafe<std[70759c8f55707aa4]::thread::lifecycle::spawn_unchecked<test[9d35eded1c95d3be]::run_test::{closure#1}, ()>::{closure#1}::{closure#0}>>
[INFO] [stdout]                                at /rustc/dfb0accb7f508ae8be965d8629557221c889dd98/library/std/src/panicking.rs:544:19
[INFO] [stdout]   49:     0x5ba9284bdb12 - std[70759c8f55707aa4]::panic::catch_unwind::<core[df12db4294e9bfd3]::panic::unwind_safe::AssertUnwindSafe<std[70759c8f55707aa4]::thread::lifecycle::spawn_unchecked<test[9d35eded1c95d3be]::run_test::{closure#1}, ()>::{closure#1}::{closure#0}>, ()>
[INFO] [stdout]                                at /rustc/dfb0accb7f508ae8be965d8629557221c889dd98/library/std/src/panic.rs:359:14
[INFO] [stdout]   50:     0x5ba9284bdb12 - std[70759c8f55707aa4]::thread::lifecycle::spawn_unchecked::<test[9d35eded1c95d3be]::run_test::{closure#1}, ()>::{closure#1}
[INFO] [stdout]                                at /rustc/dfb0accb7f508ae8be965d8629557221c889dd98/library/std/src/thread/lifecycle.rs:68:26
[INFO] [stdout]   51:     0x5ba9284bdb12 - <std[70759c8f55707aa4]::thread::lifecycle::spawn_unchecked<test[9d35eded1c95d3be]::run_test::{closure#1}, ()>::{closure#1} as core[df12db4294e9bfd3]::ops::function::FnOnce<()>>::call_once::{shim:vtable#0}
[INFO] [stdout]                                at /rustc/dfb0accb7f508ae8be965d8629557221c889dd98/library/core/src/ops/function.rs:250:5
[INFO] [stdout]   52:     0x5ba92924e0a9 - <alloc[2182bb758b4b3781]::boxed::Box<dyn core[df12db4294e9bfd3]::ops::function::FnOnce<(), Output = ()> + core[df12db4294e9bfd3]::marker::Send> as core[df12db4294e9bfd3]::ops::function::FnOnce<()>>::call_once
[INFO] [stdout]                                at /rustc/dfb0accb7f508ae8be965d8629557221c889dd98/library/alloc/src/boxed.rs:2320:9
[INFO] [stdout]   53:     0x5ba92924e0a9 - <std[70759c8f55707aa4]::sys::thread::unix::Thread>::new::thread_start
[INFO] [stdout]                                at /rustc/dfb0accb7f508ae8be965d8629557221c889dd98/library/std/src/sys/thread/unix.rs:123:17
[INFO] [stdout]   54:     0x7e73151f3dfa - <unknown>
[INFO] [stdout]   55:     0x7e73152873d4 - clone
[INFO] [stdout]   56:                0x0 - <unknown>
[INFO] [stdout] 
[INFO] [stdout] ---- bench_adapt stdout ----
[INFO] [stdout] 
[INFO] [stdout] thread 'bench_adapt' (3405) panicked at /opt/rustwide/cargo-home/registry/src/index.crates.io-1949cf8c6b5b557f/svm-unit-test-0.1.5/src/builder.rs:133:5:
[INFO] [stdout] `cargo build-sbf` failed for svm_test `bench_adapt` (manifest: /opt/rustwide/target/tmp/suite-0269231cf891323b/build/bench_adapt/Cargo.toml)
[INFO] [stdout] stack backtrace:
[INFO] [stdout]    0:     0x5ba92924f061 - std[70759c8f55707aa4]::backtrace_rs::backtrace::libunwind::trace
[INFO] [stdout]                                at /rustc/dfb0accb7f508ae8be965d8629557221c889dd98/library/std/src/../../backtrace/src/backtrace/libunwind.rs:117:9
[INFO] [stdout]    1:     0x5ba92924f061 - std[70759c8f55707aa4]::backtrace_rs::backtrace::trace_unsynchronized::<std[70759c8f55707aa4]::sys::backtrace::_print_fmt::{closure#1}>
[INFO] [stdout]                                at /rustc/dfb0accb7f508ae8be965d8629557221c889dd98/library/std/src/../../backtrace/src/backtrace/mod.rs:66:14
[INFO] [stdout]    2:     0x5ba92924f061 - std[70759c8f55707aa4]::sys::backtrace::_print_fmt
[INFO] [stdout]                                at /rustc/dfb0accb7f508ae8be965d8629557221c889dd98/library/std/src/sys/backtrace.rs:74:9
[INFO] [stdout]    3:     0x5ba92924f061 - <<std[70759c8f55707aa4]::sys::backtrace::BacktraceLock>::print::DisplayBacktrace as core[df12db4294e9bfd3]::fmt::Display>::fmt
[INFO] [stdout]                                at /rustc/dfb0accb7f508ae8be965d8629557221c889dd98/library/std/src/sys/backtrace.rs:44:26
[INFO] [stdout]    4:     0x5ba929266a5a - <core[df12db4294e9bfd3]::fmt::rt::Argument>::fmt
[INFO] [stdout]                                at /rustc/dfb0accb7f508ae8be965d8629557221c889dd98/library/core/src/fmt/rt.rs:152:76
[INFO] [stdout]    5:     0x5ba929266a5a - core[df12db4294e9bfd3]::fmt::write
[INFO] [stdout]    6:     0x5ba92925501c - core[df12db4294e9bfd3]::io::write::default_write_fmt::<alloc[2182bb758b4b3781]::vec::Vec<u8>>
[INFO] [stdout]                                at /rustc/dfb0accb7f508ae8be965d8629557221c889dd98/library/core/src/io/write.rs:402:11
[INFO] [stdout]    7:     0x5ba92925501c - <alloc[2182bb758b4b3781]::vec::Vec<u8> as core[df12db4294e9bfd3]::io::write::Write>::write_fmt
[INFO] [stdout]                                at /rustc/dfb0accb7f508ae8be965d8629557221c889dd98/library/core/src/io/write.rs:335:13
[INFO] [stdout]    8:     0x5ba9292296e6 - <std[70759c8f55707aa4]::sys::backtrace::BacktraceLock>::print
[INFO] [stdout]                                at /rustc/dfb0accb7f508ae8be965d8629557221c889dd98/library/std/src/sys/backtrace.rs:47:9
[INFO] [stdout]    9:     0x5ba9292296e6 - std[70759c8f55707aa4]::panicking::default_hook::{closure#0}
[INFO] [stdout]                                at /rustc/dfb0accb7f508ae8be965d8629557221c889dd98/library/std/src/panicking.rs:292:27
[INFO] [stdout]   10:     0x5ba929246869 - std[70759c8f55707aa4]::panicking::default_hook
[INFO] [stdout]                                at /rustc/dfb0accb7f508ae8be965d8629557221c889dd98/library/std/src/panicking.rs:316:9
[INFO] [stdout]   11:     0x5ba9284ba060 - <alloc[2182bb758b4b3781]::boxed::Box<dyn for<'a, 'b> core[df12db4294e9bfd3]::ops::function::Fn<(&'a std[70759c8f55707aa4]::panic::PanicHookInfo<'b>,), Output = ()> + core[df12db4294e9bfd3]::marker::Send + core[df12db4294e9bfd3]::marker::Sync> as core[df12db4294e9bfd3]::ops::function::Fn<(&std[70759c8f55707aa4]::panic::PanicHookInfo,)>>::call
[INFO] [stdout]                                at /rustc/dfb0accb7f508ae8be965d8629557221c889dd98/library/alloc/src/boxed.rs:2334:9
[INFO] [stdout]   12:     0x5ba9284ba060 - test[9d35eded1c95d3be]::test_main_inner::<test[9d35eded1c95d3be]::test_main_static::{closure#0}>::{closure#0}
[INFO] [stdout]                                at /rustc/dfb0accb7f508ae8be965d8629557221c889dd98/library/test/src/lib.rs:155:21
[INFO] [stdout]   13:     0x5ba929246b92 - <alloc[2182bb758b4b3781]::boxed::Box<dyn for<'a, 'b> core[df12db4294e9bfd3]::ops::function::Fn<(&'a std[70759c8f55707aa4]::panic::PanicHookInfo<'b>,), Output = ()> + core[df12db4294e9bfd3]::marker::Send + core[df12db4294e9bfd3]::marker::Sync> as core[df12db4294e9bfd3]::ops::function::Fn<(&std[70759c8f55707aa4]::panic::PanicHookInfo,)>>::call
[INFO] [stdout]                                at /rustc/dfb0accb7f508ae8be965d8629557221c889dd98/library/alloc/src/boxed.rs:2334:9
[INFO] [stdout]   14:     0x5ba929246b92 - std[70759c8f55707aa4]::panicking::panic_with_hook
[INFO] [stdout]                                at /rustc/dfb0accb7f508ae8be965d8629557221c889dd98/library/std/src/panicking.rs:823:13
[INFO] [stdout]   15:     0x5ba929229792 - std[70759c8f55707aa4]::panicking::panic_handler::{closure#0}
[INFO] [stdout]                                at /rustc/dfb0accb7f508ae8be965d8629557221c889dd98/library/std/src/panicking.rs:688:13
[INFO] [stdout]   16:     0x5ba929222139 - std[70759c8f55707aa4]::sys::backtrace::__rust_end_short_backtrace::<std[70759c8f55707aa4]::panicking::panic_handler::{closure#0}, !>
[INFO] [stdout]                                at /rustc/dfb0accb7f508ae8be965d8629557221c889dd98/library/std/src/sys/backtrace.rs:182:18
[INFO] [stdout]   17:     0x5ba92922a47d - __rustc[8fa7c3cbc660c2b3]::rust_begin_unwind
[INFO] [stdout]                                at /rustc/dfb0accb7f508ae8be965d8629557221c889dd98/library/std/src/panicking.rs:679:5
[INFO] [stdout]   18:     0x5ba92926732c - core[df12db4294e9bfd3]::panicking::panic_fmt
[INFO] [stdout]                                at /rustc/dfb0accb7f508ae8be965d8629557221c889dd98/library/core/src/panicking.rs:80:14
[INFO] [stdout]   19:     0x5ba9284f7c28 - svm_unit_test[321f8b0ebe0e7fc6]::builder::build_one
[INFO] [stdout]                                at /opt/rustwide/cargo-home/registry/src/index.crates.io-1949cf8c6b5b557f/svm-unit-test-0.1.5/src/builder.rs:133:5
[INFO] [stdout]   20:     0x5ba9284f67d0 - svm_unit_test[321f8b0ebe0e7fc6]::builder::build_one_test
[INFO] [stdout]                                at /opt/rustwide/cargo-home/registry/src/index.crates.io-1949cf8c6b5b557f/svm-unit-test-0.1.5/src/builder.rs:49:5
[INFO] [stdout]   21:     0x5ba9284f19c4 - svm_unit_test[321f8b0ebe0e7fc6]::suite::ensure_test_built::{closure#2}
[INFO] [stdout]                                at /opt/rustwide/cargo-home/registry/src/index.crates.io-1949cf8c6b5b557f/svm-unit-test-0.1.5/src/suite.rs:58:20
[INFO] [stdout]   22:     0x5ba9284f113e - <std[70759c8f55707aa4]::sync::once_lock::OnceLock<&std[70759c8f55707aa4]::path::Path>>::get_or_init::<svm_unit_test[321f8b0ebe0e7fc6]::suite::ensure_test_built::{closure#2}>::{closure#0}
[INFO] [stdout]                                at /rustc/dfb0accb7f508ae8be965d8629557221c889dd98/library/std/src/sync/once_lock.rs:350:50
[INFO] [stdout]   23:     0x5ba9284f10c6 - <std[70759c8f55707aa4]::sync::once_lock::OnceLock<&std[70759c8f55707aa4]::path::Path>>::initialize::<<std[70759c8f55707aa4]::sync::once_lock::OnceLock<&std[70759c8f55707aa4]::path::Path>>::get_or_init<svm_unit_test[321f8b0ebe0e7fc6]::suite::ensure_test_built::{closure#2}>::{closure#0}, !>::{closure#0}
[INFO] [stdout]                                at /rustc/dfb0accb7f508ae8be965d8629557221c889dd98/library/std/src/sync/once_lock.rs:572:19
[INFO] [stdout]   24:     0x5ba9284fdcdc - <std[70759c8f55707aa4]::sync::once::Once>::call_once_force::<<std[70759c8f55707aa4]::sync::once_lock::OnceLock<&std[70759c8f55707aa4]::path::Path>>::initialize<<std[70759c8f55707aa4]::sync::once_lock::OnceLock<&std[70759c8f55707aa4]::path::Path>>::get_or_init<svm_unit_test[321f8b0ebe0e7fc6]::suite::ensure_test_built::{closure#2}>::{closure#0}, !>::{closure#0}>::{closure#0}
[INFO] [stdout]                                at /rustc/dfb0accb7f508ae8be965d8629557221c889dd98/library/std/src/sync/once.rs:226:40
[INFO] [stdout]   25:     0x5ba92922f419 - <std[70759c8f55707aa4]::sys::sync::once::futex::Once>::call
[INFO] [stdout]                                at /rustc/dfb0accb7f508ae8be965d8629557221c889dd98/library/std/src/sys/sync/once/futex.rs:183:21
[INFO] [stdout]   26:     0x5ba9284fae32 - <std[70759c8f55707aa4]::sync::once::Once>::call_once_force::<<std[70759c8f55707aa4]::sync::once_lock::OnceLock<&std[70759c8f55707aa4]::path::Path>>::initialize<<std[70759c8f55707aa4]::sync::once_lock::OnceLock<&std[70759c8f55707aa4]::path::Path>>::get_or_init<svm_unit_test[321f8b0ebe0e7fc6]::suite::ensure_test_built::{closure#2}>::{closure#0}, !>::{closure#0}>
[INFO] [stdout]                                at /rustc/dfb0accb7f508ae8be965d8629557221c889dd98/library/std/src/sync/once.rs:226:20
[INFO] [stdout]   27:     0x5ba9284eecd8 - <std[70759c8f55707aa4]::sync::once_lock::OnceLock<&std[70759c8f55707aa4]::path::Path>>::initialize::<<std[70759c8f55707aa4]::sync::once_lock::OnceLock<&std[70759c8f55707aa4]::path::Path>>::get_or_init<svm_unit_test[321f8b0ebe0e7fc6]::suite::ensure_test_built::{closure#2}>::{closure#0}, !>
[INFO] [stdout]                                at /rustc/dfb0accb7f508ae8be965d8629557221c889dd98/library/std/src/sync/once_lock.rs:571:19
[INFO] [stdout]   28:     0x5ba9284eed9b - <std[70759c8f55707aa4]::sync::once_lock::OnceLock<&std[70759c8f55707aa4]::path::Path>>::get_or_try_init::<<std[70759c8f55707aa4]::sync::once_lock::OnceLock<&std[70759c8f55707aa4]::path::Path>>::get_or_init<svm_unit_test[321f8b0ebe0e7fc6]::suite::ensure_test_built::{closure#2}>::{closure#0}, !>
[INFO] [stdout]                                at /rustc/dfb0accb7f508ae8be965d8629557221c889dd98/library/std/src/sync/once_lock.rs:439:14
[INFO] [stdout]   29:     0x5ba9284eed0b - <std[70759c8f55707aa4]::sync::once_lock::OnceLock<&std[70759c8f55707aa4]::path::Path>>::get_or_init::<svm_unit_test[321f8b0ebe0e7fc6]::suite::ensure_test_built::{closure#2}>
[INFO] [stdout]                                at /rustc/dfb0accb7f508ae8be965d8629557221c889dd98/library/std/src/sync/once_lock.rs:350:20
[INFO] [stdout]   30:     0x5ba9284f5155 - svm_unit_test[321f8b0ebe0e7fc6]::suite::ensure_test_built
[INFO] [stdout]                                at /opt/rustwide/cargo-home/registry/src/index.crates.io-1949cf8c6b5b557f/svm-unit-test-0.1.5/src/suite.rs:56:11
[INFO] [stdout]   31:     0x5ba9284acb8d - sbpf[51c2657587a8f863]::bench_adapt
[INFO] [stdout]                                at /opt/rustwide/workdir/tests/sbpf.rs:60:1
[INFO] [stdout]   32:     0x5ba9284ac587 - sbpf[51c2657587a8f863]::bench_adapt::{closure#0}
[INFO] [stdout]                                at /opt/rustwide/workdir/tests/sbpf.rs:60:12
[INFO] [stdout]   33:     0x5ba9284ad296 - <sbpf[51c2657587a8f863]::bench_adapt::{closure#0} as core[df12db4294e9bfd3]::ops::function::FnOnce<()>>::call_once
[INFO] [stdout]                                at /rustc/dfb0accb7f508ae8be965d8629557221c889dd98/library/core/src/ops/function.rs:250:5
[INFO] [stdout]   34:     0x5ba9284ad34b - <fn() -> core[df12db4294e9bfd3]::result::Result<(), alloc[2182bb758b4b3781]::string::String> as core[df12db4294e9bfd3]::ops::function::FnOnce<()>>::call_once
[INFO] [stdout]                                at /rustc/dfb0accb7f508ae8be965d8629557221c889dd98/library/core/src/ops/function.rs:250:5
[INFO] [stdout]   35:     0x5ba9284ad34b - test[9d35eded1c95d3be]::__rust_begin_short_backtrace::<core[df12db4294e9bfd3]::result::Result<(), alloc[2182bb758b4b3781]::string::String>, fn() -> core[df12db4294e9bfd3]::result::Result<(), alloc[2182bb758b4b3781]::string::String>>
[INFO] [stdout]                                at /rustc/dfb0accb7f508ae8be965d8629557221c889dd98/library/test/src/lib.rs:733:18
[INFO] [stdout]   36:     0x5ba9284ba9b5 - test[9d35eded1c95d3be]::run_test_in_process::{closure#0}
[INFO] [stdout]                                at /rustc/dfb0accb7f508ae8be965d8629557221c889dd98/library/test/src/lib.rs:756:74
[INFO] [stdout]   37:     0x5ba9284ba9b5 - <core[df12db4294e9bfd3]::panic::unwind_safe::AssertUnwindSafe<test[9d35eded1c95d3be]::run_test_in_process::{closure#0}> as core[df12db4294e9bfd3]::ops::function::FnOnce<()>>::call_once
[INFO] [stdout]                                at /rustc/dfb0accb7f508ae8be965d8629557221c889dd98/library/core/src/panic/unwind_safe.rs:275:9
[INFO] [stdout]   38:     0x5ba9284ba9b5 - std[70759c8f55707aa4]::panicking::catch_unwind::do_call::<core[df12db4294e9bfd3]::panic::unwind_safe::AssertUnwindSafe<test[9d35eded1c95d3be]::run_test_in_process::{closure#0}>, core[df12db4294e9bfd3]::result::Result<(), alloc[2182bb758b4b3781]::string::String>>
[INFO] [stdout]                                at /rustc/dfb0accb7f508ae8be965d8629557221c889dd98/library/std/src/panicking.rs:576:43
[INFO] [stdout]   39:     0x5ba9284ba9b5 - std[70759c8f55707aa4]::panicking::catch_unwind::<core[df12db4294e9bfd3]::result::Result<(), alloc[2182bb758b4b3781]::string::String>, core[df12db4294e9bfd3]::panic::unwind_safe::AssertUnwindSafe<test[9d35eded1c95d3be]::run_test_in_process::{closure#0}>>
[INFO] [stdout]                                at /rustc/dfb0accb7f508ae8be965d8629557221c889dd98/library/std/src/panicking.rs:544:19
[INFO] [stdout]   40:     0x5ba9284ba9b5 - std[70759c8f55707aa4]::panic::catch_unwind::<core[df12db4294e9bfd3]::panic::unwind_safe::AssertUnwindSafe<test[9d35eded1c95d3be]::run_test_in_process::{closure#0}>, core[df12db4294e9bfd3]::result::Result<(), alloc[2182bb758b4b3781]::string::String>>
[INFO] [stdout]                                at /rustc/dfb0accb7f508ae8be965d8629557221c889dd98/library/std/src/panic.rs:359:14
[INFO] [stdout]   41:     0x5ba9284ba9b5 - test[9d35eded1c95d3be]::run_test_in_process
[INFO] [stdout]                                at /rustc/dfb0accb7f508ae8be965d8629557221c889dd98/library/test/src/lib.rs:756:27
[INFO] [stdout]   42:     0x5ba9284ba9b5 - test[9d35eded1c95d3be]::run_test::{closure#0}
[INFO] [stdout]                                at /rustc/dfb0accb7f508ae8be965d8629557221c889dd98/library/test/src/lib.rs:677:43
[INFO] [stdout]   43:     0x5ba9284b4274 - test[9d35eded1c95d3be]::run_test::{closure#1}
[INFO] [stdout]                                at /rustc/dfb0accb7f508ae8be965d8629557221c889dd98/library/test/src/lib.rs:707:41
[INFO] [stdout]   44:     0x5ba9284b4274 - std[70759c8f55707aa4]::sys::backtrace::__rust_begin_short_backtrace::<test[9d35eded1c95d3be]::run_test::{closure#1}, ()>
[INFO] [stdout]                                at /rustc/dfb0accb7f508ae8be965d8629557221c889dd98/library/std/src/sys/backtrace.rs:166:18
[INFO] [stdout]   45:     0x5ba9284bdb12 - std[70759c8f55707aa4]::thread::lifecycle::spawn_unchecked::<test[9d35eded1c95d3be]::run_test::{closure#1}, ()>::{closure#1}::{closure#0}
[INFO] [stdout]                                at /rustc/dfb0accb7f508ae8be965d8629557221c889dd98/library/std/src/thread/lifecycle.rs:70:13
[INFO] [stdout]   46:     0x5ba9284bdb12 - <core[df12db4294e9bfd3]::panic::unwind_safe::AssertUnwindSafe<std[70759c8f55707aa4]::thread::lifecycle::spawn_unchecked<test[9d35eded1c95d3be]::run_test::{closure#1}, ()>::{closure#1}::{closure#0}> as core[df12db4294e9bfd3]::ops::function::FnOnce<()>>::call_once
[INFO] [stdout]                                at /rustc/dfb0accb7f508ae8be965d8629557221c889dd98/library/core/src/panic/unwind_safe.rs:275:9
[INFO] [stdout]   47:     0x5ba9284bdb12 - std[70759c8f55707aa4]::panicking::catch_unwind::do_call::<core[df12db4294e9bfd3]::panic::unwind_safe::AssertUnwindSafe<std[70759c8f55707aa4]::thread::lifecycle::spawn_unchecked<test[9d35eded1c95d3be]::run_test::{closure#1}, ()>::{closure#1}::{closure#0}>, ()>
[INFO] [stdout]                                at /rustc/dfb0accb7f508ae8be965d8629557221c889dd98/library/std/src/panicking.rs:576:43
[INFO] [stdout]   48:     0x5ba9284bdb12 - std[70759c8f55707aa4]::panicking::catch_unwind::<(), core[df12db4294e9bfd3]::panic::unwind_safe::AssertUnwindSafe<std[70759c8f55707aa4]::thread::lifecycle::spawn_unchecked<test[9d35eded1c95d3be]::run_test::{closure#1}, ()>::{closure#1}::{closure#0}>>
[INFO] [stdout]                                at /rustc/dfb0accb7f508ae8be965d8629557221c889dd98/library/std/src/panicking.rs:544:19
[INFO] [stdout]   49:     0x5ba9284bdb12 - std[70759c8f55707aa4]::panic::catch_unwind::<core[df12db4294e9bfd3]::panic::unwind_safe::AssertUnwindSafe<std[70759c8f55707aa4]::thread::lifecycle::spawn_unchecked<test[9d35eded1c95d3be]::run_test::{closure#1}, ()>::{closure#1}::{closure#0}>, ()>
[INFO] [stdout]                                at /rustc/dfb0accb7f508ae8be965d8629557221c889dd98/library/std/src/panic.rs:359:14
[INFO] [stdout]   50:     0x5ba9284bdb12 - std[70759c8f55707aa4]::thread::lifecycle::spawn_unchecked::<test[9d35eded1c95d3be]::run_test::{closure#1}, ()>::{closure#1}
[INFO] [stdout]                                at /rustc/dfb0accb7f508ae8be965d8629557221c889dd98/library/std/src/thread/lifecycle.rs:68:26
[INFO] [stdout]   51:     0x5ba9284bdb12 - <std[70759c8f55707aa4]::thread::lifecycle::spawn_unchecked<test[9d35eded1c95d3be]::run_test::{closure#1}, ()>::{closure#1} as core[df12db4294e9bfd3]::ops::function::FnOnce<()>>::call_once::{shim:vtable#0}
[INFO] [stdout]                                at /rustc/dfb0accb7f508ae8be965d8629557221c889dd98/library/core/src/ops/function.rs:250:5
[INFO] [stdout]   52:     0x5ba92924e0a9 - <alloc[2182bb758b4b3781]::boxed::Box<dyn core[df12db4294e9bfd3]::ops::function::FnOnce<(), Output = ()> + core[df12db4294e9bfd3]::marker::Send> as core[df12db4294e9bfd3]::ops::function::FnOnce<()>>::call_once
[INFO] [stdout]                                at /rustc/dfb0accb7f508ae8be965d8629557221c889dd98/library/alloc/src/boxed.rs:2320:9
[INFO] [stdout]   53:     0x5ba92924e0a9 - <std[70759c8f55707aa4]::sys::thread::unix::Thread>::new::thread_start
[INFO] [stdout]                                at /rustc/dfb0accb7f508ae8be965d8629557221c889dd98/library/std/src/sys/thread/unix.rs:123:17
[INFO] [stdout]   54:     0x7e73151f3dfa - <unknown>
[INFO] [stdout]   55:     0x7e73152873d4 - clone
[INFO] [stdout]   56:                0x0 - <unknown>
[INFO] [stdout] 
[INFO] [stdout] 
[INFO] [stdout] failures:
[INFO] [stdout]     bench_adapt
[INFO] [stdout]     bench_extract
[INFO] [stdout]     bench_presign
[INFO] [stdout]     bench_preverify
[INFO] [stdout] 
[INFO] [stdout] test result: FAILED. 0 passed; 4 failed; 0 ignored; 0 measured; 0 filtered out; finished in 0.19s
[INFO] [stdout] 
[INFO] [stderr] error: test failed, to rerun pass `--test sbpf`
[INFO] running `Command { std: "docker" "inspect" "9ae9bcb4c3b27deb2d4adf67e22e2368c35da2bc5625e90d5dbabad08a830288", kill_on_drop: false }`
[INFO] running `Command { std: "docker" "rm" "-f" "9ae9bcb4c3b27deb2d4adf67e22e2368c35da2bc5625e90d5dbabad08a830288", kill_on_drop: false }`
[INFO] [stdout] 9ae9bcb4c3b27deb2d4adf67e22e2368c35da2bc5625e90d5dbabad08a830288
