[INFO] fetching crate snakedown 0.3.0...
[INFO] testing snakedown-0.3.0 against 1.99.0-beta.8 for beta-1.100-2
[INFO] extracting crate snakedown 0.3.0 into /workspace/builds/worker-7-tc1/source
[INFO] removed /workspace/builds/worker-7-tc1/source/.cargo/config.toml
[INFO] started tweaking crates.io crate snakedown 0.3.0
[INFO] removed 0 missing tests
[INFO] finished tweaking crates.io crate snakedown 0.3.0
[INFO] tweaked toml for crates.io crate snakedown 0.3.0 written to /workspace/builds/worker-7-tc1/source/Cargo.toml
[INFO] validating manifest of crates.io crate snakedown 0.3.0 on toolchain 1.99.0-beta.8
[INFO] running `Command { std: CARGO_HOME="/workspace/cargo-home" RUSTUP_HOME="/workspace/rustup-home" "/workspace/cargo-home/bin/cargo" "+1.99.0-beta.8" "metadata" "--manifest-path" "Cargo.toml" "--no-deps", kill_on_drop: false }`
[INFO] crate crates.io crate snakedown 0.3.0 already has a lockfile, it will not be regenerated
[INFO] running `Command { std: CARGO_HOME="/workspace/cargo-home" RUSTUP_HOME="/workspace/rustup-home" "/workspace/cargo-home/bin/cargo" "+1.99.0-beta.8" "fetch" "--manifest-path" "Cargo.toml", kill_on_drop: false }`
[INFO] [stderr]     Updating crates.io index
[INFO] [stderr]  Downloading crates ...
[INFO] [stderr]   Downloaded tracing-test-macro v0.2.5
[INFO] [stderr]   Downloaded tracing-test v0.2.5
[INFO] [stderr]   Downloaded globwalk v0.9.1
[INFO] [stderr]   Downloaded slug v0.1.6
[INFO] [stderr]   Downloaded wasm-bindgen-shared v0.2.106
[INFO] [stderr]   Downloaded chrono-tz-build v0.3.0
[INFO] [stderr]   Downloaded tracing-error v0.2.1
[INFO] [stderr]   Downloaded wasm-bindgen-macro v0.2.106
[INFO] [stderr]   Downloaded siphasher v1.0.1
[INFO] [stderr]   Downloaded unic-char-range v0.9.0
[INFO] [stderr]   Downloaded toml_writer v1.0.6+spec-1.1.0
[INFO] [stderr]   Downloaded humansize v2.1.3
[INFO] [stderr]   Downloaded globset v0.4.18
[INFO] [stderr]   Downloaded unicode_names2_generator v1.3.0
[INFO] [stderr]   Downloaded unic-ucd-ident v0.9.0
[INFO] [stderr]   Downloaded unic-ucd-version v0.9.0
[INFO] [stderr]   Downloaded unic-common v0.9.0
[INFO] [stderr]   Downloaded unic-char-property v0.9.0
[INFO] [stderr]   Downloaded rustpython-parser-core v0.4.0
[INFO] [stderr]   Downloaded rustpython-parser-vendored v0.4.0
[INFO] [stderr]   Downloaded malachite-bigint v0.2.3
[INFO] [stderr]   Downloaded malachite v0.4.22
[INFO] [stderr]   Downloaded lalrpop-util v0.20.2
[INFO] [stderr]   Downloaded serde_spanned v1.0.4
[INFO] [stderr]   Downloaded tokio-macros v2.6.0
[INFO] [stderr]   Downloaded pest_derive v2.8.5
[INFO] [stderr]   Downloaded pest_generator v2.8.5
[INFO] [stderr]   Downloaded pest_meta v2.8.5
[INFO] [stderr]   Downloaded iana-time-zone v0.1.64
[INFO] [stderr]   Downloaded find-msvc-tools v0.1.7
[INFO] [stderr]   Downloaded tempfile v3.24.0
[INFO] [stderr]   Downloaded unic-emoji-char v0.9.0
[INFO] [stderr]   Downloaded is-macro v0.3.7
[INFO] [stderr]   Downloaded wasm-bindgen-futures v0.4.56
[INFO] [stderr]   Downloaded openssl-probe v0.1.6
[INFO] [stderr]   Downloaded toml v0.9.11+spec-1.1.0
[INFO] [stderr]   Downloaded toml_parser v1.0.6+spec-1.1.0
[INFO] [stderr]   Downloaded socket2 v0.6.1
[INFO] [stderr]   Downloaded bitflags v2.10.0
[INFO] [stderr]   Downloaded bytes v1.11.0
[INFO] [stderr]   Downloaded wasm-bindgen v0.2.106
[INFO] [stderr]   Downloaded wasm-bindgen-macro-support v0.2.106
[INFO] [stderr]   Downloaded ignore v0.4.25
[INFO] [stderr]   Downloaded js-sys v0.3.83
[INFO] [stderr]   Downloaded rustpython-ast v0.4.0
[INFO] [stderr]   Downloaded native-tls v0.2.14
[INFO] [stderr]   Downloaded security-framework-sys v2.15.0
[INFO] [stderr]   Downloaded syn v2.0.114
[INFO] [stderr]   Downloaded tera v1.20.1
[INFO] [stderr]   Downloaded zerocopy-derive v0.8.33
[INFO] [stderr]   Downloaded parse-zoneinfo v0.3.1
[INFO] [stderr]   Downloaded cc v1.2.52
[INFO] [stderr]   Downloaded schannel v0.1.28
[INFO] [stderr]   Downloaded openssl-sys v0.9.111
[INFO] [stderr]   Downloaded pkg-config v0.3.32
[INFO] [stderr]   Downloaded rustls-pki-types v1.13.2
[INFO] [stderr]   Downloaded regex v1.12.2
[INFO] [stderr]   Downloaded pest v2.8.5
[INFO] [stderr]   Downloaded tower-http v0.6.8
[INFO] [stderr]   Downloaded hyper-util v0.1.19
[INFO] [stderr]   Downloaded version-ranges v0.1.2
[INFO] [stderr]   Downloaded pep440_rs v0.7.3
[INFO] [stderr]   Downloaded deunicode v1.6.2
[INFO] [stderr]   Downloaded rustpython-parser v0.4.0
[INFO] [stderr]   Downloaded iri-string v0.7.10
[INFO] [stderr]   Downloaded rustls-webpki v0.103.8
[INFO] [stderr]   Downloaded pyproject-toml v0.13.7
[INFO] [stderr]   Downloaded boxcar v0.2.14
[INFO] [stderr]   Downloaded jupyter-protocol v1.0.0
[INFO] [stderr]   Downloaded zerocopy v0.8.33
[INFO] [stderr]   Downloaded malachite-q v0.4.22
[INFO] [stderr]   Downloaded pep508_rs v0.9.2
[INFO] [stderr]   Downloaded uuid v1.19.0
[INFO] [stderr]   Downloaded lazy-regex v3.5.1
[INFO] [stderr]   Downloaded lazy-regex-proc_macros v3.5.1
[INFO] [stderr]   Downloaded edit-distance v2.2.2
[INFO] [stderr]   Downloaded regex-syntax v0.8.8
[INFO] [stderr]   Downloaded bstr v1.12.1
[INFO] [stderr]   Downloaded chrono-tz v0.9.0
[INFO] [stderr]   Downloaded unicode_names2 v1.3.0
[INFO] [stderr]   Downloaded nbformat v1.0.0
[INFO] [stderr]   Downloaded flate2 v1.1.5
[INFO] [stderr]   Downloaded console v0.16.2
[INFO] [stderr]   Downloaded clap v4.5.54
[INFO] [stderr]   Downloaded openssl v0.10.75
[INFO] [stderr]   Downloaded clap_derive v4.5.49
[INFO] [stderr]   Downloaded clap_lex v0.7.6
[INFO] [stderr]   Downloaded clap_builder v4.5.54
[INFO] [stderr]   Downloaded regex-automata v0.4.13
[INFO] [stderr]   Downloaded rustls v0.23.36
[INFO] [stderr]   Downloaded web-sys v0.3.83
[INFO] [stderr]   Downloaded tokio v1.49.0
[INFO] [stderr]   Downloaded libc v0.2.180
[INFO] [stderr]   Downloaded malachite-base v0.4.22
[INFO] [stderr]   Downloaded malachite-nz v0.4.22
[INFO] [stderr]   Downloaded owo-colors v4.2.3
[INFO] [stderr]   Downloaded indenter v0.3.4
[INFO] [stderr]   Downloaded difflib v0.4.0
[INFO] [stderr]   Downloaded color-eyre v0.6.5
[INFO] [stderr]   Downloaded eyre v0.6.12
[INFO] [stderr]   Downloaded color-spantrace v0.3.0
[INFO] [stderr]   Downloaded rustc-demangle v0.1.26
[INFO] [stderr]   Downloaded addr2line v0.25.1
[INFO] [stderr]   Downloaded clap-verbosity-flag v3.0.4
[INFO] [stderr]   Downloaded predicates-tree v1.0.12
[INFO] [stderr]   Downloaded doc-comment v0.3.4
[INFO] [stderr]   Downloaded assert_fs v1.1.3
[INFO] [stderr]   Downloaded object v0.37.3
[INFO] [stderr]   Downloaded gimli v0.32.3
[INFO] [stderr]   Downloaded backtrace v0.3.76
[INFO] [stderr]   Downloaded predicates-core v1.0.9
[INFO] [stderr]   Downloaded predicates v3.1.3
[INFO] [stderr]   Downloaded assert_cmd v2.1.2
[INFO] running `Command { std: "docker" "create" "-v" "/var/lib/crater-agent-workspace/builds/worker-7-tc1/source:/opt/rustwide/workdir:ro,Z" "-v" "/var/lib/crater-agent-workspace/builds/worker-7-tc1/target:/opt/rustwide/target:rw,Z" "-v" "/var/lib/crater-agent-workspace/cargo-home:/opt/rustwide/cargo-home:ro,Z" "-v" "/var/lib/crater-agent-workspace/rustup-home:/opt/rustwide/rustup-home:ro,Z" "-m" "1610612736" "--network" "none" "ghcr.io/rust-lang/crates-build-env/linux@sha256:3111399a4047eeb3a02b7a90e478d715f38a8c6669b5c4b49d30a17385265909" "sleep" "infinity", kill_on_drop: false }`
[INFO] [stdout] 317d937b9ffce1916fb6664dc0c14053faa64ae93aefaf47acb720adebdcf4fa
[INFO] running `Command { std: "docker" "start" "317d937b9ffce1916fb6664dc0c14053faa64ae93aefaf47acb720adebdcf4fa", kill_on_drop: false }`
[INFO] running `Command { std: "docker" "inspect" "317d937b9ffce1916fb6664dc0c14053faa64ae93aefaf47acb720adebdcf4fa", kill_on_drop: false }`
[INFO] running `Command { std: "docker" "exec" "-e" "SOURCE_DIR=/opt/rustwide/workdir" "-e" "CARGO_HOME=/opt/rustwide/cargo-home" "-e" "RUSTUP_HOME=/opt/rustwide/rustup-home" "-e" "CARGO_TARGET_DIR=/opt/rustwide/target" "-w" "/opt/rustwide/workdir" "--user" "0:0" "317d937b9ffce1916fb6664dc0c14053faa64ae93aefaf47acb720adebdcf4fa" "/opt/rustwide/cargo-home/bin/cargo" "+1.99.0-beta.8" "metadata" "--no-deps" "--format-version=1", kill_on_drop: false }`
[INFO] running `Command { std: "docker" "inspect" "317d937b9ffce1916fb6664dc0c14053faa64ae93aefaf47acb720adebdcf4fa", kill_on_drop: false }`
[INFO] running `Command { std: "docker" "exec" "-e" "SOURCE_DIR=/opt/rustwide/workdir" "-e" "CARGO_HOME=/opt/rustwide/cargo-home" "-e" "RUSTUP_HOME=/opt/rustwide/rustup-home" "-e" "CARGO_TARGET_DIR=/opt/rustwide/target" "-e" "CARGO_INCREMENTAL=0" "-e" "RUST_BACKTRACE=full" "-e" "RUSTFLAGS=--cap-lints=warn" "-e" "RUSTDOCFLAGS=--cap-lints=warn" "-w" "/opt/rustwide/workdir" "--user" "0:0" "317d937b9ffce1916fb6664dc0c14053faa64ae93aefaf47acb720adebdcf4fa" "/opt/rustwide/cargo-home/bin/cargo" "+1.99.0-beta.8" "build" "--frozen" "--message-format=json", kill_on_drop: false }`
[INFO] [stderr]    Compiling proc-macro2 v1.0.105
[INFO] [stderr]    Compiling unicode-ident v1.0.22
[INFO] [stderr]    Compiling quote v1.0.43
[INFO] [stderr]    Compiling cfg-if v1.0.4
[INFO] [stderr]    Compiling memchr v2.7.6
[INFO] [stderr]    Compiling libc v0.2.180
[INFO] [stderr]    Compiling once_cell v1.21.3
[INFO] [stderr]    Compiling zerocopy v0.8.33
[INFO] [stderr]    Compiling smallvec v1.15.1
[INFO] [stderr]    Compiling serde_core v1.0.228
[INFO] [stderr]    Compiling pin-project-lite v0.2.16
[INFO] [stderr]    Compiling siphasher v1.0.1
[INFO] [stderr]    Compiling regex-syntax v0.8.8
[INFO] [stderr]    Compiling stable_deref_trait v1.2.1
[INFO] [stderr]    Compiling futures-core v0.3.31
[INFO] [stderr]    Compiling phf_shared v0.11.3
[INFO] [stderr]    Compiling bytes v1.11.0
[INFO] [stderr]    Compiling log v0.4.29
[INFO] [stderr]    Compiling syn v2.0.114
[INFO] [stderr]    Compiling unicode-width v0.2.2
[INFO] [stderr]    Compiling itoa v1.0.17
[INFO] [stderr]    Compiling getrandom v0.2.16
[INFO] [stderr]    Compiling futures-sink v0.3.31
[INFO] [stderr]    Compiling serde v1.0.228
[INFO] [stderr]    Compiling rand_core v0.6.4
[INFO] [stderr]    Compiling parking_lot_core v0.9.12
[INFO] [stderr]    Compiling tracing-core v0.1.36
[INFO] [stderr]    Compiling scopeguard v1.2.0
[INFO] [stderr]    Compiling autocfg v1.5.0
[INFO] [stderr]    Compiling slab v0.4.11
[INFO] [stderr]    Compiling lock_api v0.4.14
[INFO] [stderr]    Compiling futures-channel v0.3.31
[INFO] [stderr]    Compiling errno v0.3.14
[INFO] [stderr]    Compiling num-traits v0.2.19
[INFO] [stderr]    Compiling version_check v0.9.5
[INFO] [stderr]    Compiling find-msvc-tools v0.1.7
[INFO] [stderr]    Compiling either v1.15.0
[INFO] [stderr]    Compiling libm v0.2.15
[INFO] [stderr]    Compiling shlex v1.3.0
[INFO] [stderr]    Compiling ppv-lite86 v0.2.21
[INFO] [stderr]    Compiling bitflags v2.10.0
[INFO] [stderr]    Compiling pin-utils v0.1.0
[INFO] [stderr]    Compiling cc v1.2.52
[INFO] [stderr]    Compiling ahash v0.8.12
[INFO] [stderr]    Compiling signal-hook-registry v1.4.8
[INFO] [stderr]    Compiling parking_lot v0.12.5
[INFO] [stderr]    Compiling mio v1.1.1
[INFO] [stderr]    Compiling socket2 v0.6.1
[INFO] [stderr]    Compiling aho-corasick v1.1.4
[INFO] [stderr]    Compiling rand_chacha v0.3.1
[INFO] [stderr]    Compiling rand v0.8.5
[INFO] [stderr]    Compiling writeable v0.6.2
[INFO] [stderr]    Compiling litemap v0.8.1
[INFO] [stderr]    Compiling futures-task v0.3.31
[INFO] [stderr]    Compiling pkg-config v0.3.32
[INFO] [stderr]    Compiling futures-io v0.3.31
[INFO] [stderr]    Compiling vcpkg v0.2.15
[INFO] [stderr]    Compiling phf_generator v0.11.3
[INFO] [stderr]    Compiling icu_normalizer_data v2.1.1
[INFO] [stderr]    Compiling phf_codegen v0.11.3
[INFO] [stderr]    Compiling heck v0.5.0
[INFO] [stderr]    Compiling percent-encoding v2.3.2
[INFO] [stderr]    Compiling regex-automata v0.4.13
[INFO] [stderr]    Compiling icu_properties_data v2.1.2
[INFO] [stderr]    Compiling openssl-sys v0.9.111
[INFO] [stderr]    Compiling ryu v1.0.22
[INFO] [stderr]    Compiling http v1.4.0
[INFO] [stderr]    Compiling equivalent v1.0.2
[INFO] [stderr]    Compiling hashbrown v0.16.1
[INFO] [stderr]    Compiling hashbrown v0.14.5
[INFO] [stderr]    Compiling itertools v0.11.0
[INFO] [stderr]    Compiling crossbeam-utils v0.8.21
[INFO] [stderr]    Compiling indexmap v2.13.0
[INFO] [stderr]    Compiling getrandom v0.3.4
[INFO] [stderr]    Compiling malachite-nz v0.4.22
[INFO] [stderr]    Compiling http-body v1.0.1
[INFO] [stderr]    Compiling lazy_static v1.5.0
[INFO] [stderr]    Compiling openssl v0.10.75
[INFO] [stderr]    Compiling foreign-types-shared v0.1.1
[INFO] [stderr]    Compiling zmij v1.0.12
[INFO] [stderr]    Compiling crunchy v0.2.4
[INFO] [stderr]    Compiling httparse v1.10.1
[INFO] [stderr]    Compiling anyhow v1.0.100
[INFO] [stderr]    Compiling foreign-types v0.3.2
[INFO] [stderr]    Compiling synstructure v0.13.2
[INFO] [stderr]    Compiling form_urlencoded v1.2.2
[INFO] [stderr]    Compiling getopts v0.2.24
[INFO] [stderr]    Compiling phf v0.11.3
[INFO] [stderr]    Compiling malachite-base v0.4.22
[INFO] [stderr]    Compiling tower-service v0.3.3
[INFO] [stderr]    Compiling serde_json v1.0.149
[INFO] [stderr]    Compiling thiserror v1.0.69
[INFO] [stderr]    Compiling ucd-trie v0.1.7
[INFO] [stderr]    Compiling tiny-keccak v2.0.2
[INFO] [stderr]    Compiling atomic-waker v1.1.2
[INFO] [stderr]    Compiling utf8parse v0.2.2
[INFO] [stderr]    Compiling try-lock v0.2.5
[INFO] [stderr]    Compiling thiserror v2.0.17
[INFO] [stderr]    Compiling regex v1.12.2
[INFO] [stderr]    Compiling iana-time-zone v0.1.64
[INFO] [stderr]    Compiling fnv v1.0.7
[INFO] [stderr]    Compiling utf8_iter v1.0.4
[INFO] [stderr]    Compiling native-tls v0.2.14
[INFO] [stderr]    Compiling paste v1.0.15
[INFO] [stderr]    Compiling unicode-xid v0.2.6
[INFO] [stderr]    Compiling unicode_names2_generator v1.3.0
[INFO] [stderr]    Compiling want v0.3.1
[INFO] [stderr]    Compiling anstyle-parse v0.2.7
[INFO] [stderr]    Compiling parse-zoneinfo v0.3.1
[INFO] [stderr]    Compiling pest v2.8.5
[INFO] [stderr]    Compiling crossbeam-epoch v0.9.18
[INFO] [stderr]    Compiling chrono-tz-build v0.3.0
[INFO] [stderr]    Compiling zerofrom-derive v0.1.6
[INFO] [stderr]    Compiling yoke-derive v0.8.1
[INFO] [stderr]    Compiling zerovec-derive v0.11.2
[INFO] [stderr]    Compiling displaydoc v0.2.5
[INFO] [stderr]    Compiling serde_derive v1.0.228
[INFO] [stderr]    Compiling tokio-macros v2.6.0
[INFO] [stderr]    Compiling futures-macro v0.3.31
[INFO] [stderr]    Compiling tracing-attributes v0.1.31
[INFO] [stderr]    Compiling openssl-macros v0.1.1
[INFO] [stderr]    Compiling tokio v1.49.0
[INFO] [stderr]    Compiling zerofrom v0.1.6
[INFO] [stderr]    Compiling yoke v0.8.1
[INFO] [stderr]    Compiling zerovec v0.11.5
[INFO] [stderr]    Compiling futures-util v0.3.31
[INFO] [stderr]    Compiling zerotrie v0.2.3
[INFO] [stderr]    Compiling derive_more-impl v1.0.0
[INFO] [stderr]    Compiling tinystr v0.8.2
[INFO] [stderr]    Compiling icu_locale_core v2.1.1
[INFO] [stderr]    Compiling potential_utf v0.1.4
[INFO] [stderr]    Compiling icu_collections v2.1.1
[INFO] [stderr]    Compiling tracing v0.1.44
[INFO] [stderr]    Compiling thiserror-impl v2.0.17
[INFO] [stderr]    Compiling icu_provider v2.1.1
[INFO] [stderr]    Compiling icu_properties v2.1.2
[INFO] [stderr]    Compiling icu_normalizer v2.1.1
[INFO] [stderr]    Compiling chrono v0.4.42
[INFO] [stderr]    Compiling thiserror-impl v1.0.69
[INFO] [stderr]    Compiling idna_adapter v1.2.1
[INFO] [stderr]    Compiling idna v1.1.0
[INFO] [stderr]    Compiling sharded-slab v0.1.7
[INFO] [stderr]    Compiling tracing-log v0.2.0
[INFO] [stderr]    Compiling bstr v1.12.1
[INFO] [stderr]    Compiling thread_local v1.1.9
[INFO] [stderr]    Compiling owo-colors v4.2.3
[INFO] [stderr]    Compiling simd-adler32 v0.3.8
[INFO] [stderr]    Compiling openssl-probe v0.1.6
[INFO] [stderr]    Compiling unic-char-range v0.9.0
[INFO] [stderr]    Compiling adler2 v2.0.1
[INFO] [stderr]    Compiling is_terminal_polyfill v1.70.2
[INFO] [stderr]    Compiling rustix v1.1.3
[INFO] [stderr]    Compiling same-file v1.0.6
[INFO] [stderr]    Compiling nu-ansi-term v0.50.3
[INFO] [stderr]    Compiling anstyle v1.0.13
[INFO] [stderr]    Compiling colorchoice v1.0.4
[INFO] [stderr]    Compiling unic-common v0.9.0
[INFO] [stderr]    Compiling object v0.37.3
[INFO] [stderr]    Compiling anstyle-query v1.1.5
[INFO] [stderr]    Compiling unic-ucd-version v0.9.0
[INFO] [stderr]    Compiling walkdir v2.5.0
[INFO] [stderr]    Compiling miniz_oxide v0.8.9
[INFO] [stderr]    Compiling unic-char-property v0.9.0
[INFO] [stderr]    Compiling tracing-subscriber v0.3.22
[INFO] [stderr]    Compiling anstream v0.6.21
[INFO] [stderr]    Compiling globset v0.4.18
[INFO] [stderr]    Compiling url v2.5.8
[INFO] [stderr]    Compiling futures-executor v0.3.31
[INFO] [stderr]    Compiling tokio-util v0.7.18
[INFO] [stderr]    Compiling derive_more v1.0.0
[INFO] [stderr]    Compiling pest_meta v2.8.5
[INFO] [stderr]    Compiling chrono-tz v0.9.0
[INFO] [stderr]    Compiling is-macro v0.3.7
[INFO] [stderr]    Compiling h2 v0.4.13
[INFO] [stderr]    Compiling unicode_names2 v1.3.0
[INFO] [stderr]    Compiling crossbeam-deque v0.8.6
[INFO] [stderr]    Compiling num-integer v0.1.46
[INFO] [stderr]    Compiling sync_wrapper v1.0.2
[INFO] [stderr]    Compiling rustpython-parser-vendored v0.4.0
[INFO] [stderr]    Compiling version-ranges v0.1.2
[INFO] [stderr]    Compiling sha1_smol v1.0.1
[INFO] [stderr]    Compiling ipnet v2.11.0
[INFO] [stderr]    Compiling winnow v0.7.14
[INFO] [stderr]    Compiling zeroize v1.8.2
[INFO] [stderr]    Compiling unicase v2.9.0
[INFO] [stderr]    Compiling tower-layer v0.3.3
[INFO] [stderr]    Compiling linux-raw-sys v0.11.0
[INFO] [stderr]    Compiling strsim v0.11.1
[INFO] [stderr]    Compiling gimli v0.32.3
[INFO] [stderr]    Compiling unscanny v0.1.0
[INFO] [stderr]    Compiling eyre v0.6.12
[INFO] [stderr]    Compiling base64 v0.22.1
[INFO] [stderr]    Compiling color-spantrace v0.3.0
[INFO] [stderr]    Compiling clap_lex v0.7.6
[INFO] [stderr]    Compiling crc32fast v1.5.0
[INFO] [stderr]    Compiling clap_builder v4.5.54
[INFO] [stderr]    Compiling pep440_rs v0.7.3
[INFO] [stderr]    Compiling tower v0.5.2
[INFO] [stderr]    Compiling uuid v1.19.0
[INFO] [stderr]    Compiling rustpython-parser-core v0.4.0
[INFO] [stderr]    Compiling pest_generator v2.8.5
[INFO] [stderr]    Compiling ignore v0.4.25
[INFO] [stderr]    Compiling toml_parser v1.0.6+spec-1.1.0
[INFO] [stderr]    Compiling hyper v1.8.1
[INFO] [stderr]    Compiling malachite-q v0.4.22
[INFO] [stderr]    Compiling addr2line v0.25.1
[INFO] [stderr]    Compiling tracing-error v0.2.1
[INFO] [stderr]    Compiling rustpython-parser v0.4.0
[INFO] [stderr]    Compiling futures v0.3.31
[INFO] [stderr]    Compiling tokio-native-tls v0.3.1
[INFO] [stderr]    Compiling malachite v0.4.22
[INFO] [stderr]    Compiling hyper-util v0.1.19
[INFO] [stderr]    Compiling malachite-bigint v0.2.3
[INFO] [stderr]    Compiling clap_derive v4.5.49
[INFO] [stderr]    Compiling async-trait v0.1.89
[INFO] [stderr]    Compiling http-body-util v0.1.3
[INFO] [stderr]    Compiling serde_spanned v1.0.4
[INFO] [stderr]    Compiling toml_datetime v0.7.5+spec-1.1.0
[INFO] [stderr]    Compiling itertools v0.13.0
[INFO] [stderr]    Compiling rustc-hash v2.1.1
[INFO] [stderr]    Compiling boxcar v0.2.14
[INFO] [stderr]    Compiling iri-string v0.7.10
[INFO] [stderr]    Compiling rustc-demangle v0.1.26
[INFO] [stderr]    Compiling fastrand v2.3.0
[INFO] [stderr]    Compiling urlencoding v2.1.3
[INFO] [stderr]    Compiling deunicode v1.6.2
[INFO] [stderr]    Compiling toml_writer v1.0.6+spec-1.1.0
[INFO] [stderr]    Compiling static_assertions v1.1.0
[INFO] [stderr]    Compiling indenter v0.3.4
[INFO] [stderr]    Compiling toml v0.9.11+spec-1.1.0
[INFO] [stderr]    Compiling slug v0.1.6
[INFO] [stderr]    Compiling clap v4.5.54
[INFO] [stderr]    Compiling rustpython-ast v0.4.0
[INFO] [stderr]    Compiling tempfile v3.24.0
[INFO] [stderr]    Compiling jupyter-protocol v1.0.0
[INFO] [stderr]    Compiling pep508_rs v0.9.2
[INFO] [stderr]    Compiling hyper-tls v0.6.0
[INFO] [stderr]    Compiling tower-http v0.6.8
[INFO] [stderr]    Compiling pest_derive v2.8.5
[INFO] [stderr]    Compiling globwalk v0.9.1
[INFO] [stderr]    Compiling rustls-pki-types v1.13.2
[INFO] [stderr]    Compiling unic-ucd-ident v0.9.0
[INFO] [stderr]    Compiling backtrace v0.3.76
[INFO] [stderr]    Compiling unic-emoji-char v0.9.0
[INFO] [stderr]    Compiling serde_urlencoded v0.7.1
[INFO] [stderr]    Compiling lazy-regex-proc_macros v3.5.1
[INFO] [stderr]    Compiling strum_macros v0.27.2
[INFO] [stderr]    Compiling humansize v2.1.3
[INFO] [stderr]    Compiling console v0.16.2
[INFO] [stderr]    Compiling encoding_rs v0.8.35
[INFO] [stderr]    Compiling lalrpop-util v0.20.2
[INFO] [stderr]    Compiling unicode-segmentation v1.12.0
[INFO] [stderr]    Compiling shell-words v1.1.1
[INFO] [stderr]    Compiling mime v0.3.17
[INFO] [stderr]    Compiling rustc-hash v1.1.0
[INFO] [stderr]    Compiling dialoguer v0.12.0
[INFO] [stderr]    Compiling pyproject-toml v0.13.7
[INFO] [stderr]    Compiling lazy-regex v3.5.1
[INFO] [stderr]    Compiling color-eyre v0.6.5
[INFO] [stderr]    Compiling tera v1.20.1
[INFO] [stderr]    Compiling reqwest v0.12.28
[INFO] [stderr]    Compiling nbformat v1.0.0
[INFO] [stderr]    Compiling flate2 v1.1.5
[INFO] [stderr]    Compiling strum v0.27.2
[INFO] [stderr]    Compiling clap-verbosity-flag v3.0.4
[INFO] [stderr]    Compiling edit-distance v2.2.2
[INFO] [stderr]    Compiling snakedown v0.3.0 (/opt/rustwide/workdir)
[INFO] [stderr]     Finished `dev` profile [unoptimized] target(s) in 3m 34s
[INFO] running `Command { std: "docker" "inspect" "317d937b9ffce1916fb6664dc0c14053faa64ae93aefaf47acb720adebdcf4fa", kill_on_drop: false }`
[INFO] running `Command { std: "docker" "exec" "-e" "SOURCE_DIR=/opt/rustwide/workdir" "-e" "CARGO_HOME=/opt/rustwide/cargo-home" "-e" "RUSTUP_HOME=/opt/rustwide/rustup-home" "-e" "CARGO_TARGET_DIR=/opt/rustwide/target" "-e" "CARGO_INCREMENTAL=0" "-e" "RUST_BACKTRACE=full" "-e" "RUSTFLAGS=--cap-lints=warn" "-e" "RUSTDOCFLAGS=--cap-lints=warn" "-w" "/opt/rustwide/workdir" "--user" "0:0" "317d937b9ffce1916fb6664dc0c14053faa64ae93aefaf47acb720adebdcf4fa" "/opt/rustwide/cargo-home/bin/cargo" "+1.99.0-beta.8" "test" "--frozen" "--no-run" "--message-format=json", kill_on_drop: false }`
[INFO] [stderr]    Compiling zerocopy v0.8.33
[INFO] [stderr]    Compiling zerocopy-derive v0.8.33
[INFO] [stderr]    Compiling regex-automata v0.4.13
[INFO] [stderr]    Compiling serde v1.0.228
[INFO] [stderr]    Compiling crossbeam-utils v0.8.21
[INFO] [stderr]    Compiling predicates-core v1.0.9
[INFO] [stderr]    Compiling rayon-core v1.13.0
[INFO] [stderr]    Compiling alloca v0.4.0
[INFO] [stderr]    Compiling termtree v0.5.1
[INFO] [stderr]    Compiling plotters-backend v0.3.7
[INFO] [stderr]    Compiling difflib v0.4.0
[INFO] [stderr]    Compiling ciborium-io v0.2.2
[INFO] [stderr]    Compiling doc-comment v0.3.4
[INFO] [stderr]    Compiling predicates v3.1.3
[INFO] [stderr]    Compiling plotters-svg v0.3.7
[INFO] [stderr]    Compiling predicates-tree v1.0.12
[INFO] [stderr]    Compiling assert_cmd v2.1.2
[INFO] [stderr]    Compiling cast v0.3.0
[INFO] [stderr]    Compiling crossbeam-epoch v0.9.18
[INFO] [stderr]    Compiling plotters v0.3.7
[INFO] [stderr]    Compiling criterion-plot v0.8.2
[INFO] [stderr]    Compiling page_size v0.6.0
[INFO] [stderr]    Compiling wait-timeout v0.2.1
[INFO] [stderr]    Compiling chrono v0.4.42
[INFO] [stderr]    Compiling crossbeam-deque v0.8.6
[INFO] [stderr]    Compiling url v2.5.8
[INFO] [stderr]    Compiling pep440_rs v0.7.3
[INFO] [stderr]    Compiling serde_urlencoded v0.7.1
[INFO] [stderr]    Compiling tinytemplate v1.2.1
[INFO] [stderr]    Compiling reqwest v0.12.28
[INFO] [stderr]    Compiling rayon v1.11.0
[INFO] [stderr]    Compiling tracing-test-macro v0.2.5
[INFO] [stderr]    Compiling anes v0.1.6
[INFO] [stderr]    Compiling yansi v1.0.1
[INFO] [stderr]    Compiling oorandom v11.1.5
[INFO] [stderr]    Compiling diff v0.1.13
[INFO] [stderr]    Compiling chrono-tz v0.9.0
[INFO] [stderr]    Compiling jupyter-protocol v1.0.0
[INFO] [stderr]    Compiling pretty_assertions v1.4.1
[INFO] [stderr]    Compiling ahash v0.8.12
[INFO] [stderr]    Compiling ppv-lite86 v0.2.21
[INFO] [stderr]    Compiling half v2.7.1
[INFO] [stderr]    Compiling hashbrown v0.14.5
[INFO] [stderr]    Compiling bstr v1.12.1
[INFO] [stderr]    Compiling regex v1.12.2
[INFO] [stderr]    Compiling malachite-base v0.4.22
[INFO] [stderr]    Compiling matchers v0.2.0
[INFO] [stderr]    Compiling tracing-subscriber v0.3.22
[INFO] [stderr]    Compiling globset v0.4.18
[INFO] [stderr]    Compiling rand_chacha v0.3.1
[INFO] [stderr]    Compiling ignore v0.4.25
[INFO] [stderr]    Compiling rand v0.8.5
[INFO] [stderr]    Compiling pep508_rs v0.9.2
[INFO] [stderr]    Compiling nbformat v1.0.0
[INFO] [stderr]    Compiling globwalk v0.9.1
[INFO] [stderr]    Compiling lazy-regex v3.5.1
[INFO] [stderr]    Compiling ciborium-ll v0.2.2
[INFO] [stderr]    Compiling tera v1.20.1
[INFO] [stderr]    Compiling ciborium v0.2.2
[INFO] [stderr]    Compiling tracing-error v0.2.1
[INFO] [stderr]    Compiling color-spantrace v0.3.0
[INFO] [stderr]    Compiling color-eyre v0.6.5
[INFO] [stderr]    Compiling tracing-test v0.2.5
[INFO] [stderr]    Compiling criterion v0.8.2
[INFO] [stderr]    Compiling assert_fs v1.1.3
[INFO] [stderr]    Compiling pyproject-toml v0.13.7
[INFO] [stderr]    Compiling malachite-nz v0.4.22
[INFO] [stderr]    Compiling malachite-q v0.4.22
[INFO] [stderr]    Compiling malachite v0.4.22
[INFO] [stderr]    Compiling malachite-bigint v0.2.3
[INFO] [stderr]    Compiling rustpython-ast v0.4.0
[INFO] [stderr]    Compiling rustpython-parser v0.4.0
[INFO] [stderr]    Compiling snakedown v0.3.0 (/opt/rustwide/workdir)
[INFO] [stdout] warning: trailing semicolon in macro used in expression position
[INFO] [stdout]    --> src/lib.rs:512:22
[INFO] [stdout]     |
[INFO] [stdout] 512 |             Ok(_) => bail!("render_docs did not exit with an error"),
[INFO] [stdout]     |                      ^^^^^^^^^^^^^^^^^^^^^^^^^^^^^^^^^^^^^^^^^^^^^^^
[INFO] [stdout]     |
[INFO] [stdout]     = warning: this was previously accepted by the compiler but is being phased out; it will become a hard error in a future release!
[INFO] [stdout]     = note: for more information, see issue #79813 <https://github.com/rust-lang/rust/issues/79813>
[INFO] [stdout]     = note: `#[warn(semicolon_in_expressions_from_non_local_macros)]` (part of `#[warn(future_incompatible)]`) on by default
[INFO] [stdout]     = note: this warning originates in the macro `bail` (in Nightly builds, run with -Z macro-backtrace for more info)
[INFO] [stdout] 
[INFO] [stdout] 
[INFO] [stderr]     Finished `test` profile [unoptimized] target(s) in 1m 32s
[INFO] running `Command { std: "docker" "inspect" "317d937b9ffce1916fb6664dc0c14053faa64ae93aefaf47acb720adebdcf4fa", kill_on_drop: false }`
[INFO] running `Command { std: "docker" "exec" "-e" "SOURCE_DIR=/opt/rustwide/workdir" "-e" "CARGO_HOME=/opt/rustwide/cargo-home" "-e" "RUSTUP_HOME=/opt/rustwide/rustup-home" "-e" "CARGO_TARGET_DIR=/opt/rustwide/target" "-e" "CARGO_INCREMENTAL=0" "-e" "RUST_BACKTRACE=full" "-e" "RUSTFLAGS=--cap-lints=warn" "-e" "RUSTDOCFLAGS=--cap-lints=warn" "-w" "/opt/rustwide/workdir" "--user" "0:0" "317d937b9ffce1916fb6664dc0c14053faa64ae93aefaf47acb720adebdcf4fa" "/opt/rustwide/cargo-home/bin/cargo" "+1.99.0-beta.8" "test" "--frozen", kill_on_drop: false }`
[INFO] [stderr] warning: trailing semicolon in macro used in expression position
[INFO] [stderr]    --> src/lib.rs:512:22
[INFO] [stderr]     |
[INFO] [stderr] 512 |             Ok(_) => bail!("render_docs did not exit with an error"),
[INFO] [stderr]     |                      ^^^^^^^^^^^^^^^^^^^^^^^^^^^^^^^^^^^^^^^^^^^^^^^
[INFO] [stderr]     |
[INFO] [stderr]     = warning: this was previously accepted by the compiler but is being phased out; it will become a hard error in a future release!
[INFO] [stderr]     = note: for more information, see issue #79813 <https://github.com/rust-lang/rust/issues/79813>
[INFO] [stderr]     = note: `#[warn(semicolon_in_expressions_from_non_local_macros)]` (part of `#[warn(future_incompatible)]`) on by default
[INFO] [stderr]     = note: this warning originates in the macro `bail` (in Nightly builds, run with -Z macro-backtrace for more info)
[INFO] [stderr] 
[INFO] [stderr] warning: `snakedown` (lib test) generated 1 warning
[INFO] [stderr]     Finished `test` profile [unoptimized] target(s) in 0.61s
[INFO] [stderr]      Running unittests src/lib.rs (/opt/rustwide/target/debug/deps/snakedown-126cc0c5affe7ad8)
[INFO] [stdout] 
[INFO] [stdout] running 139 tests
[INFO] [stdout] test config::test::config_merge_other_takes_precedent ... ok
[INFO] [stdout] test fs::test::created_empty_package_is_recognised ... ok
[INFO] [stdout] test config::test::empty_builder_creates_valid_config ... ok
[INFO] [stdout] test config::test::can_deserialize_example_config ... ok
[INFO] [stdout] test config::test::can_deserialize_serialized_config ... ok
[INFO] [stdout] test fs::test::correctly_determines_dummy_python_module_name ... ok
[INFO] [stdout] test config::test::config_round_trip ... ok
[INFO] [stdout] test fs::test::errors_non_package_modules ... ok
[INFO] [stdout] test fs::test::errors_non_package_sub_packages ... ok
[INFO] [stdout] test config::test::test_pyproject_toml ... ok
[INFO] [stdout] test fs::test::test_get_module_name ... ok
[INFO] [stdout] test fs::test::test_foo ... ok
[INFO] [stdout] test fs::test::test_get_python_prefix_package ... ok
[INFO] [stdout] test fs::test::test_get_subpackages ... ok
[INFO] [stdout] test fs::test::walk_package_finds_packages_and_modules ... ok
[INFO] [stdout] test fs::test::test_get_package_name ... ok
[INFO] [stdout] test fs::test::test_get_python_prefix_module ... ok
[INFO] [stdout] test fs::test::test_package_modules ... ok
[INFO] [stdout] test fs::test::test_private_module ... ok
[INFO] [stdout] test indexing::index::test::suggest_alternatives_garbage ... ok
[INFO] [stdout] test indexing::index::test::suggest_alternatives_external ... ok
[INFO] [stdout] test fs::test::test_shallow_prefix ... ok
[INFO] [stdout] test indexing::index::test::suggest_alternatives_internal ... ok
[INFO] [stdout] test indexing::external::cache::test::init_cache_doesnt_touch_existing_dir ... ok
[INFO] [stdout] test indexing::external::cache::test::init_cache_tmp_dir ... ok
[INFO] [stdout] test parsing::python::function::test::parse_doesnt_extract_closure ... ok
[INFO] [stdout] test parsing::python::function::test::parse_doesnt_extract_lambda ... ok
[INFO] [stdout] test parsing::python::class::test::parse_test_python_class ... ok
[INFO] [stdout] test parsing::python::function::test::parse_test_python_async_function_docstring ... ok
[INFO] [stdout] test parsing::python::class::test::parse_test_python_class_docstring ... ok
[INFO] [stdout] test parsing::python::function::test::parse_test_python_async_func ... ok
[INFO] [stdout] test parsing::python::function::test::parse_test_python_func_docstring ... ok
[INFO] [stdout] test parsing::python::function::test::parse_test_python_func_dict_type ... ok
[INFO] [stdout] test parsing::python::function::test::parse_test_python_func_no_types ... ok
[INFO] [stdout] test parsing::python::class::test::parse_test_python_file_on_disk ... ok
[INFO] [stdout] test parsing::python::function::test::parse_test_python_func_with_types ... ok
[INFO] [stdout] test parsing::python::function::test::parse_test_python_function_docstring ... ok
[INFO] [stdout] test parsing::python::module::test::test_doc_extraction_exports ... ok
[INFO] [stdout] test parsing::python::module::test::test_doc_extraction_export_non_list ... ok
[INFO] [stdout] test parsing::python::module::test::test_doc_extraction_interactive_module ... ok
[INFO] [stdout] test indexing::object_ref::test::regex_test_captures ... ok
[INFO] [stdout] test parsing::python::jupyter::test::test_can_parse_pandas_example ... ok
[INFO] [stdout] test parsing::python::utils::test::parse_empty_string ... ok
[INFO] [stdout] test parsing::python::module::test::test_doc_extraction_skip_undoc_and_private_module ... ok
[INFO] [stdout] test parsing::sphinx::inv_file::test::test_garbage_inv_version ... ok
[INFO] [stdout] test parsing::sphinx::inv_file::test::test_garbange_header ... ok
[INFO] [stdout] test parsing::sphinx::inv_file::test::test_no_zlib_header ... ok
[INFO] [stdout] test parsing::sphinx::inv_file::test::test_numpy_header ... ok
[INFO] [stdout] test parsing::sphinx::inv_file::test::test_old_inv_version ... ok
[INFO] [stdout] test parsing::sphinx::inv_file::test::test_short_header ... ok
[INFO] [stdout] test parsing::sphinx::inv_file::test::test_unknown_inv_version ... ok
[INFO] [stdout] test parsing::python::function::test::parse_test_python_no_func ... ok
[INFO] [stdout] test parsing::sphinx::types::test::test_sphinx_type_parsing_c ... ok
[INFO] [stdout] test parsing::sphinx::types::test::test_sphinx_type_parsing_js ... ok
[INFO] [stdout] test parsing::sphinx::types::test::test_sphinx_type_parsing_math ... ok
[INFO] [stdout] test parsing::sphinx::types::test::test_sphinx_type_parsing_cpp ... ok
[INFO] [stdout] test parsing::sphinx::types::test::test_sphinx_type_parsing_std ... ok
[INFO] [stdout] test render::expr::test::test_await ... ok
[INFO] [stdout] test render::expr::test::test_compare ... ok
[INFO] [stdout] test render::expr::test::test_complex_real_and_img ... ok
[INFO] [stdout] test render::expr::test::test_complex_real_only ... ok
[INFO] [stdout] test render::expr::test::test_constant_tuple ... ok
[INFO] [stdout] test render::expr::test::test_dict_compt ... ok
[INFO] [stdout] test render::expr::test::test_generator ... ok
[INFO] [stdout] test render::expr::test::test_generator_exp ... ok
[INFO] [stdout] test render::expr::test::test_if_expr ... ok
[INFO] [stdout] test render::expr::test::test_lambda ... ok
[INFO] [stdout] test render::expr::test::test_named_expr ... ok
[INFO] [stdout] test fs::test::correctly_determines_dummy_python_package_name ... ok
[INFO] [stdout] test parsing::python::module::test::test_doc_extraction_multiple_exports ... ok
[INFO] [stdout] test parsing::sphinx::types::test::test_sphinx_type_parsing_py ... ok
[INFO] [stdout] test render::expr::test::test_render_binary_op_div ... ok
[INFO] [stdout] test render::expr::test::test_render_attribute ... ok
[INFO] [stdout] test render::expr::test::test_render_binary_op_min ... ok
[INFO] [stdout] test render::expr::test::test_render_bit_floor_div ... ok
[INFO] [stdout] test render::expr::test::test_render_bit_or ... ok
[INFO] [stdout] test render::expr::test::test_render_bit_xor ... ok
[INFO] [stdout] test render::expr::test::test_render_bit_and ... ok
[INFO] [stdout] test render::expr::test::test_render_bool_false ... ok
[INFO] [stdout] test render::expr::test::test_render_bool_and ... ok
[INFO] [stdout] test render::expr::test::test_render_bool_true ... ok
[INFO] [stdout] test render::expr::test::test_render_complex ... ok
[INFO] [stdout] test render::expr::test::test_render_complex_img_only ... ok
[INFO] [stdout] test render::expr::test::test_render_complex_set ... ok
[INFO] [stdout] test render::expr::test::test_render_complex_list ... ok
[INFO] [stdout] test render::expr::test::test_render_call ... ok
[INFO] [stdout] test render::expr::test::test_render_ellipses ... ok
[INFO] [stdout] test render::expr::test::test_render_empty_list ... ok
[INFO] [stdout] test render::expr::test::test_render_complex_tuple ... ok
[INFO] [stdout] test render::expr::test::test_render_empty_dict ... ok
[INFO] [stdout] test render::expr::test::test_render_dict ... ok
[INFO] [stdout] test render::expr::test::test_render_empty_tuple ... ok
[INFO] [stdout] test render::expr::test::test_render_float ... ok
[INFO] [stdout] test render::expr::test::test_render_list ... ok
[INFO] [stdout] test render::expr::test::test_render_lshift ... ok
[INFO] [stdout] test render::expr::test::test_render_matmul ... ok
[INFO] [stdout] test render::expr::test::test_render_mod ... ok
[INFO] [stdout] test render::expr::test::test_render_mult ... ok
[INFO] [stdout] test render::expr::test::test_render_none ... ok
[INFO] [stdout] test render::expr::test::test_render_name ... ok
[INFO] [stdout] test render::expr::test::test_render_int ... ok
[INFO] [stdout] test indexing::external::fetch::test::cache_clean_numpy_obj_inv ... FAILED
[INFO] [stdout] test render::expr::test::test_render_pow ... ok
[INFO] [stdout] test render::expr::test::test_render_subscript ... ok
[INFO] [stdout] test render::expr::test::test_render_subscript_slice ... ok
[INFO] [stdout] test render::expr::test::test_render_set ... ok
[INFO] [stdout] test render::expr::test::test_render_rshift ... ok
[INFO] [stdout] test render::expr::test::test_render_str ... ok
[INFO] [stdout] test render::expr::test::test_render_list_comp ... ok
[INFO] [stdout] test render::expr::test::test_set_compr ... ok
[INFO] [stdout] test render::expr::test::test_render_tuple ... ok
[INFO] [stdout] test render::expr::test::test_unary_op_not ... ok
[INFO] [stdout] test render::expr::test::test_simple_call ... ok
[INFO] [stdout] test render::expr::test::test_unary_op_uadd ... ok
[INFO] [stdout] test indexing::external::fetch::test::test_cache_force ... FAILED
[INFO] [stdout] test render::expr::test::test_unary_op_inv ... ok
[INFO] [stdout] test render::expr::test::test_unary_op_usub ... ok
[INFO] [stdout] test render::expr::test::test_yield ... ok
[INFO] [stdout] test render::formats::md::test::test_render_internal_ref ... ok
[INFO] [stdout] test render::formats::zola::test::test_zola_header ... ok
[INFO] [stdout] test render::formats::zola::test::zola_external_link_no_shortcode ... ok
[INFO] [stdout] test render::formats::zola::test::test_zola_front_matter_with_title ... ok
[INFO] [stdout] test render::expr::test::test_yield_from ... ok
[INFO] [stdout] test render::formats::zola::test::test_empty_zola_front_matter ... ok
[INFO] [stdout] test render::formats::md::test::test_render_external_ref ... ok
[INFO] [stdout] test render::formats::md::test::test_render_md_header ... ok
[INFO] [stdout] test render::formats::zola::test::zola_internal_link_no_shortcode ... ok
[INFO] [stdout] test test::render_test_pkg_docs_full ... FAILED
[INFO] [stdout] test render::test::test_translate_filename_module ... ok
[INFO] [stdout] test test::render_test_pkg_docs_no_private_no_undoc ... FAILED
[INFO] [stdout] test test::render_test_pkg_docs_exit_on_err ... FAILED
[INFO] [stdout] test render::test::test_translate_filename_init ... ok
[INFO] [stdout] test render::test::render_module_documentation_zola ... ok
[INFO] [stdout] test test::render_test_pkg_docs_skip_write_exit_on_err ... FAILED
[INFO] [stdout] test test::render_with_skip_write_does_not_write_files ... FAILED
[INFO] [stdout] test test::render_test_pkg_suggests_correct_unknown_refs ... FAILED
[INFO] [stdout] test render::test::render_module_documentation ... ok
[INFO] [stdout] test parsing::sphinx::inv_file::test::load_numpy_file_pub_func ... ok
[INFO] [stdout] test parsing::sphinx::inv_file::test::load_numpy_file_manually ... ok
[INFO] [stdout] 
[INFO] [stdout] failures:
[INFO] [stdout] 
[INFO] [stdout] ---- indexing::external::fetch::test::cache_clean_numpy_obj_inv stdout ----
[INFO] [stdout] Error: error sending request for url (https://numpy.org/doc/stable/objects.inv)
[INFO] [stdout] 
[INFO] [stdout] Caused by:
[INFO] [stdout]    0: client error (Connect)
[INFO] [stdout]    1: dns error
[INFO] [stdout]    2: failed to lookup address information: Temporary failure in name resolution
[INFO] [stdout] 
[INFO] [stdout] Location:
[INFO] [stdout]     src/indexing/external/fetch.rs:45:8
[INFO] [stdout] 
[INFO] [stdout] ---- indexing::external::fetch::test::test_cache_force stdout ----
[INFO] [stdout] Error: error sending request for url (https://numpy.org/doc/stable/objects.inv)
[INFO] [stdout] 
[INFO] [stdout] Caused by:
[INFO] [stdout]    0: client error (Connect)
[INFO] [stdout]    1: dns error
[INFO] [stdout]    2: failed to lookup address information: Temporary failure in name resolution
[INFO] [stdout] 
[INFO] [stdout] Location:
[INFO] [stdout]     src/indexing/external/fetch.rs:45:8
[INFO] [stdout] 
[INFO] [stdout] ---- test::render_test_pkg_docs_full stdout ----
[INFO] [stdout] 2026-10-06T18:33:25.272517Z  INFO snakedown: indexing package at /opt/rustwide/workdir/tests/test_pkg
[INFO] [stdout] Error: Read-only file system (os error 30)
[INFO] [stdout] 
[INFO] [stdout] Location:
[INFO] [stdout]     src/indexing/external/cache.rs:21:9
[INFO] [stdout] 
[INFO] [stdout] ---- test::render_test_pkg_docs_no_private_no_undoc stdout ----
[INFO] [stdout] 2026-10-06T18:33:25.273161Z  INFO snakedown: indexing package at /opt/rustwide/workdir/tests/test_pkg
[INFO] [stdout] Error: Read-only file system (os error 30)
[INFO] [stdout] 
[INFO] [stdout] Location:
[INFO] [stdout]     src/indexing/external/cache.rs:21:9
[INFO] [stdout] 
[INFO] [stdout] ---- test::render_test_pkg_docs_exit_on_err stdout ----
[INFO] [stdout] 2026-10-06T18:33:25.273413Z  INFO snakedown: indexing package at /opt/rustwide/workdir/tests/test_pkg
[INFO] [stdout] Error: Read-only file system (os error 30)
[INFO] [stdout] 
[INFO] [stdout] Location:
[INFO] [stdout]     src/indexing/external/cache.rs:21:9
[INFO] [stdout] 
[INFO] [stdout] ---- test::render_test_pkg_docs_skip_write_exit_on_err stdout ----
[INFO] [stdout] 2026-10-06T18:33:25.279492Z  INFO snakedown: indexing package at /opt/rustwide/workdir/tests/test_pkg
[INFO] [stdout] Error: Read-only file system (os error 30)
[INFO] [stdout] 
[INFO] [stdout] Location:
[INFO] [stdout]     src/indexing/external/cache.rs:21:9
[INFO] [stdout] 
[INFO] [stdout] ---- test::render_with_skip_write_does_not_write_files stdout ----
[INFO] [stdout] 2026-10-06T18:33:25.286378Z  INFO snakedown: indexing package at /opt/rustwide/workdir/tests/test_pkg
[INFO] [stdout] Error: Read-only file system (os error 30)
[INFO] [stdout] 
[INFO] [stdout] Location:
[INFO] [stdout]     src/indexing/external/cache.rs:21:9
[INFO] [stdout] 
[INFO] [stdout] ---- test::render_test_pkg_suggests_correct_unknown_refs stdout ----
[INFO] [stdout] 2026-10-06T18:33:25.283397Z  INFO snakedown: indexing package at /opt/rustwide/workdir/tests/test_pkg
[INFO] [stdout] 
[INFO] [stdout] thread 'test::render_test_pkg_suggests_correct_unknown_refs' (5048) panicked at src/lib.rs:515:17:
[INFO] [stdout] assertion failed: err_msg.contains("test_pkg.bar.great, in object test_pkg.miss_spelled_ref.the_little_function_that_could did you mean test_pkg.bar.greet?")
[INFO] [stdout] stack backtrace:
[INFO] [stdout]    0:     0x5f120e7a46c1 - <<std[70759c8f55707aa4]::sys::backtrace::BacktraceLock>::print::DisplayBacktrace as core[df12db4294e9bfd3]::fmt::Display>::fmt
[INFO] [stdout]    1:     0x5f120e7bdf5a - core[df12db4294e9bfd3]::fmt::write
[INFO] [stdout]    2:     0x5f120e7a9bac - <alloc[2182bb758b4b3781]::vec::Vec<u8> as core[df12db4294e9bfd3]::io::write::Write>::write_fmt
[INFO] [stdout]    3:     0x5f120e77bba6 - std[70759c8f55707aa4]::panicking::default_hook::{closure#0}
[INFO] [stdout]    4:     0x5f120e79ae39 - std[70759c8f55707aa4]::panicking::default_hook
[INFO] [stdout]    5:     0x5f120daff610 - test[9d35eded1c95d3be]::test_main_inner::<test[9d35eded1c95d3be]::test_main_static::{closure#0}>::{closure#0}
[INFO] [stdout]    6:     0x5f120e79b162 - std[70759c8f55707aa4]::panicking::panic_with_hook
[INFO] [stdout]    7:     0x5f120e77bc84 - std[70759c8f55707aa4]::panicking::panic_handler::{closure#0}
[INFO] [stdout]    8:     0x5f120e774019 - std[70759c8f55707aa4]::sys::backtrace::__rust_end_short_backtrace::<std[70759c8f55707aa4]::panicking::panic_handler::{closure#0}, !>
[INFO] [stdout]    9:     0x5f120e77cb4d - __rustc[8fa7c3cbc660c2b3]::rust_begin_unwind
[INFO] [stdout]   10:     0x5f120e7be82c - core[df12db4294e9bfd3]::panicking::panic_fmt
[INFO] [stdout]   11:     0x5f120e7be7f2 - core[df12db4294e9bfd3]::panicking::panic
[INFO] [stdout]   12:     0x5f120d9c140c - snakedown[3b17a3733877666]::test::render_test_pkg_suggests_correct_unknown_refs::{closure#0}
[INFO] [stdout]   13:     0x5f120d9cd277 - <core[df12db4294e9bfd3]::pin::Pin<&mut dyn core[df12db4294e9bfd3]::future::future::Future<Output = core[df12db4294e9bfd3]::result::Result<(), eyre[e86747ea2e270546]::Report>>> as core[df12db4294e9bfd3]::future::future::Future>::poll
[INFO] [stdout]   14:     0x5f120d9cd2b6 - <core[df12db4294e9bfd3]::pin::Pin<&mut core[df12db4294e9bfd3]::pin::Pin<&mut dyn core[df12db4294e9bfd3]::future::future::Future<Output = core[df12db4294e9bfd3]::result::Result<(), eyre[e86747ea2e270546]::Report>>>> as core[df12db4294e9bfd3]::future::future::Future>::poll
[INFO] [stdout]   15:     0x5f120d96c4d6 - <tokio[c4444a0c109f49ef]::runtime::scheduler::current_thread::CoreGuard>::block_on::<core[df12db4294e9bfd3]::pin::Pin<&mut core[df12db4294e9bfd3]::pin::Pin<&mut dyn core[df12db4294e9bfd3]::future::future::Future<Output = core[df12db4294e9bfd3]::result::Result<(), eyre[e86747ea2e270546]::Report>>>>>::{closure#0}::{closure#0}::{closure#0}
[INFO] [stdout]   16:     0x5f120d96c42e - <tokio[c4444a0c109f49ef]::runtime::scheduler::current_thread::CoreGuard>::block_on::<core[df12db4294e9bfd3]::pin::Pin<&mut core[df12db4294e9bfd3]::pin::Pin<&mut dyn core[df12db4294e9bfd3]::future::future::Future<Output = core[df12db4294e9bfd3]::result::Result<(), eyre[e86747ea2e270546]::Report>>>>>::{closure#0}::{closure#0}
[INFO] [stdout]   17:     0x5f120d963307 - <tokio[c4444a0c109f49ef]::runtime::scheduler::current_thread::Context>::enter::<core[df12db4294e9bfd3]::task::poll::Poll<core[df12db4294e9bfd3]::result::Result<(), eyre[e86747ea2e270546]::Report>>, <tokio[c4444a0c109f49ef]::runtime::scheduler::current_thread::CoreGuard>::block_on<core[df12db4294e9bfd3]::pin::Pin<&mut core[df12db4294e9bfd3]::pin::Pin<&mut dyn core[df12db4294e9bfd3]::future::future::Future<Output = core[df12db4294e9bfd3]::result::Result<(), eyre[e86747ea2e270546]::Report>>>>>::{closure#0}::{closure#0}>
[INFO] [stdout]   18:     0x5f120d96b34d - <tokio[c4444a0c109f49ef]::runtime::scheduler::current_thread::CoreGuard>::block_on::<core[df12db4294e9bfd3]::pin::Pin<&mut core[df12db4294e9bfd3]::pin::Pin<&mut dyn core[df12db4294e9bfd3]::future::future::Future<Output = core[df12db4294e9bfd3]::result::Result<(), eyre[e86747ea2e270546]::Report>>>>>::{closure#0}
[INFO] [stdout]   19:     0x5f120d96a66b - <tokio[c4444a0c109f49ef]::runtime::scheduler::current_thread::CoreGuard>::enter::<<tokio[c4444a0c109f49ef]::runtime::scheduler::current_thread::CoreGuard>::block_on<core[df12db4294e9bfd3]::pin::Pin<&mut core[df12db4294e9bfd3]::pin::Pin<&mut dyn core[df12db4294e9bfd3]::future::future::Future<Output = core[df12db4294e9bfd3]::result::Result<(), eyre[e86747ea2e270546]::Report>>>>>::{closure#0}, core[df12db4294e9bfd3]::option::Option<core[df12db4294e9bfd3]::result::Result<(), eyre[e86747ea2e270546]::Report>>>::{closure#0}
[INFO] [stdout]   20:     0x5f120da2a390 - <tokio[c4444a0c109f49ef]::runtime::context::scoped::Scoped<tokio[c4444a0c109f49ef]::runtime::scheduler::Context>>::set::<<tokio[c4444a0c109f49ef]::runtime::scheduler::current_thread::CoreGuard>::enter<<tokio[c4444a0c109f49ef]::runtime::scheduler::current_thread::CoreGuard>::block_on<core[df12db4294e9bfd3]::pin::Pin<&mut core[df12db4294e9bfd3]::pin::Pin<&mut dyn core[df12db4294e9bfd3]::future::future::Future<Output = core[df12db4294e9bfd3]::result::Result<(), eyre[e86747ea2e270546]::Report>>>>>::{closure#0}, core[df12db4294e9bfd3]::option::Option<core[df12db4294e9bfd3]::result::Result<(), eyre[e86747ea2e270546]::Report>>>::{closure#0}, (alloc[2182bb758b4b3781]::boxed::Box<tokio[c4444a0c109f49ef]::runtime::scheduler::current_thread::Core>, core[df12db4294e9bfd3]::option::Option<core[df12db4294e9bfd3]::result::Result<(), eyre[e86747ea2e270546]::Report>>)>
[INFO] [stdout]   21:     0x5f120d9ac233 - tokio[c4444a0c109f49ef]::runtime::context::set_scheduler::<(alloc[2182bb758b4b3781]::boxed::Box<tokio[c4444a0c109f49ef]::runtime::scheduler::current_thread::Core>, core[df12db4294e9bfd3]::option::Option<core[df12db4294e9bfd3]::result::Result<(), eyre[e86747ea2e270546]::Report>>), <tokio[c4444a0c109f49ef]::runtime::scheduler::current_thread::CoreGuard>::enter<<tokio[c4444a0c109f49ef]::runtime::scheduler::current_thread::CoreGuard>::block_on<core[df12db4294e9bfd3]::pin::Pin<&mut core[df12db4294e9bfd3]::pin::Pin<&mut dyn core[df12db4294e9bfd3]::future::future::Future<Output = core[df12db4294e9bfd3]::result::Result<(), eyre[e86747ea2e270546]::Report>>>>>::{closure#0}, core[df12db4294e9bfd3]::option::Option<core[df12db4294e9bfd3]::result::Result<(), eyre[e86747ea2e270546]::Report>>>::{closure#0}>::{closure#0}
[INFO] [stdout]   22:     0x5f120d964224 - <std[70759c8f55707aa4]::thread::local::LocalKey<tokio[c4444a0c109f49ef]::runtime::context::Context>>::try_with::<tokio[c4444a0c109f49ef]::runtime::context::set_scheduler<(alloc[2182bb758b4b3781]::boxed::Box<tokio[c4444a0c109f49ef]::runtime::scheduler::current_thread::Core>, core[df12db4294e9bfd3]::option::Option<core[df12db4294e9bfd3]::result::Result<(), eyre[e86747ea2e270546]::Report>>), <tokio[c4444a0c109f49ef]::runtime::scheduler::current_thread::CoreGuard>::enter<<tokio[c4444a0c109f49ef]::runtime::scheduler::current_thread::CoreGuard>::block_on<core[df12db4294e9bfd3]::pin::Pin<&mut core[df12db4294e9bfd3]::pin::Pin<&mut dyn core[df12db4294e9bfd3]::future::future::Future<Output = core[df12db4294e9bfd3]::result::Result<(), eyre[e86747ea2e270546]::Report>>>>>::{closure#0}, core[df12db4294e9bfd3]::option::Option<core[df12db4294e9bfd3]::result::Result<(), eyre[e86747ea2e270546]::Report>>>::{closure#0}>::{closure#0}, (alloc[2182bb758b4b3781]::boxed::Box<tokio[c4444a0c109f49ef]::runtime::scheduler::current_thread::Core>, core[df12db4294e9bfd3]::option::Option<core[df12db4294e9bfd3]::result::Result<(), eyre[e86747ea2e270546]::Report>>)>
[INFO] [stdout]   23:     0x5f120d963e47 - <std[70759c8f55707aa4]::thread::local::LocalKey<tokio[c4444a0c109f49ef]::runtime::context::Context>>::with::<tokio[c4444a0c109f49ef]::runtime::context::set_scheduler<(alloc[2182bb758b4b3781]::boxed::Box<tokio[c4444a0c109f49ef]::runtime::scheduler::current_thread::Core>, core[df12db4294e9bfd3]::option::Option<core[df12db4294e9bfd3]::result::Result<(), eyre[e86747ea2e270546]::Report>>), <tokio[c4444a0c109f49ef]::runtime::scheduler::current_thread::CoreGuard>::enter<<tokio[c4444a0c109f49ef]::runtime::scheduler::current_thread::CoreGuard>::block_on<core[df12db4294e9bfd3]::pin::Pin<&mut core[df12db4294e9bfd3]::pin::Pin<&mut dyn core[df12db4294e9bfd3]::future::future::Future<Output = core[df12db4294e9bfd3]::result::Result<(), eyre[e86747ea2e270546]::Report>>>>>::{closure#0}, core[df12db4294e9bfd3]::option::Option<core[df12db4294e9bfd3]::result::Result<(), eyre[e86747ea2e270546]::Report>>>::{closure#0}>::{closure#0}, (alloc[2182bb758b4b3781]::boxed::Box<tokio[c4444a0c109f49ef]::runtime::scheduler::current_thread::Core>, core[df12db4294e9bfd3]::option::Option<core[df12db4294e9bfd3]::result::Result<(), eyre[e86747ea2e270546]::Report>>)>
[INFO] [stdout]   24:     0x5f120d9a4eab - tokio[c4444a0c109f49ef]::runtime::context::set_scheduler::<(alloc[2182bb758b4b3781]::boxed::Box<tokio[c4444a0c109f49ef]::runtime::scheduler::current_thread::Core>, core[df12db4294e9bfd3]::option::Option<core[df12db4294e9bfd3]::result::Result<(), eyre[e86747ea2e270546]::Report>>), <tokio[c4444a0c109f49ef]::runtime::scheduler::current_thread::CoreGuard>::enter<<tokio[c4444a0c109f49ef]::runtime::scheduler::current_thread::CoreGuard>::block_on<core[df12db4294e9bfd3]::pin::Pin<&mut core[df12db4294e9bfd3]::pin::Pin<&mut dyn core[df12db4294e9bfd3]::future::future::Future<Output = core[df12db4294e9bfd3]::result::Result<(), eyre[e86747ea2e270546]::Report>>>>>::{closure#0}, core[df12db4294e9bfd3]::option::Option<core[df12db4294e9bfd3]::result::Result<(), eyre[e86747ea2e270546]::Report>>>::{closure#0}>
[INFO] [stdout]   25:     0x5f120d965d49 - <tokio[c4444a0c109f49ef]::runtime::scheduler::current_thread::CoreGuard>::enter::<<tokio[c4444a0c109f49ef]::runtime::scheduler::current_thread::CoreGuard>::block_on<core[df12db4294e9bfd3]::pin::Pin<&mut core[df12db4294e9bfd3]::pin::Pin<&mut dyn core[df12db4294e9bfd3]::future::future::Future<Output = core[df12db4294e9bfd3]::result::Result<(), eyre[e86747ea2e270546]::Report>>>>>::{closure#0}, core[df12db4294e9bfd3]::option::Option<core[df12db4294e9bfd3]::result::Result<(), eyre[e86747ea2e270546]::Report>>>
[INFO] [stdout]   26:     0x5f120d966071 - <tokio[c4444a0c109f49ef]::runtime::scheduler::current_thread::CoreGuard>::block_on::<core[df12db4294e9bfd3]::pin::Pin<&mut core[df12db4294e9bfd3]::pin::Pin<&mut dyn core[df12db4294e9bfd3]::future::future::Future<Output = core[df12db4294e9bfd3]::result::Result<(), eyre[e86747ea2e270546]::Report>>>>>
[INFO] [stdout]   27:     0x5f120d96a1a9 - <tokio[c4444a0c109f49ef]::runtime::scheduler::current_thread::CurrentThread>::block_on::<core[df12db4294e9bfd3]::pin::Pin<&mut dyn core[df12db4294e9bfd3]::future::future::Future<Output = core[df12db4294e9bfd3]::result::Result<(), eyre[e86747ea2e270546]::Report>>>>::{closure#0}
[INFO] [stdout]   28:     0x5f120d969690 - tokio[c4444a0c109f49ef]::runtime::context::runtime::enter_runtime::<<tokio[c4444a0c109f49ef]::runtime::scheduler::current_thread::CurrentThread>::block_on<core[df12db4294e9bfd3]::pin::Pin<&mut dyn core[df12db4294e9bfd3]::future::future::Future<Output = core[df12db4294e9bfd3]::result::Result<(), eyre[e86747ea2e270546]::Report>>>>::{closure#0}, core[df12db4294e9bfd3]::result::Result<(), eyre[e86747ea2e270546]::Report>>
[INFO] [stdout]   29:     0x5f120d962e6c - <tokio[c4444a0c109f49ef]::runtime::scheduler::current_thread::CurrentThread>::block_on::<core[df12db4294e9bfd3]::pin::Pin<&mut dyn core[df12db4294e9bfd3]::future::future::Future<Output = core[df12db4294e9bfd3]::result::Result<(), eyre[e86747ea2e270546]::Report>>>>
[INFO] [stdout]   30:     0x5f120da2a025 - <tokio[c4444a0c109f49ef]::runtime::runtime::Runtime>::block_on_inner::<core[df12db4294e9bfd3]::pin::Pin<&mut dyn core[df12db4294e9bfd3]::future::future::Future<Output = core[df12db4294e9bfd3]::result::Result<(), eyre[e86747ea2e270546]::Report>>>>
[INFO] [stdout]   31:     0x5f120da2a12f - <tokio[c4444a0c109f49ef]::runtime::runtime::Runtime>::block_on::<core[df12db4294e9bfd3]::pin::Pin<&mut dyn core[df12db4294e9bfd3]::future::future::Future<Output = core[df12db4294e9bfd3]::result::Result<(), eyre[e86747ea2e270546]::Report>>>>
[INFO] [stdout]   32:     0x5f120d9ca52d - snakedown[3b17a3733877666]::test::render_test_pkg_suggests_correct_unknown_refs
[INFO] [stdout]   33:     0x5f120d9bc023 - snakedown[3b17a3733877666]::test::render_test_pkg_suggests_correct_unknown_refs::{closure#0}
[INFO] [stdout]   34:     0x5f120da283b6 - <snakedown[3b17a3733877666]::test::render_test_pkg_suggests_correct_unknown_refs::{closure#0} as core[df12db4294e9bfd3]::ops::function::FnOnce<()>>::call_once
[INFO] [stdout]   35:     0x5f120daf28fb - test[9d35eded1c95d3be]::__rust_begin_short_backtrace::<core[df12db4294e9bfd3]::result::Result<(), alloc[2182bb758b4b3781]::string::String>, fn() -> core[df12db4294e9bfd3]::result::Result<(), alloc[2182bb758b4b3781]::string::String>>
[INFO] [stdout]   36:     0x5f120dafff65 - test[9d35eded1c95d3be]::run_test::{closure#0}
[INFO] [stdout]   37:     0x5f120daf9824 - std[70759c8f55707aa4]::sys::backtrace::__rust_begin_short_backtrace::<test[9d35eded1c95d3be]::run_test::{closure#1}, ()>
[INFO] [stdout]   38:     0x5f120db030c2 - <std[70759c8f55707aa4]::thread::lifecycle::spawn_unchecked<test[9d35eded1c95d3be]::run_test::{closure#1}, ()>::{closure#1} as core[df12db4294e9bfd3]::ops::function::FnOnce<()>>::call_once::{shim:vtable#0}
[INFO] [stdout]   39:     0x5f120e7a3559 - <std[70759c8f55707aa4]::sys::thread::unix::Thread>::new::thread_start
[INFO] [stdout]   40:     0x7309ec7ebdfa - <unknown>
[INFO] [stdout]   41:     0x7309ec87f3d4 - clone
[INFO] [stdout]   42:                0x0 - <unknown>
[INFO] [stdout] 
[INFO] [stdout] 
[INFO] [stderr] error: test failed, to rerun pass `--lib`
[INFO] [stdout] failures:
[INFO] [stdout]     indexing::external::fetch::test::cache_clean_numpy_obj_inv
[INFO] [stdout]     indexing::external::fetch::test::test_cache_force
[INFO] [stdout]     test::render_test_pkg_docs_exit_on_err
[INFO] [stdout]     test::render_test_pkg_docs_full
[INFO] [stdout]     test::render_test_pkg_docs_no_private_no_undoc
[INFO] [stdout]     test::render_test_pkg_docs_skip_write_exit_on_err
[INFO] [stdout]     test::render_test_pkg_suggests_correct_unknown_refs
[INFO] [stdout]     test::render_with_skip_write_does_not_write_files
[INFO] [stdout] 
[INFO] [stdout] test result: FAILED. 131 passed; 8 failed; 0 ignored; 0 measured; 0 filtered out; finished in 0.89s
[INFO] [stdout] 
[INFO] running `Command { std: "docker" "inspect" "317d937b9ffce1916fb6664dc0c14053faa64ae93aefaf47acb720adebdcf4fa", kill_on_drop: false }`
[INFO] running `Command { std: "docker" "rm" "-f" "317d937b9ffce1916fb6664dc0c14053faa64ae93aefaf47acb720adebdcf4fa", kill_on_drop: false }`
[INFO] [stdout] 317d937b9ffce1916fb6664dc0c14053faa64ae93aefaf47acb720adebdcf4fa
