[INFO] fetching crate sn3218-hal 0.2.0...
[INFO] testing sn3218-hal-0.2.0 against 1.100.0-beta.1 for beta-1.100-2
[INFO] extracting crate sn3218-hal 0.2.0 into /workspace/builds/worker-1-tc2/source
[INFO] started tweaking crates.io crate sn3218-hal 0.2.0
[INFO] finished tweaking crates.io crate sn3218-hal 0.2.0
[INFO] tweaked toml for crates.io crate sn3218-hal 0.2.0 written to /workspace/builds/worker-1-tc2/source/Cargo.toml
[INFO] validating manifest of crates.io crate sn3218-hal 0.2.0 on toolchain 1.100.0-beta.1
[INFO] running `Command { std: CARGO_HOME="/workspace/cargo-home" RUSTUP_HOME="/workspace/rustup-home" "/workspace/cargo-home/bin/cargo" "+1.100.0-beta.1" "metadata" "--manifest-path" "Cargo.toml" "--no-deps", kill_on_drop: false }`
[INFO] crate crates.io crate sn3218-hal 0.2.0 already has a lockfile, it will not be regenerated
[INFO] running `Command { std: CARGO_HOME="/workspace/cargo-home" RUSTUP_HOME="/workspace/rustup-home" "/workspace/cargo-home/bin/cargo" "+1.100.0-beta.1" "fetch" "--manifest-path" "Cargo.toml", kill_on_drop: false }`
[INFO] [stderr] warning: `package.homepage` is redundant with `package.repository`
[INFO] [stderr]   --> Cargo.toml:25:12
[INFO] [stderr]    |
[INFO] [stderr] 25 | homepage = "https://github.com/judahzf/sn3218"
[INFO] [stderr]    |            ^^^^^^^^^^^^^^^^^^^^^^^^^^^^^^^^^^^
[INFO] [stderr] ...
[INFO] [stderr] 30 | repository = "https://github.com/judahzf/sn3218"
[INFO] [stderr]    |              -----------------------------------
[INFO] [stderr]    |
[INFO] [stderr]    = note: `cargo::redundant_homepage` is set to `warn` by default
[INFO] [stderr] help: consider removing `package.homepage`
[INFO] [stderr] warning: `sn3218-hal` (manifest) generated 1 warning
[INFO] running `Command { std: "docker" "create" "-v" "/var/lib/crater-agent-workspace/builds/worker-1-tc2/source:/opt/rustwide/workdir:ro,Z" "-v" "/var/lib/crater-agent-workspace/builds/worker-1-tc2/target:/opt/rustwide/target:rw,Z" "-v" "/var/lib/crater-agent-workspace/cargo-home:/opt/rustwide/cargo-home:ro,Z" "-v" "/var/lib/crater-agent-workspace/rustup-home:/opt/rustwide/rustup-home:ro,Z" "-m" "1610612736" "--network" "none" "ghcr.io/rust-lang/crates-build-env/linux@sha256:3111399a4047eeb3a02b7a90e478d715f38a8c6669b5c4b49d30a17385265909" "sleep" "infinity", kill_on_drop: false }`
[INFO] [stdout] aac1f8a01e72d6c0c617ffdeb47a58bccf1a8a857f41a5e5492d4adf7e09ea01
[INFO] running `Command { std: "docker" "start" "aac1f8a01e72d6c0c617ffdeb47a58bccf1a8a857f41a5e5492d4adf7e09ea01", kill_on_drop: false }`
[INFO] running `Command { std: "docker" "inspect" "aac1f8a01e72d6c0c617ffdeb47a58bccf1a8a857f41a5e5492d4adf7e09ea01", kill_on_drop: false }`
[INFO] running `Command { std: "docker" "exec" "-e" "SOURCE_DIR=/opt/rustwide/workdir" "-e" "CARGO_HOME=/opt/rustwide/cargo-home" "-e" "RUSTUP_HOME=/opt/rustwide/rustup-home" "-e" "CARGO_TARGET_DIR=/opt/rustwide/target" "-w" "/opt/rustwide/workdir" "--user" "0:0" "aac1f8a01e72d6c0c617ffdeb47a58bccf1a8a857f41a5e5492d4adf7e09ea01" "/opt/rustwide/cargo-home/bin/cargo" "+1.100.0-beta.1" "metadata" "--no-deps" "--format-version=1", kill_on_drop: false }`
[INFO] running `Command { std: "docker" "inspect" "aac1f8a01e72d6c0c617ffdeb47a58bccf1a8a857f41a5e5492d4adf7e09ea01", kill_on_drop: false }`
[INFO] running `Command { std: "docker" "exec" "-e" "SOURCE_DIR=/opt/rustwide/workdir" "-e" "CARGO_HOME=/opt/rustwide/cargo-home" "-e" "RUSTUP_HOME=/opt/rustwide/rustup-home" "-e" "CARGO_TARGET_DIR=/opt/rustwide/target" "-e" "CARGO_INCREMENTAL=0" "-e" "RUST_BACKTRACE=full" "-e" "RUSTFLAGS=--cap-lints=warn" "-e" "RUSTDOCFLAGS=--cap-lints=warn" "-w" "/opt/rustwide/workdir" "--user" "0:0" "aac1f8a01e72d6c0c617ffdeb47a58bccf1a8a857f41a5e5492d4adf7e09ea01" "/opt/rustwide/cargo-home/bin/cargo" "+1.100.0-beta.1" "build" "--frozen" "--message-format=json", kill_on_drop: false }`
[INFO] [stderr] warning: `package.homepage` is redundant with `package.repository`
[INFO] [stderr]   --> Cargo.toml:25:12
[INFO] [stderr]    |
[INFO] [stderr] 25 | homepage = "https://github.com/judahzf/sn3218"
[INFO] [stderr]    |            ^^^^^^^^^^^^^^^^^^^^^^^^^^^^^^^^^^^
[INFO] [stderr] ...
[INFO] [stderr] 30 | repository = "https://github.com/judahzf/sn3218"
[INFO] [stderr]    |              -----------------------------------
[INFO] [stderr]    |
[INFO] [stderr]    = note: `cargo::redundant_homepage` is set to `warn` by default
[INFO] [stderr] help: consider removing `package.homepage`
[INFO] [stderr] warning: `sn3218-hal` (manifest) generated 1 warning
[INFO] [stderr]    Compiling sn3218-hal v0.2.0 (/opt/rustwide/workdir)
[INFO] [stderr]     Finished `dev` profile [unoptimized + debuginfo] target(s) in 0.13s
[INFO] running `Command { std: "docker" "inspect" "aac1f8a01e72d6c0c617ffdeb47a58bccf1a8a857f41a5e5492d4adf7e09ea01", kill_on_drop: false }`
[INFO] running `Command { std: "docker" "exec" "-e" "SOURCE_DIR=/opt/rustwide/workdir" "-e" "CARGO_HOME=/opt/rustwide/cargo-home" "-e" "RUSTUP_HOME=/opt/rustwide/rustup-home" "-e" "CARGO_TARGET_DIR=/opt/rustwide/target" "-e" "CARGO_INCREMENTAL=0" "-e" "RUST_BACKTRACE=full" "-e" "RUSTFLAGS=--cap-lints=warn" "-e" "RUSTDOCFLAGS=--cap-lints=warn" "-w" "/opt/rustwide/workdir" "--user" "0:0" "aac1f8a01e72d6c0c617ffdeb47a58bccf1a8a857f41a5e5492d4adf7e09ea01" "/opt/rustwide/cargo-home/bin/cargo" "+1.100.0-beta.1" "test" "--frozen" "--no-run" "--message-format=json", kill_on_drop: false }`
[INFO] [stderr] warning: `package.homepage` is redundant with `package.repository`
[INFO] [stderr]   --> Cargo.toml:25:12
[INFO] [stderr]    |
[INFO] [stderr] 25 | homepage = "https://github.com/judahzf/sn3218"
[INFO] [stderr]    |            ^^^^^^^^^^^^^^^^^^^^^^^^^^^^^^^^^^^
[INFO] [stderr] ...
[INFO] [stderr] 30 | repository = "https://github.com/judahzf/sn3218"
[INFO] [stderr]    |              -----------------------------------
[INFO] [stderr]    |
[INFO] [stderr]    = note: `cargo::redundant_homepage` is set to `warn` by default
[INFO] [stderr] help: consider removing `package.homepage`
[INFO] [stderr] warning: `sn3218-hal` (manifest) generated 1 warning
[INFO] [stderr]    Compiling num-traits v0.2.19
[INFO] [stderr]    Compiling num-rational v0.3.2
[INFO] [stderr]    Compiling nb v1.1.0
[INFO] [stderr]    Compiling void v1.0.2
[INFO] [stderr]    Compiling nb v0.1.3
[INFO] [stderr]    Compiling embedded-hal-nb v1.0.0
[INFO] [stderr]    Compiling embedded-hal v0.2.7
[INFO] [stderr]    Compiling num-integer v0.1.46
[INFO] [stderr]    Compiling num-complex v0.3.1
[INFO] [stderr]    Compiling num-iter v0.1.45
[INFO] [stderr]    Compiling num v0.3.1
[INFO] [stderr]    Compiling embedded-time v0.12.1
[INFO] [stderr]    Compiling embedded-hal-mock v0.10.0
[INFO] [stderr]    Compiling sn3218-hal v0.2.0 (/opt/rustwide/workdir)
[INFO] [stderr]     Finished `test` profile [unoptimized + debuginfo] target(s) in 4.16s
[INFO] running `Command { std: "docker" "inspect" "aac1f8a01e72d6c0c617ffdeb47a58bccf1a8a857f41a5e5492d4adf7e09ea01", kill_on_drop: false }`
[INFO] running `Command { std: "docker" "exec" "-e" "SOURCE_DIR=/opt/rustwide/workdir" "-e" "CARGO_HOME=/opt/rustwide/cargo-home" "-e" "RUSTUP_HOME=/opt/rustwide/rustup-home" "-e" "CARGO_TARGET_DIR=/opt/rustwide/target" "-e" "CARGO_INCREMENTAL=0" "-e" "RUST_BACKTRACE=full" "-e" "RUSTFLAGS=--cap-lints=warn" "-e" "RUSTDOCFLAGS=--cap-lints=warn" "-w" "/opt/rustwide/workdir" "--user" "0:0" "aac1f8a01e72d6c0c617ffdeb47a58bccf1a8a857f41a5e5492d4adf7e09ea01" "/opt/rustwide/cargo-home/bin/cargo" "+1.100.0-beta.1" "test" "--frozen", kill_on_drop: false }`
[INFO] [stderr] warning: `package.homepage` is redundant with `package.repository`
[INFO] [stderr]   --> Cargo.toml:25:12
[INFO] [stderr]    |
[INFO] [stderr] 25 | homepage = "https://github.com/judahzf/sn3218"
[INFO] [stderr]    |            ^^^^^^^^^^^^^^^^^^^^^^^^^^^^^^^^^^^
[INFO] [stderr] ...
[INFO] [stderr] 30 | repository = "https://github.com/judahzf/sn3218"
[INFO] [stderr]    |              -----------------------------------
[INFO] [stderr]    |
[INFO] [stderr]    = note: `cargo::redundant_homepage` is set to `warn` by default
[INFO] [stderr] help: consider removing `package.homepage`
[INFO] [stderr] warning: `sn3218-hal` (manifest) generated 1 warning
[INFO] [stderr]     Finished `test` profile [unoptimized + debuginfo] target(s) in 0.02s
[INFO] [stderr]      Running unittests src/lib.rs (/opt/rustwide/target/debug/build/sn3218-hal/509f2ab4ebd2b3ec/out/sn3218_hal-509f2ab4ebd2b3ec)
[INFO] [stderr]    Doc-tests sn3218_hal
[INFO] [stdout] 
[INFO] [stdout] running 0 tests
[INFO] [stdout] 
[INFO] [stdout] test result: ok. 0 passed; 0 failed; 0 ignored; 0 measured; 0 filtered out; finished in 0.00s
[INFO] [stdout] 
[INFO] [stdout] 
[INFO] [stdout] running 5 tests
[INFO] [stdout] test src/lib.rs - SN3218<T>::output (line 212) - compile ... FAILED
[INFO] [stdout] test src/lib.rs - SN3218<T>::new (line 91) - compile ... FAILED
[INFO] [stdout] test src/lib.rs - SN3218<T>::enable_leds (line 167) - compile ... FAILED
[INFO] [stdout] test src/lib.rs - SN3218<T>::enable (line 118) - compile ... FAILED
[INFO] [stdout] test src/lib.rs - (line 16) - compile ... FAILED
[INFO] [stdout] 
[INFO] [stdout] failures:
[INFO] [stdout] 
[INFO] [stdout] ---- src/lib.rs - SN3218<T>::output (line 212) stdout ----
[INFO] [stdout] error[E0432]: unresolved import `sn3218`
[INFO] [stdout]    --> src/lib.rs:213:5
[INFO] [stdout]     |
[INFO] [stdout] 213 | use sn3218::SN3218;
[INFO] [stdout]     |     ^^^^^^ use of unresolved module or unlinked crate `sn3218`
[INFO] [stdout]     |
[INFO] [stdout]     = help: if you wanted to use a crate named `sn3218`, use `cargo add sn3218` to add it to your `Cargo.toml`
[INFO] [stdout] 
[INFO] [stdout] error[E0432]: unresolved import `embedded_hal_mock::i2c`
[INFO] [stdout]    --> src/lib.rs:214:24
[INFO] [stdout]     |
[INFO] [stdout] 214 | use embedded_hal_mock::i2c::Mock as I2c;
[INFO] [stdout]     |                        ^^^ could not find `i2c` in `embedded_hal_mock`
[INFO] [stdout] 
[INFO] [stdout] error: aborting due to 2 previous errors
[INFO] [stdout] 
[INFO] [stdout] For more information about this error, try `rustc --explain E0432`.
[INFO] [stdout] Couldn't compile the test.
[INFO] [stdout] ---- src/lib.rs - SN3218<T>::new (line 91) stdout ----
[INFO] [stdout] error[E0432]: unresolved import `sn3218`
[INFO] [stdout]   --> src/lib.rs:92:5
[INFO] [stdout]    |
[INFO] [stdout] 92 | use sn3218::SN3218;
[INFO] [stdout]    |     ^^^^^^ use of unresolved module or unlinked crate `sn3218`
[INFO] [stdout]    |
[INFO] [stdout]    = help: if you wanted to use a crate named `sn3218`, use `cargo add sn3218` to add it to your `Cargo.toml`
[INFO] [stdout] 
[INFO] [stdout] error[E0432]: unresolved import `embedded_hal_mock::i2c`
[INFO] [stdout]   --> src/lib.rs:93:24
[INFO] [stdout]    |
[INFO] [stdout] 93 | use embedded_hal_mock::i2c::Mock as I2c;
[INFO] [stdout]    |                        ^^^ could not find `i2c` in `embedded_hal_mock`
[INFO] [stdout] 
[INFO] [stdout] error: aborting due to 2 previous errors
[INFO] [stdout] 
[INFO] [stdout] For more information about this error, try `rustc --explain E0432`.
[INFO] [stdout] Couldn't compile the test.
[INFO] [stdout] ---- src/lib.rs - SN3218<T>::enable_leds (line 167) stdout ----
[INFO] [stdout] error[E0432]: unresolved import `sn3218`
[INFO] [stdout]    --> src/lib.rs:168:5
[INFO] [stdout]     |
[INFO] [stdout] 168 | use sn3218::SN3218;
[INFO] [stdout]     |     ^^^^^^ use of unresolved module or unlinked crate `sn3218`
[INFO] [stdout]     |
[INFO] [stdout]     = help: if you wanted to use a crate named `sn3218`, use `cargo add sn3218` to add it to your `Cargo.toml`
[INFO] [stdout] 
[INFO] [stdout] error[E0432]: unresolved import `embedded_hal_mock::i2c`
[INFO] [stdout]    --> src/lib.rs:169:24
[INFO] [stdout]     |
[INFO] [stdout] 169 | use embedded_hal_mock::i2c::Mock as I2c;
[INFO] [stdout]     |                        ^^^ could not find `i2c` in `embedded_hal_mock`
[INFO] [stdout] 
[INFO] [stdout] error: aborting due to 2 previous errors
[INFO] [stdout] 
[INFO] [stdout] For more information about this error, try `rustc --explain E0432`.
[INFO] [stdout] Couldn't compile the test.
[INFO] [stdout] ---- src/lib.rs - SN3218<T>::enable (line 118) stdout ----
[INFO] [stdout] error[E0432]: unresolved import `sn3218`
[INFO] [stdout]    --> src/lib.rs:119:5
[INFO] [stdout]     |
[INFO] [stdout] 119 | use sn3218::SN3218;
[INFO] [stdout]     |     ^^^^^^ use of unresolved module or unlinked crate `sn3218`
[INFO] [stdout]     |
[INFO] [stdout]     = help: if you wanted to use a crate named `sn3218`, use `cargo add sn3218` to add it to your `Cargo.toml`
[INFO] [stdout] 
[INFO] [stdout] error[E0432]: unresolved import `embedded_hal_mock::i2c`
[INFO] [stdout]    --> src/lib.rs:120:24
[INFO] [stdout]     |
[INFO] [stdout] 120 | use embedded_hal_mock::i2c::Mock as I2c;
[INFO] [stdout]     |                        ^^^ could not find `i2c` in `embedded_hal_mock`
[INFO] [stdout] 
[INFO] [stdout] error: aborting due to 2 previous errors
[INFO] [stdout] 
[INFO] [stdout] For more information about this error, try `rustc --explain E0432`.
[INFO] [stdout] Couldn't compile the test.
[INFO] [stdout] ---- src/lib.rs - (line 16) stdout ----
[INFO] [stdout] error[E0432]: unresolved import `sn3218`
[INFO] [stdout]   --> src/lib.rs:17:5
[INFO] [stdout]    |
[INFO] [stdout] 17 | use sn3218::SN3218;
[INFO] [stdout]    |     ^^^^^^ use of unresolved module or unlinked crate `sn3218`
[INFO] [stdout]    |
[INFO] [stdout]    = help: if you wanted to use a crate named `sn3218`, use `cargo add sn3218` to add it to your `Cargo.toml`
[INFO] [stdout] 
[INFO] [stdout] error[E0432]: unresolved import `embedded_hal_mock::i2c`
[INFO] [stdout]   --> src/lib.rs:18:24
[INFO] [stdout]    |
[INFO] [stdout] 18 | use embedded_hal_mock::i2c::Mock as I2c;
[INFO] [stdout]    |                        ^^^ could not find `i2c` in `embedded_hal_mock`
[INFO] [stdout] 
[INFO] [stdout] error: aborting due to 2 previous errors
[INFO] [stdout] 
[INFO] [stdout] For more information about this error, try `rustc --explain E0432`.
[INFO] [stdout] Couldn't compile the test.
[INFO] [stdout] 
[INFO] [stdout] failures:
[INFO] [stdout]     src/lib.rs - (line 16)
[INFO] [stdout]     src/lib.rs - SN3218<T>::enable (line 118)
[INFO] [stdout]     src/lib.rs - SN3218<T>::enable_leds (line 167)
[INFO] [stdout]     src/lib.rs - SN3218<T>::new (line 91)
[INFO] [stdout]     src/lib.rs - SN3218<T>::output (line 212)
[INFO] [stdout] 
[INFO] [stdout] test result: FAILED. 0 passed; 5 failed; 0 ignored; 0 measured; 0 filtered out; finished in 0.15s
[INFO] [stdout] 
[INFO] [stderr] error: doctest failed, to rerun pass `--doc`
[INFO] running `Command { std: "docker" "inspect" "aac1f8a01e72d6c0c617ffdeb47a58bccf1a8a857f41a5e5492d4adf7e09ea01", kill_on_drop: false }`
[INFO] running `Command { std: "docker" "rm" "-f" "aac1f8a01e72d6c0c617ffdeb47a58bccf1a8a857f41a5e5492d4adf7e09ea01", kill_on_drop: false }`
[INFO] [stdout] aac1f8a01e72d6c0c617ffdeb47a58bccf1a8a857f41a5e5492d4adf7e09ea01
