[INFO] fetching crate smysl-ingest 1.8.0...
[INFO] testing smysl-ingest-1.8.0 against 1.100.0-beta.1 for beta-1.100-2
[INFO] extracting crate smysl-ingest 1.8.0 into /workspace/builds/worker-2-tc2/source
[INFO] started tweaking crates.io crate smysl-ingest 1.8.0
[INFO] removed 0 missing tests
[INFO] finished tweaking crates.io crate smysl-ingest 1.8.0
[INFO] tweaked toml for crates.io crate smysl-ingest 1.8.0 written to /workspace/builds/worker-2-tc2/source/Cargo.toml
[INFO] validating manifest of crates.io crate smysl-ingest 1.8.0 on toolchain 1.100.0-beta.1
[INFO] running `Command { std: CARGO_HOME="/workspace/cargo-home" RUSTUP_HOME="/workspace/rustup-home" "/workspace/cargo-home/bin/cargo" "+1.100.0-beta.1" "metadata" "--manifest-path" "Cargo.toml" "--no-deps", kill_on_drop: false }`
[INFO] crate crates.io crate smysl-ingest 1.8.0 already has a lockfile, it will not be regenerated
[INFO] running `Command { std: CARGO_HOME="/workspace/cargo-home" RUSTUP_HOME="/workspace/rustup-home" "/workspace/cargo-home/bin/cargo" "+1.100.0-beta.1" "fetch" "--manifest-path" "Cargo.toml", kill_on_drop: false }`
[INFO] running `Command { std: "docker" "create" "-v" "/var/lib/crater-agent-workspace/builds/worker-2-tc2/source:/opt/rustwide/workdir:ro,Z" "-v" "/var/lib/crater-agent-workspace/builds/worker-2-tc2/target:/opt/rustwide/target:rw,Z" "-v" "/var/lib/crater-agent-workspace/cargo-home:/opt/rustwide/cargo-home:ro,Z" "-v" "/var/lib/crater-agent-workspace/rustup-home:/opt/rustwide/rustup-home:ro,Z" "-m" "1610612736" "--network" "none" "ghcr.io/rust-lang/crates-build-env/linux@sha256:3111399a4047eeb3a02b7a90e478d715f38a8c6669b5c4b49d30a17385265909" "sleep" "infinity", kill_on_drop: false }`
[INFO] [stdout] f026f4f08caa86de2ac977fa97dc087a7cb49a8ae6f1feb0b8f05e17b42caee6
[INFO] running `Command { std: "docker" "start" "f026f4f08caa86de2ac977fa97dc087a7cb49a8ae6f1feb0b8f05e17b42caee6", kill_on_drop: false }`
[INFO] running `Command { std: "docker" "inspect" "f026f4f08caa86de2ac977fa97dc087a7cb49a8ae6f1feb0b8f05e17b42caee6", kill_on_drop: false }`
[INFO] running `Command { std: "docker" "exec" "-e" "SOURCE_DIR=/opt/rustwide/workdir" "-e" "CARGO_HOME=/opt/rustwide/cargo-home" "-e" "RUSTUP_HOME=/opt/rustwide/rustup-home" "-e" "CARGO_TARGET_DIR=/opt/rustwide/target" "-w" "/opt/rustwide/workdir" "--user" "0:0" "f026f4f08caa86de2ac977fa97dc087a7cb49a8ae6f1feb0b8f05e17b42caee6" "/opt/rustwide/cargo-home/bin/cargo" "+1.100.0-beta.1" "metadata" "--no-deps" "--format-version=1", kill_on_drop: false }`
[INFO] running `Command { std: "docker" "inspect" "f026f4f08caa86de2ac977fa97dc087a7cb49a8ae6f1feb0b8f05e17b42caee6", kill_on_drop: false }`
[INFO] running `Command { std: "docker" "exec" "-e" "SOURCE_DIR=/opt/rustwide/workdir" "-e" "CARGO_HOME=/opt/rustwide/cargo-home" "-e" "RUSTUP_HOME=/opt/rustwide/rustup-home" "-e" "CARGO_TARGET_DIR=/opt/rustwide/target" "-e" "CARGO_INCREMENTAL=0" "-e" "RUST_BACKTRACE=full" "-e" "RUSTFLAGS=--cap-lints=warn" "-e" "RUSTDOCFLAGS=--cap-lints=warn" "-w" "/opt/rustwide/workdir" "--user" "0:0" "f026f4f08caa86de2ac977fa97dc087a7cb49a8ae6f1feb0b8f05e17b42caee6" "/opt/rustwide/cargo-home/bin/cargo" "+1.100.0-beta.1" "build" "--frozen" "--message-format=json", kill_on_drop: false }`
[INFO] [stderr]    Compiling proc-macro2 v1.0.107
[INFO] [stderr]    Compiling quote v1.0.47
[INFO] [stderr]    Compiling unicode-ident v1.0.24
[INFO] [stderr]    Compiling find-msvc-tools v0.1.9
[INFO] [stderr]    Compiling shlex v2.0.1
[INFO] [stderr]    Compiling tinyvec_macros v0.1.1
[INFO] [stderr]    Compiling cfg-if v1.0.4
[INFO] [stderr]    Compiling constant_time_eq v0.4.2
[INFO] [stderr]    Compiling cpufeatures v0.3.0
[INFO] [stderr]    Compiling serde_core v1.0.229
[INFO] [stderr]    Compiling arrayref v0.3.9
[INFO] [stderr]    Compiling arrayvec v0.7.8
[INFO] [stderr]    Compiling zmij v1.0.23
[INFO] [stderr]    Compiling serde_json v1.0.151
[INFO] [stderr]    Compiling serde v1.0.229
[INFO] [stderr]    Compiling pin-project-lite v0.2.17
[INFO] [stderr]    Compiling memchr v2.8.3
[INFO] [stderr]    Compiling tinyvec v1.12.0
[INFO] [stderr]    Compiling itoa v1.0.18
[INFO] [stderr]    Compiling cc v1.4.0
[INFO] [stderr]    Compiling unicode-normalization v0.1.25
[INFO] [stderr]    Compiling blake3 v1.8.5
[INFO] [stderr]    Compiling syn v3.0.3
[INFO] [stderr]    Compiling syn v2.0.119
[INFO] [stderr]    Compiling smysl-core v1.8.0
[INFO] [stderr]    Compiling serde_derive v1.0.229
[INFO] [stderr]    Compiling smysl-graph v1.8.0
[INFO] [stderr]    Compiling tokio-macros v2.7.1
[INFO] [stderr]    Compiling tokio v1.53.1
[INFO] [stderr]    Compiling smysl-check v1.8.0
[INFO] [stderr]    Compiling smysl-provider v1.8.0
[INFO] [stderr]    Compiling smysl-ingest v1.8.0 (/opt/rustwide/workdir)
[INFO] [stderr]     Finished `dev` profile [unoptimized + debuginfo] target(s) in 21.86s
[INFO] running `Command { std: "docker" "inspect" "f026f4f08caa86de2ac977fa97dc087a7cb49a8ae6f1feb0b8f05e17b42caee6", kill_on_drop: false }`
[INFO] running `Command { std: "docker" "exec" "-e" "SOURCE_DIR=/opt/rustwide/workdir" "-e" "CARGO_HOME=/opt/rustwide/cargo-home" "-e" "RUSTUP_HOME=/opt/rustwide/rustup-home" "-e" "CARGO_TARGET_DIR=/opt/rustwide/target" "-e" "CARGO_INCREMENTAL=0" "-e" "RUST_BACKTRACE=full" "-e" "RUSTFLAGS=--cap-lints=warn" "-e" "RUSTDOCFLAGS=--cap-lints=warn" "-w" "/opt/rustwide/workdir" "--user" "0:0" "f026f4f08caa86de2ac977fa97dc087a7cb49a8ae6f1feb0b8f05e17b42caee6" "/opt/rustwide/cargo-home/bin/cargo" "+1.100.0-beta.1" "test" "--frozen" "--no-run" "--message-format=json", kill_on_drop: false }`
[INFO] [stderr]    Compiling smysl-ingest v1.8.0 (/opt/rustwide/workdir)
[INFO] [stderr]     Finished `test` profile [unoptimized + debuginfo] target(s) in 4.70s
[INFO] running `Command { std: "docker" "inspect" "f026f4f08caa86de2ac977fa97dc087a7cb49a8ae6f1feb0b8f05e17b42caee6", kill_on_drop: false }`
[INFO] running `Command { std: "docker" "exec" "-e" "SOURCE_DIR=/opt/rustwide/workdir" "-e" "CARGO_HOME=/opt/rustwide/cargo-home" "-e" "RUSTUP_HOME=/opt/rustwide/rustup-home" "-e" "CARGO_TARGET_DIR=/opt/rustwide/target" "-e" "CARGO_INCREMENTAL=0" "-e" "RUST_BACKTRACE=full" "-e" "RUSTFLAGS=--cap-lints=warn" "-e" "RUSTDOCFLAGS=--cap-lints=warn" "-w" "/opt/rustwide/workdir" "--user" "0:0" "f026f4f08caa86de2ac977fa97dc087a7cb49a8ae6f1feb0b8f05e17b42caee6" "/opt/rustwide/cargo-home/bin/cargo" "+1.100.0-beta.1" "test" "--frozen", kill_on_drop: false }`
[INFO] [stderr]     Finished `test` profile [unoptimized + debuginfo] target(s) in 0.07s
[INFO] [stderr]      Running unittests src/lib.rs (/opt/rustwide/target/debug/build/smysl-ingest/774da5c67f15043a/out/smysl_ingest-774da5c67f15043a)
[INFO] [stdout] 
[INFO] [stdout] running 179 tests
[INFO] [stdout] test attest::tests::a_report_can_name_what_failed ... ok
[INFO] [stdout] test ceiling::tests::a_downgrade_preserves_the_rest_of_the_unit ... ok
[INFO] [stdout] test ceiling::tests::a_downgrade_changes_the_uid ... ok
[INFO] [stdout] test attest::tests::every_question_fences_its_input_and_says_it_is_data ... ok
[INFO] [stdout] test attest::tests::each_question_asks_something_different ... ok
[INFO] [stdout] test attest::tests::yes_and_no_are_read_with_their_reason ... ok
[INFO] [stdout] test attest::tests::an_attestation_is_attested_at_the_model_rung ... ok
[INFO] [stdout] test attest::tests::an_unreadable_judgement_produces_no_attestation ... ok
[INFO] [stdout] test attest::tests::attesting_never_changes_a_unit ... ok
[INFO] [stdout] test attest::tests::a_question_that_cannot_apply_skips_the_unit ... ok
[INFO] [stdout] test ceiling::tests::a_computed_rung_caps_a_grounded_claim_at_derived ... ok
[INFO] [stdout] test ceiling::tests::a_document_rung_caps_at_cited ... ok
[INFO] [stdout] test attest::tests::the_default_sample_is_bounded ... ok
[INFO] [stdout] test attest::tests::an_unreadable_answer_is_neither_yes_nor_no ... ok
[INFO] [stdout] test attest::tests::the_description_carries_only_what_the_question_needs ... ok
[INFO] [stdout] test attest::tests::question_names_round_trip ... ok
[INFO] [stdout] test ceiling::tests::attainable_never_exceeds_the_cap_and_never_fails ... ok
[INFO] [stdout] test chunk::tests::a_tiny_context_still_leaves_a_usable_window ... ok
[INFO] [stdout] test ceiling::tests::every_rung_caps_a_measured_claim ... ok
[INFO] [stdout] test ceiling::tests::a_model_claiming_measured_is_capped_and_reported ... ok
[INFO] [stdout] test ceiling::tests::a_status_within_the_ceiling_is_untouched ... ok
[INFO] [stdout] test ceiling::tests::an_ungrounded_claim_walks_past_a_status_its_shape_cannot_support ... ok
[INFO] [stdout] test chunk::tests::an_oversized_paragraph_splits_on_lines_then_characters ... ok
[INFO] [stdout] test ceiling::tests::the_diagnostic_points_at_the_unit_that_exists ... ok
[INFO] [stdout] test chunk::tests::a_character_split_lands_on_boundaries ... ok
[INFO] [stdout] test chunk::tests::a_paragraph_larger_than_the_window_is_still_emitted ... ok
[INFO] [stdout] test ceiling::tests::ingest_can_never_assign_measured ... ok
[INFO] [stdout] test chunk::tests::empty_input_yields_no_chunks ... ok
[INFO] [stdout] test ceiling::tests::source_requirements_track_the_rung ... ok
[INFO] [stdout] test chunk::tests::a_zero_budget_is_clamped_rather_than_dividing_by_zero ... ok
[INFO] [stdout] test ceiling::tests::a_status_at_the_ceiling_is_untouched ... ok
[INFO] [stdout] test chunk::tests::byte_ranges_point_into_the_original_input ... ok
[INFO] [stdout] test chunk::tests::each_chunk_after_the_first_repeats_the_previous_paragraph ... ok
[INFO] [stdout] test chunk::tests::overlap_can_be_turned_off ... ok
[INFO] [stdout] test chunk::tests::short_input_is_one_chunk ... ok
[INFO] [stdout] test chunk::tests::the_output_reserve_is_at_least_half_the_context ... ok
[INFO] [stdout] test chunk::tests::the_window_reserves_room_for_the_prompt_and_the_answer ... ok
[INFO] [stdout] test import::tests::the_gist_names_the_subject_and_its_values ... ok
[INFO] [stdout] test ceiling::tests::the_ceiling_table_is_the_rfcs ... ok
[INFO] [stdout] test chunk::tests::input_is_split_at_paragraph_boundaries ... ok
[INFO] [stdout] test chunk::tests::splitting_something_that_fits_is_the_identity ... ok
[INFO] [stdout] test import::tests::the_key_columns_choose_the_subject ... ok
[INFO] [stdout] test import::tests::the_source_addresses_the_row_it_came_from ... ok
[INFO] [stdout] test import::tests::the_payload_keeps_wide_rows_and_long_cells ... ok
[INFO] [stdout] test json_ast::tests::a_batch_without_relations_is_not_an_error ... ok
[INFO] [stdout] test import::tests::the_row_survives_verbatim_in_the_payload ... ok
[INFO] [stdout] test json_ast::tests::a_captured_date_is_parsed_and_a_bad_one_reported ... ok
[INFO] [stdout] test json_ast::tests::a_bad_label_is_reported_without_losing_the_unit_type ... ok
[INFO] [stdout] test json_ast::tests::a_fenced_response_is_unwrapped ... ok
[INFO] [stdout] test chunk::tests::every_chunk_knows_where_it_is ... ok
[INFO] [stdout] test json_ast::tests::a_forward_reference_is_reported_rather_than_silently_dropped ... ok
[INFO] [stdout] test json_ast::tests::a_bad_unit_does_not_discard_its_neighbours ... ok
[INFO] [stdout] test json_ast::tests::a_missing_required_field_is_reported ... ok
[INFO] [stdout] test json_ast::tests::a_bare_unit_object_is_accepted ... ok
[INFO] [stdout] test json_ast::tests::a_self_edge_is_refused ... ok
[INFO] [stdout] test import::tests::an_empty_file_is_a_diagnostic_not_a_panic ... ok
[INFO] [stdout] test import::tests::a_long_or_wide_row_checks_without_e022_and_keeps_every_cell ... ok
[INFO] [stdout] test import::tests::an_import_is_a_function_of_its_inputs ... ok
[INFO] [stdout] test import::tests::an_ordinary_row_encodes_as_it_did_before ... ok
[INFO] [stdout] test chunk::tests::one_runaway_paragraph_is_split_rather_than_sent_whole ... ok
[INFO] [stdout] test import::tests::a_ragged_row_is_skipped_and_reported ... ok
[INFO] [stdout] test import::tests::an_imported_measurement_checks_clean ... ok
[INFO] [stdout] test json_ast::tests::no_input_panics_and_garbage_yields_diagnostics ... ok
[INFO] [stdout] test json_ast::tests::a_well_formed_batch_converts ... ok
[INFO] [stdout] test chunk::tests::every_paragraph_appears_in_some_chunk ... ok
[INFO] [stdout] test json_ast::tests::lifecycle_edges_are_not_authorable ... ok
[INFO] [stdout] test import::tests::each_row_becomes_one_measured_unit ... ok
[INFO] [stdout] test json_ast::tests::an_unknown_field_is_an_error_not_a_silent_drop ... ok
[INFO] [stdout] test json_ast::tests::a_malformed_source_is_reported ... ok
[INFO] [stdout] test json_ast::tests::relations_resolve_their_endpoints_by_label ... ok
[INFO] [stdout] test json_ast::tests::unfounded_cannot_be_authored ... ok
[INFO] [stdout] test json_ast::tests::a_shape_violation_is_reported_with_its_reason ... ok
[INFO] [stdout] test monotone::tests::an_overclaim_is_lowered_to_its_weakest_ground ... ok
[INFO] [stdout] test path::tests::bulk_content_takes_the_surface_path ... ok
[INFO] [stdout] test json_ast::tests::prose_around_the_object_is_tolerated ... ok
[INFO] [stdout] test json_ast::tests::an_invented_type_or_status_is_reported ... ok
[INFO] [stdout] test json_ast::tests::references_resolve_by_label_in_declaration_order ... ok
[INFO] [stdout] test json_ast::tests::an_out_of_range_weight_is_dropped_rather_than_clamped ... ok
[INFO] [stdout] test path::tests::every_enforced_mode_is_treated_alike ... ok
[INFO] [stdout] test json_ast::tests::an_edge_into_nothing_is_dropped_and_reported ... ok
[INFO] [stdout] test path::tests::every_reason_can_say_what_it_is ... ok
[INFO] [stdout] test monotone::tests::a_ground_in_the_store_sets_the_cap ... ok
[INFO] [stdout] test json_ast::tests::an_empty_batch_is_not_an_error ... ok
[INFO] [stdout] test path::tests::the_threshold_is_a_boundary_not_a_range ... ok
[INFO] [stdout] test path::tests::an_override_wins_over_everything ... ok
[INFO] [stdout] test monotone::tests::a_unit_within_its_grounds_is_untouched ... ok
[INFO] [stdout] test path::tests::content_ingest_falls_back_to_surface_without_enforcement ... ok
[INFO] [stdout] test prompt::tests::an_override_replaces_what_it_supplies_and_keeps_the_rest ... ok
[INFO] [stdout] test prompt::tests::every_template_fences_its_input ... ok
[INFO] [stdout] test monotone::tests::a_cycle_is_carried_rather_than_looped_on ... ok
[INFO] [stdout] test prompt::tests::rendering_substitutes_only_the_input ... ok
[INFO] [stdout] test prompt::tests::every_template_says_content_is_data ... ok
[INFO] [stdout] test monotone::tests::a_dependent_follows_its_ground_to_its_new_identity ... ok
[INFO] [stdout] test prompt::tests::strip_echo_removes_only_frame_lines_at_the_ends ... ok
[INFO] [stdout] test prompt::tests::template_ids_are_distinct ... ok
[INFO] [stdout] test prompt::tests::the_fingerprint_covers_the_text_not_just_the_id ... ok
[INFO] [stdout] test path::tests::json_mode_alone_is_not_enough_to_choose_json ... ok
[INFO] [stdout] test path::tests::structured_operations_do_not_consult_the_capabilities ... ok
[INFO] [stdout] test monotone::tests::every_unit_survives_however_badly_it_overclaimed ... ok
[INFO] [stdout] test prompt::tests::an_override_loads_from_hjson_and_is_validated_on_the_way_in ... ok
[INFO] [stdout] test path::tests::small_structured_operations_take_the_json_path ... ok
[INFO] [stdout] test recipe::tests::a_separator_inside_a_field_does_not_break_injectivity ... ok
[INFO] [stdout] test recipe::tests::every_shared_field_changes_both_hashes ... ok
[INFO] [stdout] test prompt::tests::two_texts_under_one_id_and_version_are_two_recipes ... ok
[INFO] [stdout] test prompt::tests::validation_refuses_what_would_fail_quietly_later ... ok
[INFO] [stdout] test recipe::tests::the_same_conditions_hash_the_same_way ... ok
[INFO] [stdout] test recipe::tests::field_boundaries_cannot_be_confused ... ok
[INFO] [stdout] test recipe::tests::a_recipe_is_never_its_own_family ... ok
[INFO] [stdout] test prompt::tests::a_version_bump_changes_the_fingerprint ... ok
[INFO] [stdout] test recipe::tests::temperature_is_quantised_before_hashing ... ok
[INFO] [stdout] test monotone::tests::the_cap_travels_down_a_chain ... ok
[INFO] [stdout] test recipe::tests::the_family_is_provider_and_model_free ... ok
[INFO] [stdout] test prompt::tests::the_surface_example_is_a_valid_document ... ok
[INFO] [stdout] test recipe::tests::the_schema_set_is_order_and_duplicate_insensitive ... ok
[INFO] [stdout] test repair::tests::a_clean_json_answer_converts_without_diagnostics ... ok
[INFO] [stdout] test repair::tests::a_capped_ceiling_does_not_mask_a_genuine_error ... ok
[INFO] [stdout] test prompt::tests::ingest_templates_forbid_measured_and_unfounded ... ok
[INFO] [stdout] test prompt::tests::no_template_offers_a_copyable_reference ... ok
[INFO] [stdout] test repair::tests::a_capped_ceiling_does_not_spend_the_repair_budget ... ok
[INFO] [stdout] test repair::tests::a_degraded_unit_respects_the_ceiling ... ok
[INFO] [stdout] test path::tests::a_small_enforced_content_ingest_takes_the_json_path ... ok
[INFO] [stdout] test repair::tests::an_unrepairable_span_becomes_opaque_prose ... ok
[INFO] [stdout] test prompt::tests::the_fingerprint_is_stable ... ok
[INFO] [stdout] test repair::tests::a_long_first_sentence_is_truncated_on_a_word_boundary ... ok
[INFO] [stdout] test recipe::tests::the_template_and_its_version_are_both_in_the_hash ... ok
[INFO] [stdout] test repair::tests::identical_degraded_spans_share_a_uid ... ok
[INFO] [stdout] test prompt::tests::an_override_file_reads_its_texts_from_beside_it ... ok
[INFO] [stdout] test repair::tests::local_checks_cover_the_ceiling_and_not_rule_m ... ok
[INFO] [stdout] test repair::tests::only_errors_warrant_a_repair_attempt ... ok
[INFO] [stdout] test recipe::tests::the_short_form_reads_like_a_uid ... ok
[INFO] [stdout] test repair::tests::a_fabricated_quote_is_not_a_unit_local_defect ... ok
[INFO] [stdout] test recipe::tests::two_runs_of_one_pipeline_share_a_recipe ... ok
[INFO] [stdout] test repair::tests::no_answer_makes_conversion_panic ... ok
[INFO] [stdout] test repair::tests::local_checks_catch_a_granularity_violation ... ok
[INFO] [stdout] test prompt::tests::the_repair_turn_carries_the_diagnostics_and_the_previous_answer ... ok
[INFO] [stdout] test repair::tests::a_clean_surface_answer_converts_without_diagnostics ... ok
[INFO] [stdout] test repair::tests::an_empty_span_still_produces_a_unit ... ok
[INFO] [stdout] test repair::tests::rendered_diagnostics_carry_only_the_errors ... ok
[INFO] [stdout] test repair::tests::every_rung_caps_on_the_way_through ... ok
[INFO] [stdout] test schema::tests::additional_properties_are_refused ... ok
[INFO] [stdout] test schema::tests::both_schemas_are_well_formed ... ok
[INFO] [stdout] test schema::tests::the_source_kind_enum_tracks_the_kernel ... ok
[INFO] [stdout] test schema::tests::the_type_enum_tracks_the_kernel ... ok
[INFO] [stdout] test repair::tests::the_gist_is_the_first_sentence_not_an_invention ... ok
[INFO] [stdout] test repair::tests::the_marker_is_recognisable_and_specific ... ok
[INFO] [stdout] test schema::tests::the_gist_bound_is_the_checks ... ok
[INFO] [stdout] test repair::tests::the_marker_payload_is_the_canonical_encoding ... ok
[INFO] [stdout] test stage::tests::a_clean_batch_stages_with_an_attestation_each ... ok
[INFO] [stdout] test repair::tests::the_other_shape_defects_cannot_reach_salvage ... ok
[INFO] [stdout] test schema::tests::the_schema_stays_inside_the_conservative_core ... ok
[INFO] [stdout] test schema::tests::the_conditional_requirements_are_present ... ok
[INFO] [stdout] test repair::tests::the_ceiling_applies_on_both_paths ... ok
[INFO] [stdout] test stage::tests::a_batch_can_be_attested_per_record ... ok
[INFO] [stdout] test repair::tests::the_raw_span_survives_verbatim_in_the_body ... ok
[INFO] [stdout] test stage::tests::a_rule_m_violation_is_rejected_rather_than_downgraded ... ok
[INFO] [stdout] test schema::tests::derived_record_types_are_unauthorable ... ok
[INFO] [stdout] test schema::tests::the_batch_schema_wraps_the_unit_schema ... ok
[INFO] [stdout] test schema::tests::unfounded_is_absent_from_the_status_enum ... ok
[INFO] [stdout] test stage::tests::a_recipe_reaches_the_attestation ... ok
[INFO] [stdout] test stage::tests::a_staged_batchs_records_carry_its_label_bindings ... ok
[INFO] [stdout] test repair::tests::a_degraded_gist_is_within_l0_max ... ok
[INFO] [stdout] test stage::tests::an_empty_batch_stages_as_nothing ... ok
[INFO] [stdout] test stage::tests::a_staged_batch_round_trips_through_the_file ... ok
[INFO] [stdout] test stage::tests::attestations_are_a_function_of_their_inputs ... ok
[INFO] [stdout] test stage::tests::attestations_are_imported_not_authored ... ok
[INFO] [stdout] test stage::tests::grounds_already_in_the_store_satisfy_rule_m ... ok
[INFO] [stdout] test stage::tests::the_staged_path_is_the_documented_one ... ok
[INFO] [stdout] test stage::tests::reading_an_absent_batch_is_an_error_not_a_panic ... ok
[INFO] [stdout] test stage::tests::the_staged_form_is_readable_surface_text ... ok
[INFO] [stdout] test stage::tests::discarding_is_idempotent ... ok
[INFO] [stdout] test stage::tests::a_staged_batchs_attestations_survive_the_file_for_units_left_unedited ... ok
[INFO] [stdout] test tests::ingest_paths_have_stable_names ... ok
[INFO] [stdout] test tests::repair_budget_is_two_attempts ... ok
[INFO] [stdout] test stage::tests::a_staged_edge_is_attested_and_the_attestation_survives_review ... ok
[INFO] [stdout] test tests::schema_reaches_the_model::a_non_enforcing_provider_gets_it_in_the_prompt ... ok
[INFO] [stdout] test tests::schema_reaches_the_model::an_enforcing_provider_gets_it_as_a_schema ... ok
[INFO] [stdout] test tests::schema_reaches_the_model::the_surface_path_is_untouched ... ok
[INFO] [stdout] test tests::the_default_options_are_conservative ... ok
[INFO] [stdout] test stage::tests::a_batch_stages_with_its_schema_declaration ... ok
[INFO] [stdout] 
[INFO] [stdout] test result: ok. 179 passed; 0 failed; 0 ignored; 0 measured; 0 filtered out; finished in 0.04s
[INFO] [stdout] 
[INFO] [stderr]      Running tests/gate.rs (/opt/rustwide/target/debug/build/smysl-ingest/e14425bff05c0ad5/out/gate-e14425bff05c0ad5)
[INFO] [stdout] 
[INFO] [stdout] running 46 tests
[INFO] [stdout] test a_degraded_chunk_reports_every_attempts_errors ... ok
[INFO] [stdout] test a_degraded_run_carries_no_error_severity_diagnostic ... ok
[INFO] [stdout] test a_bad_override_is_refused_before_any_call_is_made ... ok
[INFO] [stdout] test a_caller_source_changes_the_recipe ... ok
[INFO] [stdout] test a_malformed_label_repair_carries_the_label_format_and_a_candidate ... ok
[INFO] [stdout] test a_degraded_span_keeps_its_text_verbatim ... ok
[INFO] [stdout] test a_fabricated_quote_on_the_surface_path_is_e307_as_on_json_ast ... ok
[INFO] [stdout] test a_laundering_model_is_capped_by_the_time_units_are_staged ... ok
[INFO] [stdout] test a_caller_source_overrides_the_models_and_says_so ... ok
[INFO] [stdout] test a_models_labels_are_staged_on_both_paths_and_follow_the_cap ... ok
[INFO] [stdout] test a_caller_source_fills_a_missing_one_on_both_paths ... ok
[INFO] [stdout] test a_caller_source_selects_the_sourced_template_and_schema ... ok
[INFO] [stdout] test a_label_reused_across_chunks_stays_with_the_first_unit_and_is_reported ... ok
[INFO] [stdout] test a_clean_answer_costs_exactly_one_call ... ok
[INFO] [stdout] test a_laundered_ground_is_weakened_at_staging_rather_than_dropped ... ok
[INFO] [stdout] test a_provider_failure_degrades_without_spending_the_repair_budget ... ok
[INFO] [stdout] test an_attributed_quote_is_carried_and_checked ... ok
[INFO] [stdout] test a_repaired_answer_is_accepted_on_the_second_attempt ... ok
[INFO] [stdout] test an_elided_quote_warns_without_spending_the_budget ... ok
[INFO] [stdout] test an_ingested_rebuttal_binds_rule_r_in_packing ... ok
[INFO] [stdout] test an_injected_instruction_cannot_raise_the_ceiling ... ok
[INFO] [stdout] test an_error_the_provider_returned_is_a_call_and_says_which_limit ... ok
[INFO] [stdout] test an_over_long_gist_beside_another_error_still_degrades_the_chunk ... ok
[INFO] [stdout] test a_repair_answer_that_echoes_the_marker_still_parses ... ok
[INFO] [stdout] test a_schema_is_sent_only_to_a_provider_that_enforces_one ... ok
[INFO] [stdout] test an_unknown_granularity_is_refused_and_a_preset_keeps_its_recipe ... ok
[INFO] [stdout] test an_invented_quote_is_caught_rather_than_believed ... ok
[INFO] [stdout] test bulk_content_takes_the_surface_path ... ok
[INFO] [stdout] test an_unrepairable_span_degrades_to_opaque_prose_and_the_run_succeeds ... ok
[INFO] [stdout] test duplicate_units_across_chunks_collapse_to_one ... ok
[INFO] [stdout] test an_over_long_gist_degrades_its_unit_and_keeps_the_siblings ... ok
[INFO] [stdout] test fill_missing_does_not_replace_a_source_the_model_gave ... ok
[INFO] [stdout] test offline_refuses_a_hosted_provider_before_ingest_begins ... ok
[INFO] [stdout] test every_request_fences_the_document_and_says_it_is_data ... ok
[INFO] [stdout] test ingest_carries_relations_through_to_staging ... ok
[INFO] [stdout] test the_repair_request_keeps_the_content_rules_in_front_of_the_model ... ok
[INFO] [stdout] test every_ceiling_violation_is_downgraded_and_reported ... ok
[INFO] [stdout] test grounds_already_in_the_store_are_visible_at_staging ... ok
[INFO] [stdout] test ingest_stamps_the_hop_and_the_store_reads_it_back ... ok
[INFO] [stdout] test ingest_stages_and_never_writes_to_the_store ... ok
[INFO] [stdout] test the_surface_template_shows_a_source_and_a_quote ... ok
[INFO] [stdout] test no_rung_can_ever_produce_a_measured_unit ... ok
[INFO] [stdout] test ingest_asks_for_the_providers_configured_output ... ok
[INFO] [stdout] test the_same_run_twice_produces_the_same_recipe_and_the_same_uids ... ok
[INFO] [stdout] test staged_units_carry_an_attestation_with_their_recipe ... ok
[INFO] [stdout] test a_prompt_override_is_what_is_sent_and_every_check_after_the_model_still_runs ... ok
[INFO] [stdout] 
[INFO] [stdout] test result: ok. 46 passed; 0 failed; 0 ignored; 0 measured; 0 filtered out; finished in 0.14s
[INFO] [stdout] 
[INFO] [stderr]      Running tests/granularity_profile.rs (/opt/rustwide/target/debug/build/smysl-ingest/b6d871c7f2c89f71/out/granularity_profile-b6d871c7f2c89f71)
[INFO] [stdout] 
[INFO] [stdout] running 3 tests
[INFO] [stdout] test naming_a_granularity_is_recorded_on_the_options ... ok
[INFO] [stdout] test naming_nothing_leaves_the_store_to_decide ... ok
[INFO] [stderr]      Running tests/providers_live.rs (/opt/rustwide/target/debug/build/smysl-ingest/c710e243f984f94c/out/providers_live-c710e243f984f94c)
[INFO] [stdout] test the_named_profile_is_the_one_applied ... ok
[INFO] [stdout] 
[INFO] [stdout] test result: ok. 3 passed; 0 failed; 0 ignored; 0 measured; 0 filtered out; finished in 0.00s
[INFO] [stdout] 
[INFO] [stdout] 
[INFO] [stdout] running 2 tests
[INFO] [stdout] test the_same_fixture_yields_conformant_units_on_every_reachable_provider ... ok
[INFO] [stdout] test each_provider_reports_its_own_structural_guarantee ... ok
[INFO] [stdout] 
[INFO] [stdout] test result: ok. 2 passed; 0 failed; 0 ignored; 0 measured; 0 filtered out; finished in 0.00s
[INFO] [stdout] 
[INFO] [stderr]      Running tests/schema_fixture.rs (/opt/rustwide/target/debug/build/smysl-ingest/ed7faa8cc8dcc80e/out/schema_fixture-ed7faa8cc8dcc80e)
[INFO] [stdout] 
[INFO] [stdout] running 2 tests
[INFO] [stdout] test schema_fixture_matches_the_generator ... FAILED
[INFO] [stdout] test the_fixture_is_the_whole_schema_and_not_a_miniature ... FAILED
[INFO] [stdout] 
[INFO] [stdout] failures:
[INFO] [stdout] 
[INFO] [stdout] ---- schema_fixture_matches_the_generator stdout ----
[INFO] [stdout] 
[INFO] [stdout] thread 'schema_fixture_matches_the_generator' (1117) panicked at tests/schema_fixture.rs:27:10:
[INFO] [stdout] fixtures/schema/unit.json must exist; smysl-provider tests against it: Os { code: 2, kind: NotFound, message: "No such file or directory" }
[INFO] [stdout] stack backtrace:
[INFO] [stdout]    0:     0x63301c949b71 - std[617be2ca0a6fd877]::backtrace_rs::backtrace::libunwind::trace
[INFO] [stdout]                                at /rustc/e3feeb59cd1bdd011a2bfcc0747b55125d9b8527/library/std/src/../../backtrace/src/backtrace/libunwind.rs:117:9
[INFO] [stdout]    1:     0x63301c949b71 - std[617be2ca0a6fd877]::backtrace_rs::backtrace::trace_unsynchronized::<std[617be2ca0a6fd877]::sys::backtrace::_print_fmt::{closure#1}>
[INFO] [stdout]                                at /rustc/e3feeb59cd1bdd011a2bfcc0747b55125d9b8527/library/std/src/../../backtrace/src/backtrace/mod.rs:66:14
[INFO] [stdout]    2:     0x63301c949b71 - std[617be2ca0a6fd877]::sys::backtrace::_print_fmt
[INFO] [stdout]                                at /rustc/e3feeb59cd1bdd011a2bfcc0747b55125d9b8527/library/std/src/sys/backtrace.rs:74:9
[INFO] [stdout]    3:     0x63301c949b71 - <<std[617be2ca0a6fd877]::sys::backtrace::BacktraceLock>::print::DisplayBacktrace as core[a373ad73a504971]::fmt::Display>::fmt
[INFO] [stdout]                                at /rustc/e3feeb59cd1bdd011a2bfcc0747b55125d9b8527/library/std/src/sys/backtrace.rs:44:26
[INFO] [stdout]    4:     0x63301c95db6a - <core[a373ad73a504971]::fmt::rt::Argument>::fmt
[INFO] [stdout]                                at /rustc/e3feeb59cd1bdd011a2bfcc0747b55125d9b8527/library/core/src/fmt/rt.rs:152:76
[INFO] [stdout]    5:     0x63301c95db6a - core[a373ad73a504971]::fmt::write
[INFO] [stdout]    6:     0x63301c94dd8c - core[a373ad73a504971]::io::write::default_write_fmt::<alloc[2e1b2a31b91974c5]::vec::Vec<u8>>
[INFO] [stdout]                                at /rustc/e3feeb59cd1bdd011a2bfcc0747b55125d9b8527/library/core/src/io/write.rs:402:11
[INFO] [stdout]    7:     0x63301c94dd8c - <alloc[2e1b2a31b91974c5]::vec::Vec<u8> as core[a373ad73a504971]::io::write::Write>::write_fmt
[INFO] [stdout]                                at /rustc/e3feeb59cd1bdd011a2bfcc0747b55125d9b8527/library/core/src/io/write.rs:335:13
[INFO] [stdout]    8:     0x63301c925c76 - <std[617be2ca0a6fd877]::sys::backtrace::BacktraceLock>::print
[INFO] [stdout]                                at /rustc/e3feeb59cd1bdd011a2bfcc0747b55125d9b8527/library/std/src/sys/backtrace.rs:47:9
[INFO] [stdout]    9:     0x63301c925c76 - std[617be2ca0a6fd877]::panicking::default_hook::{closure#0}
[INFO] [stdout]                                at /rustc/e3feeb59cd1bdd011a2bfcc0747b55125d9b8527/library/std/src/panicking.rs:289:27
[INFO] [stdout]   10:     0x63301c941ea9 - std[617be2ca0a6fd877]::panicking::default_hook
[INFO] [stdout]                                at /rustc/e3feeb59cd1bdd011a2bfcc0747b55125d9b8527/library/std/src/panicking.rs:313:9
[INFO] [stdout]   11:     0x63301c8de000 - <alloc[2e1b2a31b91974c5]::boxed::Box<dyn for<'a, 'b> core[a373ad73a504971]::ops::function::Fn<(&'a std[617be2ca0a6fd877]::panic::PanicHookInfo<'b>,), Output = ()> + core[a373ad73a504971]::marker::Sync + core[a373ad73a504971]::marker::Send> as core[a373ad73a504971]::ops::function::Fn<(&std[617be2ca0a6fd877]::panic::PanicHookInfo,)>>::call
[INFO] [stdout]                                at /rustc/e3feeb59cd1bdd011a2bfcc0747b55125d9b8527/library/alloc/src/boxed.rs:2328:9
[INFO] [stdout]   12:     0x63301c8de000 - test[aada8e7e76ba119b]::test_main_inner::{closure#0}
[INFO] [stdout]                                at /rustc/e3feeb59cd1bdd011a2bfcc0747b55125d9b8527/library/test/src/lib.rs:137:21
[INFO] [stdout]   13:     0x63301c942062 - <alloc[2e1b2a31b91974c5]::boxed::Box<dyn for<'a, 'b> core[a373ad73a504971]::ops::function::Fn<(&'a std[617be2ca0a6fd877]::panic::PanicHookInfo<'b>,), Output = ()> + core[a373ad73a504971]::marker::Sync + core[a373ad73a504971]::marker::Send> as core[a373ad73a504971]::ops::function::Fn<(&std[617be2ca0a6fd877]::panic::PanicHookInfo,)>>::call
[INFO] [stdout]                                at /rustc/e3feeb59cd1bdd011a2bfcc0747b55125d9b8527/library/alloc/src/boxed.rs:2328:9
[INFO] [stdout]   14:     0x63301c942062 - std[617be2ca0a6fd877]::panicking::panic_with_hook
[INFO] [stdout]                                at /rustc/e3feeb59cd1bdd011a2bfcc0747b55125d9b8527/library/std/src/panicking.rs:819:13
[INFO] [stdout]   15:     0x63301c925d22 - std[617be2ca0a6fd877]::panicking::panic_handler::{closure#0}
[INFO] [stdout]                                at /rustc/e3feeb59cd1bdd011a2bfcc0747b55125d9b8527/library/std/src/panicking.rs:685:13
[INFO] [stdout]   16:     0x63301c91e8a9 - std[617be2ca0a6fd877]::sys::backtrace::__rust_end_short_backtrace::<std[617be2ca0a6fd877]::panicking::panic_handler::{closure#0}, !>
[INFO] [stdout]                                at /rustc/e3feeb59cd1bdd011a2bfcc0747b55125d9b8527/library/std/src/sys/backtrace.rs:182:18
[INFO] [stdout]   17:     0x63301c92692d - __rustc[ea4f61d10b84890b]::rust_begin_unwind
[INFO] [stdout]                                at /rustc/e3feeb59cd1bdd011a2bfcc0747b55125d9b8527/library/std/src/panicking.rs:676:5
[INFO] [stdout]   18:     0x63301c95e29c - core[a373ad73a504971]::panicking::panic_fmt
[INFO] [stdout]                                at /rustc/e3feeb59cd1bdd011a2bfcc0747b55125d9b8527/library/core/src/panicking.rs:80:14
[INFO] [stdout]   19:     0x63301c95e072 - core[a373ad73a504971]::result::unwrap_failed
[INFO] [stdout]                                at /rustc/e3feeb59cd1bdd011a2bfcc0747b55125d9b8527/library/core/src/result.rs:1870:5
[INFO] [stdout]   20:     0x63301c8c3203 - <core[a373ad73a504971]::result::Result<alloc[2e1b2a31b91974c5]::string::String, core[a373ad73a504971]::io::error::Error>>::expect
[INFO] [stdout]                                at /rustc/e3feeb59cd1bdd011a2bfcc0747b55125d9b8527/library/core/src/result.rs:1184:23
[INFO] [stdout]   21:     0x63301c8c23a7 - schema_fixture[906ef890780d2e5c]::schema_fixture_matches_the_generator
[INFO] [stdout]                                at /opt/rustwide/workdir/tests/schema_fixture.rs:27:10
[INFO] [stdout]   22:     0x63301c8c2247 - schema_fixture[906ef890780d2e5c]::schema_fixture_matches_the_generator::{closure#0}
[INFO] [stdout]                                at /opt/rustwide/workdir/tests/schema_fixture.rs:24:42
[INFO] [stdout]   23:     0x63301c8c3c66 - <schema_fixture[906ef890780d2e5c]::schema_fixture_matches_the_generator::{closure#0} as core[a373ad73a504971]::ops::function::FnOnce<()>>::call_once
[INFO] [stdout]                                at /rustc/e3feeb59cd1bdd011a2bfcc0747b55125d9b8527/library/core/src/ops/function.rs:250:5
[INFO] [stdout]   24:     0x63301c8d144b - <fn() -> core[a373ad73a504971]::result::Result<(), alloc[2e1b2a31b91974c5]::string::String> as core[a373ad73a504971]::ops::function::FnOnce<()>>::call_once
[INFO] [stdout]                                at /rustc/e3feeb59cd1bdd011a2bfcc0747b55125d9b8527/library/core/src/ops/function.rs:250:5
[INFO] [stdout]   25:     0x63301c8d144b - test[aada8e7e76ba119b]::__rust_begin_short_backtrace::<core[a373ad73a504971]::result::Result<(), alloc[2e1b2a31b91974c5]::string::String>, fn() -> core[a373ad73a504971]::result::Result<(), alloc[2e1b2a31b91974c5]::string::String>>
[INFO] [stdout]                                at /rustc/e3feeb59cd1bdd011a2bfcc0747b55125d9b8527/library/test/src/lib.rs:701:18
[INFO] [stdout]   26:     0x63301c8de625 - test[aada8e7e76ba119b]::run_test_in_process::{closure#0}
[INFO] [stdout]                                at /rustc/e3feeb59cd1bdd011a2bfcc0747b55125d9b8527/library/test/src/lib.rs:724:74
[INFO] [stdout]   27:     0x63301c8de625 - <core[a373ad73a504971]::panic::unwind_safe::AssertUnwindSafe<test[aada8e7e76ba119b]::run_test_in_process::{closure#0}> as core[a373ad73a504971]::ops::function::FnOnce<()>>::call_once
[INFO] [stdout]                                at /rustc/e3feeb59cd1bdd011a2bfcc0747b55125d9b8527/library/core/src/panic/unwind_safe.rs:275:9
[INFO] [stdout]   28:     0x63301c8de625 - std[617be2ca0a6fd877]::panicking::catch_unwind::do_call::<core[a373ad73a504971]::panic::unwind_safe::AssertUnwindSafe<test[aada8e7e76ba119b]::run_test_in_process::{closure#0}>, core[a373ad73a504971]::result::Result<(), alloc[2e1b2a31b91974c5]::string::String>>
[INFO] [stdout]                                at /rustc/e3feeb59cd1bdd011a2bfcc0747b55125d9b8527/library/std/src/panicking.rs:573:43
[INFO] [stdout]   29:     0x63301c8de625 - std[617be2ca0a6fd877]::panicking::catch_unwind::<core[a373ad73a504971]::result::Result<(), alloc[2e1b2a31b91974c5]::string::String>, core[a373ad73a504971]::panic::unwind_safe::AssertUnwindSafe<test[aada8e7e76ba119b]::run_test_in_process::{closure#0}>>
[INFO] [stdout]                                at /rustc/e3feeb59cd1bdd011a2bfcc0747b55125d9b8527/library/std/src/panicking.rs:541:19
[INFO] [stdout]   30:     0x63301c8de625 - std[617be2ca0a6fd877]::panic::catch_unwind::<core[a373ad73a504971]::panic::unwind_safe::AssertUnwindSafe<test[aada8e7e76ba119b]::run_test_in_process::{closure#0}>, core[a373ad73a504971]::result::Result<(), alloc[2e1b2a31b91974c5]::string::String>>
[INFO] [stdout]                                at /rustc/e3feeb59cd1bdd011a2bfcc0747b55125d9b8527/library/std/src/panic.rs:359:14
[INFO] [stdout]   31:     0x63301c8de625 - test[aada8e7e76ba119b]::run_test_in_process
[INFO] [stdout]                                at /rustc/e3feeb59cd1bdd011a2bfcc0747b55125d9b8527/library/test/src/lib.rs:724:27
[INFO] [stdout]   32:     0x63301c8de625 - test[aada8e7e76ba119b]::run_test::{closure#0}
[INFO] [stdout]                                at /rustc/e3feeb59cd1bdd011a2bfcc0747b55125d9b8527/library/test/src/lib.rs:645:43
[INFO] [stdout]   33:     0x63301c8d7f14 - test[aada8e7e76ba119b]::run_test::{closure#1}
[INFO] [stdout]                                at /rustc/e3feeb59cd1bdd011a2bfcc0747b55125d9b8527/library/test/src/lib.rs:675:41
[INFO] [stdout]   34:     0x63301c8d7f14 - std[617be2ca0a6fd877]::sys::backtrace::__rust_begin_short_backtrace::<test[aada8e7e76ba119b]::run_test::{closure#1}, ()>
[INFO] [stdout]                                at /rustc/e3feeb59cd1bdd011a2bfcc0747b55125d9b8527/library/std/src/sys/backtrace.rs:166:18
[INFO] [stdout]   35:     0x63301c8e16b2 - std[617be2ca0a6fd877]::thread::lifecycle::spawn_unchecked::<test[aada8e7e76ba119b]::run_test::{closure#1}, ()>::{closure#1}::{closure#0}
[INFO] [stdout]                                at /rustc/e3feeb59cd1bdd011a2bfcc0747b55125d9b8527/library/std/src/thread/lifecycle.rs:70:13
[INFO] [stdout]   36:     0x63301c8e16b2 - <core[a373ad73a504971]::panic::unwind_safe::AssertUnwindSafe<std[617be2ca0a6fd877]::thread::lifecycle::spawn_unchecked<test[aada8e7e76ba119b]::run_test::{closure#1}, ()>::{closure#1}::{closure#0}> as core[a373ad73a504971]::ops::function::FnOnce<()>>::call_once
[INFO] [stdout]                                at /rustc/e3feeb59cd1bdd011a2bfcc0747b55125d9b8527/library/core/src/panic/unwind_safe.rs:275:9
[INFO] [stdout]   37:     0x63301c8e16b2 - std[617be2ca0a6fd877]::panicking::catch_unwind::do_call::<core[a373ad73a504971]::panic::unwind_safe::AssertUnwindSafe<std[617be2ca0a6fd877]::thread::lifecycle::spawn_unchecked<test[aada8e7e76ba119b]::run_test::{closure#1}, ()>::{closure#1}::{closure#0}>, ()>
[INFO] [stdout]                                at /rustc/e3feeb59cd1bdd011a2bfcc0747b55125d9b8527/library/std/src/panicking.rs:573:43
[INFO] [stdout]   38:     0x63301c8e16b2 - std[617be2ca0a6fd877]::panicking::catch_unwind::<(), core[a373ad73a504971]::panic::unwind_safe::AssertUnwindSafe<std[617be2ca0a6fd877]::thread::lifecycle::spawn_unchecked<test[aada8e7e76ba119b]::run_test::{closure#1}, ()>::{closure#1}::{closure#0}>>
[INFO] [stdout]                                at /rustc/e3feeb59cd1bdd011a2bfcc0747b55125d9b8527/library/std/src/panicking.rs:541:19
[INFO] [stdout]   39:     0x63301c8e16b2 - std[617be2ca0a6fd877]::panic::catch_unwind::<core[a373ad73a504971]::panic::unwind_safe::AssertUnwindSafe<std[617be2ca0a6fd877]::thread::lifecycle::spawn_unchecked<test[aada8e7e76ba119b]::run_test::{closure#1}, ()>::{closure#1}::{closure#0}>, ()>
[INFO] [stdout]                                at /rustc/e3feeb59cd1bdd011a2bfcc0747b55125d9b8527/library/std/src/panic.rs:359:14
[INFO] [stdout]   40:     0x63301c8e16b2 - std[617be2ca0a6fd877]::thread::lifecycle::spawn_unchecked::<test[aada8e7e76ba119b]::run_test::{closure#1}, ()>::{closure#1}
[INFO] [stdout]                                at /rustc/e3feeb59cd1bdd011a2bfcc0747b55125d9b8527/library/std/src/thread/lifecycle.rs:68:26
[INFO] [stdout]   41:     0x63301c8e16b2 - <std[617be2ca0a6fd877]::thread::lifecycle::spawn_unchecked<test[aada8e7e76ba119b]::run_test::{closure#1}, ()>::{closure#1} as core[a373ad73a504971]::ops::function::FnOnce<()>>::call_once::{shim:vtable#0}
[INFO] [stdout]                                at /rustc/e3feeb59cd1bdd011a2bfcc0747b55125d9b8527/library/core/src/ops/function.rs:250:5
[INFO] [stdout]   42:     0x63301c94906f - <alloc[2e1b2a31b91974c5]::boxed::Box<dyn core[a373ad73a504971]::ops::function::FnOnce<(), Output = ()> + core[a373ad73a504971]::marker::Send> as core[a373ad73a504971]::ops::function::FnOnce<()>>::call_once
[INFO] [stdout]                                at /rustc/e3feeb59cd1bdd011a2bfcc0747b55125d9b8527/library/alloc/src/boxed.rs:2314:9
[INFO] [stdout]   43:     0x63301c94906f - <std[617be2ca0a6fd877]::sys::thread::unix::Thread>::new::thread_start
[INFO] [stdout]                                at /rustc/e3feeb59cd1bdd011a2bfcc0747b55125d9b8527/library/std/src/sys/thread/unix.rs:127:17
[INFO] [stdout]   44:     0x7fb098de0dfa - <unknown>
[INFO] [stdout]   45:     0x7fb098e743d4 - clone
[INFO] [stdout]   46:                0x0 - <unknown>
[INFO] [stdout] 
[INFO] [stdout] ---- the_fixture_is_the_whole_schema_and_not_a_miniature stdout ----
[INFO] [stdout] 
[INFO] [stdout] thread 'the_fixture_is_the_whole_schema_and_not_a_miniature' (1118) panicked at tests/schema_fixture.rs:57:46:
[INFO] [stdout] the fixture: Os { code: 2, kind: NotFound, message: "No such file or directory" }
[INFO] [stdout] stack backtrace:
[INFO] [stdout]    0:     0x63301c949b71 - std[617be2ca0a6fd877]::backtrace_rs::backtrace::libunwind::trace
[INFO] [stdout]                                at /rustc/e3feeb59cd1bdd011a2bfcc0747b55125d9b8527/library/std/src/../../backtrace/src/backtrace/libunwind.rs:117:9
[INFO] [stdout]    1:     0x63301c949b71 - std[617be2ca0a6fd877]::backtrace_rs::backtrace::trace_unsynchronized::<std[617be2ca0a6fd877]::sys::backtrace::_print_fmt::{closure#1}>
[INFO] [stdout]                                at /rustc/e3feeb59cd1bdd011a2bfcc0747b55125d9b8527/library/std/src/../../backtrace/src/backtrace/mod.rs:66:14
[INFO] [stdout]    2:     0x63301c949b71 - std[617be2ca0a6fd877]::sys::backtrace::_print_fmt
[INFO] [stdout]                                at /rustc/e3feeb59cd1bdd011a2bfcc0747b55125d9b8527/library/std/src/sys/backtrace.rs:74:9
[INFO] [stdout]    3:     0x63301c949b71 - <<std[617be2ca0a6fd877]::sys::backtrace::BacktraceLock>::print::DisplayBacktrace as core[a373ad73a504971]::fmt::Display>::fmt
[INFO] [stdout]                                at /rustc/e3feeb59cd1bdd011a2bfcc0747b55125d9b8527/library/std/src/sys/backtrace.rs:44:26
[INFO] [stdout]    4:     0x63301c95db6a - <core[a373ad73a504971]::fmt::rt::Argument>::fmt
[INFO] [stdout]                                at /rustc/e3feeb59cd1bdd011a2bfcc0747b55125d9b8527/library/core/src/fmt/rt.rs:152:76
[INFO] [stdout]    5:     0x63301c95db6a - core[a373ad73a504971]::fmt::write
[INFO] [stdout]    6:     0x63301c94dd8c - core[a373ad73a504971]::io::write::default_write_fmt::<alloc[2e1b2a31b91974c5]::vec::Vec<u8>>
[INFO] [stdout]                                at /rustc/e3feeb59cd1bdd011a2bfcc0747b55125d9b8527/library/core/src/io/write.rs:402:11
[INFO] [stdout]    7:     0x63301c94dd8c - <alloc[2e1b2a31b91974c5]::vec::Vec<u8> as core[a373ad73a504971]::io::write::Write>::write_fmt
[INFO] [stdout]                                at /rustc/e3feeb59cd1bdd011a2bfcc0747b55125d9b8527/library/core/src/io/write.rs:335:13
[INFO] [stdout]    8:     0x63301c925c76 - <std[617be2ca0a6fd877]::sys::backtrace::BacktraceLock>::print
[INFO] [stdout]                                at /rustc/e3feeb59cd1bdd011a2bfcc0747b55125d9b8527/library/std/src/sys/backtrace.rs:47:9
[INFO] [stdout]    9:     0x63301c925c76 - std[617be2ca0a6fd877]::panicking::default_hook::{closure#0}
[INFO] [stdout]                                at /rustc/e3feeb59cd1bdd011a2bfcc0747b55125d9b8527/library/std/src/panicking.rs:289:27
[INFO] [stdout]   10:     0x63301c941ea9 - std[617be2ca0a6fd877]::panicking::default_hook
[INFO] [stdout]                                at /rustc/e3feeb59cd1bdd011a2bfcc0747b55125d9b8527/library/std/src/panicking.rs:313:9
[INFO] [stdout]   11:     0x63301c8de000 - <alloc[2e1b2a31b91974c5]::boxed::Box<dyn for<'a, 'b> core[a373ad73a504971]::ops::function::Fn<(&'a std[617be2ca0a6fd877]::panic::PanicHookInfo<'b>,), Output = ()> + core[a373ad73a504971]::marker::Sync + core[a373ad73a504971]::marker::Send> as core[a373ad73a504971]::ops::function::Fn<(&std[617be2ca0a6fd877]::panic::PanicHookInfo,)>>::call
[INFO] [stdout]                                at /rustc/e3feeb59cd1bdd011a2bfcc0747b55125d9b8527/library/alloc/src/boxed.rs:2328:9
[INFO] [stdout]   12:     0x63301c8de000 - test[aada8e7e76ba119b]::test_main_inner::{closure#0}
[INFO] [stdout]                                at /rustc/e3feeb59cd1bdd011a2bfcc0747b55125d9b8527/library/test/src/lib.rs:137:21
[INFO] [stdout]   13:     0x63301c942062 - <alloc[2e1b2a31b91974c5]::boxed::Box<dyn for<'a, 'b> core[a373ad73a504971]::ops::function::Fn<(&'a std[617be2ca0a6fd877]::panic::PanicHookInfo<'b>,), Output = ()> + core[a373ad73a504971]::marker::Sync + core[a373ad73a504971]::marker::Send> as core[a373ad73a504971]::ops::function::Fn<(&std[617be2ca0a6fd877]::panic::PanicHookInfo,)>>::call
[INFO] [stdout]                                at /rustc/e3feeb59cd1bdd011a2bfcc0747b55125d9b8527/library/alloc/src/boxed.rs:2328:9
[INFO] [stdout]   14:     0x63301c942062 - std[617be2ca0a6fd877]::panicking::panic_with_hook
[INFO] [stdout]                                at /rustc/e3feeb59cd1bdd011a2bfcc0747b55125d9b8527/library/std/src/panicking.rs:819:13
[INFO] [stdout]   15:     0x63301c925d22 - std[617be2ca0a6fd877]::panicking::panic_handler::{closure#0}
[INFO] [stdout]                                at /rustc/e3feeb59cd1bdd011a2bfcc0747b55125d9b8527/library/std/src/panicking.rs:685:13
[INFO] [stdout]   16:     0x63301c91e8a9 - std[617be2ca0a6fd877]::sys::backtrace::__rust_end_short_backtrace::<std[617be2ca0a6fd877]::panicking::panic_handler::{closure#0}, !>
[INFO] [stdout]                                at /rustc/e3feeb59cd1bdd011a2bfcc0747b55125d9b8527/library/std/src/sys/backtrace.rs:182:18
[INFO] [stdout]   17:     0x63301c92692d - __rustc[ea4f61d10b84890b]::rust_begin_unwind
[INFO] [stdout]                                at /rustc/e3feeb59cd1bdd011a2bfcc0747b55125d9b8527/library/std/src/panicking.rs:676:5
[INFO] [stdout]   18:     0x63301c95e29c - core[a373ad73a504971]::panicking::panic_fmt
[INFO] [stdout]                                at /rustc/e3feeb59cd1bdd011a2bfcc0747b55125d9b8527/library/core/src/panicking.rs:80:14
[INFO] [stdout]   19:     0x63301c95e072 - core[a373ad73a504971]::result::unwrap_failed
[INFO] [stdout]                                at /rustc/e3feeb59cd1bdd011a2bfcc0747b55125d9b8527/library/core/src/result.rs:1870:5
[INFO] [stdout]   20:     0x63301c8c3203 - <core[a373ad73a504971]::result::Result<alloc[2e1b2a31b91974c5]::string::String, core[a373ad73a504971]::io::error::Error>>::expect
[INFO] [stdout]                                at /rustc/e3feeb59cd1bdd011a2bfcc0747b55125d9b8527/library/core/src/result.rs:1184:23
[INFO] [stdout]   21:     0x63301c8c2920 - schema_fixture[906ef890780d2e5c]::the_fixture_is_the_whole_schema_and_not_a_miniature
[INFO] [stdout]                                at /opt/rustwide/workdir/tests/schema_fixture.rs:57:46
[INFO] [stdout]   22:     0x63301c8c2277 - schema_fixture[906ef890780d2e5c]::the_fixture_is_the_whole_schema_and_not_a_miniature::{closure#0}
[INFO] [stdout]                                at /opt/rustwide/workdir/tests/schema_fixture.rs:56:57
[INFO] [stdout]   23:     0x63301c8c3c86 - <schema_fixture[906ef890780d2e5c]::the_fixture_is_the_whole_schema_and_not_a_miniature::{closure#0} as core[a373ad73a504971]::ops::function::FnOnce<()>>::call_once
[INFO] [stdout]                                at /rustc/e3feeb59cd1bdd011a2bfcc0747b55125d9b8527/library/core/src/ops/function.rs:250:5
[INFO] [stdout]   24:     0x63301c8d144b - <fn() -> core[a373ad73a504971]::result::Result<(), alloc[2e1b2a31b91974c5]::string::String> as core[a373ad73a504971]::ops::function::FnOnce<()>>::call_once
[INFO] [stdout]                                at /rustc/e3feeb59cd1bdd011a2bfcc0747b55125d9b8527/library/core/src/ops/function.rs:250:5
[INFO] [stdout]   25:     0x63301c8d144b - test[aada8e7e76ba119b]::__rust_begin_short_backtrace::<core[a373ad73a504971]::result::Result<(), alloc[2e1b2a31b91974c5]::string::String>, fn() -> core[a373ad73a504971]::result::Result<(), alloc[2e1b2a31b91974c5]::string::String>>
[INFO] [stdout]                                at /rustc/e3feeb59cd1bdd011a2bfcc0747b55125d9b8527/library/test/src/lib.rs:701:18
[INFO] [stdout]   26:     0x63301c8de625 - test[aada8e7e76ba119b]::run_test_in_process::{closure#0}
[INFO] [stdout]                                at /rustc/e3feeb59cd1bdd011a2bfcc0747b55125d9b8527/library/test/src/lib.rs:724:74
[INFO] [stdout]   27:     0x63301c8de625 - <core[a373ad73a504971]::panic::unwind_safe::AssertUnwindSafe<test[aada8e7e76ba119b]::run_test_in_process::{closure#0}> as core[a373ad73a504971]::ops::function::FnOnce<()>>::call_once
[INFO] [stdout]                                at /rustc/e3feeb59cd1bdd011a2bfcc0747b55125d9b8527/library/core/src/panic/unwind_safe.rs:275:9
[INFO] [stdout]   28:     0x63301c8de625 - std[617be2ca0a6fd877]::panicking::catch_unwind::do_call::<core[a373ad73a504971]::panic::unwind_safe::AssertUnwindSafe<test[aada8e7e76ba119b]::run_test_in_process::{closure#0}>, core[a373ad73a504971]::result::Result<(), alloc[2e1b2a31b91974c5]::string::String>>
[INFO] [stdout]                                at /rustc/e3feeb59cd1bdd011a2bfcc0747b55125d9b8527/library/std/src/panicking.rs:573:43
[INFO] [stdout]   29:     0x63301c8de625 - std[617be2ca0a6fd877]::panicking::catch_unwind::<core[a373ad73a504971]::result::Result<(), alloc[2e1b2a31b91974c5]::string::String>, core[a373ad73a504971]::panic::unwind_safe::AssertUnwindSafe<test[aada8e7e76ba119b]::run_test_in_process::{closure#0}>>
[INFO] [stdout]                                at /rustc/e3feeb59cd1bdd011a2bfcc0747b55125d9b8527/library/std/src/panicking.rs:541:19
[INFO] [stdout]   30:     0x63301c8de625 - std[617be2ca0a6fd877]::panic::catch_unwind::<core[a373ad73a504971]::panic::unwind_safe::AssertUnwindSafe<test[aada8e7e76ba119b]::run_test_in_process::{closure#0}>, core[a373ad73a504971]::result::Result<(), alloc[2e1b2a31b91974c5]::string::String>>
[INFO] [stdout]                                at /rustc/e3feeb59cd1bdd011a2bfcc0747b55125d9b8527/library/std/src/panic.rs:359:14
[INFO] [stdout]   31:     0x63301c8de625 - test[aada8e7e76ba119b]::run_test_in_process
[INFO] [stdout]                                at /rustc/e3feeb59cd1bdd011a2bfcc0747b55125d9b8527/library/test/src/lib.rs:724:27
[INFO] [stdout]   32:     0x63301c8de625 - test[aada8e7e76ba119b]::run_test::{closure#0}
[INFO] [stdout]                                at /rustc/e3feeb59cd1bdd011a2bfcc0747b55125d9b8527/library/test/src/lib.rs:645:43
[INFO] [stdout]   33:     0x63301c8d7f14 - test[aada8e7e76ba119b]::run_test::{closure#1}
[INFO] [stdout]                                at /rustc/e3feeb59cd1bdd011a2bfcc0747b55125d9b8527/library/test/src/lib.rs:675:41
[INFO] [stdout]   34:     0x63301c8d7f14 - std[617be2ca0a6fd877]::sys::backtrace::__rust_begin_short_backtrace::<test[aada8e7e76ba119b]::run_test::{closure#1}, ()>
[INFO] [stdout]                                at /rustc/e3feeb59cd1bdd011a2bfcc0747b55125d9b8527/library/std/src/sys/backtrace.rs:166:18
[INFO] [stdout]   35:     0x63301c8e16b2 - std[617be2ca0a6fd877]::thread::lifecycle::spawn_unchecked::<test[aada8e7e76ba119b]::run_test::{closure#1}, ()>::{closure#1}::{closure#0}
[INFO] [stdout]                                at /rustc/e3feeb59cd1bdd011a2bfcc0747b55125d9b8527/library/std/src/thread/lifecycle.rs:70:13
[INFO] [stdout]   36:     0x63301c8e16b2 - <core[a373ad73a504971]::panic::unwind_safe::AssertUnwindSafe<std[617be2ca0a6fd877]::thread::lifecycle::spawn_unchecked<test[aada8e7e76ba119b]::run_test::{closure#1}, ()>::{closure#1}::{closure#0}> as core[a373ad73a504971]::ops::function::FnOnce<()>>::call_once
[INFO] [stdout]                                at /rustc/e3feeb59cd1bdd011a2bfcc0747b55125d9b8527/library/core/src/panic/unwind_safe.rs:275:9
[INFO] [stdout]   37:     0x63301c8e16b2 - std[617be2ca0a6fd877]::panicking::catch_unwind::do_call::<core[a373ad73a504971]::panic::unwind_safe::AssertUnwindSafe<std[617be2ca0a6fd877]::thread::lifecycle::spawn_unchecked<test[aada8e7e76ba119b]::run_test::{closure#1}, ()>::{closure#1}::{closure#0}>, ()>
[INFO] [stdout]                                at /rustc/e3feeb59cd1bdd011a2bfcc0747b55125d9b8527/library/std/src/panicking.rs:573:43
[INFO] [stdout]   38:     0x63301c8e16b2 - std[617be2ca0a6fd877]::panicking::catch_unwind::<(), core[a373ad73a504971]::panic::unwind_safe::AssertUnwindSafe<std[617be2ca0a6fd877]::thread::lifecycle::spawn_unchecked<test[aada8e7e76ba119b]::run_test::{closure#1}, ()>::{closure#1}::{closure#0}>>
[INFO] [stdout]                                at /rustc/e3feeb59cd1bdd011a2bfcc0747b55125d9b8527/library/std/src/panicking.rs:541:19
[INFO] [stdout]   39:     0x63301c8e16b2 - std[617be2ca0a6fd877]::panic::catch_unwind::<core[a373ad73a504971]::panic::unwind_safe::AssertUnwindSafe<std[617be2ca0a6fd877]::thread::lifecycle::spawn_unchecked<test[aada8e7e76ba119b]::run_test::{closure#1}, ()>::{closure#1}::{closure#0}>, ()>
[INFO] [stdout]                                at /rustc/e3feeb59cd1bdd011a2bfcc0747b55125d9b8527/library/std/src/panic.rs:359:14
[INFO] [stdout]   40:     0x63301c8e16b2 - std[617be2ca0a6fd877]::thread::lifecycle::spawn_unchecked::<test[aada8e7e76ba119b]::run_test::{closure#1}, ()>::{closure#1}
[INFO] [stdout]                                at /rustc/e3feeb59cd1bdd011a2bfcc0747b55125d9b8527/library/std/src/thread/lifecycle.rs:68:26
[INFO] [stdout]   41:     0x63301c8e16b2 - <std[617be2ca0a6fd877]::thread::lifecycle::spawn_unchecked<test[aada8e7e76ba119b]::run_test::{closure#1}, ()>::{closure#1} as core[a373ad73a504971]::ops::function::FnOnce<()>>::call_once::{shim:vtable#0}
[INFO] [stdout]                                at /rustc/e3feeb59cd1bdd011a2bfcc0747b55125d9b8527/library/core/src/ops/function.rs:250:5
[INFO] [stdout]   42:     0x63301c94906f - <alloc[2e1b2a31b91974c5]::boxed::Box<dyn core[a373ad73a504971]::ops::function::FnOnce<(), Output = ()> + core[a373ad73a504971]::marker::Send> as core[a373ad73a504971]::ops::function::FnOnce<()>>::call_once
[INFO] [stdout]                                at /rustc/e3feeb59cd1bdd011a2bfcc0747b55125d9b8527/library/alloc/src/boxed.rs:2314:9
[INFO] [stdout]   43:     0x63301c94906f - <std[617be2ca0a6fd877]::sys::thread::unix::Thread>::new::thread_start
[INFO] [stdout]                                at /rustc/e3feeb59cd1bdd011a2bfcc0747b55125d9b8527/library/std/src/sys/thread/unix.rs:127:17
[INFO] [stdout]   44:     0x7fb098de0dfa - <unknown>
[INFO] [stdout]   45:     0x7fb098e743d4 - clone
[INFO] [stdout]   46:                0x0 - <unknown>
[INFO] [stdout] 
[INFO] [stdout] 
[INFO] [stdout] failures:
[INFO] [stdout]     schema_fixture_matches_the_generator
[INFO] [stdout]     the_fixture_is_the_whole_schema_and_not_a_miniature
[INFO] [stdout] 
[INFO] [stdout] test result: FAILED. 0 passed; 2 failed; 0 ignored; 0 measured; 0 filtered out; finished in 0.10s
[INFO] [stdout] 
[INFO] [stderr] error: test failed, to rerun pass `--test schema_fixture`
[INFO] running `Command { std: "docker" "inspect" "f026f4f08caa86de2ac977fa97dc087a7cb49a8ae6f1feb0b8f05e17b42caee6", kill_on_drop: false }`
[INFO] running `Command { std: "docker" "rm" "-f" "f026f4f08caa86de2ac977fa97dc087a7cb49a8ae6f1feb0b8f05e17b42caee6", kill_on_drop: false }`
[INFO] [stdout] f026f4f08caa86de2ac977fa97dc087a7cb49a8ae6f1feb0b8f05e17b42caee6
