[INFO] fetching crate smol-tool 0.6.0...
[INFO] testing smol-tool-0.6.0 against 1.99.0-beta.8 for beta-1.100-2
[INFO] extracting crate smol-tool 0.6.0 into /workspace/builds/worker-7-tc1/source
[INFO] started tweaking crates.io crate smol-tool 0.6.0
[INFO] removed 0 missing tests
[INFO] finished tweaking crates.io crate smol-tool 0.6.0
[INFO] tweaked toml for crates.io crate smol-tool 0.6.0 written to /workspace/builds/worker-7-tc1/source/Cargo.toml
[INFO] validating manifest of crates.io crate smol-tool 0.6.0 on toolchain 1.99.0-beta.8
[INFO] running `Command { std: CARGO_HOME="/workspace/cargo-home" RUSTUP_HOME="/workspace/rustup-home" "/workspace/cargo-home/bin/cargo" "+1.99.0-beta.8" "metadata" "--manifest-path" "Cargo.toml" "--no-deps", kill_on_drop: false }`
[INFO] crate crates.io crate smol-tool 0.6.0 already has a lockfile, it will not be regenerated
[INFO] running `Command { std: CARGO_HOME="/workspace/cargo-home" RUSTUP_HOME="/workspace/rustup-home" "/workspace/cargo-home/bin/cargo" "+1.99.0-beta.8" "fetch" "--manifest-path" "Cargo.toml", kill_on_drop: false }`
[INFO] [stderr]  Downloading crates ...
[INFO] [stderr]   Downloaded rusqlite v0.31.0
[INFO] [stderr]   Downloaded tiktoken-rs v0.6.0
[INFO] running `Command { std: "docker" "create" "-v" "/var/lib/crater-agent-workspace/builds/worker-7-tc1/source:/opt/rustwide/workdir:ro,Z" "-v" "/var/lib/crater-agent-workspace/builds/worker-7-tc1/target:/opt/rustwide/target:rw,Z" "-v" "/var/lib/crater-agent-workspace/cargo-home:/opt/rustwide/cargo-home:ro,Z" "-v" "/var/lib/crater-agent-workspace/rustup-home:/opt/rustwide/rustup-home:ro,Z" "-m" "1610612736" "--network" "none" "ghcr.io/rust-lang/crates-build-env/linux@sha256:3111399a4047eeb3a02b7a90e478d715f38a8c6669b5c4b49d30a17385265909" "sleep" "infinity", kill_on_drop: false }`
[INFO] [stdout] cdab28ecbd6107ba7b5f6833b575680c524ea0516152f583d0e47a648e871eed
[INFO] running `Command { std: "docker" "start" "cdab28ecbd6107ba7b5f6833b575680c524ea0516152f583d0e47a648e871eed", kill_on_drop: false }`
[INFO] running `Command { std: "docker" "inspect" "cdab28ecbd6107ba7b5f6833b575680c524ea0516152f583d0e47a648e871eed", kill_on_drop: false }`
[INFO] running `Command { std: "docker" "exec" "-e" "SOURCE_DIR=/opt/rustwide/workdir" "-e" "CARGO_HOME=/opt/rustwide/cargo-home" "-e" "RUSTUP_HOME=/opt/rustwide/rustup-home" "-e" "CARGO_TARGET_DIR=/opt/rustwide/target" "-w" "/opt/rustwide/workdir" "--user" "0:0" "cdab28ecbd6107ba7b5f6833b575680c524ea0516152f583d0e47a648e871eed" "/opt/rustwide/cargo-home/bin/cargo" "+1.99.0-beta.8" "metadata" "--no-deps" "--format-version=1", kill_on_drop: false }`
[INFO] running `Command { std: "docker" "inspect" "cdab28ecbd6107ba7b5f6833b575680c524ea0516152f583d0e47a648e871eed", kill_on_drop: false }`
[INFO] running `Command { std: "docker" "exec" "-e" "SOURCE_DIR=/opt/rustwide/workdir" "-e" "CARGO_HOME=/opt/rustwide/cargo-home" "-e" "RUSTUP_HOME=/opt/rustwide/rustup-home" "-e" "CARGO_TARGET_DIR=/opt/rustwide/target" "-e" "CARGO_INCREMENTAL=0" "-e" "RUST_BACKTRACE=full" "-e" "RUSTFLAGS=--cap-lints=warn" "-e" "RUSTDOCFLAGS=--cap-lints=warn" "-w" "/opt/rustwide/workdir" "--user" "0:0" "cdab28ecbd6107ba7b5f6833b575680c524ea0516152f583d0e47a648e871eed" "/opt/rustwide/cargo-home/bin/cargo" "+1.99.0-beta.8" "build" "--frozen" "--message-format=json", kill_on_drop: false }`
[INFO] [stderr]    Compiling syn v2.0.117
[INFO] [stderr]    Compiling portable-atomic v1.13.1
[INFO] [stderr]    Compiling regex-automata v0.4.14
[INFO] [stderr]    Compiling libsqlite3-sys v0.28.0
[INFO] [stderr]    Compiling indexmap v2.14.0
[INFO] [stderr]    Compiling hashbrown v0.14.5
[INFO] [stderr]    Compiling dirs-sys v0.4.1
[INFO] [stderr]    Compiling console v0.15.11
[INFO] [stderr]    Compiling number_prefix v0.4.0
[INFO] [stderr]    Compiling dirs v5.0.1
[INFO] [stderr]    Compiling hashlink v0.9.1
[INFO] [stderr]    Compiling indicatif v0.17.11
[INFO] [stderr]    Compiling serde_derive v1.0.228
[INFO] [stderr]    Compiling thiserror-impl v2.0.18
[INFO] [stderr]    Compiling fancy-regex v0.13.0
[INFO] [stderr]    Compiling regex v1.12.4
[INFO] [stderr]    Compiling bstr v1.12.1
[INFO] [stderr]    Compiling thiserror v2.0.18
[INFO] [stderr]    Compiling tiktoken-rs v0.6.0
[INFO] [stderr]    Compiling serde v1.0.228
[INFO] [stderr]    Compiling toml_datetime v0.6.11
[INFO] [stderr]    Compiling serde_spanned v0.6.9
[INFO] [stderr]    Compiling chrono v0.4.45
[INFO] [stderr]    Compiling toml_edit v0.22.27
[INFO] [stderr]    Compiling toml v0.8.23
[INFO] [stderr]    Compiling rusqlite v0.31.0
[INFO] [stderr]    Compiling smol-tool v0.6.0 (/opt/rustwide/workdir)
[INFO] [stderr]     Finished `dev` profile [unoptimized + debuginfo] target(s) in 29.19s
[INFO] running `Command { std: "docker" "inspect" "cdab28ecbd6107ba7b5f6833b575680c524ea0516152f583d0e47a648e871eed", kill_on_drop: false }`
[INFO] running `Command { std: "docker" "exec" "-e" "SOURCE_DIR=/opt/rustwide/workdir" "-e" "CARGO_HOME=/opt/rustwide/cargo-home" "-e" "RUSTUP_HOME=/opt/rustwide/rustup-home" "-e" "CARGO_TARGET_DIR=/opt/rustwide/target" "-e" "CARGO_INCREMENTAL=0" "-e" "RUST_BACKTRACE=full" "-e" "RUSTFLAGS=--cap-lints=warn" "-e" "RUSTDOCFLAGS=--cap-lints=warn" "-w" "/opt/rustwide/workdir" "--user" "0:0" "cdab28ecbd6107ba7b5f6833b575680c524ea0516152f583d0e47a648e871eed" "/opt/rustwide/cargo-home/bin/cargo" "+1.99.0-beta.8" "test" "--frozen" "--no-run" "--message-format=json", kill_on_drop: false }`
[INFO] [stderr]    Compiling rusqlite v0.31.0
[INFO] [stderr]    Compiling predicates v3.1.4
[INFO] [stderr]    Compiling wait-timeout v0.2.1
[INFO] [stderr]    Compiling getrandom v0.4.2
[INFO] [stderr]    Compiling tempfile v3.27.0
[INFO] [stderr]    Compiling assert_cmd v2.2.2
[INFO] [stderr]    Compiling smol-tool v0.6.0 (/opt/rustwide/workdir)
[INFO] [stderr]     Finished `test` profile [unoptimized + debuginfo] target(s) in 21.13s
[INFO] running `Command { std: "docker" "inspect" "cdab28ecbd6107ba7b5f6833b575680c524ea0516152f583d0e47a648e871eed", kill_on_drop: false }`
[INFO] running `Command { std: "docker" "exec" "-e" "SOURCE_DIR=/opt/rustwide/workdir" "-e" "CARGO_HOME=/opt/rustwide/cargo-home" "-e" "RUSTUP_HOME=/opt/rustwide/rustup-home" "-e" "CARGO_TARGET_DIR=/opt/rustwide/target" "-e" "CARGO_INCREMENTAL=0" "-e" "RUST_BACKTRACE=full" "-e" "RUSTFLAGS=--cap-lints=warn" "-e" "RUSTDOCFLAGS=--cap-lints=warn" "-w" "/opt/rustwide/workdir" "--user" "0:0" "cdab28ecbd6107ba7b5f6833b575680c524ea0516152f583d0e47a648e871eed" "/opt/rustwide/cargo-home/bin/cargo" "+1.99.0-beta.8" "test" "--frozen", kill_on_drop: false }`
[INFO] [stderr]     Finished `test` profile [unoptimized + debuginfo] target(s) in 0.18s
[INFO] [stderr]      Running unittests src/lib.rs (/opt/rustwide/target/debug/deps/smol-bf14d689a38735e8)
[INFO] [stdout] 
[INFO] [stdout] running 157 tests
[INFO] [stdout] test bench::tests::test_generate_large_output_size ... ok
[INFO] [stdout] test cli::args::tests::test_get_opt_value ... ok
[INFO] [stdout] test cli::commands::tests::test_parse_duration_hours ... ok
[INFO] [stdout] test cli::args::tests::test_mode_from_str ... ok
[INFO] [stdout] test cli::commands::tests::test_parse_duration_seconds ... ok
[INFO] [stdout] test cli::commands::tests::test_parse_duration_minutes ... ok
[INFO] [stdout] test completions::completions::tests::test_generate_zsh_contains_completion ... ok
[INFO] [stdout] test completions::completions::tests::test_generate_bash_contains_completion ... ok
[INFO] [stdout] test completions::completions::tests::test_generate_fish_contains_completion ... ok
[INFO] [stdout] test core::parser_config::tests::test_detection_config_defaults ... ok
[INFO] [stdout] test cli::commands::tests::test_parse_duration_invalid ... ok
[INFO] [stdout] test config::sync::tests::test_list_parsers_empty_dir ... ok
[INFO] [stdout] test config::loader::tests::test_load_global_config_defaults ... ok
[INFO] [stdout] test core::parser_config::tests::test_parser_config_deserialize_full ... ok
[INFO] [stdout] test cli::args::tests::test_has_flag ... ok
[INFO] [stdout] test core::summary::tests::test_compression_ratio_calculation ... ok
[INFO] [stdout] test core::summary::tests::test_estimate_tokens_empty ... ok
[INFO] [stdout] test config::sync::tests::test_list_parsers_with_files ... ok
[INFO] [stdout] test core::parser_config::tests::test_parser_config_deserialize_minimal ... ok
[INFO] [stdout] test core::summary::tests::test_summary_defaults ... ok
[INFO] [stdout] test cli::commands::tests::test_parse_duration_days ... ok
[INFO] [stdout] test core::summary::tests::test_summary_status_equality ... ok
[INFO] [stdout] test core::summary::tests::test_summary_new_has_token_defaults ... ok
[INFO] [stdout] test core::task::tests::test_task_mode_as_str ... ok
[INFO] [stdout] test core::summary::tests::test_summary_status_as_str ... ok
[INFO] [stdout] test config::sync::tests::test_init_creates_git_repo ... ok
[INFO] [stdout] test core::task_id::tests::test_task_id_alphanumeric ... ok
[INFO] [stdout] test core::task_id::tests::test_task_id_display ... ok
[INFO] [stdout] test core::task_id::tests::test_task_id_from_str_invalid_chars ... ok
[INFO] [stdout] test core::task_id::tests::test_task_id_from_str_invalid_short ... ok
[INFO] [stdout] test core::task_id::tests::test_task_id_from_str_valid ... ok
[INFO] [stdout] test core::task_id::tests::test_task_id_length ... ok
[INFO] [stdout] test core::task::tests::test_task_status_terminal ... ok
[INFO] [stdout] test exec::signal::tests::test_initial_state ... ok
[INFO] [stdout] test exec::signal::tests::test_set_and_reset ... ok
[INFO] [stdout] test exec::tests::test_build_status_line_full ... ok
[INFO] [stdout] test config::sync::tests::test_init_idempotent ... ok
[INFO] [stdout] test core::task_id::tests::test_task_id_uniqueness ... ok
[INFO] [stdout] test exec::tests::test_build_status_line_no_tests ... ok
[INFO] [stdout] test core::task::tests::test_task_status_as_str ... ok
[INFO] [stdout] test exec::tests::test_is_test_output_line_failure_details ... ok
[INFO] [stdout] test exec::tests::test_is_test_output_line_build_error_not_suppressed ... ok
[INFO] [stdout] test exec::tests::test_is_test_output_line_runner ... ok
[INFO] [stdout] test exec::backgrounder::tests::test_run_background_creates_task ... ok
[INFO] [stdout] test exec::tests::test_maven_detect_all_passed ... ok
[INFO] [stdout] test exec::tests::test_is_test_output_line_maven_summary ... ok
[INFO] [stdout] test exec::tests::test_maven_detect_with_info_prefix ... ok
[INFO] [stdout] test exec::tests::test_maven_detect_with_failures_and_errors ... ok
[INFO] [stdout] test exec::tests::test_maven_detect_with_time_suffix ... ok
[INFO] [stdout] test exec::tests::test_run_sync_false ... ok
[INFO] [stdout] test exec::tests::test_run_with_timeout_completes ... ok
[INFO] [stdout] test exec::tests::test_maven_pipeline_no_double_count ... ok
[INFO] [stdout] test exec::tests::test_maven_with_failure_marker ... ok
[INFO] [stdout] test exec::tests::test_run_sync_echo ... ok
[INFO] [stdout] test hook::hook::tests::test_list_hosts ... ok
[INFO] [stdout] test config::loader::tests::test_built_in_parsers_load ... ok
[INFO] [stdout] test hook::hook::tests::test_setup_unknown_host ... ok
[INFO] [stdout] test hook::hook::tests::test_uninstall_none ... ok
[INFO] [stdout] test mcp::mcp_server::tests::test_exit_returns_should_exit ... ok
[INFO] [stdout] test mcp::mcp_server::tests::test_handle_initialize ... ok
[INFO] [stdout] test mcp::mcp_server::tests::test_handle_logging_set_level ... ok
[INFO] [stdout] test mcp::mcp_server::tests::test_handle_method_not_found ... ok
[INFO] [stdout] test mcp::mcp_server::tests::test_handle_resources_list ... ok
[INFO] [stdout] test exec::tests::test_spawn_empty_command ... ok
[INFO] [stdout] test hook::hook::tests::test_uninstall_unknown_host ... ok
[INFO] [stdout] test mcp::mcp_server::tests::test_handle_tools_call_unknown_tool ... ok
[INFO] [stdout] test mcp::mcp_server::tests::test_notifications_get_empty_object_result ... ok
[INFO] [stdout] test mcp::mcp_server::tests::test_parse_duration ... ok
[INFO] [stdout] test config::loader::tests::test_all_built_in_parsers_valid_toml ... ok
[INFO] [stdout] test mcp::mcp_server::tests::test_shutdown_returns_should_not_exit ... ok
[INFO] [stdout] {"jsonrpc":"2.0","method":"notifications/progress","params":{"progress":50,"progressToken":1,"total":100}}
[INFO] [stdout] test mcp::mcp_server::tests::test_write_notification ... ok
[INFO] [stdout] test exec::watcher::tests::test_watch_completed ... ok
[INFO] [stdout] test mcp::mcp_server::tests::test_send_log_notification_below_level ... ok
[INFO] [stdout] test mock::mock_command::tests::test_mock_cargo_errors ... ok
[INFO] [stdout] test mock::mock_command::tests::test_mock_gcc_errors ... ok
[INFO] [stdout] test mcp::mcp_server::tests::test_handle_tools_list ... ok
[INFO] [stdout] test mcp::mcp_server::tests::test_handle_resources_read_invalid_uri ... ok
[INFO] [stdout] test mock::mock_command::tests::test_mock_go_success ... ok
[INFO] [stdout] test mock::mock_command::tests::test_mock_gradle_failure ... ok
[INFO] [stdout] test mock::mock_command::tests::test_mock_go_failure ... ok
[INFO] [stdout] test mock::mock_command::tests::test_mock_make_success ... ok
[INFO] [stdout] test mock::mock_command::tests::test_mock_maven_failure ... ok
[INFO] [stdout] test mock::mock_command::tests::test_mock_maven_success ... ok
[INFO] [stdout] test mock::mock_command::tests::test_mock_npm_failure ... ok
[INFO] [stdout] test mock::mock_command::tests::test_mock_npm_success ... ok
[INFO] [stdout] test mock::mock_command::tests::test_mock_gradle_success ... ok
[INFO] [stdout] test mock::mock_command::tests::test_mock_jest_success ... ok
[INFO] [stdout] test mock::mock_command::tests::test_mock_jest_failure ... ok
[INFO] [stdout] test mock::mock_command::tests::test_mock_python_failure ... ok
[INFO] [stdout] test mock::mock_command::tests::test_mock_python_success ... ok
[INFO] [stdout] test mock::mock_command::tests::test_mock_tsc_failure ... ok
[INFO] [stdout] test parse::detector::tests::test_detect_by_heuristic_simple ... ok
[INFO] [stdout] test parse::detector::tests::test_detect_by_command_no_match ... ok
[INFO] [stdout] test mock::mock_command::tests::test_mock_tsc_success ... ok
[INFO] [stdout] test mock::mock_command::tests::test_mock_make_failure ... ok
[INFO] [stdout] test parse::detector::tests::test_detect_by_command_exact ... ok
[INFO] [stdout] test parse::engine::tests::test_extract_jest_test_results ... ok
[INFO] [stdout] test parse::engine::tests::test_extract_cargo_test_failure ... ok
[INFO] [stdout] test parse::engine::tests::test_extract_cargo_test_success ... ok
[INFO] [stdout] test parse::engine::tests::test_parse_ignore_patterns ... ok
[INFO] [stdout] test parse::engine::tests::test_extract_test_results_no_patterns_returns_none ... ok
[INFO] [stdout] test parse::engine::tests::test_extract_no_test_output_returns_none ... ok
[INFO] [stdout] test parse::engine::tests::test_parse_maven_failure ... ok
[INFO] [stdout] test parse::engine::tests::test_extract_maven_surefire_success ... ok
[INFO] [stdout] test parse::engine::tests::test_parse_maven_success ... ok
[INFO] [stdout] test parse::engine::tests::test_extract_maven_surefire_failures ... ok
[INFO] [stdout] test parse::summarizer::tests::test_format_summary_failure ... ok
[INFO] [stdout] test parse::summarizer::tests::test_format_summary_json ... ok
[INFO] [stdout] test parse::summarizer::tests::test_format_summary_no_pass_through_large_output ... ok
[INFO] [stdout] test parse::summarizer::tests::test_format_summary_pass_through_small_output ... ok
[INFO] [stdout] test parse::summarizer::tests::test_format_summary_pass_through_with_stderr ... ok
[INFO] [stdout] test parse::summarizer::tests::test_format_summary_success ... ok
[INFO] [stdout] test parse::summarizer::tests::test_format_summary_with_expansion ... ok
[INFO] [stdout] test parse::summarizer::tests::test_format_summary_with_reduction ... ok
[INFO] [stdout] test parse::summarizer::tests::test_trim_summary_errors ... ok
[INFO] [stdout] test parse::summarizer::tests::test_trim_summary_warnings ... ok
[INFO] [stdout] test storage::export::tests::test_export_all ... ok
[INFO] [stdout] test storage::export::tests::test_export_no_tasks_dir ... ok
[INFO] [stdout] test storage::export::tests::test_export_task_invalid_format ... ok
[INFO] [stdout] test storage::export::tests::test_export_task_json ... ok
[INFO] [stdout] test storage::export::tests::test_export_task_markdown ... ok
[INFO] [stdout] test storage::paths::tests::test_binary_suffix_default ... ok
[INFO] [stdout] test storage::paths::tests::test_env_prefix_default ... ok
[INFO] [stdout] test storage::paths::tests::test_smol_dir_fallback ... ok
[INFO] [stdout] test storage::paths::tests::test_tasks_dir_fallback ... ok
[INFO] [stdout] test storage::search::tests::test_search_in_logs_case_insensitive ... ok
[INFO] [stdout] test storage::search::tests::test_search_in_logs_found ... ok
[INFO] [stdout] test storage::search::tests::test_search_in_logs_max_results ... ok
[INFO] [stdout] test storage::search::tests::test_search_in_logs_no_tasks_dir ... ok
[INFO] [stdout] test storage::search::tests::test_search_in_logs_not_found ... ok
[INFO] [stdout] test storage::sqlite::tests::test_clean_older_than ... ok
[INFO] [stdout] test config::sync::tests::test_sync_no_changes ... FAILED
[INFO] [stdout] test storage::sqlite::tests::test_init_creates_tables ... ok
[INFO] [stdout] test storage::sqlite::tests::test_list_tasks_all ... ok
[INFO] [stdout] test storage::sqlite::tests::test_list_tasks_running_only ... ok
[INFO] [stdout] test storage::sqlite::tests::test_load_nonexistent_task ... ok
[INFO] [stdout] test storage::sqlite::tests::test_save_and_load_errors ... ok
[INFO] [stdout] test storage::sqlite::tests::test_save_and_load_warnings ... ok
[INFO] [stdout] test storage::sqlite::tests::test_save_errors_replaces_old ... ok
[INFO] [stdout] test storage::sqlite::tests::test_search_tasks ... ok
[INFO] [stdout] test storage::sqlite::tests::test_update_task_status ... ok
[INFO] [stdout] test storage::task_store::tests::test_save_and_load_task_meta ... ok
[INFO] [stdout] test exec::tests::test_run_sync_with_output_truncation ... ok
[INFO] [stdout] test storage::sqlite::tests::test_save_and_load_task ... ok
[INFO] [stdout] test parse::generic::tests::test_generic_parse_no_errors ... ok
[INFO] [stdout] test parse::generic::tests::test_generic_parse_error_limit ... ok
[INFO] [stdout] test parse::generic::tests::test_generic_parse_warning ... ok
[INFO] [stdout] test parse::generic::tests::test_generic_parse_gcc_error ... ok
[INFO] [stdout] test core::summary::tests::test_estimate_tokens_with_symbols ... ok
[INFO] [stdout] test core::summary::tests::test_estimate_tokens_short ... ok
[INFO] [stdout] test core::summary::tests::test_estimate_tokens_bpe_realistic ... ok
[INFO] [stdout] test core::summary::tests::test_estimate_tokens_exact ... ok
[INFO] [stdout] test exec::tests::test_run_with_timeout_exceeded ... ok
[INFO] [stdout] test bench::tests::test_benchmark_all_scenarios_have_tokens ... ok
[INFO] [stdout] test bench::tests::test_benchmark_large_output_significant_reduction ... ok
[INFO] [stdout] test bench::tests::test_benchmark_runs_without_error ... ok
[INFO] [stdout] test bench::tests::test_benchmark_maven_failure_reduces ... ok
[INFO] [stdout] 
[INFO] [stdout] failures:
[INFO] [stdout] 
[INFO] [stdout] ---- config::sync::tests::test_sync_no_changes stdout ----
[INFO] [stdout] 
[INFO] [stdout] thread 'config::sync::tests::test_sync_no_changes' (1312) panicked at src/config/sync.rs:185:83:
[INFO] [stdout] called `Result::unwrap()` on an `Err` value: "git commit failed: Author identity unknown\n\n*** Please tell me who you are.\n\nRun\n\n  git config --global user.email \"you@example.com\"\n  git config --global user.name \"Your Name\"\n\nto set your account's default identity.\nOmit --global to set the identity only in this repository.\n\nfatal: unable to auto-detect email address (got 'root@cdab28ecbd61.(none)')\n"
[INFO] [stdout] stack backtrace:
[INFO] [stdout]    0:     0x5c6ba87a1481 - std[70759c8f55707aa4]::backtrace_rs::backtrace::libunwind::trace
[INFO] [stdout]                                at /rustc/dfb0accb7f508ae8be965d8629557221c889dd98/library/std/src/../../backtrace/src/backtrace/libunwind.rs:117:9
[INFO] [stdout]    1:     0x5c6ba87a1481 - std[70759c8f55707aa4]::backtrace_rs::backtrace::trace_unsynchronized::<std[70759c8f55707aa4]::sys::backtrace::_print_fmt::{closure#1}>
[INFO] [stdout]                                at /rustc/dfb0accb7f508ae8be965d8629557221c889dd98/library/std/src/../../backtrace/src/backtrace/mod.rs:66:14
[INFO] [stdout]    2:     0x5c6ba87a1481 - std[70759c8f55707aa4]::sys::backtrace::_print_fmt
[INFO] [stdout]                                at /rustc/dfb0accb7f508ae8be965d8629557221c889dd98/library/std/src/sys/backtrace.rs:74:9
[INFO] [stdout]    3:     0x5c6ba87a1481 - <<std[70759c8f55707aa4]::sys::backtrace::BacktraceLock>::print::DisplayBacktrace as core[df12db4294e9bfd3]::fmt::Display>::fmt
[INFO] [stdout]                                at /rustc/dfb0accb7f508ae8be965d8629557221c889dd98/library/std/src/sys/backtrace.rs:44:26
[INFO] [stdout]    4:     0x5c6ba87b987a - <core[df12db4294e9bfd3]::fmt::rt::Argument>::fmt
[INFO] [stdout]                                at /rustc/dfb0accb7f508ae8be965d8629557221c889dd98/library/core/src/fmt/rt.rs:152:76
[INFO] [stdout]    5:     0x5c6ba87b987a - core[df12db4294e9bfd3]::fmt::write
[INFO] [stdout]    6:     0x5c6ba87a61ec - core[df12db4294e9bfd3]::io::write::default_write_fmt::<alloc[2182bb758b4b3781]::vec::Vec<u8>>
[INFO] [stdout]                                at /rustc/dfb0accb7f508ae8be965d8629557221c889dd98/library/core/src/io/write.rs:402:11
[INFO] [stdout]    7:     0x5c6ba87a61ec - <alloc[2182bb758b4b3781]::vec::Vec<u8> as core[df12db4294e9bfd3]::io::write::Write>::write_fmt
[INFO] [stdout]                                at /rustc/dfb0accb7f508ae8be965d8629557221c889dd98/library/core/src/io/write.rs:335:13
[INFO] [stdout]    8:     0x5c6ba877a016 - <std[70759c8f55707aa4]::sys::backtrace::BacktraceLock>::print
[INFO] [stdout]                                at /rustc/dfb0accb7f508ae8be965d8629557221c889dd98/library/std/src/sys/backtrace.rs:47:9
[INFO] [stdout]    9:     0x5c6ba877a016 - std[70759c8f55707aa4]::panicking::default_hook::{closure#0}
[INFO] [stdout]                                at /rustc/dfb0accb7f508ae8be965d8629557221c889dd98/library/std/src/panicking.rs:292:27
[INFO] [stdout]   10:     0x5c6ba8797d79 - std[70759c8f55707aa4]::panicking::default_hook
[INFO] [stdout]                                at /rustc/dfb0accb7f508ae8be965d8629557221c889dd98/library/std/src/panicking.rs:316:9
[INFO] [stdout]   11:     0x5c6ba827eb60 - <alloc[2182bb758b4b3781]::boxed::Box<dyn for<'a, 'b> core[df12db4294e9bfd3]::ops::function::Fn<(&'a std[70759c8f55707aa4]::panic::PanicHookInfo<'b>,), Output = ()> + core[df12db4294e9bfd3]::marker::Send + core[df12db4294e9bfd3]::marker::Sync> as core[df12db4294e9bfd3]::ops::function::Fn<(&std[70759c8f55707aa4]::panic::PanicHookInfo,)>>::call
[INFO] [stdout]                                at /rustc/dfb0accb7f508ae8be965d8629557221c889dd98/library/alloc/src/boxed.rs:2334:9
[INFO] [stdout]   12:     0x5c6ba827eb60 - test[9d35eded1c95d3be]::test_main_inner::<test[9d35eded1c95d3be]::test_main_static::{closure#0}>::{closure#0}
[INFO] [stdout]                                at /rustc/dfb0accb7f508ae8be965d8629557221c889dd98/library/test/src/lib.rs:155:21
[INFO] [stdout]   13:     0x5c6ba8797f32 - <alloc[2182bb758b4b3781]::boxed::Box<dyn for<'a, 'b> core[df12db4294e9bfd3]::ops::function::Fn<(&'a std[70759c8f55707aa4]::panic::PanicHookInfo<'b>,), Output = ()> + core[df12db4294e9bfd3]::marker::Send + core[df12db4294e9bfd3]::marker::Sync> as core[df12db4294e9bfd3]::ops::function::Fn<(&std[70759c8f55707aa4]::panic::PanicHookInfo,)>>::call
[INFO] [stdout]                                at /rustc/dfb0accb7f508ae8be965d8629557221c889dd98/library/alloc/src/boxed.rs:2334:9
[INFO] [stdout]   14:     0x5c6ba8797f32 - std[70759c8f55707aa4]::panicking::panic_with_hook
[INFO] [stdout]                                at /rustc/dfb0accb7f508ae8be965d8629557221c889dd98/library/std/src/panicking.rs:823:13
[INFO] [stdout]   15:     0x5c6ba877a0c2 - std[70759c8f55707aa4]::panicking::panic_handler::{closure#0}
[INFO] [stdout]                                at /rustc/dfb0accb7f508ae8be965d8629557221c889dd98/library/std/src/panicking.rs:688:13
[INFO] [stdout]   16:     0x5c6ba8772539 - std[70759c8f55707aa4]::sys::backtrace::__rust_end_short_backtrace::<std[70759c8f55707aa4]::panicking::panic_handler::{closure#0}, !>
[INFO] [stdout]                                at /rustc/dfb0accb7f508ae8be965d8629557221c889dd98/library/std/src/sys/backtrace.rs:182:18
[INFO] [stdout]   17:     0x5c6ba877ae8d - __rustc[8fa7c3cbc660c2b3]::rust_begin_unwind
[INFO] [stdout]                                at /rustc/dfb0accb7f508ae8be965d8629557221c889dd98/library/std/src/panicking.rs:679:5
[INFO] [stdout]   18:     0x5c6ba87ba11c - core[df12db4294e9bfd3]::panicking::panic_fmt
[INFO] [stdout]                                at /rustc/dfb0accb7f508ae8be965d8629557221c889dd98/library/core/src/panicking.rs:80:14
[INFO] [stdout]   19:     0x5c6ba87b9e72 - core[df12db4294e9bfd3]::result::unwrap_failed
[INFO] [stdout]                                at /rustc/dfb0accb7f508ae8be965d8629557221c889dd98/library/core/src/result.rs:1871:5
[INFO] [stdout]   20:     0x5c6ba80208c3 - <core[df12db4294e9bfd3]::result::Result<alloc[2182bb758b4b3781]::string::String, alloc[2182bb758b4b3781]::string::String>>::unwrap
[INFO] [stdout]                                at /rustc/dfb0accb7f508ae8be965d8629557221c889dd98/library/core/src/result.rs:1232:23
[INFO] [stdout]   21:     0x5c6ba80208c3 - smol[ad879d5c9ae5b141]::config::sync::tests::test_sync_no_changes
[INFO] [stdout]                                at /opt/rustwide/workdir/src/config/sync.rs:185:83
[INFO] [stdout]   22:     0x5c6ba801ddb7 - smol[ad879d5c9ae5b141]::config::sync::tests::test_sync_no_changes::{closure#0}
[INFO] [stdout]                                at /opt/rustwide/workdir/src/config/sync.rs:176:30
[INFO] [stdout]   23:     0x5c6ba800c106 - <smol[ad879d5c9ae5b141]::config::sync::tests::test_sync_no_changes::{closure#0} as core[df12db4294e9bfd3]::ops::function::FnOnce<()>>::call_once
[INFO] [stdout]                                at /rustc/dfb0accb7f508ae8be965d8629557221c889dd98/library/core/src/ops/function.rs:250:5
[INFO] [stdout]   24:     0x5c6ba8271e4b - <fn() -> core[df12db4294e9bfd3]::result::Result<(), alloc[2182bb758b4b3781]::string::String> as core[df12db4294e9bfd3]::ops::function::FnOnce<()>>::call_once
[INFO] [stdout]                                at /rustc/dfb0accb7f508ae8be965d8629557221c889dd98/library/core/src/ops/function.rs:250:5
[INFO] [stdout]   25:     0x5c6ba8271e4b - test[9d35eded1c95d3be]::__rust_begin_short_backtrace::<core[df12db4294e9bfd3]::result::Result<(), alloc[2182bb758b4b3781]::string::String>, fn() -> core[df12db4294e9bfd3]::result::Result<(), alloc[2182bb758b4b3781]::string::String>>
[INFO] [stdout]                                at /rustc/dfb0accb7f508ae8be965d8629557221c889dd98/library/test/src/lib.rs:733:18
[INFO] [stdout]   26:     0x5c6ba827f4b5 - test[9d35eded1c95d3be]::run_test_in_process::{closure#0}
[INFO] [stdout]                                at /rustc/dfb0accb7f508ae8be965d8629557221c889dd98/library/test/src/lib.rs:756:74
[INFO] [stdout]   27:     0x5c6ba827f4b5 - <core[df12db4294e9bfd3]::panic::unwind_safe::AssertUnwindSafe<test[9d35eded1c95d3be]::run_test_in_process::{closure#0}> as core[df12db4294e9bfd3]::ops::function::FnOnce<()>>::call_once
[INFO] [stdout]                                at /rustc/dfb0accb7f508ae8be965d8629557221c889dd98/library/core/src/panic/unwind_safe.rs:275:9
[INFO] [stdout]   28:     0x5c6ba827f4b5 - std[70759c8f55707aa4]::panicking::catch_unwind::do_call::<core[df12db4294e9bfd3]::panic::unwind_safe::AssertUnwindSafe<test[9d35eded1c95d3be]::run_test_in_process::{closure#0}>, core[df12db4294e9bfd3]::result::Result<(), alloc[2182bb758b4b3781]::string::String>>
[INFO] [stdout]                                at /rustc/dfb0accb7f508ae8be965d8629557221c889dd98/library/std/src/panicking.rs:576:43
[INFO] [stdout]   29:     0x5c6ba827f4b5 - std[70759c8f55707aa4]::panicking::catch_unwind::<core[df12db4294e9bfd3]::result::Result<(), alloc[2182bb758b4b3781]::string::String>, core[df12db4294e9bfd3]::panic::unwind_safe::AssertUnwindSafe<test[9d35eded1c95d3be]::run_test_in_process::{closure#0}>>
[INFO] [stdout]                                at /rustc/dfb0accb7f508ae8be965d8629557221c889dd98/library/std/src/panicking.rs:544:19
[INFO] [stdout]   30:     0x5c6ba827f4b5 - std[70759c8f55707aa4]::panic::catch_unwind::<core[df12db4294e9bfd3]::panic::unwind_safe::AssertUnwindSafe<test[9d35eded1c95d3be]::run_test_in_process::{closure#0}>, core[df12db4294e9bfd3]::result::Result<(), alloc[2182bb758b4b3781]::string::String>>
[INFO] [stdout]                                at /rustc/dfb0accb7f508ae8be965d8629557221c889dd98/library/std/src/panic.rs:359:14
[INFO] [stdout]   31:     0x5c6ba827f4b5 - test[9d35eded1c95d3be]::run_test_in_process
[INFO] [stdout]                                at /rustc/dfb0accb7f508ae8be965d8629557221c889dd98/library/test/src/lib.rs:756:27
[INFO] [stdout]   32:     0x5c6ba827f4b5 - test[9d35eded1c95d3be]::run_test::{closure#0}
[INFO] [stdout]                                at /rustc/dfb0accb7f508ae8be965d8629557221c889dd98/library/test/src/lib.rs:677:43
[INFO] [stdout]   33:     0x5c6ba8278d74 - test[9d35eded1c95d3be]::run_test::{closure#1}
[INFO] [stdout]                                at /rustc/dfb0accb7f508ae8be965d8629557221c889dd98/library/test/src/lib.rs:707:41
[INFO] [stdout]   34:     0x5c6ba8278d74 - std[70759c8f55707aa4]::sys::backtrace::__rust_begin_short_backtrace::<test[9d35eded1c95d3be]::run_test::{closure#1}, ()>
[INFO] [stdout]                                at /rustc/dfb0accb7f508ae8be965d8629557221c889dd98/library/std/src/sys/backtrace.rs:166:18
[INFO] [stdout]   35:     0x5c6ba8282612 - std[70759c8f55707aa4]::thread::lifecycle::spawn_unchecked::<test[9d35eded1c95d3be]::run_test::{closure#1}, ()>::{closure#1}::{closure#0}
[INFO] [stdout]                                at /rustc/dfb0accb7f508ae8be965d8629557221c889dd98/library/std/src/thread/lifecycle.rs:70:13
[INFO] [stdout]   36:     0x5c6ba8282612 - <core[df12db4294e9bfd3]::panic::unwind_safe::AssertUnwindSafe<std[70759c8f55707aa4]::thread::lifecycle::spawn_unchecked<test[9d35eded1c95d3be]::run_test::{closure#1}, ()>::{closure#1}::{closure#0}> as core[df12db4294e9bfd3]::ops::function::FnOnce<()>>::call_once
[INFO] [stdout]                                at /rustc/dfb0accb7f508ae8be965d8629557221c889dd98/library/core/src/panic/unwind_safe.rs:275:9
[INFO] [stdout]   37:     0x5c6ba8282612 - std[70759c8f55707aa4]::panicking::catch_unwind::do_call::<core[df12db4294e9bfd3]::panic::unwind_safe::AssertUnwindSafe<std[70759c8f55707aa4]::thread::lifecycle::spawn_unchecked<test[9d35eded1c95d3be]::run_test::{closure#1}, ()>::{closure#1}::{closure#0}>, ()>
[INFO] [stdout]                                at /rustc/dfb0accb7f508ae8be965d8629557221c889dd98/library/std/src/panicking.rs:576:43
[INFO] [stdout]   38:     0x5c6ba8282612 - std[70759c8f55707aa4]::panicking::catch_unwind::<(), core[df12db4294e9bfd3]::panic::unwind_safe::AssertUnwindSafe<std[70759c8f55707aa4]::thread::lifecycle::spawn_unchecked<test[9d35eded1c95d3be]::run_test::{closure#1}, ()>::{closure#1}::{closure#0}>>
[INFO] [stdout]                                at /rustc/dfb0accb7f508ae8be965d8629557221c889dd98/library/std/src/panicking.rs:544:19
[INFO] [stdout]   39:     0x5c6ba8282612 - std[70759c8f55707aa4]::panic::catch_unwind::<core[df12db4294e9bfd3]::panic::unwind_safe::AssertUnwindSafe<std[70759c8f55707aa4]::thread::lifecycle::spawn_unchecked<test[9d35eded1c95d3be]::run_test::{closure#1}, ()>::{closure#1}::{closure#0}>, ()>
[INFO] [stdout]                                at /rustc/dfb0accb7f508ae8be965d8629557221c889dd98/library/std/src/panic.rs:359:14
[INFO] [stdout]   40:     0x5c6ba8282612 - std[70759c8f55707aa4]::thread::lifecycle::spawn_unchecked::<test[9d35eded1c95d3be]::run_test::{closure#1}, ()>::{closure#1}
[INFO] [stdout]                                at /rustc/dfb0accb7f508ae8be965d8629557221c889dd98/library/std/src/thread/lifecycle.rs:68:26
[INFO] [stdout]   41:     0x5c6ba8282612 - <std[70759c8f55707aa4]::thread::lifecycle::spawn_unchecked<test[9d35eded1c95d3be]::run_test::{closure#1}, ()>::{closure#1} as core[df12db4294e9bfd3]::ops::function::FnOnce<()>>::call_once::{shim:vtable#0}
[INFO] [stdout]                                at /rustc/dfb0accb7f508ae8be965d8629557221c889dd98/library/core/src/ops/function.rs:250:5
[INFO] [stdout]   42:     0x5c6ba87a0739 - <alloc[2182bb758b4b3781]::boxed::Box<dyn core[df12db4294e9bfd3]::ops::function::FnOnce<(), Output = ()> + core[df12db4294e9bfd3]::marker::Send> as core[df12db4294e9bfd3]::ops::function::FnOnce<()>>::call_once
[INFO] [stdout]                                at /rustc/dfb0accb7f508ae8be965d8629557221c889dd98/library/alloc/src/boxed.rs:2320:9
[INFO] [stdout]   43:     0x5c6ba87a0739 - <std[70759c8f55707aa4]::sys::thread::unix::Thread>::new::thread_start
[INFO] [stdout]                                at /rustc/dfb0accb7f508ae8be965d8629557221c889dd98/library/std/src/sys/thread/unix.rs:123:17
[INFO] [stdout]   44:     0x78905fa58dfa - <unknown>
[INFO] [stdout]   45:     0x78905faec3d4 - clone
[INFO] [stdout]   46:                0x0 - <unknown>
[INFO] [stdout] 
[INFO] [stdout] 
[INFO] [stdout] failures:
[INFO] [stdout]     config::sync::tests::test_sync_no_changes
[INFO] [stdout] 
[INFO] [stdout] test result: FAILED. 156 passed; 1 failed; 0 ignored; 0 measured; 0 filtered out; finished in 2.22s
[INFO] [stdout] 
[INFO] [stderr] error: test failed, to rerun pass `--lib`
[INFO] running `Command { std: "docker" "inspect" "cdab28ecbd6107ba7b5f6833b575680c524ea0516152f583d0e47a648e871eed", kill_on_drop: false }`
[INFO] running `Command { std: "docker" "rm" "-f" "cdab28ecbd6107ba7b5f6833b575680c524ea0516152f583d0e47a648e871eed", kill_on_drop: false }`
[INFO] [stdout] cdab28ecbd6107ba7b5f6833b575680c524ea0516152f583d0e47a648e871eed
