[INFO] fetching crate slumber_config 5.3.0...
[INFO] testing slumber_config-5.3.0 against 1.99.0-beta.8 for beta-1.100-2
[INFO] extracting crate slumber_config 5.3.0 into /workspace/builds/worker-6-tc1/source
[INFO] started tweaking crates.io crate slumber_config 5.3.0
[INFO] finished tweaking crates.io crate slumber_config 5.3.0
[INFO] tweaked toml for crates.io crate slumber_config 5.3.0 written to /workspace/builds/worker-6-tc1/source/Cargo.toml
[INFO] validating manifest of crates.io crate slumber_config 5.3.0 on toolchain 1.99.0-beta.8
[INFO] running `Command { std: CARGO_HOME="/workspace/cargo-home" RUSTUP_HOME="/workspace/rustup-home" "/workspace/cargo-home/bin/cargo" "+1.99.0-beta.8" "metadata" "--manifest-path" "Cargo.toml" "--no-deps", kill_on_drop: false }`
[INFO] crate crates.io crate slumber_config 5.3.0 already has a lockfile, it will not be regenerated
[INFO] running `Command { std: CARGO_HOME="/workspace/cargo-home" RUSTUP_HOME="/workspace/rustup-home" "/workspace/cargo-home/bin/cargo" "+1.99.0-beta.8" "fetch" "--manifest-path" "Cargo.toml", kill_on_drop: false }`
[INFO] [stderr]     Updating crates.io index
[INFO] [stderr]     Blocking waiting for file lock on package cache
[INFO] [stderr]  Downloading crates ...
[INFO] [stderr]   Downloaded terminput v0.5.12
[INFO] [stderr]   Downloaded slumber_util v5.3.0
[INFO] [stderr]   Downloaded saphyr v0.0.6
[INFO] [stderr]   Downloaded uuid v1.19.0
[INFO] [stderr]   Downloaded path-clean v1.0.1
[INFO] [stderr]   Downloaded editor-command v2.0.0
[INFO] [stderr]   Downloaded castaway v0.2.4
[INFO] [stderr]   Downloaded env-lock v1.0.2
[INFO] [stderr]   Downloaded dirs v6.0.0
[INFO] [stderr]   Downloaded saphyr-parser v0.0.6
[INFO] [stderr]   Downloaded convert_case v0.10.0
[INFO] [stderr]   Downloaded kasuari v0.4.11
[INFO] [stderr]   Downloaded unicode-truncate v2.0.1
[INFO] [stderr]   Downloaded serde_test v1.0.177
[INFO] [stderr]   Downloaded ordered-float v5.1.0
[INFO] [stderr]   Downloaded schemars_derive v1.2.0
[INFO] [stderr]   Downloaded hashlink v0.10.0
[INFO] [stderr]   Downloaded lru v0.16.3
[INFO] [stderr]   Downloaded rstest v0.26.1
[INFO] [stderr]   Downloaded rstest_macros v0.26.1
[INFO] [stderr]   Downloaded compact_str v0.9.0
[INFO] [stderr]   Downloaded schemars v1.2.0
[INFO] [stderr]   Downloaded pretty_assertions v1.4.1
[INFO] [stderr]   Downloaded ratatui-core v0.1.0
[INFO] running `Command { std: "docker" "create" "-v" "/var/lib/crater-agent-workspace/builds/worker-6-tc1/source:/opt/rustwide/workdir:ro,Z" "-v" "/var/lib/crater-agent-workspace/builds/worker-6-tc1/target:/opt/rustwide/target:rw,Z" "-v" "/var/lib/crater-agent-workspace/cargo-home:/opt/rustwide/cargo-home:ro,Z" "-v" "/var/lib/crater-agent-workspace/rustup-home:/opt/rustwide/rustup-home:ro,Z" "-m" "1610612736" "--network" "none" "ghcr.io/rust-lang/crates-build-env/linux@sha256:3111399a4047eeb3a02b7a90e478d715f38a8c6669b5c4b49d30a17385265909" "sleep" "infinity", kill_on_drop: false }`
[INFO] [stdout] d8b05e2e73f3a75431fa2e5493bceba0949b0146e851911ede0337046b8d111b
[INFO] running `Command { std: "docker" "start" "d8b05e2e73f3a75431fa2e5493bceba0949b0146e851911ede0337046b8d111b", kill_on_drop: false }`
[INFO] running `Command { std: "docker" "inspect" "d8b05e2e73f3a75431fa2e5493bceba0949b0146e851911ede0337046b8d111b", kill_on_drop: false }`
[INFO] running `Command { std: "docker" "exec" "-e" "SOURCE_DIR=/opt/rustwide/workdir" "-e" "CARGO_HOME=/opt/rustwide/cargo-home" "-e" "RUSTUP_HOME=/opt/rustwide/rustup-home" "-e" "CARGO_TARGET_DIR=/opt/rustwide/target" "-w" "/opt/rustwide/workdir" "--user" "0:0" "d8b05e2e73f3a75431fa2e5493bceba0949b0146e851911ede0337046b8d111b" "/opt/rustwide/cargo-home/bin/cargo" "+1.99.0-beta.8" "metadata" "--no-deps" "--format-version=1", kill_on_drop: false }`
[INFO] running `Command { std: "docker" "inspect" "d8b05e2e73f3a75431fa2e5493bceba0949b0146e851911ede0337046b8d111b", kill_on_drop: false }`
[INFO] running `Command { std: "docker" "exec" "-e" "SOURCE_DIR=/opt/rustwide/workdir" "-e" "CARGO_HOME=/opt/rustwide/cargo-home" "-e" "RUSTUP_HOME=/opt/rustwide/rustup-home" "-e" "CARGO_TARGET_DIR=/opt/rustwide/target" "-e" "CARGO_INCREMENTAL=0" "-e" "RUST_BACKTRACE=full" "-e" "RUSTFLAGS=--cap-lints=warn" "-e" "RUSTDOCFLAGS=--cap-lints=warn" "-w" "/opt/rustwide/workdir" "--user" "0:0" "d8b05e2e73f3a75431fa2e5493bceba0949b0146e851911ede0337046b8d111b" "/opt/rustwide/cargo-home/bin/cargo" "+1.99.0-beta.8" "build" "--frozen" "--message-format=json", kill_on_drop: false }`
[INFO] [stderr]    Compiling proc-macro2 v1.0.105
[INFO] [stderr]    Compiling unicode-ident v1.0.22
[INFO] [stderr]    Compiling quote v1.0.43
[INFO] [stderr]    Compiling serde_core v1.0.228
[INFO] [stderr]    Compiling libc v0.2.180
[INFO] [stderr]    Compiling foldhash v0.2.0
[INFO] [stderr]    Compiling allocator-api2 v0.2.21
[INFO] [stderr]    Compiling unicode-segmentation v1.12.0
[INFO] [stderr]    Compiling serde v1.0.228
[INFO] [stderr]    Compiling autocfg v1.5.0
[INFO] [stderr]    Compiling thiserror v2.0.17
[INFO] [stderr]    Compiling foldhash v0.1.5
[INFO] [stderr]    Compiling ryu v1.0.22
[INFO] [stderr]    Compiling itoa v1.0.17
[INFO] [stderr]    Compiling getrandom v0.3.4
[INFO] [stderr]    Compiling either v1.15.0
[INFO] [stderr]    Compiling hashbrown v0.15.5
[INFO] [stderr]    Compiling tracing-core v0.1.36
[INFO] [stderr]    Compiling arraydeque v0.5.1
[INFO] [stderr]    Compiling castaway v0.2.4
[INFO] [stderr]    Compiling encoding_rs v0.8.35
[INFO] [stderr]    Compiling static_assertions v1.1.0
[INFO] [stderr]    Compiling unsafe-libyaml v0.2.11
[INFO] [stderr]    Compiling unicode-width v0.2.2
[INFO] [stderr]    Compiling indoc v2.0.7
[INFO] [stderr]    Compiling itertools v0.14.0
[INFO] [stderr]    Compiling convert_case v0.10.0
[INFO] [stderr]    Compiling winnow v0.7.14
[INFO] [stderr]    Compiling shell-words v1.1.1
[INFO] [stderr]    Compiling hashbrown v0.16.1
[INFO] [stderr]    Compiling num-traits v0.2.19
[INFO] [stderr]    Compiling path-clean v1.0.1
[INFO] [stderr]    Compiling tracing-subscriber v0.3.22
[INFO] [stderr]    Compiling editor-command v2.0.0
[INFO] [stderr]    Compiling glob v0.3.3
[INFO] [stderr]    Compiling syn v2.0.114
[INFO] [stderr]    Compiling hashlink v0.10.0
[INFO] [stderr]    Compiling lru v0.16.3
[INFO] [stderr]    Compiling saphyr-parser v0.0.6
[INFO] [stderr]    Compiling dirs-sys v0.5.0
[INFO] [stderr]    Compiling ordered-float v5.1.0
[INFO] [stderr]    Compiling dirs v6.0.0
[INFO] [stderr]    Compiling uuid v1.19.0
[INFO] [stderr]    Compiling saphyr v0.0.6
[INFO] [stderr]    Compiling unicode-truncate v2.0.1
[INFO] [stderr]    Compiling indexmap v2.13.0
[INFO] [stderr]    Compiling bitflags v2.10.0
[INFO] [stderr]    Compiling terminput v0.5.12
[INFO] [stderr]    Compiling serde_derive v1.0.228
[INFO] [stderr]    Compiling thiserror-impl v2.0.17
[INFO] [stderr]    Compiling derive_more-impl v2.1.1
[INFO] [stderr]    Compiling strum_macros v0.27.2
[INFO] [stderr]    Compiling tracing-attributes v0.1.31
[INFO] [stderr]    Compiling tracing v0.1.44
[INFO] [stderr]    Compiling kasuari v0.4.11
[INFO] [stderr]    Compiling strum v0.27.2
[INFO] [stderr]    Compiling derive_more v2.1.1
[INFO] [stderr]    Compiling compact_str v0.9.0
[INFO] [stderr]    Compiling serde_yaml v0.9.34+deprecated
[INFO] [stderr]    Compiling ratatui-core v0.1.0
[INFO] [stderr]    Compiling slumber_util v5.3.0
[INFO] [stderr]    Compiling slumber_config v5.3.0 (/opt/rustwide/workdir)
[INFO] [stderr]     Finished `dev` profile [unoptimized + debuginfo] target(s) in 24.64s
[INFO] running `Command { std: "docker" "inspect" "d8b05e2e73f3a75431fa2e5493bceba0949b0146e851911ede0337046b8d111b", kill_on_drop: false }`
[INFO] running `Command { std: "docker" "exec" "-e" "SOURCE_DIR=/opt/rustwide/workdir" "-e" "CARGO_HOME=/opt/rustwide/cargo-home" "-e" "RUSTUP_HOME=/opt/rustwide/rustup-home" "-e" "CARGO_TARGET_DIR=/opt/rustwide/target" "-e" "CARGO_INCREMENTAL=0" "-e" "RUST_BACKTRACE=full" "-e" "RUSTFLAGS=--cap-lints=warn" "-e" "RUSTDOCFLAGS=--cap-lints=warn" "-w" "/opt/rustwide/workdir" "--user" "0:0" "d8b05e2e73f3a75431fa2e5493bceba0949b0146e851911ede0337046b8d111b" "/opt/rustwide/cargo-home/bin/cargo" "+1.99.0-beta.8" "test" "--frozen" "--no-run" "--message-format=json", kill_on_drop: false }`
[INFO] [stderr]    Compiling semver v1.0.27
[INFO] [stderr]    Compiling memchr v2.7.6
[INFO] [stderr]    Compiling regex-syntax v0.8.8
[INFO] [stderr]    Compiling syn v2.0.114
[INFO] [stderr]    Compiling relative-path v1.9.3
[INFO] [stderr]    Compiling yansi v1.0.1
[INFO] [stderr]    Compiling diff v0.1.13
[INFO] [stderr]    Compiling env-lock v1.0.2
[INFO] [stderr]    Compiling rustc_version v0.4.1
[INFO] [stderr]    Compiling pretty_assertions v1.4.1
[INFO] [stderr]    Compiling rstest_macros v0.26.1
[INFO] [stderr]    Compiling aho-corasick v1.1.4
[INFO] [stderr]    Compiling regex-automata v0.4.13
[INFO] [stderr]    Compiling regex v1.12.2
[INFO] [stderr]    Compiling serde_derive v1.0.228
[INFO] [stderr]    Compiling thiserror-impl v2.0.17
[INFO] [stderr]    Compiling tracing-attributes v0.1.31
[INFO] [stderr]    Compiling strum_macros v0.27.2
[INFO] [stderr]    Compiling derive_more-impl v2.1.1
[INFO] [stderr]    Compiling thiserror v2.0.17
[INFO] [stderr]    Compiling tracing v0.1.44
[INFO] [stderr]    Compiling kasuari v0.4.11
[INFO] [stderr]    Compiling strum v0.27.2
[INFO] [stderr]    Compiling derive_more v2.1.1
[INFO] [stderr]    Compiling rstest v0.26.1
[INFO] [stderr]    Compiling serde v1.0.228
[INFO] [stderr]    Compiling serde_yaml v0.9.34+deprecated
[INFO] [stderr]    Compiling compact_str v0.9.0
[INFO] [stderr]    Compiling serde_test v1.0.177
[INFO] [stderr]    Compiling ratatui-core v0.1.0
[INFO] [stderr]    Compiling slumber_util v5.3.0
[INFO] [stderr]    Compiling slumber_config v5.3.0 (/opt/rustwide/workdir)
[INFO] [stderr]     Finished `test` profile [unoptimized + debuginfo] target(s) in 26.30s
[INFO] running `Command { std: "docker" "inspect" "d8b05e2e73f3a75431fa2e5493bceba0949b0146e851911ede0337046b8d111b", kill_on_drop: false }`
[INFO] running `Command { std: "docker" "exec" "-e" "SOURCE_DIR=/opt/rustwide/workdir" "-e" "CARGO_HOME=/opt/rustwide/cargo-home" "-e" "RUSTUP_HOME=/opt/rustwide/rustup-home" "-e" "CARGO_TARGET_DIR=/opt/rustwide/target" "-e" "CARGO_INCREMENTAL=0" "-e" "RUST_BACKTRACE=full" "-e" "RUSTFLAGS=--cap-lints=warn" "-e" "RUSTDOCFLAGS=--cap-lints=warn" "-w" "/opt/rustwide/workdir" "--user" "0:0" "d8b05e2e73f3a75431fa2e5493bceba0949b0146e851911ede0337046b8d111b" "/opt/rustwide/cargo-home/bin/cargo" "+1.99.0-beta.8" "test" "--frozen", kill_on_drop: false }`
[INFO] [stderr]     Finished `test` profile [unoptimized + debuginfo] target(s) in 0.16s
[INFO] [stderr]      Running unittests src/lib.rs (/opt/rustwide/target/debug/deps/slumber_config-36669f279b608388)
[INFO] [stdout] 
[INFO] [stdout] running 48 tests
[INFO] [stdout] test tests::test_custom_config_path ... ok
[INFO] [stdout] test tui::input::tests::test_key_modifier ... ok
[INFO] [stdout] test tui::input::tests::test_key_combination_matches::case_6_missing_modifier ... ok
[INFO] [stdout] test tui::input::tests::test_key_combination_matches::case_2_extra_modifier ... ok
[INFO] [stdout] test tui::input::tests::test_key_combination_matches::case_3_caps_input ... ok
[INFO] [stdout] test tui::input::tests::test_key_combination_matches::case_4_caps_binding ... ok
[INFO] [stdout] test tui::input::tests::test_key_combination_matches::case_5_multiple_modifiers ... ok
[INFO] [stdout] test tui::input::tests::test_parse_key_combination::case_04_page_up ... ok
[INFO] [stdout] test tui::input::tests::test_key_combination_matches::case_1_char_only ... ok
[INFO] [stdout] test tui::input::tests::test_parse_key_combination::case_03_tab ... ok
[INFO] [stdout] test tui::input::tests::test_parse_key_combination::case_05_page_down ... ok
[INFO] [stdout] test tui::input::tests::test_parse_key_combination::case_06_caps_lock ... ok
[INFO] [stdout] test tui::input::tests::test_parse_key_combination::case_07_f_key_with_modifier ... ok
[INFO] [stdout] test tui::input::tests::test_parse_key_combination::case_02_f_key ... ok
[INFO] [stdout] test tui::input::tests::test_deserialize_input_binding ... ok
[INFO] [stdout] test tui::input::tests::test_parse_key_combination::case_10_all_modifiers ... ok
[INFO] [stdout] test tui::input::tests::test_key_code ... ok
[INFO] [stdout] test tui::input::tests::test_parse_key_combination::case_01_whitespace_stripped ... ok
[INFO] [stdout] test tui::input::tests::test_parse_key_combination_error::case_1_empty ... ok
[INFO] [stdout] test tui::input::tests::test_parse_key_combination_error::case_2_whitespace_only ... ok
[INFO] [stdout] test tui::input::tests::test_parse_key_combination::case_12_backtab_modifiers ... ok
[INFO] [stdout] test tui::input::tests::test_parse_key_combination::case_08_extra_whitespace ... ok
[INFO] [stdout] test tui::input::tests::test_parse_key_combination::case_09_extra_extra_whitespace ... ok
[INFO] [stdout] test tui::input::tests::test_parse_key_combination_error::case_3_invalid_delimiter ... ok
[INFO] [stdout] test tui::input::tests::test_parse_key_combination::case_11_backtab ... ok
[INFO] [stdout] test tui::input::tests::test_parse_key_combination_error::case_4_modifier_last ... ok
[INFO] [stdout] test tui::input::tests::test_parse_key_combination_error::case_5_invalid_modifier ... ok
[INFO] [stdout] test tui::mime::tests::test_deserialize::case_1_string ... ok
[INFO] [stdout] test tui::mime::tests::test_deserialize::case_2_empty_map ... ok
[INFO] [stdout] test tui::input::tests::test_user_bindings::case_2_default_not_available ... ok
[INFO] [stdout] test tui::mime::tests::test_match_mimes::case_1_wildcard ... ok
[INFO] [stdout] test tui::input::tests::test_user_bindings::case_1_user_binding ... ok
[INFO] [stdout] test tui::mime::tests::test_deserialize::case_3_aliases ... ok
[INFO] [stdout] test tui::input::tests::test_user_bindings::case_3_unbound ... ok
[INFO] [stdout] test tui::mime::tests::test_match_mimes::case_2_default ... ok
[INFO] [stdout] test tui::mime::tests::test_match_mimes::case_3_priority ... ok
[INFO] [stdout] test tui::mime::tests::test_match_mimes::case_4_json_plain ... ok
[INFO] [stdout] test tui::mime::tests::test_match_mimes::case_7_override_mime ... ok
[INFO] [stdout] test tui::input::tests::test_parse_key_combination_error::case_6_modifier_only ... ok
[INFO] [stdout] test tui::input::tests::test_parse_key_combination_error::case_7_duplicate_modifier ... ok
[INFO] [stdout] test tui::mime::tests::test_match_mimes::case_5_json_extension ... ok
[INFO] [stdout] test tui::mime::tests::test_match_mimes::case_6_essence ... ok
[INFO] [stdout] test tests::test_load_file_does_not_exist_cannot_create ... FAILED
[INFO] [stdout] test tests::test_load_file_invalid ... ok
[INFO] [stdout] test tests::test_replace_old_default_file ... ok
[INFO] [stdout] test tests::test_load_file_empty ... ok
[INFO] [stdout] test tests::test_load_file_exists_readonly ... ok
[INFO] [stdout] test tests::test_load_file_does_not_exist_can_create ... ok
[INFO] [stdout] 
[INFO] [stdout] failures:
[INFO] [stdout] 
[INFO] [stdout] ---- tests::test_load_file_does_not_exist_cannot_create stdout ----
[INFO] [stdout] 
[INFO] [stdout] thread 'tests::test_load_file_does_not_exist_cannot_create' (1678) panicked at src/lib.rs:405:9:
[INFO] [stdout] assertion failed: !config_path.path.exists()
[INFO] [stdout] stack backtrace:
[INFO] [stdout]    0:     0x5c5a8448ece1 - std[70759c8f55707aa4]::backtrace_rs::backtrace::libunwind::trace
[INFO] [stdout]                                at /rustc/dfb0accb7f508ae8be965d8629557221c889dd98/library/std/src/../../backtrace/src/backtrace/libunwind.rs:117:9
[INFO] [stdout]    1:     0x5c5a8448ece1 - std[70759c8f55707aa4]::backtrace_rs::backtrace::trace_unsynchronized::<std[70759c8f55707aa4]::sys::backtrace::_print_fmt::{closure#1}>
[INFO] [stdout]                                at /rustc/dfb0accb7f508ae8be965d8629557221c889dd98/library/std/src/../../backtrace/src/backtrace/mod.rs:66:14
[INFO] [stdout]    2:     0x5c5a8448ece1 - std[70759c8f55707aa4]::sys::backtrace::_print_fmt
[INFO] [stdout]                                at /rustc/dfb0accb7f508ae8be965d8629557221c889dd98/library/std/src/sys/backtrace.rs:74:9
[INFO] [stdout]    3:     0x5c5a8448ece1 - <<std[70759c8f55707aa4]::sys::backtrace::BacktraceLock>::print::DisplayBacktrace as core[df12db4294e9bfd3]::fmt::Display>::fmt
[INFO] [stdout]                                at /rustc/dfb0accb7f508ae8be965d8629557221c889dd98/library/std/src/sys/backtrace.rs:44:26
[INFO] [stdout]    4:     0x5c5a844a582a - <core[df12db4294e9bfd3]::fmt::rt::Argument>::fmt
[INFO] [stdout]                                at /rustc/dfb0accb7f508ae8be965d8629557221c889dd98/library/core/src/fmt/rt.rs:152:76
[INFO] [stdout]    5:     0x5c5a844a582a - core[df12db4294e9bfd3]::fmt::write
[INFO] [stdout]    6:     0x5c5a844934ac - core[df12db4294e9bfd3]::io::write::default_write_fmt::<alloc[2182bb758b4b3781]::vec::Vec<u8>>
[INFO] [stdout]                                at /rustc/dfb0accb7f508ae8be965d8629557221c889dd98/library/core/src/io/write.rs:402:11
[INFO] [stdout]    7:     0x5c5a844934ac - <alloc[2182bb758b4b3781]::vec::Vec<u8> as core[df12db4294e9bfd3]::io::write::Write>::write_fmt
[INFO] [stdout]                                at /rustc/dfb0accb7f508ae8be965d8629557221c889dd98/library/core/src/io/write.rs:335:13
[INFO] [stdout]    8:     0x5c5a84468cf6 - <std[70759c8f55707aa4]::sys::backtrace::BacktraceLock>::print
[INFO] [stdout]                                at /rustc/dfb0accb7f508ae8be965d8629557221c889dd98/library/std/src/sys/backtrace.rs:47:9
[INFO] [stdout]    9:     0x5c5a84468cf6 - std[70759c8f55707aa4]::panicking::default_hook::{closure#0}
[INFO] [stdout]                                at /rustc/dfb0accb7f508ae8be965d8629557221c889dd98/library/std/src/panicking.rs:292:27
[INFO] [stdout]   10:     0x5c5a844863a9 - std[70759c8f55707aa4]::panicking::default_hook
[INFO] [stdout]                                at /rustc/dfb0accb7f508ae8be965d8629557221c889dd98/library/std/src/panicking.rs:316:9
[INFO] [stdout]   11:     0x5c5a843029b0 - <alloc[2182bb758b4b3781]::boxed::Box<dyn for<'a, 'b> core[df12db4294e9bfd3]::ops::function::Fn<(&'a std[70759c8f55707aa4]::panic::PanicHookInfo<'b>,), Output = ()> + core[df12db4294e9bfd3]::marker::Send + core[df12db4294e9bfd3]::marker::Sync> as core[df12db4294e9bfd3]::ops::function::Fn<(&std[70759c8f55707aa4]::panic::PanicHookInfo,)>>::call
[INFO] [stdout]                                at /rustc/dfb0accb7f508ae8be965d8629557221c889dd98/library/alloc/src/boxed.rs:2334:9
[INFO] [stdout]   12:     0x5c5a843029b0 - test[9d35eded1c95d3be]::test_main_inner::<test[9d35eded1c95d3be]::test_main_static::{closure#0}>::{closure#0}
[INFO] [stdout]                                at /rustc/dfb0accb7f508ae8be965d8629557221c889dd98/library/test/src/lib.rs:155:21
[INFO] [stdout]   13:     0x5c5a84486562 - <alloc[2182bb758b4b3781]::boxed::Box<dyn for<'a, 'b> core[df12db4294e9bfd3]::ops::function::Fn<(&'a std[70759c8f55707aa4]::panic::PanicHookInfo<'b>,), Output = ()> + core[df12db4294e9bfd3]::marker::Send + core[df12db4294e9bfd3]::marker::Sync> as core[df12db4294e9bfd3]::ops::function::Fn<(&std[70759c8f55707aa4]::panic::PanicHookInfo,)>>::call
[INFO] [stdout]                                at /rustc/dfb0accb7f508ae8be965d8629557221c889dd98/library/alloc/src/boxed.rs:2334:9
[INFO] [stdout]   14:     0x5c5a84486562 - std[70759c8f55707aa4]::panicking::panic_with_hook
[INFO] [stdout]                                at /rustc/dfb0accb7f508ae8be965d8629557221c889dd98/library/std/src/panicking.rs:823:13
[INFO] [stdout]   15:     0x5c5a84468dd4 - std[70759c8f55707aa4]::panicking::panic_handler::{closure#0}
[INFO] [stdout]                                at /rustc/dfb0accb7f508ae8be965d8629557221c889dd98/library/std/src/panicking.rs:681:13
[INFO] [stdout]   16:     0x5c5a844616b9 - std[70759c8f55707aa4]::sys::backtrace::__rust_end_short_backtrace::<std[70759c8f55707aa4]::panicking::panic_handler::{closure#0}, !>
[INFO] [stdout]                                at /rustc/dfb0accb7f508ae8be965d8629557221c889dd98/library/std/src/sys/backtrace.rs:182:18
[INFO] [stdout]   17:     0x5c5a84469c7d - __rustc[8fa7c3cbc660c2b3]::rust_begin_unwind
[INFO] [stdout]                                at /rustc/dfb0accb7f508ae8be965d8629557221c889dd98/library/std/src/panicking.rs:679:5
[INFO] [stdout]   18:     0x5c5a844a604c - core[df12db4294e9bfd3]::panicking::panic_fmt
[INFO] [stdout]                                at /rustc/dfb0accb7f508ae8be965d8629557221c889dd98/library/core/src/panicking.rs:80:14
[INFO] [stdout]   19:     0x5c5a844a6012 - core[df12db4294e9bfd3]::panicking::panic
[INFO] [stdout]                                at /rustc/dfb0accb7f508ae8be965d8629557221c889dd98/library/core/src/panicking.rs:150:5
[INFO] [stdout]   20:     0x5c5a842c95aa - slumber_config[275bc9c0b87f221b]::tests::test_load_file_does_not_exist_cannot_create::test_load_file_does_not_exist_cannot_create
[INFO] [stdout]                                at /opt/rustwide/workdir/src/lib.rs:405:9
[INFO] [stdout]   21:     0x5c5a842c776f - slumber_config[275bc9c0b87f221b]::tests::test_load_file_does_not_exist_cannot_create
[INFO] [stdout]                                at /opt/rustwide/workdir/src/lib.rs:390:5
[INFO] [stdout]   22:     0x5c5a842c4567 - slumber_config[275bc9c0b87f221b]::tests::test_load_file_does_not_exist_cannot_create::{closure#0}
[INFO] [stdout]                                at /opt/rustwide/workdir/src/lib.rs:390:14
[INFO] [stdout]   23:     0x5c5a842ec766 - <slumber_config[275bc9c0b87f221b]::tests::test_load_file_does_not_exist_cannot_create::{closure#0} as core[df12db4294e9bfd3]::ops::function::FnOnce<()>>::call_once
[INFO] [stdout]                                at /rustc/dfb0accb7f508ae8be965d8629557221c889dd98/library/core/src/ops/function.rs:250:5
[INFO] [stdout]   24:     0x5c5a842f5c9b - <fn() -> core[df12db4294e9bfd3]::result::Result<(), alloc[2182bb758b4b3781]::string::String> as core[df12db4294e9bfd3]::ops::function::FnOnce<()>>::call_once
[INFO] [stdout]                                at /rustc/dfb0accb7f508ae8be965d8629557221c889dd98/library/core/src/ops/function.rs:250:5
[INFO] [stdout]   25:     0x5c5a842f5c9b - test[9d35eded1c95d3be]::__rust_begin_short_backtrace::<core[df12db4294e9bfd3]::result::Result<(), alloc[2182bb758b4b3781]::string::String>, fn() -> core[df12db4294e9bfd3]::result::Result<(), alloc[2182bb758b4b3781]::string::String>>
[INFO] [stdout]                                at /rustc/dfb0accb7f508ae8be965d8629557221c889dd98/library/test/src/lib.rs:733:18
[INFO] [stdout]   26:     0x5c5a84303305 - test[9d35eded1c95d3be]::run_test_in_process::{closure#0}
[INFO] [stdout]                                at /rustc/dfb0accb7f508ae8be965d8629557221c889dd98/library/test/src/lib.rs:756:74
[INFO] [stdout]   27:     0x5c5a84303305 - <core[df12db4294e9bfd3]::panic::unwind_safe::AssertUnwindSafe<test[9d35eded1c95d3be]::run_test_in_process::{closure#0}> as core[df12db4294e9bfd3]::ops::function::FnOnce<()>>::call_once
[INFO] [stdout]                                at /rustc/dfb0accb7f508ae8be965d8629557221c889dd98/library/core/src/panic/unwind_safe.rs:275:9
[INFO] [stdout]   28:     0x5c5a84303305 - std[70759c8f55707aa4]::panicking::catch_unwind::do_call::<core[df12db4294e9bfd3]::panic::unwind_safe::AssertUnwindSafe<test[9d35eded1c95d3be]::run_test_in_process::{closure#0}>, core[df12db4294e9bfd3]::result::Result<(), alloc[2182bb758b4b3781]::string::String>>
[INFO] [stdout]                                at /rustc/dfb0accb7f508ae8be965d8629557221c889dd98/library/std/src/panicking.rs:576:43
[INFO] [stdout]   29:     0x5c5a84303305 - std[70759c8f55707aa4]::panicking::catch_unwind::<core[df12db4294e9bfd3]::result::Result<(), alloc[2182bb758b4b3781]::string::String>, core[df12db4294e9bfd3]::panic::unwind_safe::AssertUnwindSafe<test[9d35eded1c95d3be]::run_test_in_process::{closure#0}>>
[INFO] [stdout]                                at /rustc/dfb0accb7f508ae8be965d8629557221c889dd98/library/std/src/panicking.rs:544:19
[INFO] [stdout]   30:     0x5c5a84303305 - std[70759c8f55707aa4]::panic::catch_unwind::<core[df12db4294e9bfd3]::panic::unwind_safe::AssertUnwindSafe<test[9d35eded1c95d3be]::run_test_in_process::{closure#0}>, core[df12db4294e9bfd3]::result::Result<(), alloc[2182bb758b4b3781]::string::String>>
[INFO] [stdout]                                at /rustc/dfb0accb7f508ae8be965d8629557221c889dd98/library/std/src/panic.rs:359:14
[INFO] [stdout]   31:     0x5c5a84303305 - test[9d35eded1c95d3be]::run_test_in_process
[INFO] [stdout]                                at /rustc/dfb0accb7f508ae8be965d8629557221c889dd98/library/test/src/lib.rs:756:27
[INFO] [stdout]   32:     0x5c5a84303305 - test[9d35eded1c95d3be]::run_test::{closure#0}
[INFO] [stdout]                                at /rustc/dfb0accb7f508ae8be965d8629557221c889dd98/library/test/src/lib.rs:677:43
[INFO] [stdout]   33:     0x5c5a842fcbc4 - test[9d35eded1c95d3be]::run_test::{closure#1}
[INFO] [stdout]                                at /rustc/dfb0accb7f508ae8be965d8629557221c889dd98/library/test/src/lib.rs:707:41
[INFO] [stdout]   34:     0x5c5a842fcbc4 - std[70759c8f55707aa4]::sys::backtrace::__rust_begin_short_backtrace::<test[9d35eded1c95d3be]::run_test::{closure#1}, ()>
[INFO] [stdout]                                at /rustc/dfb0accb7f508ae8be965d8629557221c889dd98/library/std/src/sys/backtrace.rs:166:18
[INFO] [stdout]   35:     0x5c5a84306462 - std[70759c8f55707aa4]::thread::lifecycle::spawn_unchecked::<test[9d35eded1c95d3be]::run_test::{closure#1}, ()>::{closure#1}::{closure#0}
[INFO] [stdout]                                at /rustc/dfb0accb7f508ae8be965d8629557221c889dd98/library/std/src/thread/lifecycle.rs:70:13
[INFO] [stdout]   36:     0x5c5a84306462 - <core[df12db4294e9bfd3]::panic::unwind_safe::AssertUnwindSafe<std[70759c8f55707aa4]::thread::lifecycle::spawn_unchecked<test[9d35eded1c95d3be]::run_test::{closure#1}, ()>::{closure#1}::{closure#0}> as core[df12db4294e9bfd3]::ops::function::FnOnce<()>>::call_once
[INFO] [stdout]                                at /rustc/dfb0accb7f508ae8be965d8629557221c889dd98/library/core/src/panic/unwind_safe.rs:275:9
[INFO] [stdout]   37:     0x5c5a84306462 - std[70759c8f55707aa4]::panicking::catch_unwind::do_call::<core[df12db4294e9bfd3]::panic::unwind_safe::AssertUnwindSafe<std[70759c8f55707aa4]::thread::lifecycle::spawn_unchecked<test[9d35eded1c95d3be]::run_test::{closure#1}, ()>::{closure#1}::{closure#0}>, ()>
[INFO] [stdout]                                at /rustc/dfb0accb7f508ae8be965d8629557221c889dd98/library/std/src/panicking.rs:576:43
[INFO] [stdout]   38:     0x5c5a84306462 - std[70759c8f55707aa4]::panicking::catch_unwind::<(), core[df12db4294e9bfd3]::panic::unwind_safe::AssertUnwindSafe<std[70759c8f55707aa4]::thread::lifecycle::spawn_unchecked<test[9d35eded1c95d3be]::run_test::{closure#1}, ()>::{closure#1}::{closure#0}>>
[INFO] [stdout]                                at /rustc/dfb0accb7f508ae8be965d8629557221c889dd98/library/std/src/panicking.rs:544:19
[INFO] [stdout]   39:     0x5c5a84306462 - std[70759c8f55707aa4]::panic::catch_unwind::<core[df12db4294e9bfd3]::panic::unwind_safe::AssertUnwindSafe<std[70759c8f55707aa4]::thread::lifecycle::spawn_unchecked<test[9d35eded1c95d3be]::run_test::{closure#1}, ()>::{closure#1}::{closure#0}>, ()>
[INFO] [stdout]                                at /rustc/dfb0accb7f508ae8be965d8629557221c889dd98/library/std/src/panic.rs:359:14
[INFO] [stdout]   40:     0x5c5a84306462 - std[70759c8f55707aa4]::thread::lifecycle::spawn_unchecked::<test[9d35eded1c95d3be]::run_test::{closure#1}, ()>::{closure#1}
[INFO] [stdout]                                at /rustc/dfb0accb7f508ae8be965d8629557221c889dd98/library/std/src/thread/lifecycle.rs:68:26
[INFO] [stdout]   41:     0x5c5a84306462 - <std[70759c8f55707aa4]::thread::lifecycle::spawn_unchecked<test[9d35eded1c95d3be]::run_test::{closure#1}, ()>::{closure#1} as core[df12db4294e9bfd3]::ops::function::FnOnce<()>>::call_once::{shim:vtable#0}
[INFO] [stdout]                                at /rustc/dfb0accb7f508ae8be965d8629557221c889dd98/library/core/src/ops/function.rs:250:5
[INFO] [stdout]   42:     0x5c5a8448e029 - <alloc[2182bb758b4b3781]::boxed::Box<dyn core[df12db4294e9bfd3]::ops::function::FnOnce<(), Output = ()> + core[df12db4294e9bfd3]::marker::Send> as core[df12db4294e9bfd3]::ops::function::FnOnce<()>>::call_once
[INFO] [stdout]                                at /rustc/dfb0accb7f508ae8be965d8629557221c889dd98/library/alloc/src/boxed.rs:2320:9
[INFO] [stdout]   43:     0x5c5a8448e029 - <std[70759c8f55707aa4]::sys::thread::unix::Thread>::new::thread_start
[INFO] [stdout]                                at /rustc/dfb0accb7f508ae8be965d8629557221c889dd98/library/std/src/sys/thread/unix.rs:123:17
[INFO] [stdout]   44:     0x74fde349bdfa - <unknown>
[INFO] [stdout]   45:     0x74fde352f3d4 - clone
[INFO] [stdout]   46:                0x0 - <unknown>
[INFO] [stdout] 
[INFO] [stdout] 
[INFO] [stdout] failures:
[INFO] [stdout]     tests::test_load_file_does_not_exist_cannot_create
[INFO] [stdout] 
[INFO] [stdout] test result: FAILED. 47 passed; 1 failed; 0 ignored; 0 measured; 0 filtered out; finished in 0.09s
[INFO] [stdout] 
[INFO] [stderr] error: test failed, to rerun pass `--lib`
[INFO] running `Command { std: "docker" "inspect" "d8b05e2e73f3a75431fa2e5493bceba0949b0146e851911ede0337046b8d111b", kill_on_drop: false }`
[INFO] running `Command { std: "docker" "rm" "-f" "d8b05e2e73f3a75431fa2e5493bceba0949b0146e851911ede0337046b8d111b", kill_on_drop: false }`
[INFO] [stdout] d8b05e2e73f3a75431fa2e5493bceba0949b0146e851911ede0337046b8d111b
