[INFO] fetching crate skyzen-services 0.2.1...
[INFO] testing skyzen-services-0.2.1 against 1.100.0-beta.1 for beta-1.100-2
[INFO] extracting crate skyzen-services 0.2.1 into /workspace/builds/worker-3-tc2/source
[INFO] started tweaking crates.io crate skyzen-services 0.2.1
[INFO] finished tweaking crates.io crate skyzen-services 0.2.1
[INFO] tweaked toml for crates.io crate skyzen-services 0.2.1 written to /workspace/builds/worker-3-tc2/source/Cargo.toml
[INFO] validating manifest of crates.io crate skyzen-services 0.2.1 on toolchain 1.100.0-beta.1
[INFO] running `Command { std: CARGO_HOME="/workspace/cargo-home" RUSTUP_HOME="/workspace/rustup-home" "/workspace/cargo-home/bin/cargo" "+1.100.0-beta.1" "metadata" "--manifest-path" "Cargo.toml" "--no-deps", kill_on_drop: false }`
[INFO] crate crates.io crate skyzen-services 0.2.1 already has a lockfile, it will not be regenerated
[INFO] running `Command { std: CARGO_HOME="/workspace/cargo-home" RUSTUP_HOME="/workspace/rustup-home" "/workspace/cargo-home/bin/cargo" "+1.100.0-beta.1" "fetch" "--manifest-path" "Cargo.toml", kill_on_drop: false }`
[INFO] running `Command { std: "docker" "create" "-v" "/var/lib/crater-agent-workspace/builds/worker-3-tc2/source:/opt/rustwide/workdir:ro,Z" "-v" "/var/lib/crater-agent-workspace/builds/worker-3-tc2/target:/opt/rustwide/target:rw,Z" "-v" "/var/lib/crater-agent-workspace/cargo-home:/opt/rustwide/cargo-home:ro,Z" "-v" "/var/lib/crater-agent-workspace/rustup-home:/opt/rustwide/rustup-home:ro,Z" "-m" "1610612736" "--network" "none" "ghcr.io/rust-lang/crates-build-env/linux@sha256:3111399a4047eeb3a02b7a90e478d715f38a8c6669b5c4b49d30a17385265909" "sleep" "infinity", kill_on_drop: false }`
[INFO] [stdout] 29b8abfedbee5edb1ee5b1b2408213ca07c3b907bb2cb955ad262f07953cd13a
[INFO] running `Command { std: "docker" "start" "29b8abfedbee5edb1ee5b1b2408213ca07c3b907bb2cb955ad262f07953cd13a", kill_on_drop: false }`
[INFO] running `Command { std: "docker" "inspect" "29b8abfedbee5edb1ee5b1b2408213ca07c3b907bb2cb955ad262f07953cd13a", kill_on_drop: false }`
[INFO] running `Command { std: "docker" "exec" "-e" "SOURCE_DIR=/opt/rustwide/workdir" "-e" "CARGO_HOME=/opt/rustwide/cargo-home" "-e" "RUSTUP_HOME=/opt/rustwide/rustup-home" "-e" "CARGO_TARGET_DIR=/opt/rustwide/target" "-w" "/opt/rustwide/workdir" "--user" "0:0" "29b8abfedbee5edb1ee5b1b2408213ca07c3b907bb2cb955ad262f07953cd13a" "/opt/rustwide/cargo-home/bin/cargo" "+1.100.0-beta.1" "metadata" "--no-deps" "--format-version=1", kill_on_drop: false }`
[INFO] running `Command { std: "docker" "inspect" "29b8abfedbee5edb1ee5b1b2408213ca07c3b907bb2cb955ad262f07953cd13a", kill_on_drop: false }`
[INFO] running `Command { std: "docker" "exec" "-e" "SOURCE_DIR=/opt/rustwide/workdir" "-e" "CARGO_HOME=/opt/rustwide/cargo-home" "-e" "RUSTUP_HOME=/opt/rustwide/rustup-home" "-e" "CARGO_TARGET_DIR=/opt/rustwide/target" "-e" "CARGO_INCREMENTAL=0" "-e" "RUST_BACKTRACE=full" "-e" "RUSTFLAGS=--cap-lints=warn" "-e" "RUSTDOCFLAGS=--cap-lints=warn" "-w" "/opt/rustwide/workdir" "--user" "0:0" "29b8abfedbee5edb1ee5b1b2408213ca07c3b907bb2cb955ad262f07953cd13a" "/opt/rustwide/cargo-home/bin/cargo" "+1.100.0-beta.1" "build" "--frozen" "--message-format=json", kill_on_drop: false }`
[INFO] [stderr]    Compiling num-traits v0.2.19
[INFO] [stderr]    Compiling find-msvc-tools v0.1.12
[INFO] [stderr]    Compiling crossbeam-utils v0.8.22
[INFO] [stderr]    Compiling syn v3.0.5
[INFO] [stderr]    Compiling getrandom v0.2.17
[INFO] [stderr]    Compiling futures-sink v0.3.34
[INFO] [stderr]    Compiling serde_json v1.0.151
[INFO] [stderr]    Compiling digest v0.10.7
[INFO] [stderr]    Compiling base64ct v1.8.3
[INFO] [stderr]    Compiling ppv-lite86 v0.2.21
[INFO] [stderr]    Compiling spin v0.9.9
[INFO] [stderr]    Compiling bigdecimal v0.4.10
[INFO] [stderr]    Compiling tracing v0.1.44
[INFO] [stderr]    Compiling crc-catalog v2.5.0
[INFO] [stderr]    Compiling tinyvec v1.13.2
[INFO] [stderr]    Compiling hashlink v0.10.0
[INFO] [stderr]    Compiling futures-util v0.3.34
[INFO] [stderr]    Compiling cc v1.4.5
[INFO] [stderr]    Compiling rand_core v0.6.4
[INFO] [stderr]    Compiling crc v3.4.0
[INFO] [stderr]    Compiling num-bigint-dig v0.8.6
[INFO] [stderr]    Compiling uuid v1.26.0
[INFO] [stderr]    Compiling sha2 v0.10.9
[INFO] [stderr]    Compiling time-core v0.1.9
[INFO] [stderr]    Compiling num-conv v0.2.2
[INFO] [stderr]    Compiling unicode-normalization v0.1.25
[INFO] [stderr]    Compiling hmac v0.12.1
[INFO] [stderr]    Compiling lazy_static v1.5.0
[INFO] [stderr]    Compiling pem-rfc7468 v0.7.0
[INFO] [stderr]    Compiling rand_chacha v0.3.1
[INFO] [stderr]    Compiling crossbeam-queue v0.3.13
[INFO] [stderr]    Compiling concurrent-queue v2.5.0
[INFO] [stderr]    Compiling futures-channel v0.3.34
[INFO] [stderr]    Compiling cookie v0.18.2
[INFO] [stderr]    Compiling rand v0.8.8
[INFO] [stderr]    Compiling time-macros v0.2.32
[INFO] [stderr]    Compiling eyre v0.6.14
[INFO] [stderr]    Compiling der v0.7.10
[INFO] [stderr]    Compiling powerfmt v0.2.0
[INFO] [stderr]    Compiling deranged v0.5.8
[INFO] [stderr]    Compiling stringprep v0.1.5
[INFO] [stderr]    Compiling hkdf v0.12.4
[INFO] [stderr]    Compiling signature v2.2.0
[INFO] [stderr]    Compiling num-integer v0.1.47
[INFO] [stderr]    Compiling chrono v0.4.45
[INFO] [stderr]    Compiling atoi v2.0.0
[INFO] [stderr]    Compiling md-5 v0.10.6
[INFO] [stderr]    Compiling event-listener-strategy v0.5.4
[INFO] [stderr]    Compiling bitflags v2.13.1
[INFO] [stderr]    Compiling byteorder v1.5.0
[INFO] [stderr]    Compiling dotenvy v0.15.7
[INFO] [stderr]    Compiling indenter v0.3.4
[INFO] [stderr]    Compiling num-bigint v0.4.8
[INFO] [stderr]    Compiling num-iter v0.1.46
[INFO] [stderr]    Compiling whoami v1.6.1
[INFO] [stderr]    Compiling async-executor v1.14.0
[INFO] [stderr]    Compiling async-channel v2.5.0
[INFO] [stderr]    Compiling sha1 v0.10.7
[INFO] [stderr]    Compiling flume v0.11.1
[INFO] [stderr]    Compiling executor-core v0.7.1
[INFO] [stderr]    Compiling secrecy v0.10.3
[INFO] [stderr]    Compiling psm v0.1.32
[INFO] [stderr]    Compiling libsqlite3-sys v0.30.1
[INFO] [stderr]    Compiling stacker v0.1.25
[INFO] [stderr]    Compiling spki v0.7.3
[INFO] [stderr]    Compiling pkcs8 v0.10.2
[INFO] [stderr]    Compiling recursive v0.1.1
[INFO] [stderr]    Compiling sqlparser v0.58.0
[INFO] [stderr]    Compiling pkcs1 v0.7.5
[INFO] [stderr]    Compiling time v0.3.55
[INFO] [stderr]    Compiling serde_derive v1.0.229
[INFO] [stderr]    Compiling zerovec-derive v0.11.6
[INFO] [stderr]    Compiling displaydoc v0.2.7
[INFO] [stderr]    Compiling thiserror-impl v2.0.20
[INFO] [stderr]    Compiling futures-executor v0.3.34
[INFO] [stderr]    Compiling zerotrie v0.2.5
[INFO] [stderr]    Compiling thiserror v2.0.20
[INFO] [stderr]    Compiling zerovec v0.11.8
[INFO] [stderr]    Compiling tinystr v0.8.4
[INFO] [stderr]    Compiling potential_utf v0.1.6
[INFO] [stderr]    Compiling icu_collections v2.3.0
[INFO] [stderr]    Compiling icu_locale_core v2.3.0
[INFO] [stderr]    Compiling serde v1.0.229
[INFO] [stderr]    Compiling icu_provider v2.3.1
[INFO] [stderr]    Compiling icu_properties v2.3.0
[INFO] [stderr]    Compiling smallvec v1.16.0
[INFO] [stderr]    Compiling either v1.18.0
[INFO] [stderr]    Compiling serde_urlencoded v0.7.1
[INFO] [stderr]    Compiling bytestr v0.3.1
[INFO] [stderr]    Compiling icu_normalizer v2.3.0
[INFO] [stderr]    Compiling parking_lot_core v0.9.12
[INFO] [stderr]    Compiling http-kit v0.4.2
[INFO] [stderr]    Compiling skyzen-core v0.2.1
[INFO] [stderr]    Compiling parking_lot v0.12.5
[INFO] [stderr]    Compiling futures-intrusive v0.5.0
[INFO] [stderr]    Compiling idna_adapter v1.2.2
[INFO] [stderr]    Compiling idna v1.1.0
[INFO] [stderr]    Compiling rsa v0.9.10
[INFO] [stderr]    Compiling url v2.5.8
[INFO] [stderr]    Compiling sqlx-core v0.8.6
[INFO] [stderr]    Compiling sqlx-mysql v0.8.6
[INFO] [stderr]    Compiling sqlx-sqlite v0.8.6
[INFO] [stderr]    Compiling sqlx-postgres v0.8.6
[INFO] [stderr]    Compiling sqlx v0.8.6
[INFO] [stderr]    Compiling skyzen-services v0.2.1 (/opt/rustwide/workdir)
[INFO] [stderr]     Finished `dev` profile [unoptimized + debuginfo] target(s) in 51.11s
[INFO] running `Command { std: "docker" "inspect" "29b8abfedbee5edb1ee5b1b2408213ca07c3b907bb2cb955ad262f07953cd13a", kill_on_drop: false }`
[INFO] running `Command { std: "docker" "exec" "-e" "SOURCE_DIR=/opt/rustwide/workdir" "-e" "CARGO_HOME=/opt/rustwide/cargo-home" "-e" "RUSTUP_HOME=/opt/rustwide/rustup-home" "-e" "CARGO_TARGET_DIR=/opt/rustwide/target" "-e" "CARGO_INCREMENTAL=0" "-e" "RUST_BACKTRACE=full" "-e" "RUSTFLAGS=--cap-lints=warn" "-e" "RUSTDOCFLAGS=--cap-lints=warn" "-w" "/opt/rustwide/workdir" "--user" "0:0" "29b8abfedbee5edb1ee5b1b2408213ca07c3b907bb2cb955ad262f07953cd13a" "/opt/rustwide/cargo-home/bin/cargo" "+1.100.0-beta.1" "test" "--frozen" "--no-run" "--message-format=json", kill_on_drop: false }`
[INFO] [stderr]    Compiling syn v3.0.5
[INFO] [stderr]    Compiling serde_derive v1.0.229
[INFO] [stderr]    Compiling zerovec-derive v0.11.6
[INFO] [stderr]    Compiling displaydoc v0.2.7
[INFO] [stderr]    Compiling thiserror-impl v2.0.20
[INFO] [stderr]    Compiling tokio-macros v2.7.2
[INFO] [stderr]    Compiling tokio v1.53.1
[INFO] [stderr]    Compiling zerotrie v0.2.5
[INFO] [stderr]    Compiling thiserror v2.0.20
[INFO] [stderr]    Compiling zerovec v0.11.8
[INFO] [stderr]    Compiling tinystr v0.8.4
[INFO] [stderr]    Compiling potential_utf v0.1.6
[INFO] [stderr]    Compiling icu_locale_core v2.3.0
[INFO] [stderr]    Compiling icu_collections v2.3.0
[INFO] [stderr]    Compiling serde v1.0.229
[INFO] [stderr]    Compiling icu_provider v2.3.1
[INFO] [stderr]    Compiling smallvec v1.16.0
[INFO] [stderr]    Compiling either v1.18.0
[INFO] [stderr]    Compiling serde_urlencoded v0.7.1
[INFO] [stderr]    Compiling bytestr v0.3.1
[INFO] [stderr]    Compiling parking_lot_core v0.9.12
[INFO] [stderr]    Compiling num-bigint-dig v0.8.6
[INFO] [stderr]    Compiling icu_properties v2.3.0
[INFO] [stderr]    Compiling icu_normalizer v2.3.0
[INFO] [stderr]    Compiling http-kit v0.4.2
[INFO] [stderr]    Compiling parking_lot v0.12.5
[INFO] [stderr]    Compiling futures-intrusive v0.5.0
[INFO] [stderr]    Compiling skyzen-core v0.2.1
[INFO] [stderr]    Compiling rsa v0.9.10
[INFO] [stderr]    Compiling idna_adapter v1.2.2
[INFO] [stderr]    Compiling idna v1.1.0
[INFO] [stderr]    Compiling url v2.5.8
[INFO] [stderr]    Compiling sqlx-core v0.8.6
[INFO] [stderr]    Compiling sqlx-postgres v0.8.6
[INFO] [stderr]    Compiling sqlx-mysql v0.8.6
[INFO] [stderr]    Compiling sqlx-sqlite v0.8.6
[INFO] [stderr]    Compiling sqlx v0.8.6
[INFO] [stderr]    Compiling skyzen-services v0.2.1 (/opt/rustwide/workdir)
[INFO] [stderr]     Finished `test` profile [unoptimized + debuginfo] target(s) in 35.49s
[INFO] running `Command { std: "docker" "inspect" "29b8abfedbee5edb1ee5b1b2408213ca07c3b907bb2cb955ad262f07953cd13a", kill_on_drop: false }`
[INFO] running `Command { std: "docker" "exec" "-e" "SOURCE_DIR=/opt/rustwide/workdir" "-e" "CARGO_HOME=/opt/rustwide/cargo-home" "-e" "RUSTUP_HOME=/opt/rustwide/rustup-home" "-e" "CARGO_TARGET_DIR=/opt/rustwide/target" "-e" "CARGO_INCREMENTAL=0" "-e" "RUST_BACKTRACE=full" "-e" "RUSTFLAGS=--cap-lints=warn" "-e" "RUSTDOCFLAGS=--cap-lints=warn" "-w" "/opt/rustwide/workdir" "--user" "0:0" "29b8abfedbee5edb1ee5b1b2408213ca07c3b907bb2cb955ad262f07953cd13a" "/opt/rustwide/cargo-home/bin/cargo" "+1.100.0-beta.1" "test" "--frozen", kill_on_drop: false }`
[INFO] [stderr]     Finished `test` profile [unoptimized + debuginfo] target(s) in 0.26s
[INFO] [stderr]      Running unittests src/lib.rs (/opt/rustwide/target/debug/build/skyzen-services/ead520a3b68ff696/out/skyzen_services-ead520a3b68ff696)
[INFO] [stdout] 
[INFO] [stdout] running 122 tests
[INFO] [stdout] test durable::kv::tests::extractor_returns_internal_server_error_when_durable_kv_is_missing ... ok
[INFO] [stdout] test http_status_tests::backend_without_a_cause_has_no_source ... ok
[INFO] [stdout] test http_status_tests::backend_with_keeps_the_underlying_cause ... ok
[INFO] [stdout] test durable::kv::tests::middleware_injects_durable_kv_for_downstream_endpoint_and_extractor ... ok
[INFO] [stdout] test http_status_tests::queue_error_statuses ... ok
[INFO] [stdout] test http_status_tests::storage_error_statuses ... ok
[INFO] [stdout] test durable::alarm::tests::wrapper_supports_set_get_and_delete_alarm ... ok
[INFO] [stdout] test http_status_tests::db_error_statuses ... ok
[INFO] [stdout] test kv::tests::extractor_returns_internal_server_error_when_kv_is_missing ... ok
[INFO] [stdout] test durable::alarm::tests::middleware_injects_alarm_for_downstream_endpoint_and_extractor ... ok
[INFO] [stdout] test kv::tests::get_text_reports_invalid_utf8_as_decode_error ... ok
[INFO] [stdout] test durable::alarm::tests::extractor_returns_internal_server_error_when_alarm_is_missing ... ok
[INFO] [stdout] test kv::tests::list_all_refuses_a_backend_that_repeats_its_cursor ... ok
[INFO] [stdout] test http_status_tests::durable_db_error_conversion_forwards_the_cause ... ok
[INFO] [stdout] test kv::tests::list_all_drains_every_page_the_backend_hands_back ... ok
[INFO] [stdout] test durable::alarm::tests::missing_configuration_error_uses_expected_status ... ok
[INFO] [stdout] test kv::tests::put_with_ttl_defaults_to_unsupported ... ok
[INFO] [stdout] test http_status_tests::durable_error_statuses ... ok
[INFO] [stdout] test migrate::tests::a_repeated_version_is_refused_even_when_sorted ... ok
[INFO] [stdout] test kv::tests::wrapper_supports_crud_and_list_round_trip ... ok
[INFO] [stdout] test kv::tests::atomic_primitives_default_to_unsupported ... ok
[INFO] [stdout] test migrate::tests::an_empty_set_is_ordered ... ok
[INFO] [stdout] test durable::kv::tests::wrapper_supports_crud_listing_and_json_helpers ... ok
[INFO] [stdout] test durable::kv::tests::get_json_surfaces_deserialization_errors ... ok
[INFO] [stdout] test durable::kv::tests::missing_configuration_error_uses_expected_status ... ok
[INFO] [stdout] test migrate::tests::an_out_of_order_set_is_refused_before_anything_runs ... ok
[INFO] [stdout] test durable::sql::tests::execute_validates_placeholder_count ... ok
[INFO] [stdout] test migrate::tests::the_hex_checksum_is_what_the_bookkeeping_column_stores ... ok
[INFO] [stdout] test queue::envelope::tests::text_that_looks_like_an_envelope_is_escaped_so_the_encoding_stays_injective ... ok
[INFO] [stdout] test queue::envelope::tests::a_body_that_merely_looks_base64_is_not_decoded ... ok
[INFO] [stdout] test queue::envelope::tests::text_xml_cannot_carry_is_base64_encoded ... ok
[INFO] [stdout] test durable::sql::tests::matching_placeholder_count_executes ... ok
[INFO] [stdout] test http_status_tests::kv_error_statuses ... ok
[INFO] [stdout] test queue::envelope::tests::json_passes_through_unchanged ... ok
[INFO] [stdout] test migrate::tests::every_dialects_bookkeeping_statements_are_one_statement_that_tokenizes ... ok
[INFO] [stdout] test migrate::tests::t_sql_records_the_applied_time_from_the_utc_clock ... ok
[INFO] [stdout] test queue::envelope::tests::unicode_text_passes_through_unchanged ... ok
[INFO] [stdout] test migrate::tests::an_ordered_set_passes_and_is_addressable_by_version ... ok
[INFO] [stdout] test migrate::tests::every_dialects_version_row_binds_exactly_the_three_values_the_runner_supplies ... ok
[INFO] [stdout] test migrate::tests::t_sql_guards_the_create_rather_than_using_if_not_exists ... ok
[INFO] [stdout] test queue::tests::middleware_injects_queue_for_downstream_endpoint_and_extractor ... ok
[INFO] [stdout] test queue::envelope::tests::a_body_prefixed_base64_that_is_not_base64_is_refused ... ok
[INFO] [stdout] test queue::envelope::tests::binary_is_base64_encoded_behind_the_prefix ... ok
[INFO] [stdout] test queue::tests::send_with_forwards_a_plain_send_and_refuses_an_unsupported_delay ... ok
[INFO] [stdout] test sql::db_value_tests::rich_types_convert_without_being_stringified_by_the_caller ... ok
[INFO] [stdout] test sql::fallback_tests::both_decode_failures_render_null_instead_of_failing_the_query ... ok
[INFO] [stdout] test sql::fallback_tests::string_decode_failure_falls_back_to_bytes ... ok
[INFO] [stdout] test sql::fallback_tests::successful_string_decode_is_rendered_as_string ... ok
[INFO] [stdout] test queue::tests::decode_json_surfaces_invalid_message_payloads ... ok
[INFO] [stdout] test queue::tests::decodes_queue_batch_json ... ok
[INFO] [stdout] test sql::prepare_tests::a_t_sql_parameter_count_mismatch_is_reported ... ok
[INFO] [stdout] test queue::tests::extractor_returns_internal_server_error_when_queue_is_missing ... ok
[INFO] [stdout] test sql::fallback_tests::sql_null_is_rendered_as_json_null ... ok
[INFO] [stdout] test queue::tests::pull_consumption_defaults_to_unsupported_on_a_push_only_backend ... ok
[INFO] [stdout] test sql::prepare_tests::an_unterminated_t_sql_literal_fails_to_tokenize ... ok
[INFO] [stdout] test queue::tests::queue_batch_helpers_preserve_metadata_and_encode_json ... ok
[INFO] [stdout] test queue::tests::received_message_decodes_its_body_while_keeping_the_lease ... ok
[INFO] [stdout] test queue::tests::wrapper_sends_raw_and_json_messages ... ok
[INFO] [stdout] test sql::prepare_tests::multibyte_content_is_preserved_during_rewrite ... ok
[INFO] [stdout] test sql::db_value_tests::an_absent_rich_value_still_binds_as_null ... ok
[INFO] [stdout] test sql::prepare_tests::counts_and_keeps_question_mark_placeholders_for_sqlite ... ok
[INFO] [stdout] test sql::db_value_tests::an_unsigned_value_binds_exactly_whether_or_not_it_fits_a_signed_column ... ok
[INFO] [stdout] test kv::tests::get_json_round_trips_and_reports_malformed_payloads ... ok
[INFO] [stdout] test sql::prepare_tests::question_mark_inside_comment_is_not_a_placeholder ... ok
[INFO] [stdout] test sql::prepare_tests::question_mark_inside_string_literal_is_not_a_placeholder ... ok
[INFO] [stdout] test sql::prepare_tests::reports_parameter_count_mismatch ... ok
[INFO] [stdout] test sql::row::tests::a_column_enum_round_trips_through_its_tokens ... ok
[INFO] [stdout] test sql::prepare_tests::rewrites_placeholders_to_numbered_form_for_postgres ... ok
[INFO] [stdout] test sql::prepare_tests::rewrites_placeholders_to_the_at_p_form_for_mssql ... ok
[INFO] [stdout] test sql::prepare_tests::multiline_multibyte_queries_map_locations_correctly ... ok
[INFO] [stdout] test sql::row::tests::a_failed_column_names_the_column ... ok
[INFO] [stdout] test sql::row::tests::a_scalar_needs_exactly_one_column ... ok
[INFO] [stdout] test sql::row::tests::a_missing_column_names_the_ones_that_are_there ... ok
[INFO] [stdout] test sql::prepare_tests::t_sql_literals_identifiers_and_comments_survive_the_rewrite ... ok
[INFO] [stdout] test sql::single_row_tests::a_clause_that_must_follow_limit_blocks_the_rewrite ... ok
[INFO] [stdout] test sql::single_row_tests::a_cte_query_gets_a_limit ... ok
[INFO] [stdout] test sql::row::tests::booleans_accept_the_integer_sqlite_stores ... ok
[INFO] [stdout] test sql::row::tests::decimals_stay_exact_through_the_string_form ... ok
[INFO] [stdout] test sql::row::tests::integers_decode_from_every_form_a_backend_produces ... ok
[INFO] [stdout] test sql::row::tests::integers_refuse_what_they_cannot_represent ... ok
[INFO] [stdout] test sql::row::tests::json_columns_decode_whether_the_backend_kept_them_as_json_or_as_text ... ok
[INFO] [stdout] test sql::row::tests::json_row_hands_the_whole_row_to_serde ... ok
[INFO] [stdout] test sql::single_row_tests::a_plain_select_gets_a_limit ... ok
[INFO] [stdout] test sql::row::tests::null_reaches_option_and_nothing_else ... ok
[INFO] [stdout] test sql::row::tests::uuids_decode_from_both_the_string_and_the_byte_forms ... ok
[INFO] [stdout] test sql::row::tests::timestamps_decode_from_both_the_zoned_and_the_naive_renderings ... ok
[INFO] [stdout] test sql::single_row_tests::a_multi_statement_string_is_never_rewritten ... ok
[INFO] [stdout] test sql::single_row_tests::a_bare_select_keyword_is_left_alone_rather_than_panicking ... ok
[INFO] [stdout] test sql::single_row_tests::t_sql_leaves_everything_that_is_not_a_select_alone ... ok
[INFO] [stdout] test sql::single_row_tests::t_sql_multibyte_content_keeps_its_boundaries ... ok
[INFO] [stdout] test sql::single_row_tests::the_limit_survives_a_trailing_line_comment ... ok
[INFO] [stdout] test sql::single_row_tests::the_limit_goes_before_a_trailing_semicolon ... ok
[INFO] [stdout] test sql::single_row_tests::t_sql_leaves_a_statement_that_already_bounds_itself_alone ... ok
[INFO] [stdout] test sql::single_row_tests::a_statement_that_already_bounds_itself_is_left_alone ... ok
[INFO] [stdout] test sql::single_row_tests::only_a_query_is_rewritten ... ok
[INFO] [stdout] test sql::single_row_tests::t_sql_bounds_the_row_count_with_top_instead_of_limit ... ok
[INFO] [stdout] test sql::single_row_tests::t_sql_keeps_the_statement_it_splices_into_byte_for_byte ... ok
[INFO] [stdout] test sql::split_tests::a_semicolon_inside_a_comment_is_content ... ok
[INFO] [stdout] test sql::split_tests::a_semicolon_inside_a_string_literal_is_content ... ok
[INFO] [stdout] test sql::split_tests::a_semicolon_inside_a_quoted_identifier_is_content ... ok
[INFO] [stdout] test sql::split_tests::a_single_statement_needs_no_terminator ... ok
[INFO] [stdout] test sql::single_row_tests::every_limit_dialect_accepts_the_same_clause ... ok
[INFO] [stdout] test sql::split_tests::unbalanced_quoting_is_a_parse_error_not_a_silent_split ... ok
[INFO] [stdout] test sql::single_row_tests::t_sql_puts_top_after_distinct_where_the_grammar_wants_it ... ok
[INFO] [stdout] test sql::split_tests::every_dialect_splits_the_same_ordinary_migration ... ok
[INFO] [stdout] test sql::split_tests::a_t_sql_migration_splits_on_statement_semicolons_only ... ok
[INFO] [stdout] test storage::tests::extractor_returns_internal_server_error_when_storage_is_missing ... ok
[INFO] [stdout] test storage::tests::byte_range_reports_an_unsatisfiable_selection_as_none ... ok
[INFO] [stdout] test storage::tests::byte_range_resolves_against_a_known_object_size ... ok
[INFO] [stdout] test sql::single_row_tests::t_sql_refuses_to_bound_a_query_top_cannot_bound_whole ... ok
[INFO] [stdout] test storage::tests::middleware_injects_storage_for_downstream_endpoint_and_extractor ... ok
[INFO] [stdout] test storage::tests::put_options_report_the_extended_options_a_backend_cannot_honour ... ok
[INFO] [stdout] test sql::split_tests::multibyte_content_keeps_its_boundaries ... ok
[INFO] [stdout] test sql::split_tests::splits_on_the_semicolons_between_statements ... ok
[INFO] [stdout] test storage::tests::storage_stream_round_trips_a_buffered_chunk ... ok
[INFO] [stdout] test storage::tests::streaming_range_and_presign_default_to_unsupported ... ok
[INFO] [stdout] test storage::tests::wrapper_supports_crud_list_and_head_operations ... ok
[INFO] [stdout] test sql::split_tests::segments_holding_only_whitespace_or_comments_are_dropped ... ok
[INFO] [stdout] test queue::tests::receive_options_default_to_a_single_message ... ok
[INFO] [stdout] test http_status_tests::an_edited_migration_names_the_file_and_both_checksums ... ok
[INFO] [stdout] test sql::row::tests::a_row_that_is_not_an_object_is_refused_where_it_arrives ... ok
[INFO] [stdout] test durable::sqlite::tests::executes_and_reads_sql ... FAILED
[INFO] [stdout] 
[INFO] [stdout] failures:
[INFO] [stdout] 
[INFO] [stdout] ---- durable::sqlite::tests::executes_and_reads_sql stdout ----
[INFO] [stdout] 
[INFO] [stdout] thread 'durable::sqlite::tests::executes_and_reads_sql' (2100) panicked at /opt/rustwide/cargo-home/registry/src/index.crates.io-1949cf8c6b5b557f/sqlx-core-0.8.6/src/pool/inner.rs:58:24:
[INFO] [stdout] either the `runtime-async-std` or `runtime-tokio` feature must be enabled
[INFO] [stdout] stack backtrace:
[INFO] [stdout]    0:     0x58a12ba2da61 - std[617be2ca0a6fd877]::backtrace_rs::backtrace::libunwind::trace
[INFO] [stdout]                                at /rustc/e3feeb59cd1bdd011a2bfcc0747b55125d9b8527/library/std/src/../../backtrace/src/backtrace/libunwind.rs:117:9
[INFO] [stdout]    1:     0x58a12ba2da61 - std[617be2ca0a6fd877]::backtrace_rs::backtrace::trace_unsynchronized::<std[617be2ca0a6fd877]::sys::backtrace::_print_fmt::{closure#1}>
[INFO] [stdout]                                at /rustc/e3feeb59cd1bdd011a2bfcc0747b55125d9b8527/library/std/src/../../backtrace/src/backtrace/mod.rs:66:14
[INFO] [stdout]    2:     0x58a12ba2da61 - std[617be2ca0a6fd877]::sys::backtrace::_print_fmt
[INFO] [stdout]                                at /rustc/e3feeb59cd1bdd011a2bfcc0747b55125d9b8527/library/std/src/sys/backtrace.rs:74:9
[INFO] [stdout]    3:     0x58a12ba2da61 - <<std[617be2ca0a6fd877]::sys::backtrace::BacktraceLock>::print::DisplayBacktrace as core[a373ad73a504971]::fmt::Display>::fmt
[INFO] [stdout]                                at /rustc/e3feeb59cd1bdd011a2bfcc0747b55125d9b8527/library/std/src/sys/backtrace.rs:44:26
[INFO] [stdout]    4:     0x58a12ba4549a - <core[a373ad73a504971]::fmt::rt::Argument>::fmt
[INFO] [stdout]                                at /rustc/e3feeb59cd1bdd011a2bfcc0747b55125d9b8527/library/core/src/fmt/rt.rs:152:76
[INFO] [stdout]    5:     0x58a12ba4549a - core[a373ad73a504971]::fmt::write
[INFO] [stdout]    6:     0x58a12ba31d7c - core[a373ad73a504971]::io::write::default_write_fmt::<alloc[2e1b2a31b91974c5]::vec::Vec<u8>>
[INFO] [stdout]                                at /rustc/e3feeb59cd1bdd011a2bfcc0747b55125d9b8527/library/core/src/io/write.rs:402:11
[INFO] [stdout]    7:     0x58a12ba31d7c - <alloc[2e1b2a31b91974c5]::vec::Vec<u8> as core[a373ad73a504971]::io::write::Write>::write_fmt
[INFO] [stdout]                                at /rustc/e3feeb59cd1bdd011a2bfcc0747b55125d9b8527/library/core/src/io/write.rs:335:13
[INFO] [stdout]    8:     0x58a12ba096e6 - <std[617be2ca0a6fd877]::sys::backtrace::BacktraceLock>::print
[INFO] [stdout]                                at /rustc/e3feeb59cd1bdd011a2bfcc0747b55125d9b8527/library/std/src/sys/backtrace.rs:47:9
[INFO] [stdout]    9:     0x58a12ba096e6 - std[617be2ca0a6fd877]::panicking::default_hook::{closure#0}
[INFO] [stdout]                                at /rustc/e3feeb59cd1bdd011a2bfcc0747b55125d9b8527/library/std/src/panicking.rs:289:27
[INFO] [stdout]   10:     0x58a12ba25c79 - std[617be2ca0a6fd877]::panicking::default_hook
[INFO] [stdout]                                at /rustc/e3feeb59cd1bdd011a2bfcc0747b55125d9b8527/library/std/src/panicking.rs:313:9
[INFO] [stdout]   11:     0x58a12b1c8350 - <alloc[2e1b2a31b91974c5]::boxed::Box<dyn for<'a, 'b> core[a373ad73a504971]::ops::function::Fn<(&'a std[617be2ca0a6fd877]::panic::PanicHookInfo<'b>,), Output = ()> + core[a373ad73a504971]::marker::Sync + core[a373ad73a504971]::marker::Send> as core[a373ad73a504971]::ops::function::Fn<(&std[617be2ca0a6fd877]::panic::PanicHookInfo,)>>::call
[INFO] [stdout]                                at /rustc/e3feeb59cd1bdd011a2bfcc0747b55125d9b8527/library/alloc/src/boxed.rs:2328:9
[INFO] [stdout]   12:     0x58a12b1c8350 - test[aada8e7e76ba119b]::test_main_inner::{closure#0}
[INFO] [stdout]                                at /rustc/e3feeb59cd1bdd011a2bfcc0747b55125d9b8527/library/test/src/lib.rs:137:21
[INFO] [stdout]   13:     0x58a12ba25fa2 - <alloc[2e1b2a31b91974c5]::boxed::Box<dyn for<'a, 'b> core[a373ad73a504971]::ops::function::Fn<(&'a std[617be2ca0a6fd877]::panic::PanicHookInfo<'b>,), Output = ()> + core[a373ad73a504971]::marker::Sync + core[a373ad73a504971]::marker::Send> as core[a373ad73a504971]::ops::function::Fn<(&std[617be2ca0a6fd877]::panic::PanicHookInfo,)>>::call
[INFO] [stdout]                                at /rustc/e3feeb59cd1bdd011a2bfcc0747b55125d9b8527/library/alloc/src/boxed.rs:2328:9
[INFO] [stdout]   14:     0x58a12ba25fa2 - std[617be2ca0a6fd877]::panicking::panic_with_hook
[INFO] [stdout]                                at /rustc/e3feeb59cd1bdd011a2bfcc0747b55125d9b8527/library/std/src/panicking.rs:819:13
[INFO] [stdout]   15:     0x58a12ba097c4 - std[617be2ca0a6fd877]::panicking::panic_handler::{closure#0}
[INFO] [stdout]                                at /rustc/e3feeb59cd1bdd011a2bfcc0747b55125d9b8527/library/std/src/panicking.rs:678:13
[INFO] [stdout]   16:     0x58a12ba02479 - std[617be2ca0a6fd877]::sys::backtrace::__rust_end_short_backtrace::<std[617be2ca0a6fd877]::panicking::panic_handler::{closure#0}, !>
[INFO] [stdout]                                at /rustc/e3feeb59cd1bdd011a2bfcc0747b55125d9b8527/library/std/src/sys/backtrace.rs:182:18
[INFO] [stdout]   17:     0x58a12ba0a39d - __rustc[ea4f61d10b84890b]::rust_begin_unwind
[INFO] [stdout]                                at /rustc/e3feeb59cd1bdd011a2bfcc0747b55125d9b8527/library/std/src/panicking.rs:676:5
[INFO] [stdout]   18:     0x58a12ba45cbc - core[a373ad73a504971]::panicking::panic_fmt
[INFO] [stdout]                                at /rustc/e3feeb59cd1bdd011a2bfcc0747b55125d9b8527/library/core/src/panicking.rs:80:14
[INFO] [stdout]   19:     0x58a12b572d25 - sqlx_core[b8fc342efb3658bb]::rt::missing_rt::<(bool, usize)>
[INFO] [stdout]                                at /opt/rustwide/cargo-home/registry/src/index.crates.io-1949cf8c6b5b557f/sqlx-core-0.8.6/src/rt/mod.rs:143:5
[INFO] [stdout]   20:     0x58a12b57c264 - <sqlx_core[b8fc342efb3658bb]::sync::AsyncSemaphore>::new
[INFO] [stdout]                                at /opt/rustwide/cargo-home/registry/src/index.crates.io-1949cf8c6b5b557f/sqlx-core-0.8.6/src/sync.rs:28:13
[INFO] [stdout]   21:     0x58a12b16d05a - <sqlx_core[b8fc342efb3658bb]::pool::inner::PoolInner<sqlx_sqlite[266f7d00c34b7f0]::database::Sqlite>>::new_arc
[INFO] [stdout]                                at /opt/rustwide/cargo-home/registry/src/index.crates.io-1949cf8c6b5b557f/sqlx-core-0.8.6/src/pool/inner.rs:58:24
[INFO] [stdout]   22:     0x58a12b0bee48 - <sqlx_core[b8fc342efb3658bb]::pool::options::PoolOptions<sqlx_sqlite[266f7d00c34b7f0]::database::Sqlite>>::connect_with::{closure#0}
[INFO] [stdout]                                at /opt/rustwide/cargo-home/registry/src/index.crates.io-1949cf8c6b5b557f/sqlx-core-0.8.6/src/pool/options.rs:544:21
[INFO] [stdout]   23:     0x58a12b0bfa19 - <sqlx_core[b8fc342efb3658bb]::pool::options::PoolOptions<sqlx_sqlite[266f7d00c34b7f0]::database::Sqlite>>::connect::{closure#0}
[INFO] [stdout]                                at /opt/rustwide/cargo-home/registry/src/index.crates.io-1949cf8c6b5b557f/sqlx-core-0.8.6/src/pool/options.rs:529:41
[INFO] [stdout]   24:     0x58a12b091761 - <skyzen_services[872105e2e3165a60]::sql::Db>::connect_sqlite_memory::{closure#0}
[INFO] [stdout]                                at /opt/rustwide/workdir/src/sql.rs:780:18
[INFO] [stdout]   25:     0x58a12b142a15 - <skyzen_services[872105e2e3165a60]::durable::sqlite::SqliteDurableDb>::in_memory::{closure#0}
[INFO] [stdout]                                at /opt/rustwide/workdir/src/durable/sqlite.rs:24:18
[INFO] [stdout]   26:     0x58a12b16be34 - skyzen_services[872105e2e3165a60]::durable::sqlite::tests::executes_and_reads_sql::{closure#0}
[INFO] [stdout]                                at /opt/rustwide/workdir/src/durable/sqlite.rs:92:14
[INFO] [stdout]   27:     0x58a12b0dec82 - <core[a373ad73a504971]::pin::Pin<&mut dyn core[a373ad73a504971]::future::future::Future<Output = ()>> as core[a373ad73a504971]::future::future::Future>::poll
[INFO] [stdout]                                at /rustc/e3feeb59cd1bdd011a2bfcc0747b55125d9b8527/library/core/src/future/future.rs:133:9
[INFO] [stdout]   28:     0x58a12b0decfd - <core[a373ad73a504971]::pin::Pin<&mut core[a373ad73a504971]::pin::Pin<&mut dyn core[a373ad73a504971]::future::future::Future<Output = ()>>> as core[a373ad73a504971]::future::future::Future>::poll
[INFO] [stdout]                                at /rustc/e3feeb59cd1bdd011a2bfcc0747b55125d9b8527/library/core/src/future/future.rs:133:9
[INFO] [stdout]   29:     0x58a12b186abd - <tokio[83833153945dbe37]::runtime::scheduler::current_thread::CoreGuard>::block_on::<core[a373ad73a504971]::pin::Pin<&mut core[a373ad73a504971]::pin::Pin<&mut dyn core[a373ad73a504971]::future::future::Future<Output = ()>>>>::{closure#0}::{closure#0}::{closure#0}
[INFO] [stdout]                                at /opt/rustwide/cargo-home/registry/src/index.crates.io-1949cf8c6b5b557f/tokio-1.53.1/src/runtime/scheduler/current_thread/mod.rs:830:70
[INFO] [stdout]   30:     0x58a12b1869f5 - tokio[83833153945dbe37]::task::coop::with_budget::<core[a373ad73a504971]::task::poll::Poll<()>, <tokio[83833153945dbe37]::runtime::scheduler::current_thread::CoreGuard>::block_on<core[a373ad73a504971]::pin::Pin<&mut core[a373ad73a504971]::pin::Pin<&mut dyn core[a373ad73a504971]::future::future::Future<Output = ()>>>>::{closure#0}::{closure#0}::{closure#0}>
[INFO] [stdout]                                at /opt/rustwide/cargo-home/registry/src/index.crates.io-1949cf8c6b5b557f/tokio-1.53.1/src/task/coop/mod.rs:167:5
[INFO] [stdout]   31:     0x58a12b1869f5 - tokio[83833153945dbe37]::task::coop::budget::<core[a373ad73a504971]::task::poll::Poll<()>, <tokio[83833153945dbe37]::runtime::scheduler::current_thread::CoreGuard>::block_on<core[a373ad73a504971]::pin::Pin<&mut core[a373ad73a504971]::pin::Pin<&mut dyn core[a373ad73a504971]::future::future::Future<Output = ()>>>>::{closure#0}::{closure#0}::{closure#0}>
[INFO] [stdout]                                at /opt/rustwide/cargo-home/registry/src/index.crates.io-1949cf8c6b5b557f/tokio-1.53.1/src/task/coop/mod.rs:133:5
[INFO] [stdout]   32:     0x58a12b1869f5 - <tokio[83833153945dbe37]::runtime::scheduler::current_thread::CoreGuard>::block_on::<core[a373ad73a504971]::pin::Pin<&mut core[a373ad73a504971]::pin::Pin<&mut dyn core[a373ad73a504971]::future::future::Future<Output = ()>>>>::{closure#0}::{closure#0}
[INFO] [stdout]                                at /opt/rustwide/cargo-home/registry/src/index.crates.io-1949cf8c6b5b557f/tokio-1.53.1/src/runtime/scheduler/current_thread/mod.rs:830:25
[INFO] [stdout]   33:     0x58a12b1813d2 - <tokio[83833153945dbe37]::runtime::scheduler::current_thread::Context>::enter::<core[a373ad73a504971]::task::poll::Poll<()>, <tokio[83833153945dbe37]::runtime::scheduler::current_thread::CoreGuard>::block_on<core[a373ad73a504971]::pin::Pin<&mut core[a373ad73a504971]::pin::Pin<&mut dyn core[a373ad73a504971]::future::future::Future<Output = ()>>>>::{closure#0}::{closure#0}>
[INFO] [stdout]                                at /opt/rustwide/cargo-home/registry/src/index.crates.io-1949cf8c6b5b557f/tokio-1.53.1/src/runtime/scheduler/current_thread/mod.rs:488:19
[INFO] [stdout]   34:     0x58a12b185ead - <tokio[83833153945dbe37]::runtime::scheduler::current_thread::CoreGuard>::block_on::<core[a373ad73a504971]::pin::Pin<&mut core[a373ad73a504971]::pin::Pin<&mut dyn core[a373ad73a504971]::future::future::Future<Output = ()>>>>::{closure#0}
[INFO] [stdout]                                at /opt/rustwide/cargo-home/registry/src/index.crates.io-1949cf8c6b5b557f/tokio-1.53.1/src/runtime/scheduler/current_thread/mod.rs:829:44
[INFO] [stdout]   35:     0x58a12b185144 - <tokio[83833153945dbe37]::runtime::scheduler::current_thread::CoreGuard>::enter::<<tokio[83833153945dbe37]::runtime::scheduler::current_thread::CoreGuard>::block_on<core[a373ad73a504971]::pin::Pin<&mut core[a373ad73a504971]::pin::Pin<&mut dyn core[a373ad73a504971]::future::future::Future<Output = ()>>>>::{closure#0}, core[a373ad73a504971]::option::Option<()>>::{closure#0}
[INFO] [stdout]                                at /opt/rustwide/cargo-home/registry/src/index.crates.io-1949cf8c6b5b557f/tokio-1.53.1/src/runtime/scheduler/current_thread/mod.rs:906:68
[INFO] [stdout]   36:     0x58a12b15afab - <tokio[83833153945dbe37]::runtime::context::scoped::Scoped<tokio[83833153945dbe37]::runtime::scheduler::Context>>::set::<<tokio[83833153945dbe37]::runtime::scheduler::current_thread::CoreGuard>::enter<<tokio[83833153945dbe37]::runtime::scheduler::current_thread::CoreGuard>::block_on<core[a373ad73a504971]::pin::Pin<&mut core[a373ad73a504971]::pin::Pin<&mut dyn core[a373ad73a504971]::future::future::Future<Output = ()>>>>::{closure#0}, core[a373ad73a504971]::option::Option<()>>::{closure#0}, (alloc[2e1b2a31b91974c5]::boxed::Box<tokio[83833153945dbe37]::runtime::scheduler::current_thread::Core>, core[a373ad73a504971]::option::Option<()>)>
[INFO] [stdout]                                at /opt/rustwide/cargo-home/registry/src/index.crates.io-1949cf8c6b5b557f/tokio-1.53.1/src/runtime/context/scoped.rs:40:9
[INFO] [stdout]   37:     0x58a12b1776d9 - tokio[83833153945dbe37]::runtime::context::set_scheduler::<(alloc[2e1b2a31b91974c5]::boxed::Box<tokio[83833153945dbe37]::runtime::scheduler::current_thread::Core>, core[a373ad73a504971]::option::Option<()>), <tokio[83833153945dbe37]::runtime::scheduler::current_thread::CoreGuard>::enter<<tokio[83833153945dbe37]::runtime::scheduler::current_thread::CoreGuard>::block_on<core[a373ad73a504971]::pin::Pin<&mut core[a373ad73a504971]::pin::Pin<&mut dyn core[a373ad73a504971]::future::future::Future<Output = ()>>>>::{closure#0}, core[a373ad73a504971]::option::Option<()>>::{closure#0}>::{closure#0}
[INFO] [stdout]                                at /opt/rustwide/cargo-home/registry/src/index.crates.io-1949cf8c6b5b557f/tokio-1.53.1/src/runtime/context.rs:187:38
[INFO] [stdout]   38:     0x58a12b0a875f - <std[617be2ca0a6fd877]::thread::local::LocalKey<tokio[83833153945dbe37]::runtime::context::Context>>::try_with::<tokio[83833153945dbe37]::runtime::context::set_scheduler<(alloc[2e1b2a31b91974c5]::boxed::Box<tokio[83833153945dbe37]::runtime::scheduler::current_thread::Core>, core[a373ad73a504971]::option::Option<()>), <tokio[83833153945dbe37]::runtime::scheduler::current_thread::CoreGuard>::enter<<tokio[83833153945dbe37]::runtime::scheduler::current_thread::CoreGuard>::block_on<core[a373ad73a504971]::pin::Pin<&mut core[a373ad73a504971]::pin::Pin<&mut dyn core[a373ad73a504971]::future::future::Future<Output = ()>>>>::{closure#0}, core[a373ad73a504971]::option::Option<()>>::{closure#0}>::{closure#0}, (alloc[2e1b2a31b91974c5]::boxed::Box<tokio[83833153945dbe37]::runtime::scheduler::current_thread::Core>, core[a373ad73a504971]::option::Option<()>)>
[INFO] [stdout]                                at /rustc/e3feeb59cd1bdd011a2bfcc0747b55125d9b8527/library/std/src/thread/local.rs:463:12
[INFO] [stdout]   39:     0x58a12b0a830e - <std[617be2ca0a6fd877]::thread::local::LocalKey<tokio[83833153945dbe37]::runtime::context::Context>>::with::<tokio[83833153945dbe37]::runtime::context::set_scheduler<(alloc[2e1b2a31b91974c5]::boxed::Box<tokio[83833153945dbe37]::runtime::scheduler::current_thread::Core>, core[a373ad73a504971]::option::Option<()>), <tokio[83833153945dbe37]::runtime::scheduler::current_thread::CoreGuard>::enter<<tokio[83833153945dbe37]::runtime::scheduler::current_thread::CoreGuard>::block_on<core[a373ad73a504971]::pin::Pin<&mut core[a373ad73a504971]::pin::Pin<&mut dyn core[a373ad73a504971]::future::future::Future<Output = ()>>>>::{closure#0}, core[a373ad73a504971]::option::Option<()>>::{closure#0}>::{closure#0}, (alloc[2e1b2a31b91974c5]::boxed::Box<tokio[83833153945dbe37]::runtime::scheduler::current_thread::Core>, core[a373ad73a504971]::option::Option<()>)>
[INFO] [stdout]                                at /rustc/e3feeb59cd1bdd011a2bfcc0747b55125d9b8527/library/std/src/thread/local.rs:427:20
[INFO] [stdout]   40:     0x58a12b174c9d - tokio[83833153945dbe37]::runtime::context::set_scheduler::<(alloc[2e1b2a31b91974c5]::boxed::Box<tokio[83833153945dbe37]::runtime::scheduler::current_thread::Core>, core[a373ad73a504971]::option::Option<()>), <tokio[83833153945dbe37]::runtime::scheduler::current_thread::CoreGuard>::enter<<tokio[83833153945dbe37]::runtime::scheduler::current_thread::CoreGuard>::block_on<core[a373ad73a504971]::pin::Pin<&mut core[a373ad73a504971]::pin::Pin<&mut dyn core[a373ad73a504971]::future::future::Future<Output = ()>>>>::{closure#0}, core[a373ad73a504971]::option::Option<()>>::{closure#0}>
[INFO] [stdout]                                at /opt/rustwide/cargo-home/registry/src/index.crates.io-1949cf8c6b5b557f/tokio-1.53.1/src/runtime/context.rs:187:17
[INFO] [stdout]   41:     0x58a12b1828f0 - <tokio[83833153945dbe37]::runtime::scheduler::current_thread::CoreGuard>::enter::<<tokio[83833153945dbe37]::runtime::scheduler::current_thread::CoreGuard>::block_on<core[a373ad73a504971]::pin::Pin<&mut core[a373ad73a504971]::pin::Pin<&mut dyn core[a373ad73a504971]::future::future::Future<Output = ()>>>>::{closure#0}, core[a373ad73a504971]::option::Option<()>>
[INFO] [stdout]                                at /opt/rustwide/cargo-home/registry/src/index.crates.io-1949cf8c6b5b557f/tokio-1.53.1/src/runtime/scheduler/current_thread/mod.rs:906:27
[INFO] [stdout]   42:     0x58a12b182be6 - <tokio[83833153945dbe37]::runtime::scheduler::current_thread::CoreGuard>::block_on::<core[a373ad73a504971]::pin::Pin<&mut core[a373ad73a504971]::pin::Pin<&mut dyn core[a373ad73a504971]::future::future::Future<Output = ()>>>>
[INFO] [stdout]                                at /opt/rustwide/cargo-home/registry/src/index.crates.io-1949cf8c6b5b557f/tokio-1.53.1/src/runtime/scheduler/current_thread/mod.rs:817:24
[INFO] [stdout]   43:     0x58a12b184ef0 - <tokio[83833153945dbe37]::runtime::scheduler::current_thread::CurrentThread>::block_on::<core[a373ad73a504971]::pin::Pin<&mut dyn core[a373ad73a504971]::future::future::Future<Output = ()>>>::{closure#0}
[INFO] [stdout]                                at /opt/rustwide/cargo-home/registry/src/index.crates.io-1949cf8c6b5b557f/tokio-1.53.1/src/runtime/scheduler/current_thread/mod.rs:218:33
[INFO] [stdout]   44:     0x58a12b0ca958 - tokio[83833153945dbe37]::runtime::context::runtime::enter_runtime::<<tokio[83833153945dbe37]::runtime::scheduler::current_thread::CurrentThread>::block_on<core[a373ad73a504971]::pin::Pin<&mut dyn core[a373ad73a504971]::future::future::Future<Output = ()>>>::{closure#0}, ()>
[INFO] [stdout]                                at /opt/rustwide/cargo-home/registry/src/index.crates.io-1949cf8c6b5b557f/tokio-1.53.1/src/runtime/context/runtime.rs:65:16
[INFO] [stdout]   45:     0x58a12b180f94 - <tokio[83833153945dbe37]::runtime::scheduler::current_thread::CurrentThread>::block_on::<core[a373ad73a504971]::pin::Pin<&mut dyn core[a373ad73a504971]::future::future::Future<Output = ()>>>
[INFO] [stdout]                                at /opt/rustwide/cargo-home/registry/src/index.crates.io-1949cf8c6b5b557f/tokio-1.53.1/src/runtime/scheduler/current_thread/mod.rs:206:9
[INFO] [stdout]   46:     0x58a12b0e0eaf - <tokio[83833153945dbe37]::runtime::runtime::Runtime>::block_on_inner::<core[a373ad73a504971]::pin::Pin<&mut dyn core[a373ad73a504971]::future::future::Future<Output = ()>>>
[INFO] [stdout]                                at /opt/rustwide/cargo-home/registry/src/index.crates.io-1949cf8c6b5b557f/tokio-1.53.1/src/runtime/runtime.rs:374:52
[INFO] [stdout]   47:     0x58a12b0e0ffb - <tokio[83833153945dbe37]::runtime::runtime::Runtime>::block_on::<core[a373ad73a504971]::pin::Pin<&mut dyn core[a373ad73a504971]::future::future::Future<Output = ()>>>
[INFO] [stdout]                                at /opt/rustwide/cargo-home/registry/src/index.crates.io-1949cf8c6b5b557f/tokio-1.53.1/src/runtime/runtime.rs:343:18
[INFO] [stdout]   48:     0x58a12b16de6e - skyzen_services[872105e2e3165a60]::durable::sqlite::tests::executes_and_reads_sql
[INFO] [stdout]                                at /opt/rustwide/workdir/src/durable/sqlite.rs:111:29
[INFO] [stdout]   49:     0x58a12b16bc77 - skyzen_services[872105e2e3165a60]::durable::sqlite::tests::executes_and_reads_sql::{closure#0}
[INFO] [stdout]                                at /opt/rustwide/workdir/src/durable/sqlite.rs:90:38
[INFO] [stdout]   50:     0x58a12b0804f6 - <skyzen_services[872105e2e3165a60]::durable::sqlite::tests::executes_and_reads_sql::{closure#0} as core[a373ad73a504971]::ops::function::FnOnce<()>>::call_once
[INFO] [stdout]                                at /rustc/e3feeb59cd1bdd011a2bfcc0747b55125d9b8527/library/core/src/ops/function.rs:250:5
[INFO] [stdout]   51:     0x58a12b1bb79b - <fn() -> core[a373ad73a504971]::result::Result<(), alloc[2e1b2a31b91974c5]::string::String> as core[a373ad73a504971]::ops::function::FnOnce<()>>::call_once
[INFO] [stdout]                                at /rustc/e3feeb59cd1bdd011a2bfcc0747b55125d9b8527/library/core/src/ops/function.rs:250:5
[INFO] [stdout]   52:     0x58a12b1bb79b - test[aada8e7e76ba119b]::__rust_begin_short_backtrace::<core[a373ad73a504971]::result::Result<(), alloc[2e1b2a31b91974c5]::string::String>, fn() -> core[a373ad73a504971]::result::Result<(), alloc[2e1b2a31b91974c5]::string::String>>
[INFO] [stdout]                                at /rustc/e3feeb59cd1bdd011a2bfcc0747b55125d9b8527/library/test/src/lib.rs:701:18
[INFO] [stdout]   53:     0x58a12b1c8975 - test[aada8e7e76ba119b]::run_test_in_process::{closure#0}
[INFO] [stdout]                                at /rustc/e3feeb59cd1bdd011a2bfcc0747b55125d9b8527/library/test/src/lib.rs:724:74
[INFO] [stdout]   54:     0x58a12b1c8975 - <core[a373ad73a504971]::panic::unwind_safe::AssertUnwindSafe<test[aada8e7e76ba119b]::run_test_in_process::{closure#0}> as core[a373ad73a504971]::ops::function::FnOnce<()>>::call_once
[INFO] [stdout]                                at /rustc/e3feeb59cd1bdd011a2bfcc0747b55125d9b8527/library/core/src/panic/unwind_safe.rs:275:9
[INFO] [stdout]   55:     0x58a12b1c8975 - std[617be2ca0a6fd877]::panicking::catch_unwind::do_call::<core[a373ad73a504971]::panic::unwind_safe::AssertUnwindSafe<test[aada8e7e76ba119b]::run_test_in_process::{closure#0}>, core[a373ad73a504971]::result::Result<(), alloc[2e1b2a31b91974c5]::string::String>>
[INFO] [stdout]                                at /rustc/e3feeb59cd1bdd011a2bfcc0747b55125d9b8527/library/std/src/panicking.rs:573:43
[INFO] [stdout]   56:     0x58a12b1c8975 - std[617be2ca0a6fd877]::panicking::catch_unwind::<core[a373ad73a504971]::result::Result<(), alloc[2e1b2a31b91974c5]::string::String>, core[a373ad73a504971]::panic::unwind_safe::AssertUnwindSafe<test[aada8e7e76ba119b]::run_test_in_process::{closure#0}>>
[INFO] [stdout]                                at /rustc/e3feeb59cd1bdd011a2bfcc0747b55125d9b8527/library/std/src/panicking.rs:541:19
[INFO] [stdout]   57:     0x58a12b1c8975 - std[617be2ca0a6fd877]::panic::catch_unwind::<core[a373ad73a504971]::panic::unwind_safe::AssertUnwindSafe<test[aada8e7e76ba119b]::run_test_in_process::{closure#0}>, core[a373ad73a504971]::result::Result<(), alloc[2e1b2a31b91974c5]::string::String>>
[INFO] [stdout]                                at /rustc/e3feeb59cd1bdd011a2bfcc0747b55125d9b8527/library/std/src/panic.rs:359:14
[INFO] [stdout]   58:     0x58a12b1c8975 - test[aada8e7e76ba119b]::run_test_in_process
[INFO] [stdout]                                at /rustc/e3feeb59cd1bdd011a2bfcc0747b55125d9b8527/library/test/src/lib.rs:724:27
[INFO] [stdout]   59:     0x58a12b1c8975 - test[aada8e7e76ba119b]::run_test::{closure#0}
[INFO] [stdout]                                at /rustc/e3feeb59cd1bdd011a2bfcc0747b55125d9b8527/library/test/src/lib.rs:645:43
[INFO] [stdout]   60:     0x58a12b1c2264 - test[aada8e7e76ba119b]::run_test::{closure#1}
[INFO] [stdout]                                at /rustc/e3feeb59cd1bdd011a2bfcc0747b55125d9b8527/library/test/src/lib.rs:675:41
[INFO] [stdout]   61:     0x58a12b1c2264 - std[617be2ca0a6fd877]::sys::backtrace::__rust_begin_short_backtrace::<test[aada8e7e76ba119b]::run_test::{closure#1}, ()>
[INFO] [stdout]                                at /rustc/e3feeb59cd1bdd011a2bfcc0747b55125d9b8527/library/std/src/sys/backtrace.rs:166:18
[INFO] [stdout]   62:     0x58a12b1cba02 - std[617be2ca0a6fd877]::thread::lifecycle::spawn_unchecked::<test[aada8e7e76ba119b]::run_test::{closure#1}, ()>::{closure#1}::{closure#0}
[INFO] [stdout]                                at /rustc/e3feeb59cd1bdd011a2bfcc0747b55125d9b8527/library/std/src/thread/lifecycle.rs:70:13
[INFO] [stdout]   63:     0x58a12b1cba02 - <core[a373ad73a504971]::panic::unwind_safe::AssertUnwindSafe<std[617be2ca0a6fd877]::thread::lifecycle::spawn_unchecked<test[aada8e7e76ba119b]::run_test::{closure#1}, ()>::{closure#1}::{closure#0}> as core[a373ad73a504971]::ops::function::FnOnce<()>>::call_once
[INFO] [stdout]                                at /rustc/e3feeb59cd1bdd011a2bfcc0747b55125d9b8527/library/core/src/panic/unwind_safe.rs:275:9
[INFO] [stdout]   64:     0x58a12b1cba02 - std[617be2ca0a6fd877]::panicking::catch_unwind::do_call::<core[a373ad73a504971]::panic::unwind_safe::AssertUnwindSafe<std[617be2ca0a6fd877]::thread::lifecycle::spawn_unchecked<test[aada8e7e76ba119b]::run_test::{closure#1}, ()>::{closure#1}::{closure#0}>, ()>
[INFO] [stdout]                                at /rustc/e3feeb59cd1bdd011a2bfcc0747b55125d9b8527/library/std/src/panicking.rs:573:43
[INFO] [stdout]   65:     0x58a12b1cba02 - std[617be2ca0a6fd877]::panicking::catch_unwind::<(), core[a373ad73a504971]::panic::unwind_safe::AssertUnwindSafe<std[617be2ca0a6fd877]::thread::lifecycle::spawn_unchecked<test[aada8e7e76ba119b]::run_test::{closure#1}, ()>::{closure#1}::{closure#0}>>
[INFO] [stdout]                                at /rustc/e3feeb59cd1bdd011a2bfcc0747b55125d9b8527/library/std/src/panicking.rs:541:19
[INFO] [stdout]   66:     0x58a12b1cba02 - std[617be2ca0a6fd877]::panic::catch_unwind::<core[a373ad73a504971]::panic::unwind_safe::AssertUnwindSafe<std[617be2ca0a6fd877]::thread::lifecycle::spawn_unchecked<test[aada8e7e76ba119b]::run_test::{closure#1}, ()>::{closure#1}::{closure#0}>, ()>
[INFO] [stdout]                                at /rustc/e3feeb59cd1bdd011a2bfcc0747b55125d9b8527/library/std/src/panic.rs:359:14
[INFO] [stdout]   67:     0x58a12b1cba02 - std[617be2ca0a6fd877]::thread::lifecycle::spawn_unchecked::<test[aada8e7e76ba119b]::run_test::{closure#1}, ()>::{closure#1}
[INFO] [stdout]                                at /rustc/e3feeb59cd1bdd011a2bfcc0747b55125d9b8527/library/std/src/thread/lifecycle.rs:68:26
[INFO] [stdout]   68:     0x58a12b1cba02 - <std[617be2ca0a6fd877]::thread::lifecycle::spawn_unchecked<test[aada8e7e76ba119b]::run_test::{closure#1}, ()>::{closure#1} as core[a373ad73a504971]::ops::function::FnOnce<()>>::call_once::{shim:vtable#0}
[INFO] [stdout]                                at /rustc/e3feeb59cd1bdd011a2bfcc0747b55125d9b8527/library/core/src/ops/function.rs:250:5
[INFO] [stdout]   69:     0x58a12ba2d27f - <alloc[2e1b2a31b91974c5]::boxed::Box<dyn core[a373ad73a504971]::ops::function::FnOnce<(), Output = ()> + core[a373ad73a504971]::marker::Send> as core[a373ad73a504971]::ops::function::FnOnce<()>>::call_once
[INFO] [stdout]                                at /rustc/e3feeb59cd1bdd011a2bfcc0747b55125d9b8527/library/alloc/src/boxed.rs:2314:9
[INFO] [stdout]   70:     0x58a12ba2d27f - <std[617be2ca0a6fd877]::sys::thread::unix::Thread>::new::thread_start
[INFO] [stdout]                                at /rustc/e3feeb59cd1bdd011a2bfcc0747b55125d9b8527/library/std/src/sys/thread/unix.rs:127:17
[INFO] [stdout]   71:     0x7737d9ca6dfa - <unknown>
[INFO] [stdout]   72:     0x7737d9d3a3d4 - clone
[INFO] [stdout]   73:                0x0 - <unknown>
[INFO] [stdout] 
[INFO] [stdout] 
[INFO] [stdout] failures:
[INFO] [stdout]     durable::sqlite::tests::executes_and_reads_sql
[INFO] [stdout] 
[INFO] [stdout] test result: FAILED. 121 passed; 1 failed; 0 ignored; 0 measured; 0 filtered out; finished in 0.18s
[INFO] [stdout] 
[INFO] [stderr] error: test failed, to rerun pass `--lib`
[INFO] running `Command { std: "docker" "inspect" "29b8abfedbee5edb1ee5b1b2408213ca07c3b907bb2cb955ad262f07953cd13a", kill_on_drop: false }`
[INFO] running `Command { std: "docker" "rm" "-f" "29b8abfedbee5edb1ee5b1b2408213ca07c3b907bb2cb955ad262f07953cd13a", kill_on_drop: false }`
[INFO] [stdout] 29b8abfedbee5edb1ee5b1b2408213ca07c3b907bb2cb955ad262f07953cd13a
