[INFO] fetching crate simple-cli-calculator 0.1.4...
[INFO] testing simple-cli-calculator-0.1.4 against 1.99.0-beta.8 for beta-1.100-2
[INFO] extracting crate simple-cli-calculator 0.1.4 into /workspace/builds/worker-3-tc1/source
[INFO] started tweaking crates.io crate simple-cli-calculator 0.1.4
[INFO] finished tweaking crates.io crate simple-cli-calculator 0.1.4
[INFO] tweaked toml for crates.io crate simple-cli-calculator 0.1.4 written to /workspace/builds/worker-3-tc1/source/Cargo.toml
[INFO] validating manifest of crates.io crate simple-cli-calculator 0.1.4 on toolchain 1.99.0-beta.8
[INFO] running `Command { std: CARGO_HOME="/workspace/cargo-home" RUSTUP_HOME="/workspace/rustup-home" "/workspace/cargo-home/bin/cargo" "+1.99.0-beta.8" "metadata" "--manifest-path" "Cargo.toml" "--no-deps", kill_on_drop: false }`
[INFO] crate crates.io crate simple-cli-calculator 0.1.4 already has a lockfile, it will not be regenerated
[INFO] running `Command { std: CARGO_HOME="/workspace/cargo-home" RUSTUP_HOME="/workspace/rustup-home" "/workspace/cargo-home/bin/cargo" "+1.99.0-beta.8" "fetch" "--manifest-path" "Cargo.toml", kill_on_drop: false }`
[INFO] [stderr]     Updating crates.io index
[INFO] [stderr]  Downloading crates ...
[INFO] [stderr]   Downloaded env_home v0.1.0
[INFO] [stderr]   Downloaded clearscreen v4.0.3
[INFO] [stderr]   Downloaded which v8.0.0
[INFO] [stderr]   Downloaded libc v0.2.182
[INFO] running `Command { std: "docker" "create" "-v" "/var/lib/crater-agent-workspace/builds/worker-3-tc1/source:/opt/rustwide/workdir:ro,Z" "-v" "/var/lib/crater-agent-workspace/builds/worker-3-tc1/target:/opt/rustwide/target:rw,Z" "-v" "/var/lib/crater-agent-workspace/cargo-home:/opt/rustwide/cargo-home:ro,Z" "-v" "/var/lib/crater-agent-workspace/rustup-home:/opt/rustwide/rustup-home:ro,Z" "-m" "1610612736" "--network" "none" "ghcr.io/rust-lang/crates-build-env/linux@sha256:3111399a4047eeb3a02b7a90e478d715f38a8c6669b5c4b49d30a17385265909" "sleep" "infinity", kill_on_drop: false }`
[INFO] [stdout] 1ee1dcffb2e0bf9dc6e3285240201403c71f5f96253e876e4d708a9cd4533f68
[INFO] running `Command { std: "docker" "start" "1ee1dcffb2e0bf9dc6e3285240201403c71f5f96253e876e4d708a9cd4533f68", kill_on_drop: false }`
[INFO] running `Command { std: "docker" "inspect" "1ee1dcffb2e0bf9dc6e3285240201403c71f5f96253e876e4d708a9cd4533f68", kill_on_drop: false }`
[INFO] running `Command { std: "docker" "exec" "-e" "SOURCE_DIR=/opt/rustwide/workdir" "-e" "CARGO_HOME=/opt/rustwide/cargo-home" "-e" "RUSTUP_HOME=/opt/rustwide/rustup-home" "-e" "CARGO_TARGET_DIR=/opt/rustwide/target" "-w" "/opt/rustwide/workdir" "--user" "0:0" "1ee1dcffb2e0bf9dc6e3285240201403c71f5f96253e876e4d708a9cd4533f68" "/opt/rustwide/cargo-home/bin/cargo" "+1.99.0-beta.8" "metadata" "--no-deps" "--format-version=1", kill_on_drop: false }`
[INFO] running `Command { std: "docker" "inspect" "1ee1dcffb2e0bf9dc6e3285240201403c71f5f96253e876e4d708a9cd4533f68", kill_on_drop: false }`
[INFO] running `Command { std: "docker" "exec" "-e" "SOURCE_DIR=/opt/rustwide/workdir" "-e" "CARGO_HOME=/opt/rustwide/cargo-home" "-e" "RUSTUP_HOME=/opt/rustwide/rustup-home" "-e" "CARGO_TARGET_DIR=/opt/rustwide/target" "-e" "CARGO_INCREMENTAL=0" "-e" "RUST_BACKTRACE=full" "-e" "RUSTFLAGS=--cap-lints=warn" "-e" "RUSTDOCFLAGS=--cap-lints=warn" "-w" "/opt/rustwide/workdir" "--user" "0:0" "1ee1dcffb2e0bf9dc6e3285240201403c71f5f96253e876e4d708a9cd4533f68" "/opt/rustwide/cargo-home/bin/cargo" "+1.99.0-beta.8" "build" "--frozen" "--message-format=json", kill_on_drop: false }`
[INFO] [stderr]    Compiling siphasher v1.0.2
[INFO] [stderr]    Compiling quote v1.0.44
[INFO] [stderr]    Compiling libc v0.2.182
[INFO] [stderr]    Compiling rustix v1.1.3
[INFO] [stderr]    Compiling minimal-lexical v0.2.1
[INFO] [stderr]    Compiling linux-raw-sys v0.11.0
[INFO] [stderr]    Compiling env_home v0.1.0
[INFO] [stderr]    Compiling nix v0.30.1
[INFO] [stderr]    Compiling phf_shared v0.11.3
[INFO] [stderr]    Compiling nom v7.1.3
[INFO] [stderr]    Compiling phf_generator v0.11.3
[INFO] [stderr]    Compiling phf v0.11.3
[INFO] [stderr]    Compiling syn v2.0.117
[INFO] [stderr]    Compiling phf_codegen v0.11.3
[INFO] [stderr]    Compiling terminfo v0.9.0
[INFO] [stderr]    Compiling which v8.0.0
[INFO] [stderr]    Compiling thiserror-impl v2.0.18
[INFO] [stderr]    Compiling thiserror v2.0.18
[INFO] [stderr]    Compiling clearscreen v4.0.3
[INFO] [stderr]    Compiling simple-cli-calculator v0.1.4 (/opt/rustwide/workdir)
[INFO] [stderr]     Finished `dev` profile [unoptimized + debuginfo] target(s) in 12.01s
[INFO] running `Command { std: "docker" "inspect" "1ee1dcffb2e0bf9dc6e3285240201403c71f5f96253e876e4d708a9cd4533f68", kill_on_drop: false }`
[INFO] running `Command { std: "docker" "exec" "-e" "SOURCE_DIR=/opt/rustwide/workdir" "-e" "CARGO_HOME=/opt/rustwide/cargo-home" "-e" "RUSTUP_HOME=/opt/rustwide/rustup-home" "-e" "CARGO_TARGET_DIR=/opt/rustwide/target" "-e" "CARGO_INCREMENTAL=0" "-e" "RUST_BACKTRACE=full" "-e" "RUSTFLAGS=--cap-lints=warn" "-e" "RUSTDOCFLAGS=--cap-lints=warn" "-w" "/opt/rustwide/workdir" "--user" "0:0" "1ee1dcffb2e0bf9dc6e3285240201403c71f5f96253e876e4d708a9cd4533f68" "/opt/rustwide/cargo-home/bin/cargo" "+1.99.0-beta.8" "test" "--frozen" "--no-run" "--message-format=json", kill_on_drop: false }`
[INFO] [stderr]    Compiling simple-cli-calculator v0.1.4 (/opt/rustwide/workdir)
[INFO] [stderr]     Finished `test` profile [unoptimized + debuginfo] target(s) in 0.38s
[INFO] running `Command { std: "docker" "inspect" "1ee1dcffb2e0bf9dc6e3285240201403c71f5f96253e876e4d708a9cd4533f68", kill_on_drop: false }`
[INFO] running `Command { std: "docker" "exec" "-e" "SOURCE_DIR=/opt/rustwide/workdir" "-e" "CARGO_HOME=/opt/rustwide/cargo-home" "-e" "RUSTUP_HOME=/opt/rustwide/rustup-home" "-e" "CARGO_TARGET_DIR=/opt/rustwide/target" "-e" "CARGO_INCREMENTAL=0" "-e" "RUST_BACKTRACE=full" "-e" "RUSTFLAGS=--cap-lints=warn" "-e" "RUSTDOCFLAGS=--cap-lints=warn" "-w" "/opt/rustwide/workdir" "--user" "0:0" "1ee1dcffb2e0bf9dc6e3285240201403c71f5f96253e876e4d708a9cd4533f68" "/opt/rustwide/cargo-home/bin/cargo" "+1.99.0-beta.8" "test" "--frozen", kill_on_drop: false }`
[INFO] [stderr]     Finished `test` profile [unoptimized + debuginfo] target(s) in 0.06s
[INFO] [stderr]      Running unittests src/lib.rs (/opt/rustwide/target/debug/deps/simple_cli_calculator-1154a4ef7994e079)
[INFO] [stdout] 
[INFO] [stdout] running 0 tests
[INFO] [stdout] 
[INFO] [stdout] test result: ok. 0 passed; 0 failed; 0 ignored; 0 measured; 0 filtered out; finished in 0.00s
[INFO] [stdout] 
[INFO] [stderr]      Running unittests src/main.rs (/opt/rustwide/target/debug/deps/calc-84b1e62a74340a73)
[INFO] [stdout] 
[INFO] [stdout] running 0 tests
[INFO] [stdout] 
[INFO] [stdout] test result: ok. 0 passed; 0 failed; 0 ignored; 0 measured; 0 filtered out; finished in 0.00s
[INFO] [stdout] 
[INFO] [stderr]    Doc-tests simple_cli_calculator
[INFO] [stdout] 
[INFO] [stdout] running 1 test
[INFO] [stdout] test src/lib.rs - Calculation::from_string (line 28) ... FAILED
[INFO] [stdout] 
[INFO] [stdout] failures:
[INFO] [stdout] 
[INFO] [stdout] ---- src/lib.rs - Calculation::from_string (line 28) stdout ----
[INFO] [stdout] error[E0433]: cannot find module or crate `calculator` in this scope
[INFO] [stdout]   --> src/lib.rs:29:16
[INFO] [stdout]    |
[INFO] [stdout] 29 | let mut calc = calculator::Calculation::from_string("3 + 6").unwrap();
[INFO] [stdout]    |                ^^^^^^^^^^ use of unresolved module or unlinked crate `calculator`
[INFO] [stdout]    |
[INFO] [stdout]    = help: if you wanted to use a crate named `calculator`, use `cargo add calculator` to add it to your `Cargo.toml`
[INFO] [stdout] 
[INFO] [stdout] error: aborting due to 1 previous error
[INFO] [stdout] 
[INFO] [stdout] For more information about this error, try `rustc --explain E0433`.
[INFO] [stdout] Couldn't compile the test.
[INFO] [stdout] 
[INFO] [stdout] failures:
[INFO] [stdout]     src/lib.rs - Calculation::from_string (line 28)
[INFO] [stdout] 
[INFO] [stdout] test result: FAILED. 0 passed; 1 failed; 0 ignored; 0 measured; 0 filtered out; finished in 0.10s
[INFO] [stdout] 
[INFO] [stdout] all doctests ran in 0.21s; merged doctests compilation took 0.11s
[INFO] [stderr] error: doctest failed, to rerun pass `--doc`
[INFO] running `Command { std: "docker" "inspect" "1ee1dcffb2e0bf9dc6e3285240201403c71f5f96253e876e4d708a9cd4533f68", kill_on_drop: false }`
[INFO] running `Command { std: "docker" "rm" "-f" "1ee1dcffb2e0bf9dc6e3285240201403c71f5f96253e876e4d708a9cd4533f68", kill_on_drop: false }`
[INFO] [stdout] 1ee1dcffb2e0bf9dc6e3285240201403c71f5f96253e876e4d708a9cd4533f68
