[INFO] fetching crate simit 0.19.0...
[INFO] testing simit-0.19.0 against 1.100.0-beta.1 for beta-1.100-2
[INFO] extracting crate simit 0.19.0 into /workspace/builds/worker-4-tc2/source
[INFO] started tweaking crates.io crate simit 0.19.0
[INFO] removed 0 missing tests
[INFO] finished tweaking crates.io crate simit 0.19.0
[INFO] tweaked toml for crates.io crate simit 0.19.0 written to /workspace/builds/worker-4-tc2/source/Cargo.toml
[INFO] validating manifest of crates.io crate simit 0.19.0 on toolchain 1.100.0-beta.1
[INFO] running `Command { std: CARGO_HOME="/workspace/cargo-home" RUSTUP_HOME="/workspace/rustup-home" "/workspace/cargo-home/bin/cargo" "+1.100.0-beta.1" "metadata" "--manifest-path" "Cargo.toml" "--no-deps", kill_on_drop: false }`
[INFO] crate crates.io crate simit 0.19.0 already has a lockfile, it will not be regenerated
[INFO] running `Command { std: CARGO_HOME="/workspace/cargo-home" RUSTUP_HOME="/workspace/rustup-home" "/workspace/cargo-home/bin/cargo" "+1.100.0-beta.1" "fetch" "--manifest-path" "Cargo.toml", kill_on_drop: false }`
[INFO] running `Command { std: "docker" "create" "-v" "/var/lib/crater-agent-workspace/builds/worker-4-tc2/source:/opt/rustwide/workdir:ro,Z" "-v" "/var/lib/crater-agent-workspace/builds/worker-4-tc2/target:/opt/rustwide/target:rw,Z" "-v" "/var/lib/crater-agent-workspace/cargo-home:/opt/rustwide/cargo-home:ro,Z" "-v" "/var/lib/crater-agent-workspace/rustup-home:/opt/rustwide/rustup-home:ro,Z" "-m" "1610612736" "--network" "none" "ghcr.io/rust-lang/crates-build-env/linux@sha256:3111399a4047eeb3a02b7a90e478d715f38a8c6669b5c4b49d30a17385265909" "sleep" "infinity", kill_on_drop: false }`
[INFO] [stdout] c19c6a82f61e150547f5d08361edb6d766e149e109f1b8dc71d25a5c2d150c1c
[INFO] running `Command { std: "docker" "start" "c19c6a82f61e150547f5d08361edb6d766e149e109f1b8dc71d25a5c2d150c1c", kill_on_drop: false }`
[INFO] running `Command { std: "docker" "inspect" "c19c6a82f61e150547f5d08361edb6d766e149e109f1b8dc71d25a5c2d150c1c", kill_on_drop: false }`
[INFO] running `Command { std: "docker" "exec" "-e" "SOURCE_DIR=/opt/rustwide/workdir" "-e" "CARGO_HOME=/opt/rustwide/cargo-home" "-e" "RUSTUP_HOME=/opt/rustwide/rustup-home" "-e" "CARGO_TARGET_DIR=/opt/rustwide/target" "-w" "/opt/rustwide/workdir" "--user" "0:0" "c19c6a82f61e150547f5d08361edb6d766e149e109f1b8dc71d25a5c2d150c1c" "/opt/rustwide/cargo-home/bin/cargo" "+1.100.0-beta.1" "metadata" "--no-deps" "--format-version=1", kill_on_drop: false }`
[INFO] running `Command { std: "docker" "inspect" "c19c6a82f61e150547f5d08361edb6d766e149e109f1b8dc71d25a5c2d150c1c", kill_on_drop: false }`
[INFO] running `Command { std: "docker" "exec" "-e" "SOURCE_DIR=/opt/rustwide/workdir" "-e" "CARGO_HOME=/opt/rustwide/cargo-home" "-e" "RUSTUP_HOME=/opt/rustwide/rustup-home" "-e" "CARGO_TARGET_DIR=/opt/rustwide/target" "-e" "CARGO_INCREMENTAL=0" "-e" "RUST_BACKTRACE=full" "-e" "RUSTFLAGS=--cap-lints=warn" "-e" "RUSTDOCFLAGS=--cap-lints=warn" "-w" "/opt/rustwide/workdir" "--user" "0:0" "c19c6a82f61e150547f5d08361edb6d766e149e109f1b8dc71d25a5c2d150c1c" "/opt/rustwide/cargo-home/bin/cargo" "+1.100.0-beta.1" "build" "--frozen" "--message-format=json", kill_on_drop: false }`
[INFO] [stderr]    Compiling serde_core v1.0.228
[INFO] [stderr]    Compiling version_check v0.9.5
[INFO] [stderr]    Compiling libc v0.2.186
[INFO] [stderr]    Compiling utf8parse v0.2.2
[INFO] [stderr]    Compiling is_terminal_polyfill v1.70.2
[INFO] [stderr]    Compiling anstyle v1.0.14
[INFO] [stderr]    Compiling syn v2.0.117
[INFO] [stderr]    Compiling anstyle-query v1.1.5
[INFO] [stderr]    Compiling colorchoice v1.0.5
[INFO] [stderr]    Compiling typenum v1.20.0
[INFO] [stderr]    Compiling anstyle-parse v1.0.0
[INFO] [stderr]    Compiling memoffset v0.9.1
[INFO] [stderr]    Compiling cfg-if v1.0.4
[INFO] [stderr]    Compiling clap_lex v1.1.0
[INFO] [stderr]    Compiling anstream v1.0.0
[INFO] [stderr]    Compiling heck v0.5.0
[INFO] [stderr]    Compiling serde v1.0.228
[INFO] [stderr]    Compiling generic-array v0.14.7
[INFO] [stderr]    Compiling strsim v0.11.1
[INFO] [stderr]    Compiling num-traits v0.2.19
[INFO] [stderr]    Compiling hashbrown v0.17.1
[INFO] [stderr]    Compiling zmij v1.0.21
[INFO] [stderr]    Compiling rustix v1.1.4
[INFO] [stderr]    Compiling clap_builder v4.6.0
[INFO] [stderr]    Compiling getrandom v0.4.2
[INFO] [stderr]    Compiling equivalent v1.0.2
[INFO] [stderr]    Compiling rustc-hash v1.1.0
[INFO] [stderr]    Compiling anyhow v1.0.102
[INFO] [stderr]    Compiling camino v1.2.2
[INFO] [stderr]    Compiling countme v3.0.1
[INFO] [stderr]    Compiling text-size v1.1.1
[INFO] [stderr]    Compiling linux-raw-sys v0.12.1
[INFO] [stderr]    Compiling hashbrown v0.14.5
[INFO] [stderr]    Compiling crypto-common v0.1.7
[INFO] [stderr]    Compiling block-buffer v0.10.4
[INFO] [stderr]    Compiling indexmap v2.14.0
[INFO] [stderr]    Compiling itoa v1.0.18
[INFO] [stderr]    Compiling serde_json v1.0.150
[INFO] [stderr]    Compiling bitflags v2.11.1
[INFO] [stderr]    Compiling winnow v1.0.3
[INFO] [stderr]    Compiling digest v0.10.7
[INFO] [stderr]    Compiling dirs-sys-next v0.1.2
[INFO] [stderr]    Compiling rowan v0.15.19
[INFO] [stderr]    Compiling iana-time-zone v0.1.65
[INFO] [stderr]    Compiling toml_datetime v1.1.1+spec-1.1.0
[INFO] [stderr]    Compiling serde_spanned v1.1.1
[INFO] [stderr]    Compiling memchr v2.8.0
[INFO] [stderr]    Compiling once_cell v1.21.4
[INFO] [stderr]    Compiling toml_parser v1.1.2+spec-1.1.0
[INFO] [stderr]    Compiling ryu v1.0.23
[INFO] [stderr]    Compiling roff v1.1.1
[INFO] [stderr]    Compiling cpufeatures v0.2.17
[INFO] [stderr]    Compiling fastrand v2.4.1
[INFO] [stderr]    Compiling unsafe-libyaml v0.2.11
[INFO] [stderr]    Compiling toml_writer v1.1.1+spec-1.1.0
[INFO] [stderr]    Compiling toml_edit v0.25.11+spec-1.1.0
[INFO] [stderr]    Compiling tempfile v3.27.0
[INFO] [stderr]    Compiling sha2 v0.10.9
[INFO] [stderr]    Compiling serde_derive v1.0.228
[INFO] [stderr]    Compiling clap_derive v4.6.1
[INFO] [stderr]    Compiling rnix v0.12.0
[INFO] [stderr]    Compiling directories-next v2.0.0
[INFO] [stderr]    Compiling fs2 v0.4.3
[INFO] [stderr]    Compiling hex v0.4.3
[INFO] [stderr]    Compiling semver v1.0.28
[INFO] [stderr]    Compiling clap v4.6.1
[INFO] [stderr]    Compiling clap_mangen v0.3.0
[INFO] [stderr]    Compiling clap_complete v4.6.5
[INFO] [stderr]    Compiling chrono v0.4.44
[INFO] [stderr]    Compiling serde_yaml v0.9.34+deprecated
[INFO] [stderr]    Compiling simit v0.19.0 (/opt/rustwide/workdir)
[INFO] [stderr]     Finished `dev` profile [unoptimized + debuginfo] target(s) in 1m 13s
[INFO] running `Command { std: "docker" "inspect" "c19c6a82f61e150547f5d08361edb6d766e149e109f1b8dc71d25a5c2d150c1c", kill_on_drop: false }`
[INFO] running `Command { std: "docker" "exec" "-e" "SOURCE_DIR=/opt/rustwide/workdir" "-e" "CARGO_HOME=/opt/rustwide/cargo-home" "-e" "RUSTUP_HOME=/opt/rustwide/rustup-home" "-e" "CARGO_TARGET_DIR=/opt/rustwide/target" "-e" "CARGO_INCREMENTAL=0" "-e" "RUST_BACKTRACE=full" "-e" "RUSTFLAGS=--cap-lints=warn" "-e" "RUSTDOCFLAGS=--cap-lints=warn" "-w" "/opt/rustwide/workdir" "--user" "0:0" "c19c6a82f61e150547f5d08361edb6d766e149e109f1b8dc71d25a5c2d150c1c" "/opt/rustwide/cargo-home/bin/cargo" "+1.100.0-beta.1" "test" "--frozen" "--no-run" "--message-format=json", kill_on_drop: false }`
[INFO] [stderr]    Compiling simit v0.19.0 (/opt/rustwide/workdir)
[INFO] [stderr]     Finished `test` profile [unoptimized + debuginfo] target(s) in 37.59s
[INFO] running `Command { std: "docker" "inspect" "c19c6a82f61e150547f5d08361edb6d766e149e109f1b8dc71d25a5c2d150c1c", kill_on_drop: false }`
[INFO] running `Command { std: "docker" "exec" "-e" "SOURCE_DIR=/opt/rustwide/workdir" "-e" "CARGO_HOME=/opt/rustwide/cargo-home" "-e" "RUSTUP_HOME=/opt/rustwide/rustup-home" "-e" "CARGO_TARGET_DIR=/opt/rustwide/target" "-e" "CARGO_INCREMENTAL=0" "-e" "RUST_BACKTRACE=full" "-e" "RUSTFLAGS=--cap-lints=warn" "-e" "RUSTDOCFLAGS=--cap-lints=warn" "-w" "/opt/rustwide/workdir" "--user" "0:0" "c19c6a82f61e150547f5d08361edb6d766e149e109f1b8dc71d25a5c2d150c1c" "/opt/rustwide/cargo-home/bin/cargo" "+1.100.0-beta.1" "test" "--frozen", kill_on_drop: false }`
[INFO] [stderr]     Finished `test` profile [unoptimized + debuginfo] target(s) in 0.26s
[INFO] [stderr]      Running unittests src/lib.rs (/opt/rustwide/target/debug/build/simit/beb8e222d2e3dc54/out/simit-beb8e222d2e3dc54)
[INFO] [stdout] 
[INFO] [stdout] running 105 tests
[INFO] [stdout] test commands::apt::tests::package_spec_defaults_deb_name_to_cargo_name ... ok
[INFO] [stdout] test commands::apt::tests::package_spec_rejects_path_like_names ... ok
[INFO] [stdout] test commands::init_flake::tests::extractor_ignores_nested_attributes ... ok
[INFO] [stdout] test commands::projects::tests::attention_classifier_flags_flake_drift ... ok
[INFO] [stdout] test cargo::workspace_version_tests::detects_dotted_workspace_inheritance ... ok
[INFO] [stdout] test commands::projects::tests::attention_classifier_flags_hooks_conflicted ... ok
[INFO] [stdout] test commands::projects::tests::attention_classifier_ignores_managed_and_installed_features ... ok
[INFO] [stdout] test commands::release_plan::tests::build_dependency_orders_publish ... ok
[INFO] [stdout] test commands::init_flake::tests::removal_notes_fall_back_for_unknown_hooks ... ok
[INFO] [stdout] test commands::init_flake::tests::removal_notes_use_specific_mapping_when_available ... ok
[INFO] [stdout] test cargo::workspace_version_tests::bumps_workspace_package_and_member_dep_reqs ... ok
[INFO] [stdout] test cargo::workspace_version_tests::noop_when_no_workspace_package_version ... ok
[INFO] [stdout] test commands::projects::tests::attention_classifier_ignores_non_issue_hook_states ... ok
[INFO] [stdout] test commands::release_plan::tests::build_release_plan_reports_cycles ... ok
[INFO] [stdout] test commands::release_plan::tests::build_release_plan_orders_publishable_workspace_members ... ok
[INFO] [stdout] test commands::release_secrets::tests::reconstructs_body_only_minisign_secret_key ... ok
[INFO] [stdout] test commands::release_plan::tests::normal_dependency_on_non_publishable_member_fails ... ok
[INFO] [stdout] test commands::release_secrets::tests::parses_codeberg_secret_list_shapes ... ok
[INFO] [stdout] test commands::release_verify::tests::crates_io_response_versions_are_parsed ... ok
[INFO] [stdout] test commands::release_plan::tests::lockstep_validation_rejects_mismatch ... ok
[INFO] [stdout] test commands::release_plan::tests::dev_dependency_on_non_publishable_member_does_not_block_plan ... ok
[INFO] [stdout] test packaging_common::tests::download_repo_requires_owner_slash_repo ... ok
[INFO] [stdout] test commands::release_secrets::tests::normalizes_env_wrapped_secret_payloads ... ok
[INFO] [stdout] test commands::release_verify::tests::exit_code_prefers_fail_over_blocked ... ok
[INFO] [stdout] test packaging_common::tests::divergent_versions_reports_name_version_pairs ... ok
[INFO] [stdout] test commands::release_secrets::tests::classifies_secret_input_shapes ... ok
[INFO] [stdout] test commands::release_secrets::tests::rejects_invalid_repo_names ... ok
[INFO] [stdout] test commands::release_verify::tests::changelog_entry_must_be_released_version ... ok
[INFO] [stdout] test readme_badges::tests::replaces_existing_block_only ... ok
[INFO] [stdout] test packaging_common::tests::version_rejects_leading_v_and_empty ... ok
[INFO] [stdout] test readme_badges::tests::renders_badges_in_input_order ... ok
[INFO] [stdout] test pages_infer::tests::markers_extract_expected_fields ... ok
[INFO] [stdout] test registry::tests::ci_detector_excludes_generated_release_workflow ... ok
[INFO] [stdout] test pages_infer::tests::shell_unquote_reverses_renderer_escaping ... ok
[INFO] [stdout] test pages_infer::tests::source_branch_parses_inline_and_list_forms ... ok
[INFO] [stdout] test readme_badges::tests::inserts_block_after_h1 ... ok
[INFO] [stdout] test readme_badges::tests::rejects_missing_h1 ... ok
[INFO] [stdout] test registry::tests::ci_detector_infers_homebrew_name_override_from_release_workflow ... ok
[INFO] [stdout] test registry::tests::detects_hooks_absent_without_pre_commit_config ... ok
[INFO] [stdout] test registry::tests::feature_status_conflicted_serializes_lowercase ... ok
[INFO] [stdout] test registry::tests::detects_hooks_configured_when_dispatcher_chain_lacks_project_hooks ... ok
[INFO] [stdout] test registry::tests::github_only_pages_infers_instead_of_failing_codeberg_inference ... ok
[INFO] [stdout] test registry::tests::infer_project_ci_target_defaults_actions_without_workflow_tree ... ok
[INFO] [stdout] test registry::tests::infer_project_ci_target_explicit_provider_wins ... ok
[INFO] [stdout] test registry::tests::infer_project_ci_target_prefers_crow_tree_over_platform_only_config ... ok
[INFO] [stdout] test registry::tests::legacy_marker_workflows_still_recognized_as_marked ... ok
[INFO] [stdout] test registry::tests::live_ci_audit_reports_absent_without_registry_state ... ok
[INFO] [stdout] test registry::tests::malformed_codeberg_pages_stays_an_error ... ok
[INFO] [stdout] test registry::tests::detects_hooks_conflicted_when_custom_hooks_path_lacks_pre_commit ... ok
[INFO] [stdout] test registry::tests::mixed_provider_pages_workflow_stays_an_error ... ok
[INFO] [stdout] test registry::tests::detects_hooks_installed_in_default_git_hooks_dir ... ok
[INFO] [stdout] test registry::tests::simit_repo_recognizes_supplementary_github_workflows ... ok
[INFO] [stdout] test registry::tests::valid_codeberg_pages_still_infers_repo_and_owner ... ok
[INFO] [stdout] test render::apt_conf::tests::renders_distributions ... ok
[INFO] [stdout] test render::chocolatey_nuspec::tests::xml_escape_handles_special_chars ... ok
[INFO] [stdout] test render::copr_makefile::tests::renders_srpm_target ... ok
[INFO] [stdout] test render::crow::tests::format_runner_preserves_legacy_override_and_prefers_new_key ... ok
[INFO] [stdout] test render::crow::tests::pages_build_creates_the_result_link_it_checks ... ok
[INFO] [stdout] test render::crow::tests::renders_native_secret_and_jsonnet_markers ... ok
[INFO] [stdout] test render::crow::tests::uses_documented_default_image_for_nix_workflows ... ok
[INFO] [stdout] test render::flake::tests::cross_template_default_falls_back_to_first_non_native_target ... ok
[INFO] [stdout] test render::flake::tests::cross_template_respects_requested_subset_and_ordering ... ok
[INFO] [stdout] test render::flake::tests::cross_template_with_all_targets_pins_the_shared_contract ... ok
[INFO] [stdout] test render::flake::tests::generated_policy_recognition_rejects_disabled_or_commented_coverage ... ok
[INFO] [stdout] test render::flake::tests::generic_treefmt_wires_javascript_and_tex ... ok
[INFO] [stdout] test render::flake::tests::migrate_treefmt_call_leaves_new_shape_alone ... ok
[INFO] [stdout] test render::flake::tests::migrate_treefmt_call_upgrades_bare_call_site ... ok
[INFO] [stdout] test registry::tests::detects_hooks_conflicted_when_local_path_bypasses_global_dispatcher ... ok
[INFO] [stdout] test render::flake::tests::patch_existing_leaves_bare_call_alone_without_rust ... ok
[INFO] [stdout] test render::flake::tests::patch_existing_refuses_migration_without_anchor ... ok
[INFO] [stdout] test render::flake::tests::patch_existing_refuses_treefmt_eval_without_pre_commit ... ok
[INFO] [stdout] test registry::tests::detects_hooks_configured_without_installed_default_hook ... ok
[INFO] [stdout] test render::flake::tests::patch_existing_migrates_old_wired_flake_for_rust ... ok
[INFO] [stdout] test render::flake::tests::treefmt_call_arguments_are_bound_to_the_actual_import ... ok
[INFO] [stdout] test render::flake::tests::semantic_pre_commit_check_respects_selected_components ... ok
[INFO] [stdout] test render::flake::tests::single_target_template_is_unchanged_by_cross_support ... ok
[INFO] [stdout] test render::flake::tests::treefmt_module_takes_rustfmt_package_only_for_rust ... ok
[INFO] [stdout] test render::flake::treefmt_hook::tests::accepts_static_contract_with_comments_reordering_and_optional_metadata ... ok
[INFO] [stdout] test render::gitignore::tests::common_template_is_compact_and_deterministic ... ok
[INFO] [stdout] test render::gitignore::tests::language_sections_are_added_only_when_detected ... ok
[INFO] [stdout] test render::homebrew_formula::tests::class_name_matches_homebrew_formula_expectation ... ok
[INFO] [stdout] test render::pkgbuild::tests::bin_flavor ... ok
[INFO] [stdout] test render::pkgbuild::tests::git_flavor ... ok
[INFO] [stdout] test render::pkgbuild::tests::source_flavor ... ok
[INFO] [stdout] test registry::tests::detects_hooks_installed_through_canix_dispatcher ... ok
[INFO] [stdout] test render::release_workflow::tests::activated_multichannel_shell_scripts_pass_shellcheck ... ok
[INFO] [stdout] test render::flake::tests::treefmt_call_module_mismatch_catches_breakage_not_drift ... ok
[INFO] [stdout] test render::release_workflow::tests::activated_remote_policy_probes_and_hardens_active_publishers ... ok
[INFO] [stdout] test render::release_workflow::tests::checksum_step_does_not_contain_bare_required_deb_glob ... ok
[INFO] [stdout] test render::release_workflow::tests::explicit_channel_policies_override_legacy_publisher_behavior ... ok
[INFO] [stdout] test render::release_workflow::tests::forgejo_action_references_are_immutable_and_versioned ... ok
[INFO] [stdout] test render::release_workflow::tests::forgejo_web_base_follows_configured_api_host ... ok
[INFO] [stdout] test render::release_workflow::tests::checksum_step_handles_empty_globs ... ok
[INFO] [stdout] test render::release_workflow::tests::full_pipeline_has_every_channel_mechanic ... ok
[INFO] [stdout] test render::release_workflow::tests::nix_bundle_attributes_are_built_and_manifest_checked ... ok
[INFO] [stdout] test render::release_workflow::tests::prebuild_toggle_uses_conventional_bundle_and_explicit_attrs_win ... ok
[INFO] [stdout] test render::release_workflow::tests::provenance_builder_url_matches_release_provider ... ok
[INFO] [stdout] test render::rpm_spec::tests::renders_canonical_spec_fields ... ok
[INFO] [stdout] test render::release_workflow::tests::windows_packaging_does_not_include_the_output_archive_as_an_input ... ok
[INFO] [stdout] test render::flake::treefmt_hook::tests::rejects_overrides_shadowing_and_unsupported_indirection ... ok
[INFO] [stdout] test render::release_workflow::tests::activated_homebrew_reports_the_concrete_missing_archive ... ok
[INFO] [stdout] test registry::tests::flake_status_uses_workspace_edition_and_rejects_commented_coverage ... ok
[INFO] [stdout] test registry::tests::detects_hooks_conflicted_in_custom_hooks_path ... ok
[INFO] [stdout] test registry::tests::markerless_github_pages_workflow_resolves_from_its_directory ... ok
[INFO] [stdout] test registry::tests::origin_without_a_repo_path_is_reported_not_mangled_into_owner_repo ... ok
[INFO] [stdout] 
[INFO] [stdout] test result: ok. 105 passed; 0 failed; 0 ignored; 0 measured; 0 filtered out; finished in 0.70s
[INFO] [stdout] 
[INFO] [stderr]      Running unittests src/main.rs (/opt/rustwide/target/debug/build/simit/570887807c5e2167/out/simit-570887807c5e2167)
[INFO] [stdout] 
[INFO] [stdout] running 0 tests
[INFO] [stdout] 
[INFO] [stdout] test result: ok. 0 passed; 0 failed; 0 ignored; 0 measured; 0 filtered out; finished in 0.00s
[INFO] [stdout] 
[INFO] [stderr]      Running tests/changelog.rs (/opt/rustwide/target/debug/build/simit/dfcde675c782b9e5/out/changelog-dfcde675c782b9e5)
[INFO] [stdout] 
[INFO] [stdout] running 11 tests
[INFO] [stderr] hint: Using 'master' as the name for the initial branch. This default branch name
[INFO] [stderr] hint: will change to "main" in Git 3.0. To configure the initial branch name
[INFO] [stderr] hint: to use in all of your new repositories, which will suppress this warning,
[INFO] [stderr] hint: call:
[INFO] [stderr] hint:
[INFO] [stderr] hint: 	git config --global init.defaultBranch <name>
[INFO] [stderr] hint:
[INFO] [stderr] hint: Names commonly chosen instead of 'master' are 'main', 'trunk' and
[INFO] [stderr] hint: 'development'. The just-created branch can be renamed via this command:
[INFO] [stderr] hint:
[INFO] [stderr] hint: 	git branch -m <name>
[INFO] [stderr] hint:
[INFO] [stderr] hint: Disable this message with "git config set advice.defaultBranchName false"
[INFO] [stdout] Initialized empty Git repository in /tmp/.tmpuF3DbW/.git/
[INFO] [stderr] hint: Using 'master' as the name for the initial branch. This default branch name
[INFO] [stderr] hint: will change to "main" in Git 3.0. To configure the initial branch name
[INFO] [stderr] hint: to use in all of your new repositories, which will suppress this warning,
[INFO] [stderr] hint: call:
[INFO] [stderr] hint:
[INFO] [stderr] hint: 	git config --global init.defaultBranch <name>
[INFO] [stderr] hint:
[INFO] [stderr] hint: Names commonly chosen instead of 'master' are 'main', 'trunk' and
[INFO] [stderr] hint: 'development'. The just-created branch can be renamed via this command:
[INFO] [stderr] hint:
[INFO] [stderr] hint: 	git branch -m <name>
[INFO] [stderr] hint:
[INFO] [stderr] hint: Disable this message with "git config set advice.defaultBranchName false"
[INFO] [stderr] hint: Using 'master' as the name for the initial branch. This default branch name
[INFO] [stderr] hint: will change to "main" in Git 3.0. To configure the initial branch name
[INFO] [stderr] hint: to use in all of your new repositories, which will suppress this warning,
[INFO] [stderr] hint: call:
[INFO] [stderr] hint:
[INFO] [stderr] hint: 	git config --global init.defaultBranch <name>
[INFO] [stderr] hint:
[INFO] [stderr] hint: Names commonly chosen instead of 'master' are 'main', 'trunk' and
[INFO] [stderr] hint: 'development'. The just-created branch can be renamed via this command:
[INFO] [stderr] hint:
[INFO] [stderr] hint: 	git branch -m <name>
[INFO] [stderr] hint:
[INFO] [stderr] hint: Disable this message with "git config set advice.defaultBranchName false"
[INFO] [stdout] Initialized empty Git repository in /tmp/.tmp0lUxYu/.git/
[INFO] [stdout] Initialized empty Git repository in /tmp/.tmp0nFm5X/.git/
[INFO] [stdout] Initialized empty Git repository in /tmp/.tmpznAr80/.git/
[INFO] [stderr] hint: Using 'master' as the name for the initial branch. This default branch name
[INFO] [stderr] hint: will change to "main" in Git 3.0. To configure the initial branch name
[INFO] [stderr] hint: to use in all of your new repositories, which will suppress this warning,
[INFO] [stderr] hint: call:
[INFO] [stderr] hint:
[INFO] [stderr] hint: 	git config --global init.defaultBranch <name>
[INFO] [stderr] hint:
[INFO] [stderr] hint: Names commonly chosen instead of 'master' are 'main', 'trunk' and
[INFO] [stderr] hint: 'development'. The just-created branch can be renamed via this command:
[INFO] [stderr] hint:
[INFO] [stderr] hint: 	git branch -m <name>
[INFO] [stderr] hint:
[INFO] [stderr] hint: Disable this message with "git config set advice.defaultBranchName false"
[INFO] [stdout] test init_creates_keep_a_changelog_skeleton ... ok
[INFO] [stdout] test check_rejects_noncanonical_header_malformed_versions_and_out_of_order_sections ... ok
[INFO] [stdout] test release_promotes_unreleased_and_updates_compare_links ... ok
[INFO] [stdout] test release_rejects_empty_unreleased ... ok
[INFO] [stdout] test add_creates_missing_sections_and_appends_existing_ones ... ok
[INFO] [stdout] test show_prints_the_requested_section_body ... ok
[INFO] [stdout] test release_rejects_invalid_calendar_dates ... ok
[INFO] [stdout] [master (root-commit) 138b080] initial
[INFO] [stdout]  3 files changed, 13 insertions(+)
[INFO] [stdout]  create mode 100644 Cargo.lock
[INFO] [stdout]  create mode 100644 Cargo.toml
[INFO] [stdout]  create mode 100644 src/main.rs
[INFO] [stdout] [master (root-commit) 138b080] initial
[INFO] [stdout]  3 files changed, 13 insertions(+)
[INFO] [stdout]  create mode 100644 Cargo.lock
[INFO] [stdout]  create mode 100644 Cargo.toml
[INFO] [stdout]  create mode 100644 src/main.rs
[INFO] [stdout] [master (root-commit) 138b080] initial
[INFO] [stdout]  3 files changed, 13 insertions(+)
[INFO] [stdout]  create mode 100644 Cargo.lock
[INFO] [stdout]  create mode 100644 Cargo.toml
[INFO] [stdout]  create mode 100644 src/main.rs
[INFO] [stdout] [master (root-commit) 138b080] initial
[INFO] [stdout]  3 files changed, 13 insertions(+)
[INFO] [stdout]  create mode 100644 Cargo.lock
[INFO] [stdout]  create mode 100644 Cargo.toml
[INFO] [stdout]  create mode 100644 src/main.rs
[INFO] [stdout] [master 774b043] feat: add changelog
[INFO] [stdout]  1 file changed, 8 insertions(+)
[INFO] [stdout]  create mode 100644 CHANGELOG.md
[INFO] [stdout] [master fb0718c] add changelog
[INFO] [stdout]  1 file changed, 12 insertions(+)
[INFO] [stdout]  create mode 100644 CHANGELOG.md
[INFO] [stdout] [master 06ac270] feat: automate releases
[INFO] [stdout]  2 files changed, 10 insertions(+)
[INFO] [stdout]  create mode 100644 CHANGELOG.md
[INFO] [stdout]  create mode 100644 simit.toml
[INFO] [stdout] test draft_rejects_unstructured_codex_output_without_writing ... ok
[INFO] [stdout] [master 6fb723a] feat: add release drafting
[INFO] [stdout]  1 file changed, 12 insertions(+)
[INFO] [stdout]  create mode 100644 CHANGELOG.md
[INFO] [stdout] refs/heads/master
[INFO] [stdout] refs/heads/master
[INFO] [stderr]    Compiling demo v0.1.0 (/tmp/.tmpznAr80)
[INFO] [stderr]     Blocking waiting for file lock on build directory
[INFO] [stdout] test draft_uses_git_history_and_deduplicates_entries ... ok
[INFO] [stderr]     Finished `test` profile [unoptimized + debuginfo] target(s) in 0.33s
[INFO] [stderr]      Running unittests src/main.rs (/opt/rustwide/target/debug/build/demo/d27e11f0596e7bbf/out/demo-d27e11f0596e7bbf)
[INFO] [stderr]     Finished `test` profile [unoptimized + debuginfo] target(s) in 0.29s
[INFO] [stdout] 
[INFO] [stdout] running 0 tests
[INFO] [stdout] 
[INFO] [stdout] test result: ok. 0 passed; 0 failed; 0 ignored; 0 measured; 0 filtered out; finished in 0.00s
[INFO] [stdout] 
[INFO] [stderr]      Running unittests src/main.rs (/opt/rustwide/target/debug/build/demo/d27e11f0596e7bbf/out/demo-d27e11f0596e7bbf)
[INFO] [stdout] 
[INFO] [stdout] running 0 tests
[INFO] [stdout] 
[INFO] [stdout] test result: ok. 0 passed; 0 failed; 0 ignored; 0 measured; 0 filtered out; finished in 0.00s
[INFO] [stdout] 
[INFO] [stderr] error: 'cargo-clippy' is not installed for the toolchain '1.100.0-beta.1-x86_64-unknown-linux-gnu'.
[INFO] [stderr] help: run `rustup component add --toolchain 1.100.0-beta.1-x86_64-unknown-linux-gnu clippy` to install it
[INFO] [stderr] simit: cargo clippy --all-targets --all-features -- --deny warnings failed
[INFO] [stderr] error: 'cargo-clippy' is not installed for the toolchain '1.100.0-beta.1-x86_64-unknown-linux-gnu'.
[INFO] [stderr] help: run `rustup component add --toolchain 1.100.0-beta.1-x86_64-unknown-linux-gnu clippy` to install it
[INFO] [stderr] simit: cargo clippy --all-targets --all-features -- --deny warnings failed
[INFO] [stdout] test release_command_promotes_changelog_and_honors_no_changelog ... FAILED
[INFO] [stdout] test release_auto_drafts_before_promoting_changelog ... FAILED
[INFO] [stdout] 
[INFO] [stdout] failures:
[INFO] [stdout] 
[INFO] [stdout] ---- release_command_promotes_changelog_and_honors_no_changelog stdout ----
[INFO] [stdout] 
[INFO] [stdout] thread 'release_command_promotes_changelog_and_honors_no_changelog' (1996) panicked at tests/changelog.rs:460:5:
[INFO] [stdout] assertion failed: status.success()
[INFO] [stdout] stack backtrace:
[INFO] [stdout]    0:     0x601082cc81d1 - std[617be2ca0a6fd877]::backtrace_rs::backtrace::libunwind::trace
[INFO] [stdout]                                at /rustc/e3feeb59cd1bdd011a2bfcc0747b55125d9b8527/library/std/src/../../backtrace/src/backtrace/libunwind.rs:117:9
[INFO] [stdout]    1:     0x601082cc81d1 - std[617be2ca0a6fd877]::backtrace_rs::backtrace::trace_unsynchronized::<std[617be2ca0a6fd877]::sys::backtrace::_print_fmt::{closure#1}>
[INFO] [stdout]                                at /rustc/e3feeb59cd1bdd011a2bfcc0747b55125d9b8527/library/std/src/../../backtrace/src/backtrace/mod.rs:66:14
[INFO] [stdout]    2:     0x601082cc81d1 - std[617be2ca0a6fd877]::sys::backtrace::_print_fmt
[INFO] [stdout]                                at /rustc/e3feeb59cd1bdd011a2bfcc0747b55125d9b8527/library/std/src/sys/backtrace.rs:74:9
[INFO] [stdout]    3:     0x601082cc81d1 - <<std[617be2ca0a6fd877]::sys::backtrace::BacktraceLock>::print::DisplayBacktrace as core[a373ad73a504971]::fmt::Display>::fmt
[INFO] [stdout]                                at /rustc/e3feeb59cd1bdd011a2bfcc0747b55125d9b8527/library/std/src/sys/backtrace.rs:44:26
[INFO] [stdout]    4:     0x601082cdc96a - <core[a373ad73a504971]::fmt::rt::Argument>::fmt
[INFO] [stdout]                                at /rustc/e3feeb59cd1bdd011a2bfcc0747b55125d9b8527/library/core/src/fmt/rt.rs:152:76
[INFO] [stdout]    5:     0x601082cdc96a - core[a373ad73a504971]::fmt::write
[INFO] [stdout]    6:     0x601082ccc66c - core[a373ad73a504971]::io::write::default_write_fmt::<alloc[2e1b2a31b91974c5]::vec::Vec<u8>>
[INFO] [stdout]                                at /rustc/e3feeb59cd1bdd011a2bfcc0747b55125d9b8527/library/core/src/io/write.rs:402:11
[INFO] [stdout]    7:     0x601082ccc66c - <alloc[2e1b2a31b91974c5]::vec::Vec<u8> as core[a373ad73a504971]::io::write::Write>::write_fmt
[INFO] [stdout]                                at /rustc/e3feeb59cd1bdd011a2bfcc0747b55125d9b8527/library/core/src/io/write.rs:335:13
[INFO] [stdout]    8:     0x601082ca2966 - <std[617be2ca0a6fd877]::sys::backtrace::BacktraceLock>::print
[INFO] [stdout]                                at /rustc/e3feeb59cd1bdd011a2bfcc0747b55125d9b8527/library/std/src/sys/backtrace.rs:47:9
[INFO] [stdout]    9:     0x601082ca2966 - std[617be2ca0a6fd877]::panicking::default_hook::{closure#0}
[INFO] [stdout]                                at /rustc/e3feeb59cd1bdd011a2bfcc0747b55125d9b8527/library/std/src/panicking.rs:289:27
[INFO] [stdout]   10:     0x601082cbfac9 - std[617be2ca0a6fd877]::panicking::default_hook
[INFO] [stdout]                                at /rustc/e3feeb59cd1bdd011a2bfcc0747b55125d9b8527/library/std/src/panicking.rs:313:9
[INFO] [stdout]   11:     0x601082c4ed50 - <alloc[2e1b2a31b91974c5]::boxed::Box<dyn for<'a, 'b> core[a373ad73a504971]::ops::function::Fn<(&'a std[617be2ca0a6fd877]::panic::PanicHookInfo<'b>,), Output = ()> + core[a373ad73a504971]::marker::Sync + core[a373ad73a504971]::marker::Send> as core[a373ad73a504971]::ops::function::Fn<(&std[617be2ca0a6fd877]::panic::PanicHookInfo,)>>::call
[INFO] [stdout]                                at /rustc/e3feeb59cd1bdd011a2bfcc0747b55125d9b8527/library/alloc/src/boxed.rs:2328:9
[INFO] [stdout]   12:     0x601082c4ed50 - test[aada8e7e76ba119b]::test_main_inner::{closure#0}
[INFO] [stdout]                                at /rustc/e3feeb59cd1bdd011a2bfcc0747b55125d9b8527/library/test/src/lib.rs:137:21
[INFO] [stdout]   13:     0x601082cbfc82 - <alloc[2e1b2a31b91974c5]::boxed::Box<dyn for<'a, 'b> core[a373ad73a504971]::ops::function::Fn<(&'a std[617be2ca0a6fd877]::panic::PanicHookInfo<'b>,), Output = ()> + core[a373ad73a504971]::marker::Sync + core[a373ad73a504971]::marker::Send> as core[a373ad73a504971]::ops::function::Fn<(&std[617be2ca0a6fd877]::panic::PanicHookInfo,)>>::call
[INFO] [stdout]                                at /rustc/e3feeb59cd1bdd011a2bfcc0747b55125d9b8527/library/alloc/src/boxed.rs:2328:9
[INFO] [stdout]   14:     0x601082cbfc82 - std[617be2ca0a6fd877]::panicking::panic_with_hook
[INFO] [stdout]                                at /rustc/e3feeb59cd1bdd011a2bfcc0747b55125d9b8527/library/std/src/panicking.rs:819:13
[INFO] [stdout]   15:     0x601082ca2a44 - std[617be2ca0a6fd877]::panicking::panic_handler::{closure#0}
[INFO] [stdout]                                at /rustc/e3feeb59cd1bdd011a2bfcc0747b55125d9b8527/library/std/src/panicking.rs:678:13
[INFO] [stdout]   16:     0x601082c9b479 - std[617be2ca0a6fd877]::sys::backtrace::__rust_end_short_backtrace::<std[617be2ca0a6fd877]::panicking::panic_handler::{closure#0}, !>
[INFO] [stdout]                                at /rustc/e3feeb59cd1bdd011a2bfcc0747b55125d9b8527/library/std/src/sys/backtrace.rs:182:18
[INFO] [stdout]   17:     0x601082ca36dd - __rustc[ea4f61d10b84890b]::rust_begin_unwind
[INFO] [stdout]                                at /rustc/e3feeb59cd1bdd011a2bfcc0747b55125d9b8527/library/std/src/panicking.rs:676:5
[INFO] [stdout]   18:     0x601082cdd0fc - core[a373ad73a504971]::panicking::panic_fmt
[INFO] [stdout]                                at /rustc/e3feeb59cd1bdd011a2bfcc0747b55125d9b8527/library/core/src/panicking.rs:80:14
[INFO] [stdout]   19:     0x601082cdd0c2 - core[a373ad73a504971]::panicking::panic
[INFO] [stdout]                                at /rustc/e3feeb59cd1bdd011a2bfcc0747b55125d9b8527/library/core/src/panicking.rs:150:5
[INFO] [stdout]   20:     0x601082c38207 - changelog[d9cd1289fcbc7c83]::release_command_promotes_changelog_and_honors_no_changelog
[INFO] [stdout]                                at /opt/rustwide/workdir/tests/changelog.rs:460:5
[INFO] [stdout]   21:     0x601082c31fc7 - changelog[d9cd1289fcbc7c83]::release_command_promotes_changelog_and_honors_no_changelog::{closure#0}
[INFO] [stdout]                                at /opt/rustwide/workdir/tests/changelog.rs:440:64
[INFO] [stdout]   22:     0x601082c3c726 - <changelog[d9cd1289fcbc7c83]::release_command_promotes_changelog_and_honors_no_changelog::{closure#0} as core[a373ad73a504971]::ops::function::FnOnce<()>>::call_once
[INFO] [stdout]                                at /rustc/e3feeb59cd1bdd011a2bfcc0747b55125d9b8527/library/core/src/ops/function.rs:250:5
[INFO] [stdout]   23:     0x601082c4219b - <fn() -> core[a373ad73a504971]::result::Result<(), alloc[2e1b2a31b91974c5]::string::String> as core[a373ad73a504971]::ops::function::FnOnce<()>>::call_once
[INFO] [stdout]                                at /rustc/e3feeb59cd1bdd011a2bfcc0747b55125d9b8527/library/core/src/ops/function.rs:250:5
[INFO] [stdout]   24:     0x601082c4219b - test[aada8e7e76ba119b]::__rust_begin_short_backtrace::<core[a373ad73a504971]::result::Result<(), alloc[2e1b2a31b91974c5]::string::String>, fn() -> core[a373ad73a504971]::result::Result<(), alloc[2e1b2a31b91974c5]::string::String>>
[INFO] [stdout]                                at /rustc/e3feeb59cd1bdd011a2bfcc0747b55125d9b8527/library/test/src/lib.rs:701:18
[INFO] [stdout]   25:     0x601082c4f375 - test[aada8e7e76ba119b]::run_test_in_process::{closure#0}
[INFO] [stdout]                                at /rustc/e3feeb59cd1bdd011a2bfcc0747b55125d9b8527/library/test/src/lib.rs:724:74
[INFO] [stdout]   26:     0x601082c4f375 - <core[a373ad73a504971]::panic::unwind_safe::AssertUnwindSafe<test[aada8e7e76ba119b]::run_test_in_process::{closure#0}> as core[a373ad73a504971]::ops::function::FnOnce<()>>::call_once
[INFO] [stdout]                                at /rustc/e3feeb59cd1bdd011a2bfcc0747b55125d9b8527/library/core/src/panic/unwind_safe.rs:275:9
[INFO] [stdout]   27:     0x601082c4f375 - std[617be2ca0a6fd877]::panicking::catch_unwind::do_call::<core[a373ad73a504971]::panic::unwind_safe::AssertUnwindSafe<test[aada8e7e76ba119b]::run_test_in_process::{closure#0}>, core[a373ad73a504971]::result::Result<(), alloc[2e1b2a31b91974c5]::string::String>>
[INFO] [stdout]                                at /rustc/e3feeb59cd1bdd011a2bfcc0747b55125d9b8527/library/std/src/panicking.rs:573:43
[INFO] [stdout]   28:     0x601082c4f375 - std[617be2ca0a6fd877]::panicking::catch_unwind::<core[a373ad73a504971]::result::Result<(), alloc[2e1b2a31b91974c5]::string::String>, core[a373ad73a504971]::panic::unwind_safe::AssertUnwindSafe<test[aada8e7e76ba119b]::run_test_in_process::{closure#0}>>
[INFO] [stdout]                                at /rustc/e3feeb59cd1bdd011a2bfcc0747b55125d9b8527/library/std/src/panicking.rs:541:19
[INFO] [stdout]   29:     0x601082c4f375 - std[617be2ca0a6fd877]::panic::catch_unwind::<core[a373ad73a504971]::panic::unwind_safe::AssertUnwindSafe<test[aada8e7e76ba119b]::run_test_in_process::{closure#0}>, core[a373ad73a504971]::result::Result<(), alloc[2e1b2a31b91974c5]::string::String>>
[INFO] [stdout]                                at /rustc/e3feeb59cd1bdd011a2bfcc0747b55125d9b8527/library/std/src/panic.rs:359:14
[INFO] [stdout]   30:     0x601082c4f375 - test[aada8e7e76ba119b]::run_test_in_process
[INFO] [stdout]                                at /rustc/e3feeb59cd1bdd011a2bfcc0747b55125d9b8527/library/test/src/lib.rs:724:27
[INFO] [stdout]   31:     0x601082c4f375 - test[aada8e7e76ba119b]::run_test::{closure#0}
[INFO] [stdout]                                at /rustc/e3feeb59cd1bdd011a2bfcc0747b55125d9b8527/library/test/src/lib.rs:645:43
[INFO] [stdout]   32:     0x601082c48c64 - test[aada8e7e76ba119b]::run_test::{closure#1}
[INFO] [stdout]                                at /rustc/e3feeb59cd1bdd011a2bfcc0747b55125d9b8527/library/test/src/lib.rs:675:41
[INFO] [stdout]   33:     0x601082c48c64 - std[617be2ca0a6fd877]::sys::backtrace::__rust_begin_short_backtrace::<test[aada8e7e76ba119b]::run_test::{closure#1}, ()>
[INFO] [stdout]                                at /rustc/e3feeb59cd1bdd011a2bfcc0747b55125d9b8527/library/std/src/sys/backtrace.rs:166:18
[INFO] [stdout]   34:     0x601082c52402 - std[617be2ca0a6fd877]::thread::lifecycle::spawn_unchecked::<test[aada8e7e76ba119b]::run_test::{closure#1}, ()>::{closure#1}::{closure#0}
[INFO] [stdout]                                at /rustc/e3feeb59cd1bdd011a2bfcc0747b55125d9b8527/library/std/src/thread/lifecycle.rs:70:13
[INFO] [stdout]   35:     0x601082c52402 - <core[a373ad73a504971]::panic::unwind_safe::AssertUnwindSafe<std[617be2ca0a6fd877]::thread::lifecycle::spawn_unchecked<test[aada8e7e76ba119b]::run_test::{closure#1}, ()>::{closure#1}::{closure#0}> as core[a373ad73a504971]::ops::function::FnOnce<()>>::call_once
[INFO] [stdout]                                at /rustc/e3feeb59cd1bdd011a2bfcc0747b55125d9b8527/library/core/src/panic/unwind_safe.rs:275:9
[INFO] [stdout]   36:     0x601082c52402 - std[617be2ca0a6fd877]::panicking::catch_unwind::do_call::<core[a373ad73a504971]::panic::unwind_safe::AssertUnwindSafe<std[617be2ca0a6fd877]::thread::lifecycle::spawn_unchecked<test[aada8e7e76ba119b]::run_test::{closure#1}, ()>::{closure#1}::{closure#0}>, ()>
[INFO] [stdout]                                at /rustc/e3feeb59cd1bdd011a2bfcc0747b55125d9b8527/library/std/src/panicking.rs:573:43
[INFO] [stdout]   37:     0x601082c52402 - std[617be2ca0a6fd877]::panicking::catch_unwind::<(), core[a373ad73a504971]::panic::unwind_safe::AssertUnwindSafe<std[617be2ca0a6fd877]::thread::lifecycle::spawn_unchecked<test[aada8e7e76ba119b]::run_test::{closure#1}, ()>::{closure#1}::{closure#0}>>
[INFO] [stdout]                                at /rustc/e3feeb59cd1bdd011a2bfcc0747b55125d9b8527/library/std/src/panicking.rs:541:19
[INFO] [stdout]   38:     0x601082c52402 - std[617be2ca0a6fd877]::panic::catch_unwind::<core[a373ad73a504971]::panic::unwind_safe::AssertUnwindSafe<std[617be2ca0a6fd877]::thread::lifecycle::spawn_unchecked<test[aada8e7e76ba119b]::run_test::{closure#1}, ()>::{closure#1}::{closure#0}>, ()>
[INFO] [stdout]                                at /rustc/e3feeb59cd1bdd011a2bfcc0747b55125d9b8527/library/std/src/panic.rs:359:14
[INFO] [stdout]   39:     0x601082c52402 - std[617be2ca0a6fd877]::thread::lifecycle::spawn_unchecked::<test[aada8e7e76ba119b]::run_test::{closure#1}, ()>::{closure#1}
[INFO] [stdout]                                at /rustc/e3feeb59cd1bdd011a2bfcc0747b55125d9b8527/library/std/src/thread/lifecycle.rs:68:26
[INFO] [stdout]   40:     0x601082c52402 - <std[617be2ca0a6fd877]::thread::lifecycle::spawn_unchecked<test[aada8e7e76ba119b]::run_test::{closure#1}, ()>::{closure#1} as core[a373ad73a504971]::ops::function::FnOnce<()>>::call_once::{shim:vtable#0}
[INFO] [stdout]                                at /rustc/e3feeb59cd1bdd011a2bfcc0747b55125d9b8527/library/core/src/ops/function.rs:250:5
[INFO] [stdout]   41:     0x601082cc74ef - <alloc[2e1b2a31b91974c5]::boxed::Box<dyn core[a373ad73a504971]::ops::function::FnOnce<(), Output = ()> + core[a373ad73a504971]::marker::Send> as core[a373ad73a504971]::ops::function::FnOnce<()>>::call_once
[INFO] [stdout]                                at /rustc/e3feeb59cd1bdd011a2bfcc0747b55125d9b8527/library/alloc/src/boxed.rs:2314:9
[INFO] [stdout]   42:     0x601082cc74ef - <std[617be2ca0a6fd877]::sys::thread::unix::Thread>::new::thread_start
[INFO] [stdout]                                at /rustc/e3feeb59cd1bdd011a2bfcc0747b55125d9b8527/library/std/src/sys/thread/unix.rs:127:17
[INFO] [stdout]   43:     0x7b4f87ea0dfa - <unknown>
[INFO] [stdout]   44:     0x7b4f87f343d4 - clone
[INFO] [stdout]   45:                0x0 - <unknown>
[INFO] [stdout] 
[INFO] [stdout] ---- release_auto_drafts_before_promoting_changelog stdout ----
[INFO] [stdout] 
[INFO] [stdout] thread 'release_auto_drafts_before_promoting_changelog' (1995) panicked at tests/changelog.rs:528:5:
[INFO] [stdout] assertion failed: status.success()
[INFO] [stdout] stack backtrace:
[INFO] [stdout]    0:     0x601082cc81d1 - std[617be2ca0a6fd877]::backtrace_rs::backtrace::libunwind::trace
[INFO] [stdout]                                at /rustc/e3feeb59cd1bdd011a2bfcc0747b55125d9b8527/library/std/src/../../backtrace/src/backtrace/libunwind.rs:117:9
[INFO] [stdout]    1:     0x601082cc81d1 - std[617be2ca0a6fd877]::backtrace_rs::backtrace::trace_unsynchronized::<std[617be2ca0a6fd877]::sys::backtrace::_print_fmt::{closure#1}>
[INFO] [stdout]                                at /rustc/e3feeb59cd1bdd011a2bfcc0747b55125d9b8527/library/std/src/../../backtrace/src/backtrace/mod.rs:66:14
[INFO] [stdout]    2:     0x601082cc81d1 - std[617be2ca0a6fd877]::sys::backtrace::_print_fmt
[INFO] [stdout]                                at /rustc/e3feeb59cd1bdd011a2bfcc0747b55125d9b8527/library/std/src/sys/backtrace.rs:74:9
[INFO] [stdout]    3:     0x601082cc81d1 - <<std[617be2ca0a6fd877]::sys::backtrace::BacktraceLock>::print::DisplayBacktrace as core[a373ad73a504971]::fmt::Display>::fmt
[INFO] [stdout]                                at /rustc/e3feeb59cd1bdd011a2bfcc0747b55125d9b8527/library/std/src/sys/backtrace.rs:44:26
[INFO] [stdout]    4:     0x601082cdc96a - <core[a373ad73a504971]::fmt::rt::Argument>::fmt
[INFO] [stdout]                                at /rustc/e3feeb59cd1bdd011a2bfcc0747b55125d9b8527/library/core/src/fmt/rt.rs:152:76
[INFO] [stdout]    5:     0x601082cdc96a - core[a373ad73a504971]::fmt::write
[INFO] [stdout]    6:     0x601082ccc66c - core[a373ad73a504971]::io::write::default_write_fmt::<alloc[2e1b2a31b91974c5]::vec::Vec<u8>>
[INFO] [stdout]                                at /rustc/e3feeb59cd1bdd011a2bfcc0747b55125d9b8527/library/core/src/io/write.rs:402:11
[INFO] [stdout]    7:     0x601082ccc66c - <alloc[2e1b2a31b91974c5]::vec::Vec<u8> as core[a373ad73a504971]::io::write::Write>::write_fmt
[INFO] [stdout]                                at /rustc/e3feeb59cd1bdd011a2bfcc0747b55125d9b8527/library/core/src/io/write.rs:335:13
[INFO] [stdout]    8:     0x601082ca2966 - <std[617be2ca0a6fd877]::sys::backtrace::BacktraceLock>::print
[INFO] [stdout]                                at /rustc/e3feeb59cd1bdd011a2bfcc0747b55125d9b8527/library/std/src/sys/backtrace.rs:47:9
[INFO] [stdout]    9:     0x601082ca2966 - std[617be2ca0a6fd877]::panicking::default_hook::{closure#0}
[INFO] [stdout]                                at /rustc/e3feeb59cd1bdd011a2bfcc0747b55125d9b8527/library/std/src/panicking.rs:289:27
[INFO] [stdout]   10:     0x601082cbfac9 - std[617be2ca0a6fd877]::panicking::default_hook
[INFO] [stdout]                                at /rustc/e3feeb59cd1bdd011a2bfcc0747b55125d9b8527/library/std/src/panicking.rs:313:9
[INFO] [stdout]   11:     0x601082c4ed50 - <alloc[2e1b2a31b91974c5]::boxed::Box<dyn for<'a, 'b> core[a373ad73a504971]::ops::function::Fn<(&'a std[617be2ca0a6fd877]::panic::PanicHookInfo<'b>,), Output = ()> + core[a373ad73a504971]::marker::Sync + core[a373ad73a504971]::marker::Send> as core[a373ad73a504971]::ops::function::Fn<(&std[617be2ca0a6fd877]::panic::PanicHookInfo,)>>::call
[INFO] [stdout]                                at /rustc/e3feeb59cd1bdd011a2bfcc0747b55125d9b8527/library/alloc/src/boxed.rs:2328:9
[INFO] [stdout]   12:     0x601082c4ed50 - test[aada8e7e76ba119b]::test_main_inner::{closure#0}
[INFO] [stdout]                                at /rustc/e3feeb59cd1bdd011a2bfcc0747b55125d9b8527/library/test/src/lib.rs:137:21
[INFO] [stdout]   13:     0x601082cbfc82 - <alloc[2e1b2a31b91974c5]::boxed::Box<dyn for<'a, 'b> core[a373ad73a504971]::ops::function::Fn<(&'a std[617be2ca0a6fd877]::panic::PanicHookInfo<'b>,), Output = ()> + core[a373ad73a504971]::marker::Sync + core[a373ad73a504971]::marker::Send> as core[a373ad73a504971]::ops::function::Fn<(&std[617be2ca0a6fd877]::panic::PanicHookInfo,)>>::call
[INFO] [stdout]                                at /rustc/e3feeb59cd1bdd011a2bfcc0747b55125d9b8527/library/alloc/src/boxed.rs:2328:9
[INFO] [stdout]   14:     0x601082cbfc82 - std[617be2ca0a6fd877]::panicking::panic_with_hook
[INFO] [stdout]                                at /rustc/e3feeb59cd1bdd011a2bfcc0747b55125d9b8527/library/std/src/panicking.rs:819:13
[INFO] [stdout]   15:     0x601082ca2a44 - std[617be2ca0a6fd877]::panicking::panic_handler::{closure#0}
[INFO] [stdout]                                at /rustc/e3feeb59cd1bdd011a2bfcc0747b55125d9b8527/library/std/src/panicking.rs:678:13
[INFO] [stdout]   16:     0x601082c9b479 - std[617be2ca0a6fd877]::sys::backtrace::__rust_end_short_backtrace::<std[617be2ca0a6fd877]::panicking::panic_handler::{closure#0}, !>
[INFO] [stdout]                                at /rustc/e3feeb59cd1bdd011a2bfcc0747b55125d9b8527/library/std/src/sys/backtrace.rs:182:18
[INFO] [stdout]   17:     0x601082ca36dd - __rustc[ea4f61d10b84890b]::rust_begin_unwind
[INFO] [stdout]                                at /rustc/e3feeb59cd1bdd011a2bfcc0747b55125d9b8527/library/std/src/panicking.rs:676:5
[INFO] [stdout]   18:     0x601082cdd0fc - core[a373ad73a504971]::panicking::panic_fmt
[INFO] [stdout]                                at /rustc/e3feeb59cd1bdd011a2bfcc0747b55125d9b8527/library/core/src/panicking.rs:80:14
[INFO] [stdout]   19:     0x601082cdd0c2 - core[a373ad73a504971]::panicking::panic
[INFO] [stdout]                                at /rustc/e3feeb59cd1bdd011a2bfcc0747b55125d9b8527/library/core/src/panicking.rs:150:5
[INFO] [stdout]   20:     0x601082c3582b - changelog[d9cd1289fcbc7c83]::release_auto_drafts_before_promoting_changelog
[INFO] [stdout]                                at /opt/rustwide/workdir/tests/changelog.rs:528:5
[INFO] [stdout]   21:     0x601082c31da7 - changelog[d9cd1289fcbc7c83]::release_auto_drafts_before_promoting_changelog::{closure#0}
[INFO] [stdout]                                at /opt/rustwide/workdir/tests/changelog.rs:501:52
[INFO] [stdout]   22:     0x601082c3c686 - <changelog[d9cd1289fcbc7c83]::release_auto_drafts_before_promoting_changelog::{closure#0} as core[a373ad73a504971]::ops::function::FnOnce<()>>::call_once
[INFO] [stdout]                                at /rustc/e3feeb59cd1bdd011a2bfcc0747b55125d9b8527/library/core/src/ops/function.rs:250:5
[INFO] [stdout]   23:     0x601082c4219b - <fn() -> core[a373ad73a504971]::result::Result<(), alloc[2e1b2a31b91974c5]::string::String> as core[a373ad73a504971]::ops::function::FnOnce<()>>::call_once
[INFO] [stdout]                                at /rustc/e3feeb59cd1bdd011a2bfcc0747b55125d9b8527/library/core/src/ops/function.rs:250:5
[INFO] [stdout]   24:     0x601082c4219b - test[aada8e7e76ba119b]::__rust_begin_short_backtrace::<core[a373ad73a504971]::result::Result<(), alloc[2e1b2a31b91974c5]::string::String>, fn() -> core[a373ad73a504971]::result::Result<(), alloc[2e1b2a31b91974c5]::string::String>>
[INFO] [stdout]                                at /rustc/e3feeb59cd1bdd011a2bfcc0747b55125d9b8527/library/test/src/lib.rs:701:18
[INFO] [stdout]   25:     0x601082c4f375 - test[aada8e7e76ba119b]::run_test_in_process::{closure#0}
[INFO] [stdout]                                at /rustc/e3feeb59cd1bdd011a2bfcc0747b55125d9b8527/library/test/src/lib.rs:724:74
[INFO] [stdout]   26:     0x601082c4f375 - <core[a373ad73a504971]::panic::unwind_safe::AssertUnwindSafe<test[aada8e7e76ba119b]::run_test_in_process::{closure#0}> as core[a373ad73a504971]::ops::function::FnOnce<()>>::call_once
[INFO] [stdout]                                at /rustc/e3feeb59cd1bdd011a2bfcc0747b55125d9b8527/library/core/src/panic/unwind_safe.rs:275:9
[INFO] [stdout]   27:     0x601082c4f375 - std[617be2ca0a6fd877]::panicking::catch_unwind::do_call::<core[a373ad73a504971]::panic::unwind_safe::AssertUnwindSafe<test[aada8e7e76ba119b]::run_test_in_process::{closure#0}>, core[a373ad73a504971]::result::Result<(), alloc[2e1b2a31b91974c5]::string::String>>
[INFO] [stdout]                                at /rustc/e3feeb59cd1bdd011a2bfcc0747b55125d9b8527/library/std/src/panicking.rs:573:43
[INFO] [stdout]   28:     0x601082c4f375 - std[617be2ca0a6fd877]::panicking::catch_unwind::<core[a373ad73a504971]::result::Result<(), alloc[2e1b2a31b91974c5]::string::String>, core[a373ad73a504971]::panic::unwind_safe::AssertUnwindSafe<test[aada8e7e76ba119b]::run_test_in_process::{closure#0}>>
[INFO] [stdout]                                at /rustc/e3feeb59cd1bdd011a2bfcc0747b55125d9b8527/library/std/src/panicking.rs:541:19
[INFO] [stdout]   29:     0x601082c4f375 - std[617be2ca0a6fd877]::panic::catch_unwind::<core[a373ad73a504971]::panic::unwind_safe::AssertUnwindSafe<test[aada8e7e76ba119b]::run_test_in_process::{closure#0}>, core[a373ad73a504971]::result::Result<(), alloc[2e1b2a31b91974c5]::string::String>>
[INFO] [stdout]                                at /rustc/e3feeb59cd1bdd011a2bfcc0747b55125d9b8527/library/std/src/panic.rs:359:14
[INFO] [stdout]   30:     0x601082c4f375 - test[aada8e7e76ba119b]::run_test_in_process
[INFO] [stdout]                                at /rustc/e3feeb59cd1bdd011a2bfcc0747b55125d9b8527/library/test/src/lib.rs:724:27
[INFO] [stdout]   31:     0x601082c4f375 - test[aada8e7e76ba119b]::run_test::{closure#0}
[INFO] [stdout]                                at /rustc/e3feeb59cd1bdd011a2bfcc0747b55125d9b8527/library/test/src/lib.rs:645:43
[INFO] [stdout]   32:     0x601082c48c64 - test[aada8e7e76ba119b]::run_test::{closure#1}
[INFO] [stdout]                                at /rustc/e3feeb59cd1bdd011a2bfcc0747b55125d9b8527/library/test/src/lib.rs:675:41
[INFO] [stdout]   33:     0x601082c48c64 - std[617be2ca0a6fd877]::sys::backtrace::__rust_begin_short_backtrace::<test[aada8e7e76ba119b]::run_test::{closure#1}, ()>
[INFO] [stdout]                                at /rustc/e3feeb59cd1bdd011a2bfcc0747b55125d9b8527/library/std/src/sys/backtrace.rs:166:18
[INFO] [stdout]   34:     0x601082c52402 - std[617be2ca0a6fd877]::thread::lifecycle::spawn_unchecked::<test[aada8e7e76ba119b]::run_test::{closure#1}, ()>::{closure#1}::{closure#0}
[INFO] [stdout]                                at /rustc/e3feeb59cd1bdd011a2bfcc0747b55125d9b8527/library/std/src/thread/lifecycle.rs:70:13
[INFO] [stdout]   35:     0x601082c52402 - <core[a373ad73a504971]::panic::unwind_safe::AssertUnwindSafe<std[617be2ca0a6fd877]::thread::lifecycle::spawn_unchecked<test[aada8e7e76ba119b]::run_test::{closure#1}, ()>::{closure#1}::{closure#0}> as core[a373ad73a504971]::ops::function::FnOnce<()>>::call_once
[INFO] [stdout]                                at /rustc/e3feeb59cd1bdd011a2bfcc0747b55125d9b8527/library/core/src/panic/unwind_safe.rs:275:9
[INFO] [stdout]   36:     0x601082c52402 - std[617be2ca0a6fd877]::panicking::catch_unwind::do_call::<core[a373ad73a504971]::panic::unwind_safe::AssertUnwindSafe<std[617be2ca0a6fd877]::thread::lifecycle::spawn_unchecked<test[aada8e7e76ba119b]::run_test::{closure#1}, ()>::{closure#1}::{closure#0}>, ()>
[INFO] [stdout]                                at /rustc/e3feeb59cd1bdd011a2bfcc0747b55125d9b8527/library/std/src/panicking.rs:573:43
[INFO] [stdout]   37:     0x601082c52402 - std[617be2ca0a6fd877]::panicking::catch_unwind::<(), core[a373ad73a504971]::panic::unwind_safe::AssertUnwindSafe<std[617be2ca0a6fd877]::thread::lifecycle::spawn_unchecked<test[aada8e7e76ba119b]::run_test::{closure#1}, ()>::{closure#1}::{closure#0}>>
[INFO] [stdout]                                at /rustc/e3feeb59cd1bdd011a2bfcc0747b55125d9b8527/library/std/src/panicking.rs:541:19
[INFO] [stdout]   38:     0x601082c52402 - std[617be2ca0a6fd877]::panic::catch_unwind::<core[a373ad73a504971]::panic::unwind_safe::AssertUnwindSafe<std[617be2ca0a6fd877]::thread::lifecycle::spawn_unchecked<test[aada8e7e76ba119b]::run_test::{closure#1}, ()>::{closure#1}::{closure#0}>, ()>
[INFO] [stdout]                                at /rustc/e3feeb59cd1bdd011a2bfcc0747b55125d9b8527/library/std/src/panic.rs:359:14
[INFO] [stdout]   39:     0x601082c52402 - std[617be2ca0a6fd877]::thread::lifecycle::spawn_unchecked::<test[aada8e7e76ba119b]::run_test::{closure#1}, ()>::{closure#1}
[INFO] [stdout]                                at /rustc/e3feeb59cd1bdd011a2bfcc0747b55125d9b8527/library/std/src/thread/lifecycle.rs:68:26
[INFO] [stdout]   40:     0x601082c52402 - <std[617be2ca0a6fd877]::thread::lifecycle::spawn_unchecked<test[aada8e7e76ba119b]::run_test::{closure#1}, ()>::{closure#1} as core[a373ad73a504971]::ops::function::FnOnce<()>>::call_once::{shim:vtable#0}
[INFO] [stdout]                                at /rustc/e3feeb59cd1bdd011a2bfcc0747b55125d9b8527/library/core/src/ops/function.rs:250:5
[INFO] [stdout]   41:     0x601082cc74ef - <alloc[2e1b2a31b91974c5]::boxed::Box<dyn core[a373ad73a504971]::ops::function::FnOnce<(), Output = ()> + core[a373ad73a504971]::marker::Send> as core[a373ad73a504971]::ops::function::FnOnce<()>>::call_once
[INFO] [stdout]                                at /rustc/e3feeb59cd1bdd011a2bfcc0747b55125d9b8527/library/alloc/src/boxed.rs:2314:9
[INFO] [stdout]   42:     0x601082cc74ef - <std[617be2ca0a6fd877]::sys::thread::unix::Thread>::new::thread_start
[INFO] [stdout]                                at /rustc/e3feeb59cd1bdd011a2bfcc0747b55125d9b8527/library/std/src/sys/thread/unix.rs:127:17
[INFO] [stdout]   43:     0x7b4f87ea0dfa - <unknown>
[INFO] [stdout]   44:     0x7b4f87f343d4 - clone
[INFO] [stdout]   45:                0x0 - <unknown>
[INFO] [stdout] 
[INFO] [stdout] 
[INFO] [stdout] failures:
[INFO] [stdout]     release_auto_drafts_before_promoting_changelog
[INFO] [stdout]     release_command_promotes_changelog_and_honors_no_changelog
[INFO] [stdout] 
[INFO] [stdout] test result: FAILED. 9 passed; 2 failed; 0 ignored; 0 measured; 0 filtered out; finished in 1.91s
[INFO] [stdout] 
[INFO] [stderr] error: test failed, to rerun pass `--test changelog`
[INFO] running `Command { std: "docker" "inspect" "c19c6a82f61e150547f5d08361edb6d766e149e109f1b8dc71d25a5c2d150c1c", kill_on_drop: false }`
[INFO] running `Command { std: "docker" "rm" "-f" "c19c6a82f61e150547f5d08361edb6d766e149e109f1b8dc71d25a5c2d150c1c", kill_on_drop: false }`
[INFO] [stdout] c19c6a82f61e150547f5d08361edb6d766e149e109f1b8dc71d25a5c2d150c1c
