[INFO] fetching crate silicon-extend-client 2.0.0...
[INFO] testing silicon-extend-client-2.0.0 against 1.99.0-beta.8 for beta-1.100-2
[INFO] extracting crate silicon-extend-client 2.0.0 into /workspace/builds/worker-6-tc1/source
[INFO] started tweaking crates.io crate silicon-extend-client 2.0.0
[INFO] removed 0 missing tests
[INFO] finished tweaking crates.io crate silicon-extend-client 2.0.0
[INFO] tweaked toml for crates.io crate silicon-extend-client 2.0.0 written to /workspace/builds/worker-6-tc1/source/Cargo.toml
[INFO] validating manifest of crates.io crate silicon-extend-client 2.0.0 on toolchain 1.99.0-beta.8
[INFO] running `Command { std: CARGO_HOME="/workspace/cargo-home" RUSTUP_HOME="/workspace/rustup-home" "/workspace/cargo-home/bin/cargo" "+1.99.0-beta.8" "metadata" "--manifest-path" "Cargo.toml" "--no-deps", kill_on_drop: false }`
[INFO] crate crates.io crate silicon-extend-client 2.0.0 already has a lockfile, it will not be regenerated
[INFO] running `Command { std: CARGO_HOME="/workspace/cargo-home" RUSTUP_HOME="/workspace/rustup-home" "/workspace/cargo-home/bin/cargo" "+1.99.0-beta.8" "fetch" "--manifest-path" "Cargo.toml", kill_on_drop: false }`
[INFO] [stderr]     Updating crates.io index
[INFO] [stderr]  Downloading crates ...
[INFO] [stderr]   Downloaded yoke-derive v0.8.3
[INFO] [stderr]   Downloaded uuid v1.26.1
[INFO] [stderr]   Downloaded wasm-bindgen-futures v0.4.79
[INFO] [stderr]   Downloaded silicon-extend-protocol v1.1.0
[INFO] [stderr]   Downloaded tokio-rustls v0.26.5
[INFO] [stderr]   Downloaded rustls-platform-verifier-android v0.2.0
[INFO] [stderr]   Downloaded wasm-streams v0.5.0
[INFO] [stderr]   Downloaded mio v1.2.3
[INFO] [stderr]   Downloaded cc v1.5.1
[INFO] [stderr]   Downloaded combine v4.6.8
[INFO] [stderr]   Downloaded zerocopy-derive v0.8.59
[INFO] [stderr]   Downloaded webpki-root-certs v1.0.9
[INFO] [stderr]   Downloaded h2 v0.4.19
[INFO] [stderr]   Downloaded hyper v1.11.1
[INFO] [stderr]   Downloaded quinn-proto v0.11.18
[INFO] [stderr]   Downloaded simd_cesu8 v1.2.0
[INFO] [stderr]   Downloaded zerocopy v0.8.59
[INFO] [stderr]   Downloaded tokio v1.53.1
[INFO] running `Command { std: "docker" "create" "-v" "/var/lib/crater-agent-workspace/builds/worker-6-tc1/source:/opt/rustwide/workdir:ro,Z" "-v" "/var/lib/crater-agent-workspace/builds/worker-6-tc1/target:/opt/rustwide/target:rw,Z" "-v" "/var/lib/crater-agent-workspace/cargo-home:/opt/rustwide/cargo-home:ro,Z" "-v" "/var/lib/crater-agent-workspace/rustup-home:/opt/rustwide/rustup-home:ro,Z" "-m" "1610612736" "--network" "none" "ghcr.io/rust-lang/crates-build-env/linux@sha256:3111399a4047eeb3a02b7a90e478d715f38a8c6669b5c4b49d30a17385265909" "sleep" "infinity", kill_on_drop: false }`
[INFO] [stdout] 8fb7d27d95685fccaeab04db7cb8c0985e0e971a7455a9ac44abfb9b63f39dc8
[INFO] running `Command { std: "docker" "start" "8fb7d27d95685fccaeab04db7cb8c0985e0e971a7455a9ac44abfb9b63f39dc8", kill_on_drop: false }`
[INFO] running `Command { std: "docker" "inspect" "8fb7d27d95685fccaeab04db7cb8c0985e0e971a7455a9ac44abfb9b63f39dc8", kill_on_drop: false }`
[INFO] running `Command { std: "docker" "exec" "-e" "SOURCE_DIR=/opt/rustwide/workdir" "-e" "CARGO_HOME=/opt/rustwide/cargo-home" "-e" "RUSTUP_HOME=/opt/rustwide/rustup-home" "-e" "CARGO_TARGET_DIR=/opt/rustwide/target" "-w" "/opt/rustwide/workdir" "--user" "0:0" "8fb7d27d95685fccaeab04db7cb8c0985e0e971a7455a9ac44abfb9b63f39dc8" "/opt/rustwide/cargo-home/bin/cargo" "+1.99.0-beta.8" "metadata" "--no-deps" "--format-version=1", kill_on_drop: false }`
[INFO] running `Command { std: "docker" "inspect" "8fb7d27d95685fccaeab04db7cb8c0985e0e971a7455a9ac44abfb9b63f39dc8", kill_on_drop: false }`
[INFO] running `Command { std: "docker" "exec" "-e" "SOURCE_DIR=/opt/rustwide/workdir" "-e" "CARGO_HOME=/opt/rustwide/cargo-home" "-e" "RUSTUP_HOME=/opt/rustwide/rustup-home" "-e" "CARGO_TARGET_DIR=/opt/rustwide/target" "-e" "CARGO_INCREMENTAL=0" "-e" "RUST_BACKTRACE=full" "-e" "RUSTFLAGS=--cap-lints=warn" "-e" "RUSTDOCFLAGS=--cap-lints=warn" "-w" "/opt/rustwide/workdir" "--user" "0:0" "8fb7d27d95685fccaeab04db7cb8c0985e0e971a7455a9ac44abfb9b63f39dc8" "/opt/rustwide/cargo-home/bin/cargo" "+1.99.0-beta.8" "build" "--frozen" "--message-format=json", kill_on_drop: false }`
[INFO] [stderr]    Compiling libc v0.2.189
[INFO] [stderr]    Compiling smallvec v1.16.2
[INFO] [stderr]    Compiling yoke-derive v0.8.3
[INFO] [stderr]    Compiling fs_extra v1.3.0
[INFO] [stderr]    Compiling dunce v1.0.5
[INFO] [stderr]    Compiling serde_core v1.0.229
[INFO] [stderr]    Compiling aws-lc-rs v1.18.1
[INFO] [stderr]    Compiling zeroize v1.9.0
[INFO] [stderr]    Compiling http v1.5.0
[INFO] [stderr]    Compiling generic-array v0.14.7
[INFO] [stderr]    Compiling rustls-pki-types v1.15.1
[INFO] [stderr]    Compiling rustls v0.23.45
[INFO] [stderr]    Compiling getrandom v0.3.4
[INFO] [stderr]    Compiling untrusted v0.9.0
[INFO] [stderr]    Compiling zerocopy v0.8.59
[INFO] [stderr]    Compiling typenum v1.20.1
[INFO] [stderr]    Compiling tracing v0.1.44
[INFO] [stderr]    Compiling try-lock v0.2.5
[INFO] [stderr]    Compiling tower-service v0.3.3
[INFO] [stderr]    Compiling subtle v2.6.1
[INFO] [stderr]    Compiling atomic-waker v1.1.2
[INFO] [stderr]    Compiling want v0.3.1
[INFO] [stderr]    Compiling futures-channel v0.3.34
[INFO] [stderr]    Compiling sync_wrapper v1.0.2
[INFO] [stderr]    Compiling base64 v0.23.1
[INFO] [stderr]    Compiling thiserror v2.0.21
[INFO] [stderr]    Compiling yoke v0.8.3
[INFO] [stderr]    Compiling http-body v1.1.0
[INFO] [stderr]    Compiling zerovec v0.11.8
[INFO] [stderr]    Compiling zerotrie v0.2.5
[INFO] [stderr]    Compiling ipnet v2.12.2
[INFO] [stderr]    Compiling jobserver v0.1.35
[INFO] [stderr]    Compiling errno v0.3.14
[INFO] [stderr]    Compiling parking_lot_core v0.9.12
[INFO] [stderr]    Compiling signal-hook-registry v1.4.8
[INFO] [stderr]    Compiling cc v1.5.1
[INFO] [stderr]    Compiling parking_lot v0.12.5
[INFO] [stderr]    Compiling socket2 v0.6.5
[INFO] [stderr]    Compiling mio v1.2.3
[INFO] [stderr]    Compiling tinystr v0.8.4
[INFO] [stderr]    Compiling potential_utf v0.1.6
[INFO] [stderr]    Compiling icu_collections v2.3.0
[INFO] [stderr]    Compiling icu_locale_core v2.3.0
[INFO] [stderr]    Compiling tokio v1.53.1
[INFO] [stderr]    Compiling block-buffer v0.10.4
[INFO] [stderr]    Compiling rand_core v0.9.5
[INFO] [stderr]    Compiling crypto-common v0.1.7
[INFO] [stderr]    Compiling openssl-probe v0.2.1
[INFO] [stderr]    Compiling tower-layer v0.3.3
[INFO] [stderr]    Compiling time-macros v0.2.32
[INFO] [stderr]    Compiling rustls-native-certs v0.8.4
[INFO] [stderr]    Compiling digest v0.10.7
[INFO] [stderr]    Compiling getrandom v0.4.3
[INFO] [stderr]    Compiling thiserror-impl v2.0.21
[INFO] [stderr]    Compiling cpufeatures v0.2.17
[INFO] [stderr]    Compiling powerfmt v0.2.0
[INFO] [stderr]    Compiling cmake v0.1.58
[INFO] [stderr]    Compiling serde v1.0.229
[INFO] [stderr]    Compiling icu_provider v2.3.1
[INFO] [stderr]    Compiling icu_properties v2.3.0
[INFO] [stderr]    Compiling aws-lc-sys v0.45.0
[INFO] [stderr]    Compiling icu_normalizer v2.3.0
[INFO] [stderr]    Compiling serde_json v1.0.151
[INFO] [stderr]    Compiling deranged v0.5.8
[INFO] [stderr]    Compiling serde_urlencoded v0.7.1
[INFO] [stderr]    Compiling uuid v1.26.1
[INFO] [stderr]    Compiling sha2 v0.10.9
[INFO] [stderr]    Compiling idna_adapter v1.2.2
[INFO] [stderr]    Compiling idna v1.1.0
[INFO] [stderr]    Compiling http-body-util v0.1.5
[INFO] [stderr]    Compiling ppv-lite86 v0.2.21
[INFO] [stderr]    Compiling url v2.5.8
[INFO] [stderr]    Compiling time v0.3.55
[INFO] [stderr]    Compiling rand_chacha v0.9.0
[INFO] [stderr]    Compiling rand v0.9.5
[INFO] [stderr]    Compiling silicon-extend-protocol v1.1.0
[INFO] [stderr]    Compiling tokio-util v0.7.19
[INFO] [stderr]    Compiling tower v0.5.3
[INFO] [stderr]    Compiling h2 v0.4.19
[INFO] [stderr]    Compiling tower-http v0.6.11
[INFO] [stderr]    Compiling hyper v1.11.1
[INFO] [stderr]    Compiling hyper-util v0.1.21
[INFO] [stderr]    Compiling rustls-webpki v0.103.15
[INFO] [stderr]    Compiling tokio-rustls v0.26.5
[INFO] [stderr]    Compiling rustls-platform-verifier v0.7.1
[INFO] [stderr]    Compiling hyper-rustls v0.27.10
[INFO] [stderr]    Compiling reqwest v0.13.5
[INFO] [stderr]    Compiling silicon-extend-client v2.0.0 (/opt/rustwide/workdir)
[INFO] [stderr]     Finished `dev` profile [unoptimized + debuginfo] target(s) in 1m 58s
[INFO] running `Command { std: "docker" "inspect" "8fb7d27d95685fccaeab04db7cb8c0985e0e971a7455a9ac44abfb9b63f39dc8", kill_on_drop: false }`
[INFO] running `Command { std: "docker" "exec" "-e" "SOURCE_DIR=/opt/rustwide/workdir" "-e" "CARGO_HOME=/opt/rustwide/cargo-home" "-e" "RUSTUP_HOME=/opt/rustwide/rustup-home" "-e" "CARGO_TARGET_DIR=/opt/rustwide/target" "-e" "CARGO_INCREMENTAL=0" "-e" "RUST_BACKTRACE=full" "-e" "RUSTFLAGS=--cap-lints=warn" "-e" "RUSTDOCFLAGS=--cap-lints=warn" "-w" "/opt/rustwide/workdir" "--user" "0:0" "8fb7d27d95685fccaeab04db7cb8c0985e0e971a7455a9ac44abfb9b63f39dc8" "/opt/rustwide/cargo-home/bin/cargo" "+1.99.0-beta.8" "test" "--frozen" "--no-run" "--message-format=json", kill_on_drop: false }`
[INFO] [stderr]    Compiling silicon-extend-client v2.0.0 (/opt/rustwide/workdir)
[INFO] [stderr]     Finished `test` profile [unoptimized + debuginfo] target(s) in 8.82s
[INFO] running `Command { std: "docker" "inspect" "8fb7d27d95685fccaeab04db7cb8c0985e0e971a7455a9ac44abfb9b63f39dc8", kill_on_drop: false }`
[INFO] running `Command { std: "docker" "exec" "-e" "SOURCE_DIR=/opt/rustwide/workdir" "-e" "CARGO_HOME=/opt/rustwide/cargo-home" "-e" "RUSTUP_HOME=/opt/rustwide/rustup-home" "-e" "CARGO_TARGET_DIR=/opt/rustwide/target" "-e" "CARGO_INCREMENTAL=0" "-e" "RUST_BACKTRACE=full" "-e" "RUSTFLAGS=--cap-lints=warn" "-e" "RUSTDOCFLAGS=--cap-lints=warn" "-w" "/opt/rustwide/workdir" "--user" "0:0" "8fb7d27d95685fccaeab04db7cb8c0985e0e971a7455a9ac44abfb9b63f39dc8" "/opt/rustwide/cargo-home/bin/cargo" "+1.99.0-beta.8" "test" "--frozen", kill_on_drop: false }`
[INFO] [stderr]     Finished `test` profile [unoptimized + debuginfo] target(s) in 0.31s
[INFO] [stderr]      Running unittests src/lib.rs (/opt/rustwide/target/debug/deps/silicon_extend_client-dd9da128a29f661e)
[INFO] [stdout] 
[INFO] [stdout] running 6 tests
[INFO] [stdout] test attachments::tests::from_path_names_and_types_the_file ... ok
[INFO] [stdout] test attachments::tests::oversized_files_are_refused_before_reading ... ok
[INFO] [stdout] test attachments::tests::base64_matches_rfc4648 ... ok
[INFO] [stdout] test attachments::tests::attach_local_files_rewrites_arguments ... ok
[INFO] [stdout] test attachments::tests::only_local_inputs_are_read_as_files ... ok
[INFO] [stdout] test attachments::tests::a_set_keeps_to_eight_files_and_eight_mib ... ok
[INFO] [stdout] 
[INFO] [stdout] test result: ok. 6 passed; 0 failed; 0 ignored; 0 measured; 0 filtered out; finished in 1.63s
[INFO] [stdout] 
[INFO] [stderr]      Running tests/contract_fixtures.rs (/opt/rustwide/target/debug/deps/contract_fixtures-402b3ef0776f3912)
[INFO] [stdout] 
[INFO] [stdout] running 3 tests
[INFO] [stdout] test base64_matches_the_standard ... ok
[INFO] [stdout] test every_public_call_has_a_fixture ... ok
[INFO] [stdout] test fixtures_match_what_the_client_sends ... FAILED
[INFO] [stdout] 
[INFO] [stdout] failures:
[INFO] [stdout] 
[INFO] [stdout] ---- fixtures_match_what_the_client_sends stdout ----
[INFO] [stdout] 
[INFO] [stdout] thread 'fixtures_match_what_the_client_sends' (2445) panicked at tests/contract_fixtures.rs:1387:5:
[INFO] [stdout] The client's contract fixtures in /opt/rustwide/workdir/../../contracts/v1/client are out of date:
[INFO] [stdout] access.grant: no fixture at /opt/rustwide/workdir/../../contracts/v1/client/access.grant.json
[INFO] [stdout] access.list: no fixture at /opt/rustwide/workdir/../../contracts/v1/client/access.list.json
[INFO] [stdout] access.revoke: no fixture at /opt/rustwide/workdir/../../contracts/v1/client/access.revoke.json
[INFO] [stdout] access.revoke.team: no fixture at /opt/rustwide/workdir/../../contracts/v1/client/access.revoke.team.json
[INFO] [stdout] auth.login: no fixture at /opt/rustwide/workdir/../../contracts/v1/client/auth.login.json
[INFO] [stdout] auth.logout: no fixture at /opt/rustwide/workdir/../../contracts/v1/client/auth.logout.json
[INFO] [stdout] auth.me: no fixture at /opt/rustwide/workdir/../../contracts/v1/client/auth.me.json
[INFO] [stdout] auth.me.options: no fixture at /opt/rustwide/workdir/../../contracts/v1/client/auth.me.options.json
[INFO] [stdout] auth.refresh: no fixture at /opt/rustwide/workdir/../../contracts/v1/client/auth.refresh.json
[INFO] [stdout] contracts.get: no fixture at /opt/rustwide/workdir/../../contracts/v1/client/contracts.get.json
[INFO] [stdout] device.artifact: no fixture at /opt/rustwide/workdir/../../contracts/v1/client/device.artifact.json
[INFO] [stdout] device.banner: no fixture at /opt/rustwide/workdir/../../contracts/v1/client/device.banner.json
[INFO] [stdout] device.enrollments.create: no fixture at /opt/rustwide/workdir/../../contracts/v1/client/device.enrollments.create.json
[INFO] [stdout] device.revoke: no fixture at /opt/rustwide/workdir/../../contracts/v1/client/device.revoke.json
[INFO] [stdout] device.self: no fixture at /opt/rustwide/workdir/../../contracts/v1/client/device.self.json
[INFO] [stdout] device.stop: no fixture at /opt/rustwide/workdir/../../contracts/v1/client/device.stop.json
[INFO] [stdout] devices.activity: no fixture at /opt/rustwide/workdir/../../contracts/v1/client/devices.activity.json
[INFO] [stdout] devices.attach: no fixture at /opt/rustwide/workdir/../../contracts/v1/client/devices.attach.json
[INFO] [stdout] devices.banner: no fixture at /opt/rustwide/workdir/../../contracts/v1/client/devices.banner.json
[INFO] [stdout] devices.get: no fixture at /opt/rustwide/workdir/../../contracts/v1/client/devices.get.json
[INFO] [stdout] devices.list: no fixture at /opt/rustwide/workdir/../../contracts/v1/client/devices.list.json
[INFO] [stdout] devices.list.including_removed: no fixture at /opt/rustwide/workdir/../../contracts/v1/client/devices.list.including_removed.json
[INFO] [stdout] devices.remove: no fixture at /opt/rustwide/workdir/../../contracts/v1/client/devices.remove.json
[INFO] [stdout] devices.requests: no fixture at /opt/rustwide/workdir/../../contracts/v1/client/devices.requests.json
[INFO] [stdout] devices.setup: no fixture at /opt/rustwide/workdir/../../contracts/v1/client/devices.setup.json
[INFO] [stdout] devices.setup_code: no fixture at /opt/rustwide/workdir/../../contracts/v1/client/devices.setup_code.json
[INFO] [stdout] devices.setup_retry: no fixture at /opt/rustwide/workdir/../../contracts/v1/client/devices.setup_retry.json
[INFO] [stdout] devices.stop: no fixture at /opt/rustwide/workdir/../../contracts/v1/client/devices.stop.json
[INFO] [stdout] devices.stop.device_stopped: no fixture at /opt/rustwide/workdir/../../contracts/v1/client/devices.stop.device_stopped.json
[INFO] [stdout] devices.stop.outcome: no fixture at /opt/rustwide/workdir/../../contracts/v1/client/devices.stop.outcome.json
[INFO] [stdout] devices.update: no fixture at /opt/rustwide/workdir/../../contracts/v1/client/devices.update.json
[INFO] [stdout] enrollments.create: no fixture at /opt/rustwide/workdir/../../contracts/v1/client/enrollments.create.json
[INFO] [stdout] enrollments.get: no fixture at /opt/rustwide/workdir/../../contracts/v1/client/enrollments.get.json
[INFO] [stdout] files.content: no fixture at /opt/rustwide/workdir/../../contracts/v1/client/files.content.json
[INFO] [stdout] files.content.range: no fixture at /opt/rustwide/workdir/../../contracts/v1/client/files.content.range.json
[INFO] [stdout] files.get: no fixture at /opt/rustwide/workdir/../../contracts/v1/client/files.get.json
[INFO] [stdout] files.keep: no fixture at /opt/rustwide/workdir/../../contracts/v1/client/files.keep.json
[INFO] [stdout] files.list: no fixture at /opt/rustwide/workdir/../../contracts/v1/client/files.list.json
[INFO] [stdout] iam.get: no fixture at /opt/rustwide/workdir/../../contracts/v1/client/iam.get.json
[INFO] [stdout] pairings.claim: no fixture at /opt/rustwide/workdir/../../contracts/v1/client/pairings.claim.json
[INFO] [stdout] reports.create: no fixture at /opt/rustwide/workdir/../../contracts/v1/client/reports.create.json
[INFO] [stdout] requests.list: no fixture at /opt/rustwide/workdir/../../contracts/v1/client/requests.list.json
[INFO] [stdout] requests.send: no fixture at /opt/rustwide/workdir/../../contracts/v1/client/requests.send.json
[INFO] [stdout] sessions.command: no fixture at /opt/rustwide/workdir/../../contracts/v1/client/sessions.command.json
[INFO] [stdout] sessions.end: no fixture at /opt/rustwide/workdir/../../contracts/v1/client/sessions.end.json
[INFO] [stdout] sessions.get: no fixture at /opt/rustwide/workdir/../../contracts/v1/client/sessions.get.json
[INFO] [stdout] sessions.list: no fixture at /opt/rustwide/workdir/../../contracts/v1/client/sessions.list.json
[INFO] [stdout] sessions.start: no fixture at /opt/rustwide/workdir/../../contracts/v1/client/sessions.start.json
[INFO] [stdout] sessions.takeover: no fixture at /opt/rustwide/workdir/../../contracts/v1/client/sessions.takeover.json
[INFO] [stdout] sessions.takeover_release: no fixture at /opt/rustwide/workdir/../../contracts/v1/client/sessions.takeover_release.json
[INFO] [stdout] sessions.takeover_status: no fixture at /opt/rustwide/workdir/../../contracts/v1/client/sessions.takeover_status.json
[INFO] [stdout] team.silicons: no fixture at /opt/rustwide/workdir/../../contracts/v1/client/team.silicons.json
[INFO] [stdout] team.silicons.all: no fixture at /opt/rustwide/workdir/../../contracts/v1/client/team.silicons.all.json
[INFO] [stdout] telemetry.send: no fixture at /opt/rustwide/workdir/../../contracts/v1/client/telemetry.send.json
[INFO] [stdout] testing.environment: no fixture at /opt/rustwide/workdir/../../contracts/v1/client/testing.environment.json
[INFO] [stdout] ting.registration.all: no fixture at /opt/rustwide/workdir/../../contracts/v1/client/ting.registration.all.json
[INFO] [stdout] ting.registration.get: no fixture at /opt/rustwide/workdir/../../contracts/v1/client/ting.registration.get.json
[INFO] [stdout] ting.registration.turn_on: no fixture at /opt/rustwide/workdir/../../contracts/v1/client/ting.registration.turn_on.json
[INFO] [stdout] version.negotiate: no fixture at /opt/rustwide/workdir/../../contracts/v1/client/version.negotiate.json
[INFO] [stdout] wake_requests.answer: no fixture at /opt/rustwide/workdir/../../contracts/v1/client/wake_requests.answer.json
[INFO] [stdout] wake_requests.cancel: no fixture at /opt/rustwide/workdir/../../contracts/v1/client/wake_requests.cancel.json
[INFO] [stdout] wake_requests.create: no fixture at /opt/rustwide/workdir/../../contracts/v1/client/wake_requests.create.json
[INFO] [stdout] wake_requests.list: no fixture at /opt/rustwide/workdir/../../contracts/v1/client/wake_requests.list.json
[INFO] [stdout] wake_settings.update: no fixture at /opt/rustwide/workdir/../../contracts/v1/client/wake_settings.update.json
[INFO] [stdout] 
[INFO] [stdout] If the change is intended, rewrite them with `EXTEND_CONTRACTS_WRITE=1 cargo test -p silicon-extend-client --test contract_fixtures` and commit contracts/. The service's `contracts` test then checks the service still accepts them.
[INFO] [stdout] stack backtrace:
[INFO] [stdout]    0:     0x62fcde5cc881 - std[70759c8f55707aa4]::backtrace_rs::backtrace::libunwind::trace
[INFO] [stdout]                                at /rustc/dfb0accb7f508ae8be965d8629557221c889dd98/library/std/src/../../backtrace/src/backtrace/libunwind.rs:117:9
[INFO] [stdout]    1:     0x62fcde5cc881 - std[70759c8f55707aa4]::backtrace_rs::backtrace::trace_unsynchronized::<std[70759c8f55707aa4]::sys::backtrace::_print_fmt::{closure#1}>
[INFO] [stdout]                                at /rustc/dfb0accb7f508ae8be965d8629557221c889dd98/library/std/src/../../backtrace/src/backtrace/mod.rs:66:14
[INFO] [stdout]    2:     0x62fcde5cc881 - std[70759c8f55707aa4]::sys::backtrace::_print_fmt
[INFO] [stdout]                                at /rustc/dfb0accb7f508ae8be965d8629557221c889dd98/library/std/src/sys/backtrace.rs:74:9
[INFO] [stdout]    3:     0x62fcde5cc881 - <<std[70759c8f55707aa4]::sys::backtrace::BacktraceLock>::print::DisplayBacktrace as core[df12db4294e9bfd3]::fmt::Display>::fmt
[INFO] [stdout]                                at /rustc/dfb0accb7f508ae8be965d8629557221c889dd98/library/std/src/sys/backtrace.rs:44:26
[INFO] [stdout]    4:     0x62fcde5e39fa - <core[df12db4294e9bfd3]::fmt::rt::Argument>::fmt
[INFO] [stdout]                                at /rustc/dfb0accb7f508ae8be965d8629557221c889dd98/library/core/src/fmt/rt.rs:152:76
[INFO] [stdout]    5:     0x62fcde5e39fa - core[df12db4294e9bfd3]::fmt::write
[INFO] [stdout]    6:     0x62fcde5d1b5c - core[df12db4294e9bfd3]::io::write::default_write_fmt::<alloc[2182bb758b4b3781]::vec::Vec<u8>>
[INFO] [stdout]                                at /rustc/dfb0accb7f508ae8be965d8629557221c889dd98/library/core/src/io/write.rs:402:11
[INFO] [stdout]    7:     0x62fcde5d1b5c - <alloc[2182bb758b4b3781]::vec::Vec<u8> as core[df12db4294e9bfd3]::io::write::Write>::write_fmt
[INFO] [stdout]                                at /rustc/dfb0accb7f508ae8be965d8629557221c889dd98/library/core/src/io/write.rs:335:13
[INFO] [stdout]    8:     0x62fcde5a6116 - <std[70759c8f55707aa4]::sys::backtrace::BacktraceLock>::print
[INFO] [stdout]                                at /rustc/dfb0accb7f508ae8be965d8629557221c889dd98/library/std/src/sys/backtrace.rs:47:9
[INFO] [stdout]    9:     0x62fcde5a6116 - std[70759c8f55707aa4]::panicking::default_hook::{closure#0}
[INFO] [stdout]                                at /rustc/dfb0accb7f508ae8be965d8629557221c889dd98/library/std/src/panicking.rs:292:27
[INFO] [stdout]   10:     0x62fcde5c39d9 - std[70759c8f55707aa4]::panicking::default_hook
[INFO] [stdout]                                at /rustc/dfb0accb7f508ae8be965d8629557221c889dd98/library/std/src/panicking.rs:316:9
[INFO] [stdout]   11:     0x62fcddda3f40 - <alloc[2182bb758b4b3781]::boxed::Box<dyn for<'a, 'b> core[df12db4294e9bfd3]::ops::function::Fn<(&'a std[70759c8f55707aa4]::panic::PanicHookInfo<'b>,), Output = ()> + core[df12db4294e9bfd3]::marker::Send + core[df12db4294e9bfd3]::marker::Sync> as core[df12db4294e9bfd3]::ops::function::Fn<(&std[70759c8f55707aa4]::panic::PanicHookInfo,)>>::call
[INFO] [stdout]                                at /rustc/dfb0accb7f508ae8be965d8629557221c889dd98/library/alloc/src/boxed.rs:2334:9
[INFO] [stdout]   12:     0x62fcddda3f40 - test[9d35eded1c95d3be]::test_main_inner::<test[9d35eded1c95d3be]::test_main_static::{closure#0}>::{closure#0}
[INFO] [stdout]                                at /rustc/dfb0accb7f508ae8be965d8629557221c889dd98/library/test/src/lib.rs:155:21
[INFO] [stdout]   13:     0x62fcde5c3d02 - <alloc[2182bb758b4b3781]::boxed::Box<dyn for<'a, 'b> core[df12db4294e9bfd3]::ops::function::Fn<(&'a std[70759c8f55707aa4]::panic::PanicHookInfo<'b>,), Output = ()> + core[df12db4294e9bfd3]::marker::Send + core[df12db4294e9bfd3]::marker::Sync> as core[df12db4294e9bfd3]::ops::function::Fn<(&std[70759c8f55707aa4]::panic::PanicHookInfo,)>>::call
[INFO] [stdout]                                at /rustc/dfb0accb7f508ae8be965d8629557221c889dd98/library/alloc/src/boxed.rs:2334:9
[INFO] [stdout]   14:     0x62fcde5c3d02 - std[70759c8f55707aa4]::panicking::panic_with_hook
[INFO] [stdout]                                at /rustc/dfb0accb7f508ae8be965d8629557221c889dd98/library/std/src/panicking.rs:823:13
[INFO] [stdout]   15:     0x62fcde5a61c2 - std[70759c8f55707aa4]::panicking::panic_handler::{closure#0}
[INFO] [stdout]                                at /rustc/dfb0accb7f508ae8be965d8629557221c889dd98/library/std/src/panicking.rs:688:13
[INFO] [stdout]   16:     0x62fcde59eb19 - std[70759c8f55707aa4]::sys::backtrace::__rust_end_short_backtrace::<std[70759c8f55707aa4]::panicking::panic_handler::{closure#0}, !>
[INFO] [stdout]                                at /rustc/dfb0accb7f508ae8be965d8629557221c889dd98/library/std/src/sys/backtrace.rs:182:18
[INFO] [stdout]   17:     0x62fcde5a6fad - __rustc[8fa7c3cbc660c2b3]::rust_begin_unwind
[INFO] [stdout]                                at /rustc/dfb0accb7f508ae8be965d8629557221c889dd98/library/std/src/panicking.rs:679:5
[INFO] [stdout]   18:     0x62fcde5e421c - core[df12db4294e9bfd3]::panicking::panic_fmt
[INFO] [stdout]                                at /rustc/dfb0accb7f508ae8be965d8629557221c889dd98/library/core/src/panicking.rs:80:14
[INFO] [stdout]   19:     0x62fcddc507ea - contract_fixtures[3b7c377f9218164a]::fixtures_match_what_the_client_sends::{closure#0}
[INFO] [stdout]                                at /opt/rustwide/workdir/tests/contract_fixtures.rs:1387:5
[INFO] [stdout]   20:     0x62fcddd518b2 - <core[df12db4294e9bfd3]::pin::Pin<&mut dyn core[df12db4294e9bfd3]::future::future::Future<Output = ()>> as core[df12db4294e9bfd3]::future::future::Future>::poll
[INFO] [stdout]                                at /rustc/dfb0accb7f508ae8be965d8629557221c889dd98/library/core/src/future/future.rs:133:9
[INFO] [stdout]   21:     0x62fcddd5192d - <core[df12db4294e9bfd3]::pin::Pin<&mut core[df12db4294e9bfd3]::pin::Pin<&mut dyn core[df12db4294e9bfd3]::future::future::Future<Output = ()>>> as core[df12db4294e9bfd3]::future::future::Future>::poll
[INFO] [stdout]                                at /rustc/dfb0accb7f508ae8be965d8629557221c889dd98/library/core/src/future/future.rs:133:9
[INFO] [stdout]   22:     0x62fcddd7204d - <tokio[913fd1eb734278e9]::runtime::scheduler::current_thread::CoreGuard>::block_on::<core[df12db4294e9bfd3]::pin::Pin<&mut core[df12db4294e9bfd3]::pin::Pin<&mut dyn core[df12db4294e9bfd3]::future::future::Future<Output = ()>>>>::{closure#0}::{closure#0}::{closure#0}
[INFO] [stdout]                                at /opt/rustwide/cargo-home/registry/src/index.crates.io-1949cf8c6b5b557f/tokio-1.53.1/src/runtime/scheduler/current_thread/mod.rs:830:70
[INFO] [stdout]   23:     0x62fcddd71f85 - tokio[913fd1eb734278e9]::task::coop::with_budget::<core[df12db4294e9bfd3]::task::poll::Poll<()>, <tokio[913fd1eb734278e9]::runtime::scheduler::current_thread::CoreGuard>::block_on<core[df12db4294e9bfd3]::pin::Pin<&mut core[df12db4294e9bfd3]::pin::Pin<&mut dyn core[df12db4294e9bfd3]::future::future::Future<Output = ()>>>>::{closure#0}::{closure#0}::{closure#0}>
[INFO] [stdout]                                at /opt/rustwide/cargo-home/registry/src/index.crates.io-1949cf8c6b5b557f/tokio-1.53.1/src/task/coop/mod.rs:167:5
[INFO] [stdout]   24:     0x62fcddd71f85 - tokio[913fd1eb734278e9]::task::coop::budget::<core[df12db4294e9bfd3]::task::poll::Poll<()>, <tokio[913fd1eb734278e9]::runtime::scheduler::current_thread::CoreGuard>::block_on<core[df12db4294e9bfd3]::pin::Pin<&mut core[df12db4294e9bfd3]::pin::Pin<&mut dyn core[df12db4294e9bfd3]::future::future::Future<Output = ()>>>>::{closure#0}::{closure#0}::{closure#0}>
[INFO] [stdout]                                at /opt/rustwide/cargo-home/registry/src/index.crates.io-1949cf8c6b5b557f/tokio-1.53.1/src/task/coop/mod.rs:133:5
[INFO] [stdout]   25:     0x62fcddd71f85 - <tokio[913fd1eb734278e9]::runtime::scheduler::current_thread::CoreGuard>::block_on::<core[df12db4294e9bfd3]::pin::Pin<&mut core[df12db4294e9bfd3]::pin::Pin<&mut dyn core[df12db4294e9bfd3]::future::future::Future<Output = ()>>>>::{closure#0}::{closure#0}
[INFO] [stdout]                                at /opt/rustwide/cargo-home/registry/src/index.crates.io-1949cf8c6b5b557f/tokio-1.53.1/src/runtime/scheduler/current_thread/mod.rs:830:25
[INFO] [stdout]   26:     0x62fcddd660a2 - <tokio[913fd1eb734278e9]::runtime::scheduler::current_thread::Context>::enter::<core[df12db4294e9bfd3]::task::poll::Poll<()>, <tokio[913fd1eb734278e9]::runtime::scheduler::current_thread::CoreGuard>::block_on<core[df12db4294e9bfd3]::pin::Pin<&mut core[df12db4294e9bfd3]::pin::Pin<&mut dyn core[df12db4294e9bfd3]::future::future::Future<Output = ()>>>>::{closure#0}::{closure#0}>
[INFO] [stdout]                                at /opt/rustwide/cargo-home/registry/src/index.crates.io-1949cf8c6b5b557f/tokio-1.53.1/src/runtime/scheduler/current_thread/mod.rs:488:19
[INFO] [stdout]   27:     0x62fcddd7141d - <tokio[913fd1eb734278e9]::runtime::scheduler::current_thread::CoreGuard>::block_on::<core[df12db4294e9bfd3]::pin::Pin<&mut core[df12db4294e9bfd3]::pin::Pin<&mut dyn core[df12db4294e9bfd3]::future::future::Future<Output = ()>>>>::{closure#0}
[INFO] [stdout]                                at /opt/rustwide/cargo-home/registry/src/index.crates.io-1949cf8c6b5b557f/tokio-1.53.1/src/runtime/scheduler/current_thread/mod.rs:829:44
[INFO] [stdout]   28:     0x62fcddd706b4 - <tokio[913fd1eb734278e9]::runtime::scheduler::current_thread::CoreGuard>::enter::<<tokio[913fd1eb734278e9]::runtime::scheduler::current_thread::CoreGuard>::block_on<core[df12db4294e9bfd3]::pin::Pin<&mut core[df12db4294e9bfd3]::pin::Pin<&mut dyn core[df12db4294e9bfd3]::future::future::Future<Output = ()>>>>::{closure#0}, core[df12db4294e9bfd3]::option::Option<()>>::{closure#0}
[INFO] [stdout]                                at /opt/rustwide/cargo-home/registry/src/index.crates.io-1949cf8c6b5b557f/tokio-1.53.1/src/runtime/scheduler/current_thread/mod.rs:906:68
[INFO] [stdout]   29:     0x62fcddd52b0b - <tokio[913fd1eb734278e9]::runtime::context::scoped::Scoped<tokio[913fd1eb734278e9]::runtime::scheduler::Context>>::set::<<tokio[913fd1eb734278e9]::runtime::scheduler::current_thread::CoreGuard>::enter<<tokio[913fd1eb734278e9]::runtime::scheduler::current_thread::CoreGuard>::block_on<core[df12db4294e9bfd3]::pin::Pin<&mut core[df12db4294e9bfd3]::pin::Pin<&mut dyn core[df12db4294e9bfd3]::future::future::Future<Output = ()>>>>::{closure#0}, core[df12db4294e9bfd3]::option::Option<()>>::{closure#0}, (alloc[2182bb758b4b3781]::boxed::Box<tokio[913fd1eb734278e9]::runtime::scheduler::current_thread::Core>, core[df12db4294e9bfd3]::option::Option<()>)>
[INFO] [stdout]                                at /opt/rustwide/cargo-home/registry/src/index.crates.io-1949cf8c6b5b557f/tokio-1.53.1/src/runtime/context/scoped.rs:40:9
[INFO] [stdout]   30:     0x62fcddd4bbd9 - tokio[913fd1eb734278e9]::runtime::context::set_scheduler::<(alloc[2182bb758b4b3781]::boxed::Box<tokio[913fd1eb734278e9]::runtime::scheduler::current_thread::Core>, core[df12db4294e9bfd3]::option::Option<()>), <tokio[913fd1eb734278e9]::runtime::scheduler::current_thread::CoreGuard>::enter<<tokio[913fd1eb734278e9]::runtime::scheduler::current_thread::CoreGuard>::block_on<core[df12db4294e9bfd3]::pin::Pin<&mut core[df12db4294e9bfd3]::pin::Pin<&mut dyn core[df12db4294e9bfd3]::future::future::Future<Output = ()>>>>::{closure#0}, core[df12db4294e9bfd3]::option::Option<()>>::{closure#0}>::{closure#0}
[INFO] [stdout]                                at /opt/rustwide/cargo-home/registry/src/index.crates.io-1949cf8c6b5b557f/tokio-1.53.1/src/runtime/context.rs:187:38
[INFO] [stdout]   31:     0x62fcddd8aa3f - <std[70759c8f55707aa4]::thread::local::LocalKey<tokio[913fd1eb734278e9]::runtime::context::Context>>::try_with::<tokio[913fd1eb734278e9]::runtime::context::set_scheduler<(alloc[2182bb758b4b3781]::boxed::Box<tokio[913fd1eb734278e9]::runtime::scheduler::current_thread::Core>, core[df12db4294e9bfd3]::option::Option<()>), <tokio[913fd1eb734278e9]::runtime::scheduler::current_thread::CoreGuard>::enter<<tokio[913fd1eb734278e9]::runtime::scheduler::current_thread::CoreGuard>::block_on<core[df12db4294e9bfd3]::pin::Pin<&mut core[df12db4294e9bfd3]::pin::Pin<&mut dyn core[df12db4294e9bfd3]::future::future::Future<Output = ()>>>>::{closure#0}, core[df12db4294e9bfd3]::option::Option<()>>::{closure#0}>::{closure#0}, (alloc[2182bb758b4b3781]::boxed::Box<tokio[913fd1eb734278e9]::runtime::scheduler::current_thread::Core>, core[df12db4294e9bfd3]::option::Option<()>)>
[INFO] [stdout]                                at /rustc/dfb0accb7f508ae8be965d8629557221c889dd98/library/std/src/thread/local.rs:463:12
[INFO] [stdout]   32:     0x62fcddd8a5ee - <std[70759c8f55707aa4]::thread::local::LocalKey<tokio[913fd1eb734278e9]::runtime::context::Context>>::with::<tokio[913fd1eb734278e9]::runtime::context::set_scheduler<(alloc[2182bb758b4b3781]::boxed::Box<tokio[913fd1eb734278e9]::runtime::scheduler::current_thread::Core>, core[df12db4294e9bfd3]::option::Option<()>), <tokio[913fd1eb734278e9]::runtime::scheduler::current_thread::CoreGuard>::enter<<tokio[913fd1eb734278e9]::runtime::scheduler::current_thread::CoreGuard>::block_on<core[df12db4294e9bfd3]::pin::Pin<&mut core[df12db4294e9bfd3]::pin::Pin<&mut dyn core[df12db4294e9bfd3]::future::future::Future<Output = ()>>>>::{closure#0}, core[df12db4294e9bfd3]::option::Option<()>>::{closure#0}>::{closure#0}, (alloc[2182bb758b4b3781]::boxed::Box<tokio[913fd1eb734278e9]::runtime::scheduler::current_thread::Core>, core[df12db4294e9bfd3]::option::Option<()>)>
[INFO] [stdout]                                at /rustc/dfb0accb7f508ae8be965d8629557221c889dd98/library/std/src/thread/local.rs:427:20
[INFO] [stdout]   33:     0x62fcddd45c2d - tokio[913fd1eb734278e9]::runtime::context::set_scheduler::<(alloc[2182bb758b4b3781]::boxed::Box<tokio[913fd1eb734278e9]::runtime::scheduler::current_thread::Core>, core[df12db4294e9bfd3]::option::Option<()>), <tokio[913fd1eb734278e9]::runtime::scheduler::current_thread::CoreGuard>::enter<<tokio[913fd1eb734278e9]::runtime::scheduler::current_thread::CoreGuard>::block_on<core[df12db4294e9bfd3]::pin::Pin<&mut core[df12db4294e9bfd3]::pin::Pin<&mut dyn core[df12db4294e9bfd3]::future::future::Future<Output = ()>>>>::{closure#0}, core[df12db4294e9bfd3]::option::Option<()>>::{closure#0}>
[INFO] [stdout]                                at /opt/rustwide/cargo-home/registry/src/index.crates.io-1949cf8c6b5b557f/tokio-1.53.1/src/runtime/context.rs:187:17
[INFO] [stdout]   34:     0x62fcddd67fe0 - <tokio[913fd1eb734278e9]::runtime::scheduler::current_thread::CoreGuard>::enter::<<tokio[913fd1eb734278e9]::runtime::scheduler::current_thread::CoreGuard>::block_on<core[df12db4294e9bfd3]::pin::Pin<&mut core[df12db4294e9bfd3]::pin::Pin<&mut dyn core[df12db4294e9bfd3]::future::future::Future<Output = ()>>>>::{closure#0}, core[df12db4294e9bfd3]::option::Option<()>>
[INFO] [stdout]                                at /opt/rustwide/cargo-home/registry/src/index.crates.io-1949cf8c6b5b557f/tokio-1.53.1/src/runtime/scheduler/current_thread/mod.rs:906:27
[INFO] [stdout]   35:     0x62fcddd682d6 - <tokio[913fd1eb734278e9]::runtime::scheduler::current_thread::CoreGuard>::block_on::<core[df12db4294e9bfd3]::pin::Pin<&mut core[df12db4294e9bfd3]::pin::Pin<&mut dyn core[df12db4294e9bfd3]::future::future::Future<Output = ()>>>>
[INFO] [stdout]                                at /opt/rustwide/cargo-home/registry/src/index.crates.io-1949cf8c6b5b557f/tokio-1.53.1/src/runtime/scheduler/current_thread/mod.rs:817:24
[INFO] [stdout]   36:     0x62fcddd70460 - <tokio[913fd1eb734278e9]::runtime::scheduler::current_thread::CurrentThread>::block_on::<core[df12db4294e9bfd3]::pin::Pin<&mut dyn core[df12db4294e9bfd3]::future::future::Future<Output = ()>>>::{closure#0}
[INFO] [stdout]                                at /opt/rustwide/cargo-home/registry/src/index.crates.io-1949cf8c6b5b557f/tokio-1.53.1/src/runtime/scheduler/current_thread/mod.rs:218:33
[INFO] [stdout]   37:     0x62fcddd21f38 - tokio[913fd1eb734278e9]::runtime::context::runtime::enter_runtime::<<tokio[913fd1eb734278e9]::runtime::scheduler::current_thread::CurrentThread>::block_on<core[df12db4294e9bfd3]::pin::Pin<&mut dyn core[df12db4294e9bfd3]::future::future::Future<Output = ()>>>::{closure#0}, ()>
[INFO] [stdout]                                at /opt/rustwide/cargo-home/registry/src/index.crates.io-1949cf8c6b5b557f/tokio-1.53.1/src/runtime/context/runtime.rs:65:16
[INFO] [stdout]   38:     0x62fcddd657a4 - <tokio[913fd1eb734278e9]::runtime::scheduler::current_thread::CurrentThread>::block_on::<core[df12db4294e9bfd3]::pin::Pin<&mut dyn core[df12db4294e9bfd3]::future::future::Future<Output = ()>>>
[INFO] [stdout]                                at /opt/rustwide/cargo-home/registry/src/index.crates.io-1949cf8c6b5b557f/tokio-1.53.1/src/runtime/scheduler/current_thread/mod.rs:206:9
[INFO] [stdout]   39:     0x62fcddd10ddf - <tokio[913fd1eb734278e9]::runtime::runtime::Runtime>::block_on_inner::<core[df12db4294e9bfd3]::pin::Pin<&mut dyn core[df12db4294e9bfd3]::future::future::Future<Output = ()>>>
[INFO] [stdout]                                at /opt/rustwide/cargo-home/registry/src/index.crates.io-1949cf8c6b5b557f/tokio-1.53.1/src/runtime/runtime.rs:374:52
[INFO] [stdout]   40:     0x62fcddd10f2b - <tokio[913fd1eb734278e9]::runtime::runtime::Runtime>::block_on::<core[df12db4294e9bfd3]::pin::Pin<&mut dyn core[df12db4294e9bfd3]::future::future::Future<Output = ()>>>
[INFO] [stdout]                                at /opt/rustwide/cargo-home/registry/src/index.crates.io-1949cf8c6b5b557f/tokio-1.53.1/src/runtime/runtime.rs:343:18
[INFO] [stdout]   41:     0x62fcddc8e14d - contract_fixtures[3b7c377f9218164a]::fixtures_match_what_the_client_sends
[INFO] [stdout]                                at /opt/rustwide/workdir/tests/contract_fixtures.rs:1394:6
[INFO] [stdout]   42:     0x62fcddc4d0c7 - contract_fixtures[3b7c377f9218164a]::fixtures_match_what_the_client_sends::{closure#0}
[INFO] [stdout]                                at /opt/rustwide/workdir/tests/contract_fixtures.rs:1316:48
[INFO] [stdout]   43:     0x62fcddcdd0b6 - <contract_fixtures[3b7c377f9218164a]::fixtures_match_what_the_client_sends::{closure#0} as core[df12db4294e9bfd3]::ops::function::FnOnce<()>>::call_once
[INFO] [stdout]                                at /rustc/dfb0accb7f508ae8be965d8629557221c889dd98/library/core/src/ops/function.rs:250:5
[INFO] [stdout]   44:     0x62fcddd9722b - <fn() -> core[df12db4294e9bfd3]::result::Result<(), alloc[2182bb758b4b3781]::string::String> as core[df12db4294e9bfd3]::ops::function::FnOnce<()>>::call_once
[INFO] [stdout]                                at /rustc/dfb0accb7f508ae8be965d8629557221c889dd98/library/core/src/ops/function.rs:250:5
[INFO] [stdout]   45:     0x62fcddd9722b - test[9d35eded1c95d3be]::__rust_begin_short_backtrace::<core[df12db4294e9bfd3]::result::Result<(), alloc[2182bb758b4b3781]::string::String>, fn() -> core[df12db4294e9bfd3]::result::Result<(), alloc[2182bb758b4b3781]::string::String>>
[INFO] [stdout]                                at /rustc/dfb0accb7f508ae8be965d8629557221c889dd98/library/test/src/lib.rs:733:18
[INFO] [stdout]   46:     0x62fcddda4895 - test[9d35eded1c95d3be]::run_test_in_process::{closure#0}
[INFO] [stdout]                                at /rustc/dfb0accb7f508ae8be965d8629557221c889dd98/library/test/src/lib.rs:756:74
[INFO] [stdout]   47:     0x62fcddda4895 - <core[df12db4294e9bfd3]::panic::unwind_safe::AssertUnwindSafe<test[9d35eded1c95d3be]::run_test_in_process::{closure#0}> as core[df12db4294e9bfd3]::ops::function::FnOnce<()>>::call_once
[INFO] [stdout]                                at /rustc/dfb0accb7f508ae8be965d8629557221c889dd98/library/core/src/panic/unwind_safe.rs:275:9
[INFO] [stdout]   48:     0x62fcddda4895 - std[70759c8f55707aa4]::panicking::catch_unwind::do_call::<core[df12db4294e9bfd3]::panic::unwind_safe::AssertUnwindSafe<test[9d35eded1c95d3be]::run_test_in_process::{closure#0}>, core[df12db4294e9bfd3]::result::Result<(), alloc[2182bb758b4b3781]::string::String>>
[INFO] [stdout]                                at /rustc/dfb0accb7f508ae8be965d8629557221c889dd98/library/std/src/panicking.rs:576:43
[INFO] [stdout]   49:     0x62fcddda4895 - std[70759c8f55707aa4]::panicking::catch_unwind::<core[df12db4294e9bfd3]::result::Result<(), alloc[2182bb758b4b3781]::string::String>, core[df12db4294e9bfd3]::panic::unwind_safe::AssertUnwindSafe<test[9d35eded1c95d3be]::run_test_in_process::{closure#0}>>
[INFO] [stdout]                                at /rustc/dfb0accb7f508ae8be965d8629557221c889dd98/library/std/src/panicking.rs:544:19
[INFO] [stdout]   50:     0x62fcddda4895 - std[70759c8f55707aa4]::panic::catch_unwind::<core[df12db4294e9bfd3]::panic::unwind_safe::AssertUnwindSafe<test[9d35eded1c95d3be]::run_test_in_process::{closure#0}>, core[df12db4294e9bfd3]::result::Result<(), alloc[2182bb758b4b3781]::string::String>>
[INFO] [stdout]                                at /rustc/dfb0accb7f508ae8be965d8629557221c889dd98/library/std/src/panic.rs:359:14
[INFO] [stdout]   51:     0x62fcddda4895 - test[9d35eded1c95d3be]::run_test_in_process
[INFO] [stdout]                                at /rustc/dfb0accb7f508ae8be965d8629557221c889dd98/library/test/src/lib.rs:756:27
[INFO] [stdout]   52:     0x62fcddda4895 - test[9d35eded1c95d3be]::run_test::{closure#0}
[INFO] [stdout]                                at /rustc/dfb0accb7f508ae8be965d8629557221c889dd98/library/test/src/lib.rs:677:43
[INFO] [stdout]   53:     0x62fcddd9e154 - test[9d35eded1c95d3be]::run_test::{closure#1}
[INFO] [stdout]                                at /rustc/dfb0accb7f508ae8be965d8629557221c889dd98/library/test/src/lib.rs:707:41
[INFO] [stdout]   54:     0x62fcddd9e154 - std[70759c8f55707aa4]::sys::backtrace::__rust_begin_short_backtrace::<test[9d35eded1c95d3be]::run_test::{closure#1}, ()>
[INFO] [stdout]                                at /rustc/dfb0accb7f508ae8be965d8629557221c889dd98/library/std/src/sys/backtrace.rs:166:18
[INFO] [stdout]   55:     0x62fcddda79f2 - std[70759c8f55707aa4]::thread::lifecycle::spawn_unchecked::<test[9d35eded1c95d3be]::run_test::{closure#1}, ()>::{closure#1}::{closure#0}
[INFO] [stdout]                                at /rustc/dfb0accb7f508ae8be965d8629557221c889dd98/library/std/src/thread/lifecycle.rs:70:13
[INFO] [stdout]   56:     0x62fcddda79f2 - <core[df12db4294e9bfd3]::panic::unwind_safe::AssertUnwindSafe<std[70759c8f55707aa4]::thread::lifecycle::spawn_unchecked<test[9d35eded1c95d3be]::run_test::{closure#1}, ()>::{closure#1}::{closure#0}> as core[df12db4294e9bfd3]::ops::function::FnOnce<()>>::call_once
[INFO] [stdout]                                at /rustc/dfb0accb7f508ae8be965d8629557221c889dd98/library/core/src/panic/unwind_safe.rs:275:9
[INFO] [stdout]   57:     0x62fcddda79f2 - std[70759c8f55707aa4]::panicking::catch_unwind::do_call::<core[df12db4294e9bfd3]::panic::unwind_safe::AssertUnwindSafe<std[70759c8f55707aa4]::thread::lifecycle::spawn_unchecked<test[9d35eded1c95d3be]::run_test::{closure#1}, ()>::{closure#1}::{closure#0}>, ()>
[INFO] [stdout]                                at /rustc/dfb0accb7f508ae8be965d8629557221c889dd98/library/std/src/panicking.rs:576:43
[INFO] [stdout]   58:     0x62fcddda79f2 - std[70759c8f55707aa4]::panicking::catch_unwind::<(), core[df12db4294e9bfd3]::panic::unwind_safe::AssertUnwindSafe<std[70759c8f55707aa4]::thread::lifecycle::spawn_unchecked<test[9d35eded1c95d3be]::run_test::{closure#1}, ()>::{closure#1}::{closure#0}>>
[INFO] [stdout]                                at /rustc/dfb0accb7f508ae8be965d8629557221c889dd98/library/std/src/panicking.rs:544:19
[INFO] [stdout]   59:     0x62fcddda79f2 - std[70759c8f55707aa4]::panic::catch_unwind::<core[df12db4294e9bfd3]::panic::unwind_safe::AssertUnwindSafe<std[70759c8f55707aa4]::thread::lifecycle::spawn_unchecked<test[9d35eded1c95d3be]::run_test::{closure#1}, ()>::{closure#1}::{closure#0}>, ()>
[INFO] [stdout]                                at /rustc/dfb0accb7f508ae8be965d8629557221c889dd98/library/std/src/panic.rs:359:14
[INFO] [stdout]   60:     0x62fcddda79f2 - std[70759c8f55707aa4]::thread::lifecycle::spawn_unchecked::<test[9d35eded1c95d3be]::run_test::{closure#1}, ()>::{closure#1}
[INFO] [stdout]                                at /rustc/dfb0accb7f508ae8be965d8629557221c889dd98/library/std/src/thread/lifecycle.rs:68:26
[INFO] [stdout]   61:     0x62fcddda79f2 - <std[70759c8f55707aa4]::thread::lifecycle::spawn_unchecked<test[9d35eded1c95d3be]::run_test::{closure#1}, ()>::{closure#1} as core[df12db4294e9bfd3]::ops::function::FnOnce<()>>::call_once::{shim:vtable#0}
[INFO] [stdout]                                at /rustc/dfb0accb7f508ae8be965d8629557221c889dd98/library/core/src/ops/function.rs:250:5
[INFO] [stdout]   62:     0x62fcde5cb849 - <alloc[2182bb758b4b3781]::boxed::Box<dyn core[df12db4294e9bfd3]::ops::function::FnOnce<(), Output = ()> + core[df12db4294e9bfd3]::marker::Send> as core[df12db4294e9bfd3]::ops::function::FnOnce<()>>::call_once
[INFO] [stdout]                                at /rustc/dfb0accb7f508ae8be965d8629557221c889dd98/library/alloc/src/boxed.rs:2320:9
[INFO] [stdout]   63:     0x62fcde5cb849 - <std[70759c8f55707aa4]::sys::thread::unix::Thread>::new::thread_start
[INFO] [stdout]                                at /rustc/dfb0accb7f508ae8be965d8629557221c889dd98/library/std/src/sys/thread/unix.rs:123:17
[INFO] [stdout]   64:     0x746714b4cdfa - <unknown>
[INFO] [stdout]   65:     0x746714be03d4 - clone
[INFO] [stdout]   66:                0x0 - <unknown>
[INFO] [stdout] 
[INFO] [stdout] 
[INFO] [stdout] failures:
[INFO] [stdout]     fixtures_match_what_the_client_sends
[INFO] [stdout] 
[INFO] [stdout] test result: FAILED. 2 passed; 1 failed; 0 ignored; 0 measured; 0 filtered out; finished in 5.80s
[INFO] [stdout] 
[INFO] [stderr] error: test failed, to rerun pass `--test contract_fixtures`
[INFO] running `Command { std: "docker" "inspect" "8fb7d27d95685fccaeab04db7cb8c0985e0e971a7455a9ac44abfb9b63f39dc8", kill_on_drop: false }`
[INFO] running `Command { std: "docker" "rm" "-f" "8fb7d27d95685fccaeab04db7cb8c0985e0e971a7455a9ac44abfb9b63f39dc8", kill_on_drop: false }`
[INFO] [stdout] 8fb7d27d95685fccaeab04db7cb8c0985e0e971a7455a9ac44abfb9b63f39dc8
