[INFO] fetching crate signer-btc 3.2.0...
[INFO] testing signer-btc-3.2.0 against 1.99.0-beta.8 for beta-1.100-2
[INFO] extracting crate signer-btc 3.2.0 into /workspace/builds/worker-7-tc1/source
[INFO] started tweaking crates.io crate signer-btc 3.2.0
[INFO] finished tweaking crates.io crate signer-btc 3.2.0
[INFO] tweaked toml for crates.io crate signer-btc 3.2.0 written to /workspace/builds/worker-7-tc1/source/Cargo.toml
[INFO] validating manifest of crates.io crate signer-btc 3.2.0 on toolchain 1.99.0-beta.8
[INFO] running `Command { std: CARGO_HOME="/workspace/cargo-home" RUSTUP_HOME="/workspace/rustup-home" "/workspace/cargo-home/bin/cargo" "+1.99.0-beta.8" "metadata" "--manifest-path" "Cargo.toml" "--no-deps", kill_on_drop: false }`
[INFO] crate crates.io crate signer-btc 3.2.0 already has a lockfile, it will not be regenerated
[INFO] running `Command { std: CARGO_HOME="/workspace/cargo-home" RUSTUP_HOME="/workspace/rustup-home" "/workspace/cargo-home/bin/cargo" "+1.99.0-beta.8" "fetch" "--manifest-path" "Cargo.toml", kill_on_drop: false }`
[INFO] [stderr]     Updating crates.io index
[INFO] [stderr]  Downloading crates ...
[INFO] [stderr]   Downloaded zeroize v1.9.0
[INFO] [stderr]   Downloaded signer-primitives v3.2.0
[INFO] [stderr]   Downloaded cmov v0.5.4
[INFO] [stderr]   Downloaded kobe-primitives v3.2.0
[INFO] [stderr]   Downloaded base16ct v0.2.0
[INFO] [stderr]   Downloaded ctutils v0.4.2
[INFO] [stderr]   Downloaded ff v0.13.1
[INFO] [stderr]   Downloaded rfc6979 v0.4.0
[INFO] [stderr]   Downloaded hmac v0.12.1
[INFO] [stderr]   Downloaded signature v3.0.0
[INFO] [stderr]   Downloaded wnaf v0.14.0
[INFO] [stderr]   Downloaded bip32 v0.5.3
[INFO] [stderr]   Downloaded cpubits v0.1.1
[INFO] [stderr]   Downloaded base16ct v1.0.0
[INFO] [stderr]   Downloaded rfc6979 v0.6.0
[INFO] [stderr]   Downloaded group v0.14.0
[INFO] [stderr]   Downloaded ripemd v0.2.0
[INFO] [stderr]   Downloaded sec1 v0.7.3
[INFO] [stderr]   Downloaded group v0.13.0
[INFO] [stderr]   Downloaded ecdsa v0.16.9
[INFO] [stderr]   Downloaded signature v2.2.0
[INFO] [stderr]   Downloaded bs58 v0.5.1
[INFO] [stderr]   Downloaded find-msvc-tools v0.1.10
[INFO] [stderr]   Downloaded ff v0.14.0
[INFO] [stderr]   Downloaded primefield v0.14.0
[INFO] [stderr]   Downloaded ripemd v0.1.3
[INFO] [stderr]   Downloaded primeorder v0.14.0
[INFO] [stderr]   Downloaded bitcoin_hashes v0.14.101
[INFO] [stderr]   Downloaded kobe-btc v3.2.0
[INFO] [stderr]   Downloaded hex-conservative v0.2.2
[INFO] [stderr]   Downloaded sec1 v0.8.1
[INFO] [stderr]   Downloaded ecdsa v0.17.0
[INFO] [stderr]   Downloaded hmac v0.13.0
[INFO] [stderr]   Downloaded hybrid-array v0.4.14
[INFO] [stderr]   Downloaded const-oid v0.9.6
[INFO] [stderr]   Downloaded secp256k1 v0.27.0
[INFO] [stderr]   Downloaded elliptic-curve v0.14.1
[INFO] [stderr]   Downloaded elliptic-curve v0.13.8
[INFO] [stderr]   Downloaded tinyvec v1.12.0
[INFO] [stderr]   Downloaded bech32 v0.12.0
[INFO] [stderr]   Downloaded k256 v0.13.4
[INFO] [stderr]   Downloaded crypto-bigint v0.5.5
[INFO] [stderr]   Downloaded der v0.7.10
[INFO] [stderr]   Downloaded bip39 v2.2.2
[INFO] [stderr]   Downloaded cc v1.4.2
[INFO] [stderr]   Downloaded k256 v0.14.0
[INFO] [stderr]   Downloaded der v0.8.1
[INFO] [stderr]   Downloaded crypto-bigint v0.7.5
[INFO] [stderr]   Downloaded libc v0.2.189
[INFO] [stderr]   Downloaded secp256k1-sys v0.8.2
[INFO] running `Command { std: "docker" "create" "-v" "/var/lib/crater-agent-workspace/builds/worker-7-tc1/source:/opt/rustwide/workdir:ro,Z" "-v" "/var/lib/crater-agent-workspace/builds/worker-7-tc1/target:/opt/rustwide/target:rw,Z" "-v" "/var/lib/crater-agent-workspace/cargo-home:/opt/rustwide/cargo-home:ro,Z" "-v" "/var/lib/crater-agent-workspace/rustup-home:/opt/rustwide/rustup-home:ro,Z" "-m" "1610612736" "--network" "none" "ghcr.io/rust-lang/crates-build-env/linux@sha256:3111399a4047eeb3a02b7a90e478d715f38a8c6669b5c4b49d30a17385265909" "sleep" "infinity", kill_on_drop: false }`
[INFO] [stdout] 7a956219295d9c7ae007785fa40e2a1a99bc0784e682f810894cf90f08410945
[INFO] running `Command { std: "docker" "start" "7a956219295d9c7ae007785fa40e2a1a99bc0784e682f810894cf90f08410945", kill_on_drop: false }`
[INFO] running `Command { std: "docker" "inspect" "7a956219295d9c7ae007785fa40e2a1a99bc0784e682f810894cf90f08410945", kill_on_drop: false }`
[INFO] running `Command { std: "docker" "exec" "-e" "SOURCE_DIR=/opt/rustwide/workdir" "-e" "CARGO_HOME=/opt/rustwide/cargo-home" "-e" "RUSTUP_HOME=/opt/rustwide/rustup-home" "-e" "CARGO_TARGET_DIR=/opt/rustwide/target" "-w" "/opt/rustwide/workdir" "--user" "0:0" "7a956219295d9c7ae007785fa40e2a1a99bc0784e682f810894cf90f08410945" "/opt/rustwide/cargo-home/bin/cargo" "+1.99.0-beta.8" "metadata" "--no-deps" "--format-version=1", kill_on_drop: false }`
[INFO] running `Command { std: "docker" "inspect" "7a956219295d9c7ae007785fa40e2a1a99bc0784e682f810894cf90f08410945", kill_on_drop: false }`
[INFO] running `Command { std: "docker" "exec" "-e" "SOURCE_DIR=/opt/rustwide/workdir" "-e" "CARGO_HOME=/opt/rustwide/cargo-home" "-e" "RUSTUP_HOME=/opt/rustwide/rustup-home" "-e" "CARGO_TARGET_DIR=/opt/rustwide/target" "-e" "CARGO_INCREMENTAL=0" "-e" "RUST_BACKTRACE=full" "-e" "RUSTFLAGS=--cap-lints=warn" "-e" "RUSTDOCFLAGS=--cap-lints=warn" "-w" "/opt/rustwide/workdir" "--user" "0:0" "7a956219295d9c7ae007785fa40e2a1a99bc0784e682f810894cf90f08410945" "/opt/rustwide/cargo-home/bin/cargo" "+1.99.0-beta.8" "build" "--frozen" "--message-format=json", kill_on_drop: false }`
[INFO] [stderr]    Compiling syn v2.0.119
[INFO] [stderr]    Compiling subtle v2.6.1
[INFO] [stderr]    Compiling rand_core v0.10.1
[INFO] [stderr]    Compiling cmov v0.5.4
[INFO] [stderr]    Compiling cpubits v0.1.1
[INFO] [stderr]    Compiling num-traits v0.2.19
[INFO] [stderr]    Compiling base16ct v1.0.0
[INFO] [stderr]    Compiling thiserror v2.0.20
[INFO] [stderr]    Compiling cfg-if v1.0.4
[INFO] [stderr]    Compiling hex v0.4.3
[INFO] [stderr]    Compiling bs58 v0.5.1
[INFO] [stderr]    Compiling ff v0.14.0
[INFO] [stderr]    Compiling ctutils v0.4.2
[INFO] [stderr]    Compiling group v0.14.0
[INFO] [stderr]    Compiling zeroize_derive v1.5.0
[INFO] [stderr]    Compiling zeroize v1.9.0
[INFO] [stderr]    Compiling hybrid-array v0.4.14
[INFO] [stderr]    Compiling der v0.8.1
[INFO] [stderr]    Compiling crypto-common v0.2.2
[INFO] [stderr]    Compiling block-buffer v0.12.1
[INFO] [stderr]    Compiling crypto-bigint v0.7.5
[INFO] [stderr]    Compiling wnaf v0.14.0
[INFO] [stderr]    Compiling sec1 v0.8.1
[INFO] [stderr]    Compiling digest v0.11.3
[INFO] [stderr]    Compiling hmac v0.13.0
[INFO] [stderr]    Compiling signature v3.0.0
[INFO] [stderr]    Compiling sha2 v0.11.0
[INFO] [stderr]    Compiling ripemd v0.2.0
[INFO] [stderr]    Compiling elliptic-curve v0.14.1
[INFO] [stderr]    Compiling primefield v0.14.0
[INFO] [stderr]    Compiling rfc6979 v0.6.0
[INFO] [stderr]    Compiling ecdsa v0.17.0
[INFO] [stderr]    Compiling primeorder v0.14.0
[INFO] [stderr]    Compiling k256 v0.14.0
[INFO] [stderr]    Compiling signer-primitives v3.2.0
[INFO] [stderr]    Compiling signer-btc v3.2.0 (/opt/rustwide/workdir)
[INFO] [stderr]     Finished `dev` profile [unoptimized + debuginfo] target(s) in 17.86s
[INFO] running `Command { std: "docker" "inspect" "7a956219295d9c7ae007785fa40e2a1a99bc0784e682f810894cf90f08410945", kill_on_drop: false }`
[INFO] running `Command { std: "docker" "exec" "-e" "SOURCE_DIR=/opt/rustwide/workdir" "-e" "CARGO_HOME=/opt/rustwide/cargo-home" "-e" "RUSTUP_HOME=/opt/rustwide/rustup-home" "-e" "CARGO_TARGET_DIR=/opt/rustwide/target" "-e" "CARGO_INCREMENTAL=0" "-e" "RUST_BACKTRACE=full" "-e" "RUSTFLAGS=--cap-lints=warn" "-e" "RUSTDOCFLAGS=--cap-lints=warn" "-w" "/opt/rustwide/workdir" "--user" "0:0" "7a956219295d9c7ae007785fa40e2a1a99bc0784e682f810894cf90f08410945" "/opt/rustwide/cargo-home/bin/cargo" "+1.99.0-beta.8" "test" "--frozen" "--no-run" "--message-format=json", kill_on_drop: false }`
[INFO] [stderr]    Compiling k256 v0.14.0
[INFO] [stderr]    Compiling signer-primitives v3.2.0
[INFO] [stderr]    Compiling signer-btc v3.2.0 (/opt/rustwide/workdir)
[INFO] [stderr]     Finished `test` profile [unoptimized + debuginfo] target(s) in 2.33s
[INFO] running `Command { std: "docker" "inspect" "7a956219295d9c7ae007785fa40e2a1a99bc0784e682f810894cf90f08410945", kill_on_drop: false }`
[INFO] running `Command { std: "docker" "exec" "-e" "SOURCE_DIR=/opt/rustwide/workdir" "-e" "CARGO_HOME=/opt/rustwide/cargo-home" "-e" "RUSTUP_HOME=/opt/rustwide/rustup-home" "-e" "CARGO_TARGET_DIR=/opt/rustwide/target" "-e" "CARGO_INCREMENTAL=0" "-e" "RUST_BACKTRACE=full" "-e" "RUSTFLAGS=--cap-lints=warn" "-e" "RUSTDOCFLAGS=--cap-lints=warn" "-w" "/opt/rustwide/workdir" "--user" "0:0" "7a956219295d9c7ae007785fa40e2a1a99bc0784e682f810894cf90f08410945" "/opt/rustwide/cargo-home/bin/cargo" "+1.99.0-beta.8" "test" "--frozen", kill_on_drop: false }`
[INFO] [stderr]     Finished `test` profile [unoptimized + debuginfo] target(s) in 0.05s
[INFO] [stderr]      Running unittests src/lib.rs (/opt/rustwide/target/debug/deps/signer_btc-4bba4212964262f6)
[INFO] [stdout] 
[INFO] [stdout] running 8 tests
[INFO] [stdout] test tests::bitcoin_message_digest_matches_noble_kat ... ok
[INFO] [stdout] test tests::address_p2pkh_matches_base58check_kat ... ok
[INFO] [stdout] test tests::sign_message_default_is_bip137_compressed_p2pkh ... ok
[INFO] [stdout] test tests::sign_message_bip137_recovers_to_same_p2pkh_address ... ok
[INFO] [stdout] test tests::sign_transaction_double_sha256_matches_noble_kat ... ok
[INFO] [stdout] test tests::sign_transaction_verify_hash_roundtrip ... ok
[INFO] [stdout] test tests::sign_message_with_all_bip137_headers_match_noble_kats ... ok
[INFO] [stdout] test tests::sign_message_compact_size_varint_boundaries ... ok
[INFO] [stdout] 
[INFO] [stdout] test result: ok. 8 passed; 0 failed; 0 ignored; 0 measured; 0 filtered out; finished in 0.03s
[INFO] [stdout] 
[INFO] [stderr]    Doc-tests signer_btc
[INFO] [stdout] 
[INFO] [stdout] running 1 test
[INFO] [stdout] test src/lib.rs - (line 22) ... FAILED
[INFO] [stdout] 
[INFO] [stdout] failures:
[INFO] [stdout] 
[INFO] [stdout] ---- src/lib.rs - (line 22) stdout ----
[INFO] [stdout] error[E0599]: no associated function or constant named `random` found for struct `Signer` in the current scope
[INFO] [stdout]   --> src/lib.rs:26:22
[INFO] [stdout]    |
[INFO] [stdout] 26 | let signer = Signer::random();
[INFO] [stdout]    |                      ^^^^^^ associated function or constant not found in `Signer`
[INFO] [stdout]    |
[INFO] [stdout] note: if you're trying to build a new `Signer` consider using one of the following associated functions:
[INFO] [stdout]       Signer::from_bytes
[INFO] [stdout]       Signer::from_hex
[INFO] [stdout]   --> /opt/rustwide/cargo-home/registry/src/index.crates.io-1949cf8c6b5b557f/signer-primitives-3.2.0/src/macros.rs:39:9
[INFO] [stdout]    |
[INFO] [stdout] 39 |         pub fn from_bytes(bytes: &[u8; 32]) -> ::core::result::Result<Self, $crate::SignError> {
[INFO] [stdout]    |         ^^^^^^^^^^^^^^^^^^^^^^^^^^^^^^^^^^^^^^^^^^^^^^^^^^^^^^^^^^^^^^^^^^^^^^^^^^^^^^^^^^^^^^
[INFO] [stdout] ...
[INFO] [stdout] 48 |         pub fn from_hex(hex_str: &str) -> ::core::result::Result<Self, $crate::SignError> {
[INFO] [stdout]    |         ^^^^^^^^^^^^^^^^^^^^^^^^^^^^^^^^^^^^^^^^^^^^^^^^^^^^^^^^^^^^^^^^^^^^^^^^^^^^^^^^^
[INFO] [stdout]    |
[INFO] [stdout]   ::: src/lib.rs:87:5
[INFO] [stdout]    |
[INFO] [stdout] 87 |     delegate_secp256k1_ctors!();
[INFO] [stdout]    |     --------------------------- in this macro invocation
[INFO] [stdout]    = note: this error originates in the macro `delegate_secp256k1_ctors` (in Nightly builds, run with -Z macro-backtrace for more info)
[INFO] [stdout] 
[INFO] [stdout] error: aborting due to 1 previous error
[INFO] [stdout] 
[INFO] [stdout] For more information about this error, try `rustc --explain E0599`.
[INFO] [stdout] Couldn't compile the test.
[INFO] [stdout] 
[INFO] [stdout] failures:
[INFO] [stdout]     src/lib.rs - (line 22)
[INFO] [stdout] 
[INFO] [stdout] test result: FAILED. 0 passed; 1 failed; 0 ignored; 0 measured; 0 filtered out; finished in 0.15s
[INFO] [stdout] 
[INFO] [stdout] all doctests ran in 0.25s; merged doctests compilation took 0.10s
[INFO] [stderr] error: doctest failed, to rerun pass `--doc`
[INFO] running `Command { std: "docker" "inspect" "7a956219295d9c7ae007785fa40e2a1a99bc0784e682f810894cf90f08410945", kill_on_drop: false }`
[INFO] running `Command { std: "docker" "rm" "-f" "7a956219295d9c7ae007785fa40e2a1a99bc0784e682f810894cf90f08410945", kill_on_drop: false }`
[INFO] [stdout] 7a956219295d9c7ae007785fa40e2a1a99bc0784e682f810894cf90f08410945
