[INFO] fetching crate shun 0.4.2...
[INFO] testing shun-0.4.2 against 1.100.0-beta.1 for beta-1.100-2
[INFO] extracting crate shun 0.4.2 into /workspace/builds/worker-5-tc2/source
[INFO] started tweaking crates.io crate shun 0.4.2
[INFO] removed 0 missing examples
[INFO] removed 0 missing tests
[INFO] finished tweaking crates.io crate shun 0.4.2
[INFO] tweaked toml for crates.io crate shun 0.4.2 written to /workspace/builds/worker-5-tc2/source/Cargo.toml
[INFO] validating manifest of crates.io crate shun 0.4.2 on toolchain 1.100.0-beta.1
[INFO] running `Command { std: CARGO_HOME="/workspace/cargo-home" RUSTUP_HOME="/workspace/rustup-home" "/workspace/cargo-home/bin/cargo" "+1.100.0-beta.1" "metadata" "--manifest-path" "Cargo.toml" "--no-deps", kill_on_drop: false }`
[INFO] crate crates.io crate shun 0.4.2 already has a lockfile, it will not be regenerated
[INFO] running `Command { std: CARGO_HOME="/workspace/cargo-home" RUSTUP_HOME="/workspace/rustup-home" "/workspace/cargo-home/bin/cargo" "+1.100.0-beta.1" "fetch" "--manifest-path" "Cargo.toml", kill_on_drop: false }`
[INFO] running `Command { std: "docker" "create" "-v" "/var/lib/crater-agent-workspace/builds/worker-5-tc2/source:/opt/rustwide/workdir:ro,Z" "-v" "/var/lib/crater-agent-workspace/builds/worker-5-tc2/target:/opt/rustwide/target:rw,Z" "-v" "/var/lib/crater-agent-workspace/cargo-home:/opt/rustwide/cargo-home:ro,Z" "-v" "/var/lib/crater-agent-workspace/rustup-home:/opt/rustwide/rustup-home:ro,Z" "-m" "1610612736" "--network" "none" "ghcr.io/rust-lang/crates-build-env/linux@sha256:3111399a4047eeb3a02b7a90e478d715f38a8c6669b5c4b49d30a17385265909" "sleep" "infinity", kill_on_drop: false }`
[INFO] [stdout] 7bde4280a4ef7cb667d77a315cd3869b6ef92f611b519357c412bd8a849aa879
[INFO] running `Command { std: "docker" "start" "7bde4280a4ef7cb667d77a315cd3869b6ef92f611b519357c412bd8a849aa879", kill_on_drop: false }`
[INFO] running `Command { std: "docker" "inspect" "7bde4280a4ef7cb667d77a315cd3869b6ef92f611b519357c412bd8a849aa879", kill_on_drop: false }`
[INFO] running `Command { std: "docker" "exec" "-e" "SOURCE_DIR=/opt/rustwide/workdir" "-e" "CARGO_HOME=/opt/rustwide/cargo-home" "-e" "RUSTUP_HOME=/opt/rustwide/rustup-home" "-e" "CARGO_TARGET_DIR=/opt/rustwide/target" "-w" "/opt/rustwide/workdir" "--user" "0:0" "7bde4280a4ef7cb667d77a315cd3869b6ef92f611b519357c412bd8a849aa879" "/opt/rustwide/cargo-home/bin/cargo" "+1.100.0-beta.1" "metadata" "--no-deps" "--format-version=1", kill_on_drop: false }`
[INFO] running `Command { std: "docker" "inspect" "7bde4280a4ef7cb667d77a315cd3869b6ef92f611b519357c412bd8a849aa879", kill_on_drop: false }`
[INFO] running `Command { std: "docker" "exec" "-e" "SOURCE_DIR=/opt/rustwide/workdir" "-e" "CARGO_HOME=/opt/rustwide/cargo-home" "-e" "RUSTUP_HOME=/opt/rustwide/rustup-home" "-e" "CARGO_TARGET_DIR=/opt/rustwide/target" "-e" "CARGO_INCREMENTAL=0" "-e" "RUST_BACKTRACE=full" "-e" "RUSTFLAGS=--cap-lints=warn" "-e" "RUSTDOCFLAGS=--cap-lints=warn" "-w" "/opt/rustwide/workdir" "--user" "0:0" "7bde4280a4ef7cb667d77a315cd3869b6ef92f611b519357c412bd8a849aa879" "/opt/rustwide/cargo-home/bin/cargo" "+1.100.0-beta.1" "build" "--frozen" "--message-format=json", kill_on_drop: false }`
[INFO] [stderr]    Compiling simd-adler32 v0.3.10
[INFO] [stderr]    Compiling syn v3.0.6
[INFO] [stderr]    Compiling jobserver v0.1.35
[INFO] [stderr]    Compiling crc32fast v1.5.2
[INFO] [stderr]    Compiling rustls-pki-types v1.15.1
[INFO] [stderr]    Compiling getrandom v0.2.17
[INFO] [stderr]    Compiling rustix v1.1.5
[INFO] [stderr]    Compiling rustls v0.23.45
[INFO] [stderr]    Compiling percent-encoding v2.3.2
[INFO] [stderr]    Compiling miniz_oxide v0.9.1
[INFO] [stderr]    Compiling zstd-safe v7.3.0
[INFO] [stderr]    Compiling cc v1.5.1
[INFO] [stderr]    Compiling form_urlencoded v1.2.2
[INFO] [stderr]    Compiling miniz_oxide v0.8.9
[INFO] [stderr]    Compiling fdeflate v0.3.7
[INFO] [stderr]    Compiling webpki-roots v1.0.9
[INFO] [stderr]    Compiling winnow v1.0.4
[INFO] [stderr]    Compiling thiserror v2.0.21
[INFO] [stderr]    Compiling flate2 v1.1.10
[INFO] [stderr]    Compiling quick-error v2.0.1
[INFO] [stderr]    Compiling pxfm v0.1.30
[INFO] [stderr]    Compiling image-webp v0.2.4
[INFO] [stderr]    Compiling serde v1.0.229
[INFO] [stderr]    Compiling clap_builder v4.6.7
[INFO] [stderr]    Compiling toml_parser v1.1.3+spec-1.1.0
[INFO] [stderr]    Compiling png v0.18.1
[INFO] [stderr]    Compiling digest v0.10.7
[INFO] [stderr]    Compiling webpki-roots v0.26.11
[INFO] [stderr]    Compiling toml_datetime v0.7.5+spec-1.1.0
[INFO] [stderr]    Compiling serde_spanned v1.1.1
[INFO] [stderr]    Compiling ring v0.17.14
[INFO] [stderr]    Compiling zstd-sys v2.1.0+zstd.1.5.7
[INFO] [stderr]    Compiling filetime v0.2.29
[INFO] [stderr]    Compiling xattr v1.6.1
[INFO] [stderr]    Compiling toml_writer v1.1.2+spec-1.1.0
[INFO] [stderr]    Compiling winnow v0.7.15
[INFO] [stderr]    Compiling bytemuck v1.25.2
[INFO] [stderr]    Compiling sha2 v0.10.9
[INFO] [stderr]    Compiling tar v0.4.46
[INFO] [stderr]    Compiling moxcms v0.8.1
[INFO] [stderr]    Compiling synstructure v0.14.0
[INFO] [stderr]    Compiling toml v0.9.12+spec-1.1.0
[INFO] [stderr]    Compiling zerofrom-derive v0.1.8
[INFO] [stderr]    Compiling yoke-derive v0.8.3
[INFO] [stderr]    Compiling zerovec-derive v0.11.6
[INFO] [stderr]    Compiling zerofrom v0.1.8
[INFO] [stderr]    Compiling displaydoc v0.2.7
[INFO] [stderr]    Compiling rustls-webpki v0.103.15
[INFO] [stderr]    Compiling yoke v0.8.3
[INFO] [stderr]    Compiling clap_derive v4.6.7
[INFO] [stderr]    Compiling zerotrie v0.2.5
[INFO] [stderr]    Compiling zerovec v0.11.8
[INFO] [stderr]    Compiling serde_derive v1.0.229
[INFO] [stderr]    Compiling tinystr v0.8.4
[INFO] [stderr]    Compiling potential_utf v0.1.6
[INFO] [stderr]    Compiling icu_locale_core v2.3.0
[INFO] [stderr]    Compiling icu_collections v2.3.0
[INFO] [stderr]    Compiling thiserror-impl v2.0.21
[INFO] [stderr]    Compiling icu_provider v2.3.1
[INFO] [stderr]    Compiling clap v4.6.7
[INFO] [stderr]    Compiling image v0.25.10
[INFO] [stderr]    Compiling icu_properties v2.3.0
[INFO] [stderr]    Compiling icu_normalizer v2.3.0
[INFO] [stderr]    Compiling zstd v0.13.3
[INFO] [stderr]    Compiling idna_adapter v1.2.2
[INFO] [stderr]    Compiling idna v1.1.0
[INFO] [stderr]    Compiling url v2.5.8
[INFO] [stderr]    Compiling ureq v2.12.1
[INFO] [stderr]    Compiling shun v0.4.2 (/opt/rustwide/workdir)
[INFO] [stderr]     Finished `dev` profile [unoptimized + debuginfo] target(s) in 1m 47s
[INFO] running `Command { std: "docker" "inspect" "7bde4280a4ef7cb667d77a315cd3869b6ef92f611b519357c412bd8a849aa879", kill_on_drop: false }`
[INFO] running `Command { std: "docker" "exec" "-e" "SOURCE_DIR=/opt/rustwide/workdir" "-e" "CARGO_HOME=/opt/rustwide/cargo-home" "-e" "RUSTUP_HOME=/opt/rustwide/rustup-home" "-e" "CARGO_TARGET_DIR=/opt/rustwide/target" "-e" "CARGO_INCREMENTAL=0" "-e" "RUST_BACKTRACE=full" "-e" "RUSTFLAGS=--cap-lints=warn" "-e" "RUSTDOCFLAGS=--cap-lints=warn" "-w" "/opt/rustwide/workdir" "--user" "0:0" "7bde4280a4ef7cb667d77a315cd3869b6ef92f611b519357c412bd8a849aa879" "/opt/rustwide/cargo-home/bin/cargo" "+1.100.0-beta.1" "test" "--frozen" "--no-run" "--message-format=json", kill_on_drop: false }`
[INFO] [stderr]    Compiling getrandom v0.2.17
[INFO] [stderr]    Compiling zerocopy v0.8.59
[INFO] [stderr]    Compiling aho-corasick v1.1.5
[INFO] [stderr]    Compiling memchr v2.8.3
[INFO] [stderr]    Compiling crossbeam-utils v0.8.23
[INFO] [stderr]    Compiling bzip2-sys v0.1.13+1.0.8
[INFO] [stderr]    Compiling heck v0.5.0
[INFO] [stderr]    Compiling rustix v0.38.44
[INFO] [stderr]    Compiling ring v0.17.14
[INFO] [stderr]    Compiling clap_derive v4.6.7
[INFO] [stderr]    Compiling rand_core v0.6.4
[INFO] [stderr]    Compiling serde_json v1.0.151
[INFO] [stderr]    Compiling xattr v1.6.1
[INFO] [stderr]    Compiling crossbeam-epoch v0.9.21
[INFO] [stderr]    Compiling bstr v1.13.1
[INFO] [stderr]    Compiling regex-automata v0.4.18
[INFO] [stderr]    Compiling bumpalo v3.20.3
[INFO] [stderr]    Compiling futures-core v0.3.34
[INFO] [stderr]    Compiling linux-raw-sys v0.4.15
[INFO] [stderr]    Compiling zip v2.4.2
[INFO] [stderr]    Compiling http v1.5.0
[INFO] [stderr]    Compiling rustls-webpki v0.103.15
[INFO] [stderr]    Compiling clap v4.6.7
[INFO] [stderr]    Compiling time v0.3.55
[INFO] [stderr]    Compiling rustls v0.23.45
[INFO] [stderr]    Compiling futures-lite v2.6.1
[INFO] [stderr]    Compiling chrono v0.4.45
[INFO] [stderr]    Compiling zopfli v0.8.3
[INFO] [stderr]    Compiling regex v1.13.1
[INFO] [stderr]    Compiling globset v0.4.20
[INFO] [stderr]    Compiling ppv-lite86 v0.2.21
[INFO] [stderr]    Compiling crossbeam-deque v0.8.8
[INFO] [stderr]    Compiling rand_chacha v0.9.0
[INFO] [stderr]    Compiling rand v0.9.5
[INFO] [stderr]    Compiling rand_chacha v0.3.1
[INFO] [stderr]    Compiling tar v0.4.46
[INFO] [stderr]    Compiling bzip2 v0.5.2
[INFO] [stderr]    Compiling home v0.5.12
[INFO] [stderr]    Compiling either v1.18.0
[INFO] [stderr]    Compiling which v6.0.3
[INFO] [stderr]    Compiling rand v0.8.8
[INFO] [stderr]    Compiling fsio v0.4.1
[INFO] [stderr]    Compiling lazy-regex-proc_macros v3.6.1
[INFO] [stderr]    Compiling duckscript v0.10.0
[INFO] [stderr]    Compiling ignore v0.4.33
[INFO] [stderr]    Compiling java-properties v2.0.0
[INFO] [stderr]    Compiling getrandom v0.4.3
[INFO] [stderr]    Compiling num_cpus v1.17.0
[INFO] [stderr]    Compiling uname v0.1.1
[INFO] [stderr]    Compiling glob v0.3.4
[INFO] [stderr]    Compiling lazy-regex v3.6.1
[INFO] [stderr]    Compiling evalexpr v11.3.1
[INFO] [stderr]    Compiling fs_extra v1.3.0
[INFO] [stderr]    Compiling suppaftp v6.3.0
[INFO] [stderr]    Compiling whoami v1.6.1
[INFO] [stderr]    Compiling tempfile v3.27.0
[INFO] [stderr]    Compiling ureq v2.12.1
[INFO] [stderr]    Compiling attohttpc v0.28.5
[INFO] [stderr]    Compiling duckscriptsdk v0.11.1
[INFO] [stderr]    Compiling shun v0.4.2 (/opt/rustwide/workdir)
[INFO] [stderr]     Finished `test` profile [unoptimized + debuginfo] target(s) in 1m 30s
[INFO] running `Command { std: "docker" "inspect" "7bde4280a4ef7cb667d77a315cd3869b6ef92f611b519357c412bd8a849aa879", kill_on_drop: false }`
[INFO] running `Command { std: "docker" "exec" "-e" "SOURCE_DIR=/opt/rustwide/workdir" "-e" "CARGO_HOME=/opt/rustwide/cargo-home" "-e" "RUSTUP_HOME=/opt/rustwide/rustup-home" "-e" "CARGO_TARGET_DIR=/opt/rustwide/target" "-e" "CARGO_INCREMENTAL=0" "-e" "RUST_BACKTRACE=full" "-e" "RUSTFLAGS=--cap-lints=warn" "-e" "RUSTDOCFLAGS=--cap-lints=warn" "-w" "/opt/rustwide/workdir" "--user" "0:0" "7bde4280a4ef7cb667d77a315cd3869b6ef92f611b519357c412bd8a849aa879" "/opt/rustwide/cargo-home/bin/cargo" "+1.100.0-beta.1" "test" "--frozen", kill_on_drop: false }`
[INFO] [stderr]     Finished `test` profile [unoptimized + debuginfo] target(s) in 0.51s
[INFO] [stderr]      Running unittests src/lib.rs (/opt/rustwide/target/debug/build/shun/0a06c08855925698/out/shun-0a06c08855925698)
[INFO] [stdout] 
[INFO] [stdout] running 51 tests
[INFO] [stdout] test config::tests::declared_pipeline_orders_and_inlines_freely ... ok
[INFO] [stdout] test config::tests::license_body_concatenation_semantics ... ok
[INFO] [stdout] test config::tests::licenses_alone_trigger_the_license_step ... ok
[INFO] [stdout] test config::tests::attachments_parse_from_the_manifest ... ok
[INFO] [stdout] test config::tests::install_modes_default_to_enabled ... ok
[INFO] [stdout] test config::tests::default_pipeline_is_mode_license_install ... ok
[INFO] [stdout] test config::tests::inherits_workspace_version_from_a_nested_member ... ok
[INFO] [stdout] test config::tests::install_registration_knobs_parse_from_the_manifest ... ok
[INFO] [stdout] test config::tests::license_documents_resolve_locale_aware_and_sugar_first ... ok
[INFO] [stdout] test config::tests::install_scope_policy_parses ... ok
[INFO] [stdout] test config::tests::licenses_parse_kebab_case_from_the_manifest ... ok
[INFO] [stdout] test config::tests::loads_from_cargo_manifest_metadata ... ok
[INFO] [stdout] test config::tests::pipeline_validation_rejects_bad_declarations ... ok
[INFO] [stdout] test config::tests::manifest_without_shun_metadata_defaults_to_install ... ok
[INFO] [stdout] test config::tests::targets_use_kebab_case_kinds ... ok
[INFO] [stdout] test config::tests::loads_shell_ui_and_source_tables ... ok
[INFO] [stdout] test fs_probe::tests::candidates_reject_an_empty_product ... ok
[INFO] [stdout] test fs_probe::tests::candidates_carry_the_product_segment_verbatim ... ok
[INFO] [stdout] test config::tests::root_dir_folder_parses_from_the_manifest ... ok
[INFO] [stdout] test config::tests::resolved_license_step_serializes_back_compat ... ok
[INFO] [stdout] test config::tests::step_alignment_overrides_and_log_level_parse ... ok
[INFO] [stdout] test config::tests::update_watch_parses_from_the_manifest ... ok
[INFO] [stdout] test config::tests::webview2_strategy_uses_kebab_case_tags ... ok
[INFO] [stdout] test config::tests::workspace_version_is_inherited ... ok
[INFO] [stdout] test fs_probe::tests::decode_mount_expands_octal_escapes ... ok
[INFO] [stdout] test fs_probe::tests::decode_mount_keeps_a_truncated_escape ... ok
[INFO] [stdout] test fs_probe::tests::first_writable_picks_in_order ... ok
[INFO] [stdout] test fs_probe::tests::probe_accepts_existing_and_not_yet_existing_dirs ... ok
[INFO] [stdout] test fs_probe::tests::list_drives_is_populated ... ok
[INFO] [stdout] test targets::freedesktop::tests::desktop_entry_declares_launcher_identity_and_actions ... ok
[INFO] [stdout] test fs_probe::tests::probe_leaves_no_leftover_files ... ok
[INFO] [stdout] test targets::freedesktop::tests::action_ids_are_sanitized_and_capitalized ... ok
[INFO] [stdout] test fs_probe::tests::probe_rejects_paths_under_a_file ... ok
[INFO] [stdout] test targets::install::tests::aumids_are_identifier_segments ... ok
[INFO] [stdout] test targets::freedesktop::tests::desktop_entry_without_extras_stays_minimal ... ok
[INFO] [stdout] test targets::install::tests::posix_root_nests_under_the_folder ... ok
[INFO] [stdout] test targets::install::tests::non_roots_pass_through_untouched ... ok
[INFO] [stderr]      Running unittests src/bin/shun.rs (/opt/rustwide/target/debug/build/shun/7493789a5e827c4f/out/shun-7493789a5e827c4f)
[INFO] [stdout] test targets::install::tests::stems_replace_filename_illegal_characters ... ok
[INFO] [stdout] test targets::install::tests::script_env_exports_the_wizard_language ... ok
[INFO] [stdout] test targets::install::tests::url_schemes_normalize_to_lowercase_identifiers ... ok
[INFO] [stdout] test targets::freedesktop::tests::no_entry_point_renders_nothing ... ok
[INFO] [stdout] test targets::macos::tests::app_bundle_is_found_through_ancestors ... ok
[INFO] [stdout] test targets::install::tests::arp_keys_use_the_sanitized_stem ... ok
[INFO] [stdout] test targets::plist::tests::identifier_segments_are_sanitized ... ok
[INFO] [stdout] test targets::plist::tests::plist_declares_launch_identity ... ok
[INFO] [stdout] test update::tests::host_of_extracts_the_host_label ... ok
[INFO] [stdout] test targets::plist::tests::plist_without_deep_links_omits_url_types ... ok
[INFO] [stdout] test fs_probe::tests::probe_terminates_on_the_filesystem_root ... ok
[INFO] [stdout] test targets::install::tests::apply_config_pads_a_root_install_dir ... ok
[INFO] [stdout] test targets::install::tests::apply_config_resolves_the_registration_knobs ... ok
[INFO] [stdout] test targets::install::tests::install_manifest_roundtrips_and_reads_the_legacy_shape ... ok
[INFO] [stdout] 
[INFO] [stdout] test result: ok. 51 passed; 0 failed; 0 ignored; 0 measured; 0 filtered out; finished in 0.02s
[INFO] [stdout] 
[INFO] [stdout] 
[INFO] [stdout] running 1 test
[INFO] [stderr]      Running tests/config_roundtrip.rs (/opt/rustwide/target/debug/build/shun/361c13f6c9181f72/out/config_roundtrip-361c13f6c9181f72)
[INFO] [stdout] test icons::tests::ico_layers_stay_within_the_format_ceiling ... ok
[INFO] [stdout] 
[INFO] [stdout] test result: ok. 1 passed; 0 failed; 0 ignored; 0 measured; 0 filtered out; finished in 1.67s
[INFO] [stdout] 
[INFO] [stdout] 
[INFO] [stdout] running 9 tests
[INFO] [stdout] test licenses_survive_the_roundtrip ... ok
[INFO] [stdout] test targets_use_kebab_case_kinds ... ok
[INFO] [stdout] test update_watch_table_survives_the_roundtrip ... ok
[INFO] [stdout] test config_roundtrips_through_json ... ok
[INFO] [stdout] test fixed_version_carries_path ... ok
[INFO] [stdout] test webview2_strategy_uses_kebab_case_tags ... ok
[INFO] [stdout] test install_modes_default_to_enabled ... ok
[INFO] [stdout] test launch_after_install_survives_the_roundtrip ... ok
[INFO] [stdout] test cargo_manifest_top_level_main_exe_feeds_the_install_target ... FAILED
[INFO] [stdout] 
[INFO] [stdout] failures:
[INFO] [stdout] 
[INFO] [stdout] ---- cargo_manifest_top_level_main_exe_feeds_the_install_target stdout ----
[INFO] [stdout] 
[INFO] [stdout] thread 'cargo_manifest_top_level_main_exe_feeds_the_install_target' (2582) panicked at tests/config_roundtrip.rs:178:75:
[INFO] [stdout] called `Result::unwrap()` on an `Err` value: Io(Os { code: 2, kind: NotFound, message: "No such file or directory" })
[INFO] [stdout] stack backtrace:
[INFO] [stdout]    0:     0x5cf09a995381 - std[617be2ca0a6fd877]::backtrace_rs::backtrace::libunwind::trace
[INFO] [stdout]                                at /rustc/e3feeb59cd1bdd011a2bfcc0747b55125d9b8527/library/std/src/../../backtrace/src/backtrace/libunwind.rs:117:9
[INFO] [stdout]    1:     0x5cf09a995381 - std[617be2ca0a6fd877]::backtrace_rs::backtrace::trace_unsynchronized::<std[617be2ca0a6fd877]::sys::backtrace::_print_fmt::{closure#1}>
[INFO] [stdout]                                at /rustc/e3feeb59cd1bdd011a2bfcc0747b55125d9b8527/library/std/src/../../backtrace/src/backtrace/mod.rs:66:14
[INFO] [stdout]    2:     0x5cf09a995381 - std[617be2ca0a6fd877]::sys::backtrace::_print_fmt
[INFO] [stdout]                                at /rustc/e3feeb59cd1bdd011a2bfcc0747b55125d9b8527/library/std/src/sys/backtrace.rs:74:9
[INFO] [stdout]    3:     0x5cf09a995381 - <<std[617be2ca0a6fd877]::sys::backtrace::BacktraceLock>::print::DisplayBacktrace as core[a373ad73a504971]::fmt::Display>::fmt
[INFO] [stdout]                                at /rustc/e3feeb59cd1bdd011a2bfcc0747b55125d9b8527/library/std/src/sys/backtrace.rs:44:26
[INFO] [stdout]    4:     0x5cf09a9aaeca - <core[a373ad73a504971]::fmt::rt::Argument>::fmt
[INFO] [stdout]                                at /rustc/e3feeb59cd1bdd011a2bfcc0747b55125d9b8527/library/core/src/fmt/rt.rs:152:76
[INFO] [stdout]    5:     0x5cf09a9aaeca - core[a373ad73a504971]::fmt::write
[INFO] [stdout]    6:     0x5cf09a99959c - core[a373ad73a504971]::io::write::default_write_fmt::<alloc[2e1b2a31b91974c5]::vec::Vec<u8>>
[INFO] [stdout]                                at /rustc/e3feeb59cd1bdd011a2bfcc0747b55125d9b8527/library/core/src/io/write.rs:402:11
[INFO] [stdout]    7:     0x5cf09a99959c - <alloc[2e1b2a31b91974c5]::vec::Vec<u8> as core[a373ad73a504971]::io::write::Write>::write_fmt
[INFO] [stdout]                                at /rustc/e3feeb59cd1bdd011a2bfcc0747b55125d9b8527/library/core/src/io/write.rs:335:13
[INFO] [stdout]    8:     0x5cf09a971246 - <std[617be2ca0a6fd877]::sys::backtrace::BacktraceLock>::print
[INFO] [stdout]                                at /rustc/e3feeb59cd1bdd011a2bfcc0747b55125d9b8527/library/std/src/sys/backtrace.rs:47:9
[INFO] [stdout]    9:     0x5cf09a971246 - std[617be2ca0a6fd877]::panicking::default_hook::{closure#0}
[INFO] [stdout]                                at /rustc/e3feeb59cd1bdd011a2bfcc0747b55125d9b8527/library/std/src/panicking.rs:289:27
[INFO] [stdout]   10:     0x5cf09a98d6b9 - std[617be2ca0a6fd877]::panicking::default_hook
[INFO] [stdout]                                at /rustc/e3feeb59cd1bdd011a2bfcc0747b55125d9b8527/library/std/src/panicking.rs:313:9
[INFO] [stdout]   11:     0x5cf09a6d5220 - <alloc[2e1b2a31b91974c5]::boxed::Box<dyn for<'a, 'b> core[a373ad73a504971]::ops::function::Fn<(&'a std[617be2ca0a6fd877]::panic::PanicHookInfo<'b>,), Output = ()> + core[a373ad73a504971]::marker::Sync + core[a373ad73a504971]::marker::Send> as core[a373ad73a504971]::ops::function::Fn<(&std[617be2ca0a6fd877]::panic::PanicHookInfo,)>>::call
[INFO] [stdout]                                at /rustc/e3feeb59cd1bdd011a2bfcc0747b55125d9b8527/library/alloc/src/boxed.rs:2328:9
[INFO] [stdout]   12:     0x5cf09a6d5220 - test[aada8e7e76ba119b]::test_main_inner::{closure#0}
[INFO] [stdout]                                at /rustc/e3feeb59cd1bdd011a2bfcc0747b55125d9b8527/library/test/src/lib.rs:137:21
[INFO] [stdout]   13:     0x5cf09a98d872 - <alloc[2e1b2a31b91974c5]::boxed::Box<dyn for<'a, 'b> core[a373ad73a504971]::ops::function::Fn<(&'a std[617be2ca0a6fd877]::panic::PanicHookInfo<'b>,), Output = ()> + core[a373ad73a504971]::marker::Sync + core[a373ad73a504971]::marker::Send> as core[a373ad73a504971]::ops::function::Fn<(&std[617be2ca0a6fd877]::panic::PanicHookInfo,)>>::call
[INFO] [stdout]                                at /rustc/e3feeb59cd1bdd011a2bfcc0747b55125d9b8527/library/alloc/src/boxed.rs:2328:9
[INFO] [stdout]   14:     0x5cf09a98d872 - std[617be2ca0a6fd877]::panicking::panic_with_hook
[INFO] [stdout]                                at /rustc/e3feeb59cd1bdd011a2bfcc0747b55125d9b8527/library/std/src/panicking.rs:819:13
[INFO] [stdout]   15:     0x5cf09a9712f2 - std[617be2ca0a6fd877]::panicking::panic_handler::{closure#0}
[INFO] [stdout]                                at /rustc/e3feeb59cd1bdd011a2bfcc0747b55125d9b8527/library/std/src/panicking.rs:685:13
[INFO] [stdout]   16:     0x5cf09a969e79 - std[617be2ca0a6fd877]::sys::backtrace::__rust_end_short_backtrace::<std[617be2ca0a6fd877]::panicking::panic_handler::{closure#0}, !>
[INFO] [stdout]                                at /rustc/e3feeb59cd1bdd011a2bfcc0747b55125d9b8527/library/std/src/sys/backtrace.rs:182:18
[INFO] [stdout]   17:     0x5cf09a971efd - __rustc[ea4f61d10b84890b]::rust_begin_unwind
[INFO] [stdout]                                at /rustc/e3feeb59cd1bdd011a2bfcc0747b55125d9b8527/library/std/src/panicking.rs:676:5
[INFO] [stdout]   18:     0x5cf09a9ab6bc - core[a373ad73a504971]::panicking::panic_fmt
[INFO] [stdout]                                at /rustc/e3feeb59cd1bdd011a2bfcc0747b55125d9b8527/library/core/src/panicking.rs:80:14
[INFO] [stdout]   19:     0x5cf09a9ab412 - core[a373ad73a504971]::result::unwrap_failed
[INFO] [stdout]                                at /rustc/e3feeb59cd1bdd011a2bfcc0747b55125d9b8527/library/core/src/result.rs:1870:5
[INFO] [stdout]   20:     0x5cf09a6c6996 - <core[a373ad73a504971]::result::Result<shun[ea195732cc3f2f06]::config::ShunConfig, shun[ea195732cc3f2f06]::error::ShunError>>::unwrap
[INFO] [stdout]                                at /rustc/e3feeb59cd1bdd011a2bfcc0747b55125d9b8527/library/core/src/result.rs:1232:23
[INFO] [stdout]   21:     0x5cf09a6c6996 - config_roundtrip[281592d6ae3d4225]::cargo_manifest_top_level_main_exe_feeds_the_install_target
[INFO] [stdout]                                at /opt/rustwide/workdir/tests/config_roundtrip.rs:178:75
[INFO] [stdout]   22:     0x5cf09a6c1f27 - config_roundtrip[281592d6ae3d4225]::cargo_manifest_top_level_main_exe_feeds_the_install_target::{closure#0}
[INFO] [stdout]                                at /opt/rustwide/workdir/tests/config_roundtrip.rs:171:64
[INFO] [stdout]   23:     0x5cf09a6b2c66 - <config_roundtrip[281592d6ae3d4225]::cargo_manifest_top_level_main_exe_feeds_the_install_target::{closure#0} as core[a373ad73a504971]::ops::function::FnOnce<()>>::call_once
[INFO] [stdout]                                at /rustc/e3feeb59cd1bdd011a2bfcc0747b55125d9b8527/library/core/src/ops/function.rs:250:5
[INFO] [stdout]   24:     0x5cf09a6c866b - <fn() -> core[a373ad73a504971]::result::Result<(), alloc[2e1b2a31b91974c5]::string::String> as core[a373ad73a504971]::ops::function::FnOnce<()>>::call_once
[INFO] [stdout]                                at /rustc/e3feeb59cd1bdd011a2bfcc0747b55125d9b8527/library/core/src/ops/function.rs:250:5
[INFO] [stdout]   25:     0x5cf09a6c866b - test[aada8e7e76ba119b]::__rust_begin_short_backtrace::<core[a373ad73a504971]::result::Result<(), alloc[2e1b2a31b91974c5]::string::String>, fn() -> core[a373ad73a504971]::result::Result<(), alloc[2e1b2a31b91974c5]::string::String>>
[INFO] [stdout]                                at /rustc/e3feeb59cd1bdd011a2bfcc0747b55125d9b8527/library/test/src/lib.rs:701:18
[INFO] [stdout]   26:     0x5cf09a6d5845 - test[aada8e7e76ba119b]::run_test_in_process::{closure#0}
[INFO] [stdout]                                at /rustc/e3feeb59cd1bdd011a2bfcc0747b55125d9b8527/library/test/src/lib.rs:724:74
[INFO] [stdout]   27:     0x5cf09a6d5845 - <core[a373ad73a504971]::panic::unwind_safe::AssertUnwindSafe<test[aada8e7e76ba119b]::run_test_in_process::{closure#0}> as core[a373ad73a504971]::ops::function::FnOnce<()>>::call_once
[INFO] [stdout]                                at /rustc/e3feeb59cd1bdd011a2bfcc0747b55125d9b8527/library/core/src/panic/unwind_safe.rs:275:9
[INFO] [stdout]   28:     0x5cf09a6d5845 - std[617be2ca0a6fd877]::panicking::catch_unwind::do_call::<core[a373ad73a504971]::panic::unwind_safe::AssertUnwindSafe<test[aada8e7e76ba119b]::run_test_in_process::{closure#0}>, core[a373ad73a504971]::result::Result<(), alloc[2e1b2a31b91974c5]::string::String>>
[INFO] [stdout]                                at /rustc/e3feeb59cd1bdd011a2bfcc0747b55125d9b8527/library/std/src/panicking.rs:573:43
[INFO] [stdout]   29:     0x5cf09a6d5845 - std[617be2ca0a6fd877]::panicking::catch_unwind::<core[a373ad73a504971]::result::Result<(), alloc[2e1b2a31b91974c5]::string::String>, core[a373ad73a504971]::panic::unwind_safe::AssertUnwindSafe<test[aada8e7e76ba119b]::run_test_in_process::{closure#0}>>
[INFO] [stdout]                                at /rustc/e3feeb59cd1bdd011a2bfcc0747b55125d9b8527/library/std/src/panicking.rs:541:19
[INFO] [stdout]   30:     0x5cf09a6d5845 - std[617be2ca0a6fd877]::panic::catch_unwind::<core[a373ad73a504971]::panic::unwind_safe::AssertUnwindSafe<test[aada8e7e76ba119b]::run_test_in_process::{closure#0}>, core[a373ad73a504971]::result::Result<(), alloc[2e1b2a31b91974c5]::string::String>>
[INFO] [stdout]                                at /rustc/e3feeb59cd1bdd011a2bfcc0747b55125d9b8527/library/std/src/panic.rs:359:14
[INFO] [stdout]   31:     0x5cf09a6d5845 - test[aada8e7e76ba119b]::run_test_in_process
[INFO] [stdout]                                at /rustc/e3feeb59cd1bdd011a2bfcc0747b55125d9b8527/library/test/src/lib.rs:724:27
[INFO] [stdout]   32:     0x5cf09a6d5845 - test[aada8e7e76ba119b]::run_test::{closure#0}
[INFO] [stdout]                                at /rustc/e3feeb59cd1bdd011a2bfcc0747b55125d9b8527/library/test/src/lib.rs:645:43
[INFO] [stdout]   33:     0x5cf09a6cf134 - test[aada8e7e76ba119b]::run_test::{closure#1}
[INFO] [stdout]                                at /rustc/e3feeb59cd1bdd011a2bfcc0747b55125d9b8527/library/test/src/lib.rs:675:41
[INFO] [stdout]   34:     0x5cf09a6cf134 - std[617be2ca0a6fd877]::sys::backtrace::__rust_begin_short_backtrace::<test[aada8e7e76ba119b]::run_test::{closure#1}, ()>
[INFO] [stdout]                                at /rustc/e3feeb59cd1bdd011a2bfcc0747b55125d9b8527/library/std/src/sys/backtrace.rs:166:18
[INFO] [stdout]   35:     0x5cf09a6d88d2 - std[617be2ca0a6fd877]::thread::lifecycle::spawn_unchecked::<test[aada8e7e76ba119b]::run_test::{closure#1}, ()>::{closure#1}::{closure#0}
[INFO] [stdout]                                at /rustc/e3feeb59cd1bdd011a2bfcc0747b55125d9b8527/library/std/src/thread/lifecycle.rs:70:13
[INFO] [stdout]   36:     0x5cf09a6d88d2 - <core[a373ad73a504971]::panic::unwind_safe::AssertUnwindSafe<std[617be2ca0a6fd877]::thread::lifecycle::spawn_unchecked<test[aada8e7e76ba119b]::run_test::{closure#1}, ()>::{closure#1}::{closure#0}> as core[a373ad73a504971]::ops::function::FnOnce<()>>::call_once
[INFO] [stdout]                                at /rustc/e3feeb59cd1bdd011a2bfcc0747b55125d9b8527/library/core/src/panic/unwind_safe.rs:275:9
[INFO] [stdout]   37:     0x5cf09a6d88d2 - std[617be2ca0a6fd877]::panicking::catch_unwind::do_call::<core[a373ad73a504971]::panic::unwind_safe::AssertUnwindSafe<std[617be2ca0a6fd877]::thread::lifecycle::spawn_unchecked<test[aada8e7e76ba119b]::run_test::{closure#1}, ()>::{closure#1}::{closure#0}>, ()>
[INFO] [stdout]                                at /rustc/e3feeb59cd1bdd011a2bfcc0747b55125d9b8527/library/std/src/panicking.rs:573:43
[INFO] [stdout]   38:     0x5cf09a6d88d2 - std[617be2ca0a6fd877]::panicking::catch_unwind::<(), core[a373ad73a504971]::panic::unwind_safe::AssertUnwindSafe<std[617be2ca0a6fd877]::thread::lifecycle::spawn_unchecked<test[aada8e7e76ba119b]::run_test::{closure#1}, ()>::{closure#1}::{closure#0}>>
[INFO] [stdout]                                at /rustc/e3feeb59cd1bdd011a2bfcc0747b55125d9b8527/library/std/src/panicking.rs:541:19
[INFO] [stdout]   39:     0x5cf09a6d88d2 - std[617be2ca0a6fd877]::panic::catch_unwind::<core[a373ad73a504971]::panic::unwind_safe::AssertUnwindSafe<std[617be2ca0a6fd877]::thread::lifecycle::spawn_unchecked<test[aada8e7e76ba119b]::run_test::{closure#1}, ()>::{closure#1}::{closure#0}>, ()>
[INFO] [stdout]                                at /rustc/e3feeb59cd1bdd011a2bfcc0747b55125d9b8527/library/std/src/panic.rs:359:14
[INFO] [stdout]   40:     0x5cf09a6d88d2 - std[617be2ca0a6fd877]::thread::lifecycle::spawn_unchecked::<test[aada8e7e76ba119b]::run_test::{closure#1}, ()>::{closure#1}
[INFO] [stdout]                                at /rustc/e3feeb59cd1bdd011a2bfcc0747b55125d9b8527/library/std/src/thread/lifecycle.rs:68:26
[INFO] [stdout]   41:     0x5cf09a6d88d2 - <std[617be2ca0a6fd877]::thread::lifecycle::spawn_unchecked<test[aada8e7e76ba119b]::run_test::{closure#1}, ()>::{closure#1} as core[a373ad73a504971]::ops::function::FnOnce<()>>::call_once::{shim:vtable#0}
[INFO] [stdout]                                at /rustc/e3feeb59cd1bdd011a2bfcc0747b55125d9b8527/library/core/src/ops/function.rs:250:5
[INFO] [stdout]   42:     0x5cf09a99487f - <alloc[2e1b2a31b91974c5]::boxed::Box<dyn core[a373ad73a504971]::ops::function::FnOnce<(), Output = ()> + core[a373ad73a504971]::marker::Send> as core[a373ad73a504971]::ops::function::FnOnce<()>>::call_once
[INFO] [stdout]                                at /rustc/e3feeb59cd1bdd011a2bfcc0747b55125d9b8527/library/alloc/src/boxed.rs:2314:9
[INFO] [stdout]   43:     0x5cf09a99487f - <std[617be2ca0a6fd877]::sys::thread::unix::Thread>::new::thread_start
[INFO] [stdout]                                at /rustc/e3feeb59cd1bdd011a2bfcc0747b55125d9b8527/library/std/src/sys/thread/unix.rs:127:17
[INFO] [stdout]   44:     0x7727c8b36dfa - <unknown>
[INFO] [stdout]   45:     0x7727c8bca3d4 - clone
[INFO] [stdout]   46:                0x0 - <unknown>
[INFO] [stdout] 
[INFO] [stdout] 
[INFO] [stdout] failures:
[INFO] [stdout]     cargo_manifest_top_level_main_exe_feeds_the_install_target
[INFO] [stdout] 
[INFO] [stdout] test result: FAILED. 8 passed; 1 failed; 0 ignored; 0 measured; 0 filtered out; finished in 0.12s
[INFO] [stdout] 
[INFO] [stderr] error: test failed, to rerun pass `--test config_roundtrip`
[INFO] running `Command { std: "docker" "inspect" "7bde4280a4ef7cb667d77a315cd3869b6ef92f611b519357c412bd8a849aa879", kill_on_drop: false }`
[INFO] running `Command { std: "docker" "rm" "-f" "7bde4280a4ef7cb667d77a315cd3869b6ef92f611b519357c412bd8a849aa879", kill_on_drop: false }`
[INFO] [stdout] 7bde4280a4ef7cb667d77a315cd3869b6ef92f611b519357c412bd8a849aa879
