[INFO] fetching crate shannon-nu-engine 0.111.4...
[INFO] testing shannon-nu-engine-0.111.4 against 1.100.0-beta.1 for beta-1.100-2
[INFO] extracting crate shannon-nu-engine 0.111.4 into /workspace/builds/worker-7-tc2/source
[INFO] started tweaking crates.io crate shannon-nu-engine 0.111.4
[INFO] finished tweaking crates.io crate shannon-nu-engine 0.111.4
[INFO] tweaked toml for crates.io crate shannon-nu-engine 0.111.4 written to /workspace/builds/worker-7-tc2/source/Cargo.toml
[INFO] validating manifest of crates.io crate shannon-nu-engine 0.111.4 on toolchain 1.100.0-beta.1
[INFO] running `Command { std: CARGO_HOME="/workspace/cargo-home" RUSTUP_HOME="/workspace/rustup-home" "/workspace/cargo-home/bin/cargo" "+1.100.0-beta.1" "metadata" "--manifest-path" "Cargo.toml" "--no-deps", kill_on_drop: false }`
[INFO] crate crates.io crate shannon-nu-engine 0.111.4 already has a lockfile, it will not be regenerated
[INFO] running `Command { std: CARGO_HOME="/workspace/cargo-home" RUSTUP_HOME="/workspace/rustup-home" "/workspace/cargo-home/bin/cargo" "+1.100.0-beta.1" "fetch" "--manifest-path" "Cargo.toml", kill_on_drop: false }`
[INFO] running `Command { std: "docker" "create" "-v" "/var/lib/crater-agent-workspace/builds/worker-7-tc2/source:/opt/rustwide/workdir:ro,Z" "-v" "/var/lib/crater-agent-workspace/builds/worker-7-tc2/target:/opt/rustwide/target:rw,Z" "-v" "/var/lib/crater-agent-workspace/cargo-home:/opt/rustwide/cargo-home:ro,Z" "-v" "/var/lib/crater-agent-workspace/rustup-home:/opt/rustwide/rustup-home:ro,Z" "-m" "1610612736" "--network" "none" "ghcr.io/rust-lang/crates-build-env/linux@sha256:3111399a4047eeb3a02b7a90e478d715f38a8c6669b5c4b49d30a17385265909" "sleep" "infinity", kill_on_drop: false }`
[INFO] [stdout] 4542e47ed21d79fddde50710b595dfb69c530d91c160e188b85a48f221cfc960
[INFO] running `Command { std: "docker" "start" "4542e47ed21d79fddde50710b595dfb69c530d91c160e188b85a48f221cfc960", kill_on_drop: false }`
[INFO] running `Command { std: "docker" "inspect" "4542e47ed21d79fddde50710b595dfb69c530d91c160e188b85a48f221cfc960", kill_on_drop: false }`
[INFO] running `Command { std: "docker" "exec" "-e" "SOURCE_DIR=/opt/rustwide/workdir" "-e" "CARGO_HOME=/opt/rustwide/cargo-home" "-e" "RUSTUP_HOME=/opt/rustwide/rustup-home" "-e" "CARGO_TARGET_DIR=/opt/rustwide/target" "-w" "/opt/rustwide/workdir" "--user" "0:0" "4542e47ed21d79fddde50710b595dfb69c530d91c160e188b85a48f221cfc960" "/opt/rustwide/cargo-home/bin/cargo" "+1.100.0-beta.1" "metadata" "--no-deps" "--format-version=1", kill_on_drop: false }`
[INFO] running `Command { std: "docker" "inspect" "4542e47ed21d79fddde50710b595dfb69c530d91c160e188b85a48f221cfc960", kill_on_drop: false }`
[INFO] running `Command { std: "docker" "exec" "-e" "SOURCE_DIR=/opt/rustwide/workdir" "-e" "CARGO_HOME=/opt/rustwide/cargo-home" "-e" "RUSTUP_HOME=/opt/rustwide/rustup-home" "-e" "CARGO_TARGET_DIR=/opt/rustwide/target" "-e" "CARGO_INCREMENTAL=0" "-e" "RUST_BACKTRACE=full" "-e" "RUSTFLAGS=--cap-lints=warn" "-e" "RUSTDOCFLAGS=--cap-lints=warn" "-w" "/opt/rustwide/workdir" "--user" "0:0" "4542e47ed21d79fddde50710b595dfb69c530d91c160e188b85a48f221cfc960" "/opt/rustwide/cargo-home/bin/cargo" "+1.100.0-beta.1" "build" "--frozen" "--message-format=json", kill_on_drop: false }`
[INFO] [stderr]    Compiling libc v0.2.178
[INFO] [stderr]    Compiling serde_core v1.0.228
[INFO] [stderr]    Compiling rustix v1.1.3
[INFO] [stderr]    Compiling serde v1.0.228
[INFO] [stderr]    Compiling linux-raw-sys v0.11.0
[INFO] [stderr]    Compiling type-map v0.5.1
[INFO] [stderr]    Compiling nix v0.30.1
[INFO] [stderr]    Compiling pure-rust-locales v0.8.2
[INFO] [stderr]    Compiling unicode-segmentation v1.12.0
[INFO] [stderr]    Compiling syn v2.0.117
[INFO] [stderr]    Compiling aho-corasick v1.1.4
[INFO] [stderr]    Compiling self_cell v1.2.2
[INFO] [stderr]    Compiling simd-adler32 v0.3.8
[INFO] [stderr]    Compiling zerocopy v0.7.35
[INFO] [stderr]    Compiling regex-syntax v0.8.10
[INFO] [stderr]    Compiling procfs v0.18.0
[INFO] [stderr]    Compiling litrs v1.0.0
[INFO] [stderr]    Compiling miniz_oxide v0.8.9
[INFO] [stderr]    Compiling erased-serde v0.4.10
[INFO] [stderr]    Compiling uucore v0.7.0
[INFO] [stderr]    Compiling hashbrown v0.16.1
[INFO] [stderr]    Compiling convert_case v0.10.0
[INFO] [stderr]    Compiling uucore_procs v0.7.0
[INFO] [stderr]    Compiling os_display v0.1.4
[INFO] [stderr]    Compiling vte v0.14.1
[INFO] [stderr]    Compiling flate2 v1.1.9
[INFO] [stderr]    Compiling buf-trait v0.4.1
[INFO] [stderr]    Compiling is_ci v1.2.0
[INFO] [stderr]    Compiling typetag v0.2.21
[INFO] [stderr]    Compiling document-features v0.2.12
[INFO] [stderr]    Compiling byteyarn v0.5.1
[INFO] [stderr]    Compiling num-format v0.4.4
[INFO] [stderr]    Compiling supports-color v3.0.2
[INFO] [stderr]    Compiling textwrap v0.16.2
[INFO] [stderr]    Compiling strip-ansi-escapes v0.2.1
[INFO] [stderr]    Compiling unicode-width v0.1.14
[INFO] [stderr]    Compiling sys-locale v0.3.2
[INFO] [stderr]    Compiling supports-hyperlinks v3.2.0
[INFO] [stderr]    Compiling inventory v0.3.22
[INFO] [stderr]    Compiling supports-unicode v3.0.0
[INFO] [stderr]    Compiling web-time v1.1.0
[INFO] [stderr]    Compiling lru v0.16.3
[INFO] [stderr]    Compiling indexmap v2.13.0
[INFO] [stderr]    Compiling shannon-nu-glob v0.111.4
[INFO] [stderr]    Compiling strum v0.27.2
[INFO] [stderr]    Compiling lscolors v0.21.0
[INFO] [stderr]    Compiling regex-automata v0.4.14
[INFO] [stderr]    Compiling errno v0.3.14
[INFO] [stderr]    Compiling parking_lot_core v0.9.12
[INFO] [stderr]    Compiling mio v1.1.1
[INFO] [stderr]    Compiling dirs-sys v0.5.0
[INFO] [stderr]    Compiling sysinfo v0.38.4
[INFO] [stderr]    Compiling os_pipe v1.2.3
[INFO] [stderr]    Compiling signal-hook-registry v1.4.8
[INFO] [stderr]    Compiling dirs v6.0.0
[INFO] [stderr]    Compiling parking_lot v0.12.5
[INFO] [stderr]    Compiling proc-macro-error2 v2.0.1
[INFO] [stderr]    Compiling signal-hook v0.3.18
[INFO] [stderr]    Compiling signal-hook-mio v0.2.5
[INFO] [stderr]    Compiling serde_json v1.0.149
[INFO] [stderr]    Compiling displaydoc v0.2.5
[INFO] [stderr]    Compiling serde_derive v1.0.228
[INFO] [stderr]    Compiling thiserror-impl v2.0.18
[INFO] [stderr]    Compiling derive_more-impl v2.1.1
[INFO] [stderr]    Compiling thiserror-impl v1.0.69
[INFO] [stderr]    Compiling ref-cast-impl v1.0.25
[INFO] [stderr]    Compiling miette-derive v7.6.0
[INFO] [stderr]    Compiling typetag-impl v0.2.21
[INFO] [stderr]    Compiling strum_macros v0.27.2
[INFO] [stderr]    Compiling shannon-nu-derive-value v0.111.4
[INFO] [stderr]    Compiling ref-cast v1.0.25
[INFO] [stderr]    Compiling derive_more v2.1.1
[INFO] [stderr]    Compiling tinystr v0.8.2
[INFO] [stderr]    Compiling unic-langid-impl v0.9.6
[INFO] [stderr]    Compiling unic-langid v0.9.6
[INFO] [stderr]    Compiling thiserror v2.0.18
[INFO] [stderr]    Compiling fluent-langneg v0.13.1
[INFO] [stderr]    Compiling intl-memoizer v0.5.3
[INFO] [stderr]    Compiling intl_pluralrules v7.0.2
[INFO] [stderr]    Compiling thiserror v1.0.69
[INFO] [stderr]    Compiling fluent-syntax v0.12.0
[INFO] [stderr]    Compiling shannon-nu-experimental v0.111.4
[INFO] [stderr]    Compiling pwd v1.4.0
[INFO] [stderr]    Compiling shannon-nu-path v0.111.4
[INFO] [stderr]    Compiling fluent-bundle v0.16.0
[INFO] [stderr]    Compiling terminal_size v0.4.3
[INFO] [stderr]    Compiling crossterm v0.29.0
[INFO] [stderr]    Compiling clap_builder v4.5.60
[INFO] [stderr]    Compiling miette v7.6.0
[INFO] [stderr]    Compiling fluent v0.17.0
[INFO] [stderr]    Compiling fancy-regex v0.17.0
[INFO] [stderr]    Compiling chrono v0.4.41
[INFO] [stderr]    Compiling lean_string v0.5.1
[INFO] [stderr]    Compiling shannon-nu-utils v0.111.4
[INFO] [stderr]    Compiling clap v4.5.60
[INFO] [stderr]    Compiling procfs-core v0.18.0
[INFO] [stderr]    Compiling chrono-humanize v0.2.3
[INFO] [stderr]    Compiling shannon-nu-system v0.111.4
[INFO] [stderr]    Compiling shannon-nu-protocol v0.111.4
[INFO] [stderr]    Compiling shannon-nu-engine v0.111.4 (/opt/rustwide/workdir)
[INFO] [stderr]     Finished `dev` profile [unoptimized + debuginfo] target(s) in 31.07s
[INFO] [stderr] warning: the following packages contain code that will be rejected by a future version of Rust: nix v0.30.1, proc-macro-error2 v2.0.1
[INFO] [stderr] note: to see what the problems were, use the option `--future-incompat-report`, or run `cargo report future-incompatibilities --id 3`
[INFO] running `Command { std: "docker" "inspect" "4542e47ed21d79fddde50710b595dfb69c530d91c160e188b85a48f221cfc960", kill_on_drop: false }`
[INFO] running `Command { std: "docker" "exec" "-e" "SOURCE_DIR=/opt/rustwide/workdir" "-e" "CARGO_HOME=/opt/rustwide/cargo-home" "-e" "RUSTUP_HOME=/opt/rustwide/rustup-home" "-e" "CARGO_TARGET_DIR=/opt/rustwide/target" "-e" "CARGO_INCREMENTAL=0" "-e" "RUST_BACKTRACE=full" "-e" "RUSTFLAGS=--cap-lints=warn" "-e" "RUSTDOCFLAGS=--cap-lints=warn" "-w" "/opt/rustwide/workdir" "--user" "0:0" "4542e47ed21d79fddde50710b595dfb69c530d91c160e188b85a48f221cfc960" "/opt/rustwide/cargo-home/bin/cargo" "+1.100.0-beta.1" "test" "--frozen" "--no-run" "--message-format=json", kill_on_drop: false }`
[INFO] [stderr]    Compiling shannon-nu-engine v0.111.4 (/opt/rustwide/workdir)
[INFO] [stderr]     Finished `test` profile [unoptimized + debuginfo] target(s) in 1.86s
[INFO] [stderr] warning: the following packages contain code that will be rejected by a future version of Rust: nix v0.30.1, proc-macro-error2 v2.0.1
[INFO] [stderr] note: to see what the problems were, use the option `--future-incompat-report`, or run `cargo report future-incompatibilities --id 3`
[INFO] running `Command { std: "docker" "inspect" "4542e47ed21d79fddde50710b595dfb69c530d91c160e188b85a48f221cfc960", kill_on_drop: false }`
[INFO] running `Command { std: "docker" "exec" "-e" "SOURCE_DIR=/opt/rustwide/workdir" "-e" "CARGO_HOME=/opt/rustwide/cargo-home" "-e" "RUSTUP_HOME=/opt/rustwide/rustup-home" "-e" "CARGO_TARGET_DIR=/opt/rustwide/target" "-e" "CARGO_INCREMENTAL=0" "-e" "RUST_BACKTRACE=full" "-e" "RUSTFLAGS=--cap-lints=warn" "-e" "RUSTDOCFLAGS=--cap-lints=warn" "-w" "/opt/rustwide/workdir" "--user" "0:0" "4542e47ed21d79fddde50710b595dfb69c530d91c160e188b85a48f221cfc960" "/opt/rustwide/cargo-home/bin/cargo" "+1.100.0-beta.1" "test" "--frozen", kill_on_drop: false }`
[INFO] [stderr]     Finished `test` profile [unoptimized + debuginfo] target(s) in 0.13s
[INFO] [stderr] warning: the following packages contain code that will be rejected by a future version of Rust: nix v0.30.1, proc-macro-error2 v2.0.1
[INFO] [stderr] note: to see what the problems were, use the option `--future-incompat-report`, or run `cargo report future-incompatibilities --id 3`
[INFO] [stderr]      Running unittests src/lib.rs (/opt/rustwide/target/debug/build/shannon-nu-engine/f06ca7d48d8814b4/out/shannon_nu_engine-f06ca7d48d8814b4)
[INFO] [stdout] 
[INFO] [stdout] running 1 test
[INFO] [stdout] test documentation::tests::test_code_formatting ... ok
[INFO] [stdout] 
[INFO] [stdout] test result: ok. 1 passed; 0 failed; 0 ignored; 0 measured; 0 filtered out; finished in 0.01s
[INFO] [stdout] 
[INFO] [stderr]    Doc-tests shannon_nu_engine
[INFO] [stdout] 
[INFO] [stdout] running 4 tests
[INFO] [stdout] test src/closure_eval.rs - closure_eval::ClosureEval (line 46) - compile ... FAILED
[INFO] [stdout] test src/closure_eval.rs - closure_eval::ClosureEval (line 31) - compile ... FAILED
[INFO] [stdout] test src/closure_eval.rs - closure_eval::ClosureEvalOnce (line 170) - compile ... FAILED
[INFO] [stdout] test src/closure_eval.rs - closure_eval::ClosureEvalOnce (line 185) - compile ... FAILED
[INFO] [stdout] 
[INFO] [stdout] failures:
[INFO] [stdout] 
[INFO] [stdout] ---- src/closure_eval.rs - closure_eval::ClosureEval (line 46) stdout ----
[INFO] [stdout] error[E0432]: unresolved import `nu_engine`
[INFO] [stdout]   --> src/closure_eval.rs:48:5
[INFO] [stdout]    |
[INFO] [stdout] 48 | use nu_engine::ClosureEval;
[INFO] [stdout]    |     ^^^^^^^^^ use of unresolved module or unlinked crate `nu_engine`
[INFO] [stdout]    |
[INFO] [stdout]    = help: if you wanted to use a crate named `nu_engine`, use `cargo add nu_engine` to add it to your `Cargo.toml`
[INFO] [stdout] 
[INFO] [stdout] error: aborting due to 1 previous error
[INFO] [stdout] 
[INFO] [stdout] For more information about this error, try `rustc --explain E0432`.
[INFO] [stdout] Couldn't compile the test.
[INFO] [stdout] ---- src/closure_eval.rs - closure_eval::ClosureEval (line 31) stdout ----
[INFO] [stderr] error: doctest failed, to rerun pass `--doc`
[INFO] [stdout] error[E0432]: unresolved import `nu_engine`
[INFO] [stdout]   --> src/closure_eval.rs:33:5
[INFO] [stdout]    |
[INFO] [stdout] 33 | use nu_engine::ClosureEval;
[INFO] [stdout]    |     ^^^^^^^^^ use of unresolved module or unlinked crate `nu_engine`
[INFO] [stdout]    |
[INFO] [stdout]    = help: if you wanted to use a crate named `nu_engine`, use `cargo add nu_engine` to add it to your `Cargo.toml`
[INFO] [stdout] 
[INFO] [stdout] error: aborting due to 1 previous error
[INFO] [stdout] 
[INFO] [stdout] For more information about this error, try `rustc --explain E0432`.
[INFO] [stdout] Couldn't compile the test.
[INFO] [stdout] ---- src/closure_eval.rs - closure_eval::ClosureEvalOnce (line 170) stdout ----
[INFO] [stdout] error[E0432]: unresolved import `nu_engine`
[INFO] [stdout]    --> src/closure_eval.rs:172:5
[INFO] [stdout]     |
[INFO] [stdout] 172 | use nu_engine::ClosureEvalOnce;
[INFO] [stdout]     |     ^^^^^^^^^ use of unresolved module or unlinked crate `nu_engine`
[INFO] [stdout]     |
[INFO] [stdout]     = help: if you wanted to use a crate named `nu_engine`, use `cargo add nu_engine` to add it to your `Cargo.toml`
[INFO] [stdout] 
[INFO] [stdout] error: aborting due to 1 previous error
[INFO] [stdout] 
[INFO] [stdout] For more information about this error, try `rustc --explain E0432`.
[INFO] [stdout] Couldn't compile the test.
[INFO] [stdout] ---- src/closure_eval.rs - closure_eval::ClosureEvalOnce (line 185) stdout ----
[INFO] [stdout] error[E0432]: unresolved import `nu_engine`
[INFO] [stdout]    --> src/closure_eval.rs:187:5
[INFO] [stdout]     |
[INFO] [stdout] 187 | use nu_engine::ClosureEvalOnce;
[INFO] [stdout]     |     ^^^^^^^^^ use of unresolved module or unlinked crate `nu_engine`
[INFO] [stdout]     |
[INFO] [stdout]     = help: if you wanted to use a crate named `nu_engine`, use `cargo add nu_engine` to add it to your `Cargo.toml`
[INFO] [stdout] 
[INFO] [stdout] error: aborting due to 1 previous error
[INFO] [stdout] 
[INFO] [stdout] For more information about this error, try `rustc --explain E0432`.
[INFO] [stdout] Couldn't compile the test.
[INFO] [stdout] 
[INFO] [stdout] failures:
[INFO] [stdout]     src/closure_eval.rs - closure_eval::ClosureEval (line 31)
[INFO] [stdout]     src/closure_eval.rs - closure_eval::ClosureEval (line 46)
[INFO] [stdout]     src/closure_eval.rs - closure_eval::ClosureEvalOnce (line 170)
[INFO] [stdout]     src/closure_eval.rs - closure_eval::ClosureEvalOnce (line 185)
[INFO] [stdout] 
[INFO] [stdout] test result: FAILED. 0 passed; 4 failed; 0 ignored; 0 measured; 0 filtered out; finished in 0.16s
[INFO] [stdout] 
[INFO] [stdout] all doctests ran in 0.21s; merged doctests compilation took 0.05s
[INFO] running `Command { std: "docker" "inspect" "4542e47ed21d79fddde50710b595dfb69c530d91c160e188b85a48f221cfc960", kill_on_drop: false }`
[INFO] running `Command { std: "docker" "rm" "-f" "4542e47ed21d79fddde50710b595dfb69c530d91c160e188b85a48f221cfc960", kill_on_drop: false }`
[INFO] [stdout] 4542e47ed21d79fddde50710b595dfb69c530d91c160e188b85a48f221cfc960
