[INFO] fetching crate serenity_utils 0.7.0...
[INFO] testing serenity_utils-0.7.0 against 1.99.0-beta.8 for beta-1.100-2
[INFO] extracting crate serenity_utils 0.7.0 into /workspace/builds/worker-5-tc1/source
[INFO] started tweaking crates.io crate serenity_utils 0.7.0
[INFO] finished tweaking crates.io crate serenity_utils 0.7.0
[INFO] tweaked toml for crates.io crate serenity_utils 0.7.0 written to /workspace/builds/worker-5-tc1/source/Cargo.toml
[INFO] validating manifest of crates.io crate serenity_utils 0.7.0 on toolchain 1.99.0-beta.8
[INFO] running `Command { std: CARGO_HOME="/workspace/cargo-home" RUSTUP_HOME="/workspace/rustup-home" "/workspace/cargo-home/bin/cargo" "+1.99.0-beta.8" "metadata" "--manifest-path" "Cargo.toml" "--no-deps", kill_on_drop: false }`
[INFO] running `Command { std: CARGO_HOME="/workspace/cargo-home" RUSTUP_HOME="/workspace/rustup-home" "/workspace/cargo-home/bin/cargo" "+1.99.0-beta.8" "generate-lockfile" "--manifest-path" "Cargo.toml", kill_on_drop: false }`
[INFO] [stderr]     Updating crates.io index
[INFO] [stderr]      Locking 221 packages to highest compatible versions
[INFO] [stderr]       Adding generic-array v0.14.7 (available: v0.14.9)
[INFO] [stderr]       Adding serenity v0.11.7 (available: v0.12.5)
[INFO] running `Command { std: CARGO_HOME="/workspace/cargo-home" RUSTUP_HOME="/workspace/rustup-home" "/workspace/cargo-home/bin/cargo" "+1.99.0-beta.8" "fetch" "--manifest-path" "Cargo.toml", kill_on_drop: false }`
[INFO] [stderr]  Downloading crates ...
[INFO] [stderr]   Downloaded typemap_rev v0.1.5
[INFO] [stderr]   Downloaded async-tungstenite v0.17.2
[INFO] [stderr]   Downloaded serenity v0.11.7
[INFO] running `Command { std: "docker" "create" "-v" "/var/lib/crater-agent-workspace/builds/worker-5-tc1/source:/opt/rustwide/workdir:ro,Z" "-v" "/var/lib/crater-agent-workspace/builds/worker-5-tc1/target:/opt/rustwide/target:rw,Z" "-v" "/var/lib/crater-agent-workspace/cargo-home:/opt/rustwide/cargo-home:ro,Z" "-v" "/var/lib/crater-agent-workspace/rustup-home:/opt/rustwide/rustup-home:ro,Z" "-m" "1610612736" "--network" "none" "ghcr.io/rust-lang/crates-build-env/linux@sha256:3111399a4047eeb3a02b7a90e478d715f38a8c6669b5c4b49d30a17385265909" "sleep" "infinity", kill_on_drop: false }`
[INFO] [stdout] ec3541f9e437d3560f35b34c55d3d56e6b4140465f65aa5281372d2303c394ab
[INFO] running `Command { std: "docker" "start" "ec3541f9e437d3560f35b34c55d3d56e6b4140465f65aa5281372d2303c394ab", kill_on_drop: false }`
[INFO] running `Command { std: "docker" "inspect" "ec3541f9e437d3560f35b34c55d3d56e6b4140465f65aa5281372d2303c394ab", kill_on_drop: false }`
[INFO] running `Command { std: "docker" "exec" "-e" "SOURCE_DIR=/opt/rustwide/workdir" "-e" "CARGO_HOME=/opt/rustwide/cargo-home" "-e" "RUSTUP_HOME=/opt/rustwide/rustup-home" "-e" "CARGO_TARGET_DIR=/opt/rustwide/target" "-w" "/opt/rustwide/workdir" "--user" "0:0" "ec3541f9e437d3560f35b34c55d3d56e6b4140465f65aa5281372d2303c394ab" "/opt/rustwide/cargo-home/bin/cargo" "+1.99.0-beta.8" "metadata" "--no-deps" "--format-version=1", kill_on_drop: false }`
[INFO] running `Command { std: "docker" "inspect" "ec3541f9e437d3560f35b34c55d3d56e6b4140465f65aa5281372d2303c394ab", kill_on_drop: false }`
[INFO] running `Command { std: "docker" "exec" "-e" "SOURCE_DIR=/opt/rustwide/workdir" "-e" "CARGO_HOME=/opt/rustwide/cargo-home" "-e" "RUSTUP_HOME=/opt/rustwide/rustup-home" "-e" "CARGO_TARGET_DIR=/opt/rustwide/target" "-e" "CARGO_INCREMENTAL=0" "-e" "RUST_BACKTRACE=full" "-e" "RUSTFLAGS=--cap-lints=warn" "-e" "RUSTDOCFLAGS=--cap-lints=warn" "-w" "/opt/rustwide/workdir" "--user" "0:0" "ec3541f9e437d3560f35b34c55d3d56e6b4140465f65aa5281372d2303c394ab" "/opt/rustwide/cargo-home/bin/cargo" "+1.99.0-beta.8" "build" "--frozen" "--message-format=json", kill_on_drop: false }`
[INFO] [stderr]    Compiling yoke-derive v0.8.4
[INFO] [stderr]    Compiling tokio-macros v2.7.2
[INFO] [stderr]    Compiling getrandom v0.2.17
[INFO] [stderr]    Compiling ring v0.17.14
[INFO] [stderr]    Compiling mio v1.2.4
[INFO] [stderr]    Compiling socket2 v0.6.5
[INFO] [stderr]    Compiling ring v0.16.20
[INFO] [stderr]    Compiling http v0.2.12
[INFO] [stderr]    Compiling serde v1.0.229
[INFO] [stderr]    Compiling zerocopy v0.8.60
[INFO] [stderr]    Compiling futures-util v0.3.34
[INFO] [stderr]    Compiling rustls v0.21.12
[INFO] [stderr]    Compiling num-traits v0.2.19
[INFO] [stderr]    Compiling tracing v0.1.44
[INFO] [stderr]    Compiling want v0.3.2
[INFO] [stderr]    Compiling socket2 v0.5.10
[INFO] [stderr]    Compiling thiserror-impl v1.0.69
[INFO] [stderr]    Compiling sha-1 v0.10.1
[INFO] [stderr]    Compiling rand_core v0.6.4
[INFO] [stderr]    Compiling parking_lot_core v0.9.12
[INFO] [stderr]    Compiling serde_json v1.0.151
[INFO] [stderr]    Compiling crc32fast v1.5.2
[INFO] [stderr]    Compiling deranged v0.5.8
[INFO] [stderr]    Compiling sync_wrapper v0.1.2
[INFO] [stderr]    Compiling serenity v0.11.7
[INFO] [stderr]    Compiling powerfmt v0.2.1
[INFO] [stderr]    Compiling flate2 v1.1.10
[INFO] [stderr]    Compiling parking_lot v0.12.5
[INFO] [stderr]    Compiling tokio v1.53.2
[INFO] [stderr]    Compiling async-trait v0.1.92
[INFO] [stderr]    Compiling http-body v0.4.6
[INFO] [stderr]    Compiling serde_urlencoded v0.7.1
[INFO] [stderr]    Compiling ordered-float v2.10.1
[INFO] [stderr]    Compiling dashmap v5.5.3
[INFO] [stderr]    Compiling yoke v0.8.3
[INFO] [stderr]    Compiling typemap_rev v0.1.5
[INFO] [stderr]    Compiling serde-value v0.7.0
[INFO] [stderr]    Compiling zerovec v0.11.8
[INFO] [stderr]    Compiling zerotrie v0.2.5
[INFO] [stderr]    Compiling thiserror v1.0.69
[INFO] [stderr]    Compiling time v0.3.55
[INFO] [stderr]    Compiling tinystr v0.8.4
[INFO] [stderr]    Compiling potential_utf v0.1.6
[INFO] [stderr]    Compiling icu_locale_core v2.3.0
[INFO] [stderr]    Compiling icu_collections v2.3.0
[INFO] [stderr]    Compiling futures v0.3.34
[INFO] [stderr]    Compiling icu_provider v2.3.1
[INFO] [stderr]    Compiling icu_normalizer v2.3.0
[INFO] [stderr]    Compiling icu_properties v2.3.0
[INFO] [stderr]    Compiling rustls v0.20.9
[INFO] [stderr]    Compiling idna_adapter v1.2.2
[INFO] [stderr]    Compiling idna v1.1.0
[INFO] [stderr]    Compiling ppv-lite86 v0.2.21
[INFO] [stderr]    Compiling url v2.5.8
[INFO] [stderr]    Compiling rand_chacha v0.3.1
[INFO] [stderr]    Compiling rand v0.8.8
[INFO] [stderr]    Compiling tokio-util v0.7.19
[INFO] [stderr]    Compiling sct v0.7.1
[INFO] [stderr]    Compiling webpki v0.22.4
[INFO] [stderr]    Compiling rustls-webpki v0.101.7
[INFO] [stderr]    Compiling webpki-roots v0.22.6
[INFO] [stderr]    Compiling h2 v0.3.27
[INFO] [stderr]    Compiling tokio-rustls v0.23.4
[INFO] [stderr]    Compiling tungstenite v0.17.3
[INFO] [stderr]    Compiling async-tungstenite v0.17.2
[INFO] [stderr]    Compiling tokio-rustls v0.24.1
[INFO] [stderr]    Compiling hyper v0.14.32
[INFO] [stderr]    Compiling hyper-rustls v0.24.2
[INFO] [stderr]    Compiling reqwest v0.11.27
[INFO] [stderr]    Compiling serenity_utils v0.7.0 (/opt/rustwide/workdir)
[INFO] [stdout] warning: hiding a lifetime that's elided elsewhere is confusing
[INFO] [stdout]    --> src/builder/message.rs:222:30
[INFO] [stdout]     |
[INFO] [stdout] 222 |     pub fn to_create_message(&self) -> CreateMessage {
[INFO] [stdout]     |                              ^^^^^     ^^^^^^^^^^^^^ the same lifetime is hidden here
[INFO] [stdout]     |                              |
[INFO] [stdout]     |                              the lifetime is elided here
[INFO] [stdout]     |
[INFO] [stdout]     = help: the same lifetime is referred to in inconsistent ways, making the signature confusing
[INFO] [stdout]     = note: `#[warn(mismatched_lifetime_syntaxes)]` on by default
[INFO] [stdout] help: use `'_` for type paths
[INFO] [stdout]     |
[INFO] [stdout] 222 |     pub fn to_create_message(&self) -> CreateMessage<'_> {
[INFO] [stdout]     |                                                     ++++
[INFO] [stdout] 
[INFO] [stdout] 
[INFO] [stdout] warning: hiding a lifetime that's elided elsewhere is confusing
[INFO] [stdout]    --> src/builder/message.rs:230:28
[INFO] [stdout]     |
[INFO] [stdout] 230 |     pub fn to_edit_message(&self) -> EditMessage {
[INFO] [stdout]     |                            ^^^^^     ^^^^^^^^^^^ the same lifetime is hidden here
[INFO] [stdout]     |                            |
[INFO] [stdout]     |                            the lifetime is elided here
[INFO] [stdout]     |
[INFO] [stdout]     = help: the same lifetime is referred to in inconsistent ways, making the signature confusing
[INFO] [stdout] help: use `'_` for type paths
[INFO] [stdout]     |
[INFO] [stdout] 230 |     pub fn to_edit_message(&self) -> EditMessage<'_> {
[INFO] [stdout]     |                                                 ++++
[INFO] [stdout] 
[INFO] [stdout] 
[INFO] [stderr]     Finished `dev` profile [unoptimized + debuginfo] target(s) in 1m 12s
[INFO] running `Command { std: "docker" "inspect" "ec3541f9e437d3560f35b34c55d3d56e6b4140465f65aa5281372d2303c394ab", kill_on_drop: false }`
[INFO] running `Command { std: "docker" "exec" "-e" "SOURCE_DIR=/opt/rustwide/workdir" "-e" "CARGO_HOME=/opt/rustwide/cargo-home" "-e" "RUSTUP_HOME=/opt/rustwide/rustup-home" "-e" "CARGO_TARGET_DIR=/opt/rustwide/target" "-e" "CARGO_INCREMENTAL=0" "-e" "RUST_BACKTRACE=full" "-e" "RUSTFLAGS=--cap-lints=warn" "-e" "RUSTDOCFLAGS=--cap-lints=warn" "-w" "/opt/rustwide/workdir" "--user" "0:0" "ec3541f9e437d3560f35b34c55d3d56e6b4140465f65aa5281372d2303c394ab" "/opt/rustwide/cargo-home/bin/cargo" "+1.99.0-beta.8" "test" "--frozen" "--no-run" "--message-format=json", kill_on_drop: false }`
[INFO] [stdout] warning: hiding a lifetime that's elided elsewhere is confusing
[INFO] [stdout]    --> src/builder/message.rs:222:30
[INFO] [stdout]     |
[INFO] [stdout] 222 |     pub fn to_create_message(&self) -> CreateMessage {
[INFO] [stdout]     |                              ^^^^^     ^^^^^^^^^^^^^ the same lifetime is hidden here
[INFO] [stdout]     |                              |
[INFO] [stdout]     |                              the lifetime is elided here
[INFO] [stdout]     |
[INFO] [stdout]     = help: the same lifetime is referred to in inconsistent ways, making the signature confusing
[INFO] [stdout]     = note: `#[warn(mismatched_lifetime_syntaxes)]` on by default
[INFO] [stdout] help: use `'_` for type paths
[INFO] [stdout]     |
[INFO] [stdout] 222 |     pub fn to_create_message(&self) -> CreateMessage<'_> {
[INFO] [stdout]     |                                                     ++++
[INFO] [stdout] 
[INFO] [stdout] 
[INFO] [stdout] warning: hiding a lifetime that's elided elsewhere is confusing
[INFO] [stdout]    --> src/builder/message.rs:230:28
[INFO] [stdout]     |
[INFO] [stdout] 230 |     pub fn to_edit_message(&self) -> EditMessage {
[INFO] [stdout]     |                            ^^^^^     ^^^^^^^^^^^ the same lifetime is hidden here
[INFO] [stdout]     |                            |
[INFO] [stdout]     |                            the lifetime is elided here
[INFO] [stdout]     |
[INFO] [stdout]     = help: the same lifetime is referred to in inconsistent ways, making the signature confusing
[INFO] [stdout] help: use `'_` for type paths
[INFO] [stdout]     |
[INFO] [stdout] 230 |     pub fn to_edit_message(&self) -> EditMessage<'_> {
[INFO] [stdout]     |                                                 ++++
[INFO] [stdout] 
[INFO] [stdout] 
[INFO] [stderr]    Compiling serenity_utils v0.7.0 (/opt/rustwide/workdir)
[INFO] [stdout] warning: hiding a lifetime that's elided elsewhere is confusing
[INFO] [stdout]    --> src/builder/message.rs:222:30
[INFO] [stdout]     |
[INFO] [stdout] 222 |     pub fn to_create_message(&self) -> CreateMessage {
[INFO] [stdout]     |                              ^^^^^     ^^^^^^^^^^^^^ the same lifetime is hidden here
[INFO] [stdout]     |                              |
[INFO] [stdout]     |                              the lifetime is elided here
[INFO] [stdout]     |
[INFO] [stdout]     = help: the same lifetime is referred to in inconsistent ways, making the signature confusing
[INFO] [stdout]     = note: `#[warn(mismatched_lifetime_syntaxes)]` on by default
[INFO] [stdout] help: use `'_` for type paths
[INFO] [stdout]     |
[INFO] [stdout] 222 |     pub fn to_create_message(&self) -> CreateMessage<'_> {
[INFO] [stdout]     |                                                     ++++
[INFO] [stdout] 
[INFO] [stdout] 
[INFO] [stdout] warning: hiding a lifetime that's elided elsewhere is confusing
[INFO] [stdout]    --> src/builder/message.rs:230:28
[INFO] [stdout]     |
[INFO] [stdout] 230 |     pub fn to_edit_message(&self) -> EditMessage {
[INFO] [stdout]     |                            ^^^^^     ^^^^^^^^^^^ the same lifetime is hidden here
[INFO] [stdout]     |                            |
[INFO] [stdout]     |                            the lifetime is elided here
[INFO] [stdout]     |
[INFO] [stdout]     = help: the same lifetime is referred to in inconsistent ways, making the signature confusing
[INFO] [stdout] help: use `'_` for type paths
[INFO] [stdout]     |
[INFO] [stdout] 230 |     pub fn to_edit_message(&self) -> EditMessage<'_> {
[INFO] [stdout]     |                                                 ++++
[INFO] [stdout] 
[INFO] [stdout] 
[INFO] [stderr]     Finished `test` profile [unoptimized + debuginfo] target(s) in 4.13s
[INFO] running `Command { std: "docker" "inspect" "ec3541f9e437d3560f35b34c55d3d56e6b4140465f65aa5281372d2303c394ab", kill_on_drop: false }`
[INFO] running `Command { std: "docker" "exec" "-e" "SOURCE_DIR=/opt/rustwide/workdir" "-e" "CARGO_HOME=/opt/rustwide/cargo-home" "-e" "RUSTUP_HOME=/opt/rustwide/rustup-home" "-e" "CARGO_TARGET_DIR=/opt/rustwide/target" "-e" "CARGO_INCREMENTAL=0" "-e" "RUST_BACKTRACE=full" "-e" "RUSTFLAGS=--cap-lints=warn" "-e" "RUSTDOCFLAGS=--cap-lints=warn" "-w" "/opt/rustwide/workdir" "--user" "0:0" "ec3541f9e437d3560f35b34c55d3d56e6b4140465f65aa5281372d2303c394ab" "/opt/rustwide/cargo-home/bin/cargo" "+1.99.0-beta.8" "test" "--frozen", kill_on_drop: false }`
[INFO] [stderr] warning: hiding a lifetime that's elided elsewhere is confusing
[INFO] [stderr]    --> src/builder/message.rs:222:30
[INFO] [stderr]     |
[INFO] [stderr] 222 |     pub fn to_create_message(&self) -> CreateMessage {
[INFO] [stderr]     |                              ^^^^^     ^^^^^^^^^^^^^ the same lifetime is hidden here
[INFO] [stderr]     |                              |
[INFO] [stderr]     |                              the lifetime is elided here
[INFO] [stderr]     |
[INFO] [stderr]     = help: the same lifetime is referred to in inconsistent ways, making the signature confusing
[INFO] [stderr]     = note: `#[warn(mismatched_lifetime_syntaxes)]` on by default
[INFO] [stderr] help: use `'_` for type paths
[INFO] [stderr]     |
[INFO] [stderr] 222 |     pub fn to_create_message(&self) -> CreateMessage<'_> {
[INFO] [stderr]     |                                                     ++++
[INFO] [stderr] 
[INFO] [stderr] warning: hiding a lifetime that's elided elsewhere is confusing
[INFO] [stderr]    --> src/builder/message.rs:230:28
[INFO] [stderr]     |
[INFO] [stderr] 230 |     pub fn to_edit_message(&self) -> EditMessage {
[INFO] [stderr]     |                            ^^^^^     ^^^^^^^^^^^ the same lifetime is hidden here
[INFO] [stderr]     |                            |
[INFO] [stderr]     |                            the lifetime is elided here
[INFO] [stderr]     |
[INFO] [stderr]     = help: the same lifetime is referred to in inconsistent ways, making the signature confusing
[INFO] [stderr] help: use `'_` for type paths
[INFO] [stderr]     |
[INFO] [stderr] 230 |     pub fn to_edit_message(&self) -> EditMessage<'_> {
[INFO] [stderr]     |                                                 ++++
[INFO] [stderr] 
[INFO] [stderr] warning: `serenity_utils` (lib) generated 2 warnings (run `cargo fix --lib -p serenity_utils` to apply 2 suggestions)
[INFO] [stderr] warning: `serenity_utils` (lib test) generated 2 warnings (2 duplicates)
[INFO] [stderr]     Finished `test` profile [unoptimized + debuginfo] target(s) in 0.17s
[INFO] [stderr]      Running unittests src/lib.rs (/opt/rustwide/target/debug/deps/serenity_utils-371fefd735db8268)
[INFO] [stdout] 
[INFO] [stdout] running 0 tests
[INFO] [stdout] 
[INFO] [stdout] test result: ok. 0 passed; 0 failed; 0 ignored; 0 measured; 0 filtered out; finished in 0.00s
[INFO] [stdout] 
[INFO] [stderr]      Running tests/test_builder.rs (/opt/rustwide/target/debug/deps/test_builder-131a9ce7f1954016)
[INFO] [stdout] 
[INFO] [stdout] running 5 tests
[INFO] [stdout] test test_to_create_embed ... ok
[INFO] [stdout] test test_to_create_embed_author ... ok
[INFO] [stdout] test test_to_create_embed_footer ... ok
[INFO] [stdout] test test_to_edit_message ... ok
[INFO] [stdout] test test_to_create_message ... ok
[INFO] [stdout] 
[INFO] [stdout] test result: ok. 5 passed; 0 failed; 0 ignored; 0 measured; 0 filtered out; finished in 0.01s
[INFO] [stdout] 
[INFO] [stderr]      Running tests/test_formatting.rs (/opt/rustwide/target/debug/deps/test_formatting-6ac41d08d6c64b7e)
[INFO] [stdout] 
[INFO] [stdout] running 2 tests
[INFO] [stdout] test test_escape_mass_mentions ... ok
[INFO] [stdout] test test_pagify ... ok
[INFO] [stdout] 
[INFO] [stdout] test result: ok. 2 passed; 0 failed; 0 ignored; 0 measured; 0 filtered out; finished in 0.00s
[INFO] [stdout] 
[INFO] [stderr]    Doc-tests serenity_utils
[INFO] [stdout] 
[INFO] [stdout] running 31 tests
[INFO] [stdout] test src/builder/prelude.rs - builder::prelude (line 9) - compile ... ok
[INFO] [stdout] test src/conversion.rs - conversion (line 47) ... ok
[INFO] [stdout] test src/menu.rs - menu::ControlFunction (line 384) ... ok
[INFO] [stdout] test src/conversion.rs - conversion (line 20) ... ok
[INFO] [stdout] test src/conversion.rs - conversion (line 27) ... ok
[INFO] [stdout] test src/builder/embed.rs - builder::embed::EmbedBuilder (line 348) ... ok
[INFO] [stdout] test src/builder/embed.rs - builder::embed::EmbedFooterBuilder (line 166) ... ok
[INFO] [stdout] test src/menu.rs - menu::Menu (line 42) ... FAILED
[INFO] [stdout] test src/prelude.rs - prelude (line 9) - compile ... ok
[INFO] [stdout] test src/builder/message.rs - builder::message::MessageBuilder (line 50) ... FAILED
[INFO] [stdout] test src/builder/embed.rs - builder::embed::EmbedBuilder::set_footer_with (line 527) ... FAILED
[INFO] [stdout] test src/prompt.rs - prompt (line 10) ... FAILED
[INFO] [stdout] test src/prompt/message.rs - prompt::message (line 5) ... FAILED
[INFO] [stdout] test src/prompt/message.rs - prompt::message::message_prompt (line 36) ... FAILED
[INFO] [stdout] test src/builder/message.rs - builder::message::MessageBuilder<'a>::set_embed_with (line 109) ... FAILED
[INFO] [stdout] test src/prompt.rs - prompt (line 29) ... ok
[INFO] [stdout] test src/menu.rs - menu::ControlFunction (line 400) ... ok
[INFO] [stdout] test src/menu.rs - menu::close_menu (line 469) ... ok
[INFO] [stdout] test src/menu.rs - menu::prev_page (line 446) ... ok
[INFO] [stdout] test src/menu.rs - menu::next_page (line 423) ... ok
[INFO] [stdout] test src/prompt/message.rs - prompt::message::message_prompt_content (line 76) ... ok
[INFO] [stdout] test src/prompt/reaction.rs - prompt::reaction (line 5) ... ok
[INFO] [stdout] test src/prompt/reaction.rs - prompt::reaction::reaction_prompt (line 40) ... ok
[INFO] [stdout] test src/prompt/reaction.rs - prompt::reaction::yes_or_no_prompt (line 114) ... ok
[INFO] [stdout] test src/formatting.rs - formatting::pagify (line 137) ... ok
[INFO] [stdout] test src/builder/embed.rs - builder::embed::EmbedBuilder::set_author_with (line 434) ... ok
[INFO] [stdout] test src/builder/embed.rs - builder::embed::EmbedAuthorBuilder (line 52) ... ok
[INFO] [stdout] test src/builder/embed.rs - builder::embed::EmbedFieldBuilder (line 257) ... ok
[INFO] [stdout] test src/builder/message.rs - builder::message (line 16) ... ok
[INFO] [stdout] test src/builder/embed.rs - builder::embed (line 16) ... ok
[INFO] [stdout] test src/formatting.rs - formatting::PagifyOptions (line 21) ... ok
[INFO] [stdout] 
[INFO] [stdout] failures:
[INFO] [stdout] 
[INFO] [stdout] ---- src/menu.rs - menu::Menu (line 42) stdout ----
[INFO] [stdout] Couldn't compile the test.
[INFO] [stdout] ---- src/builder/message.rs - builder::message::MessageBuilder (line 50) stdout ----
[INFO] [stdout] warning: use of deprecated struct `serenity_utils::builder::message::MessageBuilder`: please use serenity's builders directly
[INFO] [stdout]   --> src/builder/message.rs:54:19
[INFO] [stdout]    |
[INFO] [stdout] 54 | let mut message = MessageBuilder::new();
[INFO] [stdout]    |                   ^^^^^^^^^^^^^^
[INFO] [stdout]    |
[INFO] [stdout]    = note: `#[warn(deprecated)]` on by default
[INFO] [stdout] 
[INFO] [stdout] warning: use of deprecated struct `serenity_utils::builder::message::MessageBuilder`: please use serenity's builders directly
[INFO] [stdout]   --> src/builder/message.rs:52:39
[INFO] [stdout]    |
[INFO] [stdout] 52 | use serenity_utils::builder::message::MessageBuilder;
[INFO] [stdout]    |                                       ^^^^^^^^^^^^^^
[INFO] [stdout] 
[INFO] [stdout] warning: use of deprecated associated function `serenity_utils::builder::message::MessageBuilder::<'a>::new`: please use serenity's builders directly
[INFO] [stdout]   --> src/builder/message.rs:54:35
[INFO] [stdout]    |
[INFO] [stdout] 54 | let mut message = MessageBuilder::new();
[INFO] [stdout]    |                                   ^^^
[INFO] [stdout] 
[INFO] [stdout] warning: use of deprecated method `serenity_utils::builder::message::MessageBuilder::<'a>::set_content`: please use serenity's builders directly
[INFO] [stdout]   --> src/builder/message.rs:57:9
[INFO] [stdout]    |
[INFO] [stdout] 57 | message.set_content("content").set_tts(true);
[INFO] [stdout]    |         ^^^^^^^^^^^
[INFO] [stdout] 
[INFO] [stdout] warning: use of deprecated method `serenity_utils::builder::message::MessageBuilder::<'a>::set_tts`: please use serenity's builders directly
[INFO] [stdout]   --> src/builder/message.rs:57:32
[INFO] [stdout]    |
[INFO] [stdout] 57 | message.set_content("content").set_tts(true);
[INFO] [stdout]    |                                ^^^^^^^
[INFO] [stdout] 
[INFO] [stdout] warning: use of deprecated field `serenity_utils::builder::message::MessageBuilder::content`: please use serenity's builders directly
[INFO] [stdout]   --> src/builder/message.rs:60:1
[INFO] [stdout]    |
[INFO] [stdout] 60 | message.content = Some("content".to_string());
[INFO] [stdout]    | ^^^^^^^^^^^^^^^
[INFO] [stdout] 
[INFO] [stdout] warning: use of deprecated field `serenity_utils::builder::message::MessageBuilder::tts`: please use serenity's builders directly
[INFO] [stdout]   --> src/builder/message.rs:61:1
[INFO] [stdout]    |
[INFO] [stdout] 61 | message.tts = true;
[INFO] [stdout]    | ^^^^^^^^^^^
[INFO] [stdout] 
[INFO] [stdout] error: linking with `cc` failed: exit status: 1
[INFO] [stdout]   |
[INFO] [stdout]   = note:  "cc" "-m64" "/tmp/rustdoctestnuLwVR/rustcaAs9Gr/symbols.o" "<2 object files omitted>" "-Wl,--as-needed" "-Wl,-Bstatic" "/opt/rustwide/target/debug/deps/{libserenity_utils-1c503adfb8ccb9fc,libserenity-1f8e5625903a6417,libtime-243a6372480a4fba,libpowerfmt-2785fdd3a178f2f6,libnum_conv-8bd7073c84ef42cd,libderanged-d9f7cf657e3e5f31,libtime_core-87cddcae4f761596,libbitflags-dde12b0d7d495b50,libparking_lot-3e2aa6ca1d0b307b,libdashmap-452945c4653942ab,liblock_api-16d46fed645f7bff,libparking_lot_core-c2f0ccf6f0f0ba74,libhashbrown-d952ad0946629507,libtypemap_rev-ccca0ce5f816f2d9,libserde_value-44d909bbd6221610,libordered_float-cda7d3c5ddf0c782,libnum_traits-7eec24f0481d7d85,libreqwest-7d0a7cc240a5e497,librustls_pemfile-30aaf682314043cb,libhyper_rustls-5fa226f675b198b3,libserde_urlencoded-c626332ef188a904,libryu-1f4f40e4352371e5,libwebpki_roots-da6c00699c81e448,libbase64-13144a1f1e192158,libipnet-9dfae905f44e7daa,libtokio_rustls-eb578daf0424c177,libencoding_rs-f91b166176b843f5,libscopeguard-7ec2214574194454,libsimdutf8-8229586393ebc95e,libcore_detect-c9fbe0541ea45249,libmime_guess-0eb34dbb319bee0c,libunicase-5d04e972844fa35e,libmime-0188e0814ca7ddbf,librustls-0ef4b5095f402ae9,libwebpki-a02cb39dfb16bdc9,libhyper-40d3208294d61fb0,libwant-9c0fd318fd835b4b,libtry_lock-8fa2f6971035be84,libsocket2-1887e6979a12d2d9,libh2-2ac4d1987c58f46f,libindexmap-f8362b905c005e10,libequivalent-6a754676e6af62ae,libhashbrown-d7214d631586fd51,libtower_service-3fb88d28c2218805,libtokio_util-e7c1f14df52dcbbe,libsync_wrapper-b5d3a794a1e9deea,libhttp_body-3acf28ab7be8183b,libserde_json-e413ba1381f61e33,libzmij-2ca2f302097868c6,libtracing-2149681e4dca3744,libtracing_core-89b602bc4a7d7f8a,libfutures-fd1ecf799dfd456b,libflate2-3e269d20beeb6686,libminiz_oxide-b0342c05fad2c2c8,libsimd_adler32-2a047f2153860026,libcrc32fast-04f504cede2ae790,libasync_tungstenite-418a41ab3e17531a,libwebpki_roots-69b35eba490888b4,libtokio_rustls-e15e3f772a0923d8,libtokio-5c0a7f1c487def71,libsocket2-a79c02bcbff6267c,libmio-240000fcd7819ef5,libfutures_util-65f9f2809103963e,libmemchr-a932478bde794617,libslab-0582d648e59ab406,libfutures_channel-e55265846f1ca713,libpin_project_lite-0a15d51c77964692,libfutures_sink-690a515e9c61c93a,libfutures_task-06c0578367ad4cff,libfutures_core-97d9bb84a61d4536,libfutures_io-2de19dd835d0513d,libtungstenite-dcb3a2035a4ab01c,libbase64-42295ac2e0e134a3,librand-6db63931658ee356,librand_chacha-f87f99ad0f872975,libppv_lite86-00f1fbef3c43223b,libzerocopy-9e2bfb35de1feb23,librand_core-fb558cc07ff25ab0,librustls-86da190193c20874,libsct-dceb63cfeb8c6032,libwebpki-bc0bffa2a2ddcfdb,libring-86bfceb1f7d4d349,libgetrandom-20ab4b0258a7d2de,libuntrusted-b2f816886faf2178,libring-299e05fe4a7bb66c,libspin-4089a13ab2a784ba,libuntrusted-a7f0f384c8611dea,libonce_cell-b5bdc597ed9676b3,liblibc-baa71fd275b1690a,libutf8-f4341c3c7568480d,libbyteorder-8f59b6d1bfdaa844,libsha1-8432e31f80a9700d,libcpufeatures-e04321643d03190d,libcfg_if-5addb699396bfe5f,libdigest-1142e5998e571c5d,libblock_buffer-43b51fc1d06b3057,libcrypto_common-43b177a3b314e9dd,libgeneric_array-745cace30f1ed372,libtypenum-ed2b1c93b2a4333a,libhttparse-8c9b827b8f345444,libthiserror-09e765a1ad8d1a87,liburl-6b1e4229b7af46de,libidna-d04c79440daf069e,libidna_adapter-23f0f608cff7e2c5,libicu_properties-5c176a94ac24ba21,libicu_properties_data-3f856f5bc2063921,libicu_normalizer-a916f95cd2b4be84,libsmallvec-b8b62d41308805e6,libicu_normalizer_data-8b25f9eb7a72d68e,libicu_collections-438f51b186b949a8,libutf8_iter-51566bbad89f3a68,libpotential_utf-885aceaf39ee583f,libicu_provider-b54b6371e55b82eb,libicu_locale_core-20acd1365465ffdb,libtinystr-2ef10827d4228079,liblitemap-abaddab7afb37065,libwriteable-36514dcf36d12676,libzerovec-27a92a25b9c524c3,libzerotrie-85d8ff817df4fb0d,libyoke-7005b9abfd1543dc,libstable_deref_trait-63cbf3f3d3f94e56,libzerofrom-9a7a1c35a45876b9,libform_urlencoded-58b0f0edb59b40d2,libpercent_encoding-fa055ecaa1e57cfa,liblog-22b5be7f6ba2d64a,libhttp-3d0185516e63a661,libitoa-5de11b3b23bfe572,libbytes-5f66263ae3d5daa8,libfnv-79e2cbfbe03dcd16,libserde-eb3b9b590d47f8e9,libserde_core-1024909fd700b20f}.rlib" "<sysroot>/lib/rustlib/x86_64-unknown-linux-gnu/lib/{libstd-*,libpanic_unwind-*,libobject-*,libmemchr-*,libaddr2line-*,libgimli-*,libcfg_if-*,librustc_demangle-*,libstd_detect-*,libhashbrown-*,librustc_std_workspace_alloc-*,libminiz_oxide-*,libadler2-*,libunwind-*,liblibc-*,librustc_std_workspace_core-*,liballoc-*,libcore-*,libcompiler_builtins-*}.rlib" "-Wl,-Bdynamic" "-lgcc_s" "-lutil" "-lrt" "-lpthread" "-lm" "-ldl" "-lc" "-L" "/tmp/rustdoctestnuLwVR/rustcaAs9Gr/raw-dylibs" "-B<sysroot>/lib/rustlib/x86_64-unknown-linux-gnu/bin/gcc-ld" "-fuse-ld=lld" "-Wl,--eh-frame-hdr" "-Wl,-z,noexecstack" "-L" "/opt/rustwide/target/debug/build/ring-b2057b00979a6712/out" "-L" "/opt/rustwide/target/debug/build/ring-d5275e99c03f4586/out" "-L" "<sysroot>/lib/rustlib/x86_64-unknown-linux-gnu/lib" "-o" "/tmp/rustdoctestnuLwVR/rust_out" "-Wl,--gc-sections" "-pie" "-Wl,-z,relro,-z,now" "-nodefaultlibs"
[INFO] [stdout]   = note: some arguments are omitted. use `--verbose` to show all linker arguments
[INFO] [stdout]   = note: collect2: fatal error: ld terminated with signal 9 [Killed]
[INFO] [stdout]           compilation terminated.
[INFO] [stdout]           
[INFO] [stdout] 
[INFO] [stdout] error: aborting due to 1 previous error; 7 warnings emitted
[INFO] [stdout] 
[INFO] [stdout] Couldn't compile the test.
[INFO] [stdout] ---- src/builder/embed.rs - builder::embed::EmbedBuilder::set_footer_with (line 527) stdout ----
[INFO] [stdout] warning: use of deprecated struct `serenity_utils::builder::embed::EmbedBuilder`: please use serenity's builders directly
[INFO] [stdout]    --> src/builder/embed.rs:531:17
[INFO] [stdout]     |
[INFO] [stdout] 531 | let mut embed = EmbedBuilder::new();
[INFO] [stdout]     |                 ^^^^^^^^^^^^
[INFO] [stdout]     |
[INFO] [stdout]     = note: `#[warn(deprecated)]` on by default
[INFO] [stdout] 
[INFO] [stdout] warning: use of deprecated struct `serenity_utils::builder::embed::EmbedBuilder`: please use serenity's builders directly
[INFO] [stdout]    --> src/builder/embed.rs:529:37
[INFO] [stdout]     |
[INFO] [stdout] 529 | use serenity_utils::builder::embed::EmbedBuilder;
[INFO] [stdout]     |                                     ^^^^^^^^^^^^
[INFO] [stdout] 
[INFO] [stdout] warning: use of deprecated associated function `serenity_utils::builder::embed::EmbedBuilder::new`: please use serenity's builders directly
[INFO] [stdout]    --> src/builder/embed.rs:531:31
[INFO] [stdout]     |
[INFO] [stdout] 531 | let mut embed = EmbedBuilder::new();
[INFO] [stdout]     |                               ^^^
[INFO] [stdout] 
[INFO] [stdout] warning: use of deprecated method `serenity_utils::builder::embed::EmbedBuilder::set_footer_with`: please use serenity's builders directly
[INFO] [stdout]    --> src/builder/embed.rs:532:7
[INFO] [stdout]     |
[INFO] [stdout] 532 | embed.set_footer_with(|f| {
[INFO] [stdout]     |       ^^^^^^^^^^^^^^^
[INFO] [stdout] 
[INFO] [stdout] warning: use of deprecated method `serenity_utils::builder::embed::EmbedFooterBuilder::set_text`: please use serenity's builders directly
[INFO] [stdout]    --> src/builder/embed.rs:533:7
[INFO] [stdout]     |
[INFO] [stdout] 533 |     f.set_text("text");
[INFO] [stdout]     |       ^^^^^^^^
[INFO] [stdout] 
[INFO] [stdout] error: linking with `cc` failed: exit status: 1
[INFO] [stdout]   |
[INFO] [stdout]   = note:  "cc" "-m64" "/tmp/rustdoctestWDMxCk/rustcBBtHrY/symbols.o" "<2 object files omitted>" "-Wl,--as-needed" "-Wl,-Bstatic" "/opt/rustwide/target/debug/deps/{libserenity_utils-1c503adfb8ccb9fc,libserenity-1f8e5625903a6417,libtime-243a6372480a4fba,libpowerfmt-2785fdd3a178f2f6,libnum_conv-8bd7073c84ef42cd,libderanged-d9f7cf657e3e5f31,libtime_core-87cddcae4f761596,libbitflags-dde12b0d7d495b50,libparking_lot-3e2aa6ca1d0b307b,libdashmap-452945c4653942ab,liblock_api-16d46fed645f7bff,libparking_lot_core-c2f0ccf6f0f0ba74,libhashbrown-d952ad0946629507,libtypemap_rev-ccca0ce5f816f2d9,libserde_value-44d909bbd6221610,libordered_float-cda7d3c5ddf0c782,libnum_traits-7eec24f0481d7d85,libreqwest-7d0a7cc240a5e497,librustls_pemfile-30aaf682314043cb,libhyper_rustls-5fa226f675b198b3,libserde_urlencoded-c626332ef188a904,libryu-1f4f40e4352371e5,libwebpki_roots-da6c00699c81e448,libbase64-13144a1f1e192158,libipnet-9dfae905f44e7daa,libtokio_rustls-eb578daf0424c177,libencoding_rs-f91b166176b843f5,libscopeguard-7ec2214574194454,libsimdutf8-8229586393ebc95e,libcore_detect-c9fbe0541ea45249,libmime_guess-0eb34dbb319bee0c,libunicase-5d04e972844fa35e,libmime-0188e0814ca7ddbf,librustls-0ef4b5095f402ae9,libwebpki-a02cb39dfb16bdc9,libhyper-40d3208294d61fb0,libwant-9c0fd318fd835b4b,libtry_lock-8fa2f6971035be84,libsocket2-1887e6979a12d2d9,libh2-2ac4d1987c58f46f,libindexmap-f8362b905c005e10,libequivalent-6a754676e6af62ae,libhashbrown-d7214d631586fd51,libtower_service-3fb88d28c2218805,libtokio_util-e7c1f14df52dcbbe,libsync_wrapper-b5d3a794a1e9deea,libhttp_body-3acf28ab7be8183b,libserde_json-e413ba1381f61e33,libzmij-2ca2f302097868c6,libtracing-2149681e4dca3744,libtracing_core-89b602bc4a7d7f8a,libfutures-fd1ecf799dfd456b,libflate2-3e269d20beeb6686,libminiz_oxide-b0342c05fad2c2c8,libsimd_adler32-2a047f2153860026,libcrc32fast-04f504cede2ae790,libasync_tungstenite-418a41ab3e17531a,libwebpki_roots-69b35eba490888b4,libtokio_rustls-e15e3f772a0923d8,libtokio-5c0a7f1c487def71,libsocket2-a79c02bcbff6267c,libmio-240000fcd7819ef5,libfutures_util-65f9f2809103963e,libmemchr-a932478bde794617,libslab-0582d648e59ab406,libfutures_channel-e55265846f1ca713,libpin_project_lite-0a15d51c77964692,libfutures_sink-690a515e9c61c93a,libfutures_task-06c0578367ad4cff,libfutures_core-97d9bb84a61d4536,libfutures_io-2de19dd835d0513d,libtungstenite-dcb3a2035a4ab01c,libbase64-42295ac2e0e134a3,librand-6db63931658ee356,librand_chacha-f87f99ad0f872975,libppv_lite86-00f1fbef3c43223b,libzerocopy-9e2bfb35de1feb23,librand_core-fb558cc07ff25ab0,librustls-86da190193c20874,libsct-dceb63cfeb8c6032,libwebpki-bc0bffa2a2ddcfdb,libring-86bfceb1f7d4d349,libgetrandom-20ab4b0258a7d2de,libuntrusted-b2f816886faf2178,libring-299e05fe4a7bb66c,libspin-4089a13ab2a784ba,libuntrusted-a7f0f384c8611dea,libonce_cell-b5bdc597ed9676b3,liblibc-baa71fd275b1690a,libutf8-f4341c3c7568480d,libbyteorder-8f59b6d1bfdaa844,libsha1-8432e31f80a9700d,libcpufeatures-e04321643d03190d,libcfg_if-5addb699396bfe5f,libdigest-1142e5998e571c5d,libblock_buffer-43b51fc1d06b3057,libcrypto_common-43b177a3b314e9dd,libgeneric_array-745cace30f1ed372,libtypenum-ed2b1c93b2a4333a,libhttparse-8c9b827b8f345444,libthiserror-09e765a1ad8d1a87,liburl-6b1e4229b7af46de,libidna-d04c79440daf069e,libidna_adapter-23f0f608cff7e2c5,libicu_properties-5c176a94ac24ba21,libicu_properties_data-3f856f5bc2063921,libicu_normalizer-a916f95cd2b4be84,libsmallvec-b8b62d41308805e6,libicu_normalizer_data-8b25f9eb7a72d68e,libicu_collections-438f51b186b949a8,libutf8_iter-51566bbad89f3a68,libpotential_utf-885aceaf39ee583f,libicu_provider-b54b6371e55b82eb,libicu_locale_core-20acd1365465ffdb,libtinystr-2ef10827d4228079,liblitemap-abaddab7afb37065,libwriteable-36514dcf36d12676,libzerovec-27a92a25b9c524c3,libzerotrie-85d8ff817df4fb0d,libyoke-7005b9abfd1543dc,libstable_deref_trait-63cbf3f3d3f94e56,libzerofrom-9a7a1c35a45876b9,libform_urlencoded-58b0f0edb59b40d2,libpercent_encoding-fa055ecaa1e57cfa,liblog-22b5be7f6ba2d64a,libhttp-3d0185516e63a661,libitoa-5de11b3b23bfe572,libbytes-5f66263ae3d5daa8,libfnv-79e2cbfbe03dcd16,libserde-eb3b9b590d47f8e9,libserde_core-1024909fd700b20f}.rlib" "<sysroot>/lib/rustlib/x86_64-unknown-linux-gnu/lib/{libstd-*,libpanic_unwind-*,libobject-*,libmemchr-*,libaddr2line-*,libgimli-*,libcfg_if-*,librustc_demangle-*,libstd_detect-*,libhashbrown-*,librustc_std_workspace_alloc-*,libminiz_oxide-*,libadler2-*,libunwind-*,liblibc-*,librustc_std_workspace_core-*,liballoc-*,libcore-*,libcompiler_builtins-*}.rlib" "-Wl,-Bdynamic" "-lgcc_s" "-lutil" "-lrt" "-lpthread" "-lm" "-ldl" "-lc" "-L" "/tmp/rustdoctestWDMxCk/rustcBBtHrY/raw-dylibs" "-B<sysroot>/lib/rustlib/x86_64-unknown-linux-gnu/bin/gcc-ld" "-fuse-ld=lld" "-Wl,--eh-frame-hdr" "-Wl,-z,noexecstack" "-L" "/opt/rustwide/target/debug/build/ring-b2057b00979a6712/out" "-L" "/opt/rustwide/target/debug/build/ring-d5275e99c03f4586/out" "-L" "<sysroot>/lib/rustlib/x86_64-unknown-linux-gnu/lib" "-o" "/tmp/rustdoctestWDMxCk/rust_out" "-Wl,--gc-sections" "-pie" "-Wl,-z,relro,-z,now" "-nodefaultlibs"
[INFO] [stdout]   = note: some arguments are omitted. use `--verbose` to show all linker arguments
[INFO] [stdout]   = note: collect2: fatal error: ld terminated with signal 9 [Killed]
[INFO] [stdout]           compilation terminated.
[INFO] [stdout]           
[INFO] [stdout] 
[INFO] [stdout] error: aborting due to 1 previous error; 5 warnings emitted
[INFO] [stdout] 
[INFO] [stdout] Couldn't compile the test.
[INFO] [stdout] ---- src/prompt.rs - prompt (line 10) stdout ----
[INFO] [stdout] Couldn't compile the test.
[INFO] [stdout] ---- src/prompt/message.rs - prompt::message (line 5) stdout ----
[INFO] [stdout] Couldn't compile the test.
[INFO] [stdout] ---- src/prompt/message.rs - prompt::message::message_prompt (line 36) stdout ----
[INFO] [stdout] Couldn't compile the test.
[INFO] [stdout] ---- src/builder/message.rs - builder::message::MessageBuilder<'a>::set_embed_with (line 109) stdout ----
[INFO] [stdout] warning: use of deprecated struct `serenity_utils::builder::message::MessageBuilder`: please use serenity's builders directly
[INFO] [stdout]    --> src/builder/message.rs:113:19
[INFO] [stdout]     |
[INFO] [stdout] 113 | let mut message = MessageBuilder::new();
[INFO] [stdout]     |                   ^^^^^^^^^^^^^^
[INFO] [stdout]     |
[INFO] [stdout]     = note: `#[warn(deprecated)]` on by default
[INFO] [stdout] 
[INFO] [stdout] warning: use of deprecated struct `serenity_utils::builder::message::MessageBuilder`: please use serenity's builders directly
[INFO] [stdout]    --> src/builder/message.rs:111:39
[INFO] [stdout]     |
[INFO] [stdout] 111 | use serenity_utils::builder::message::MessageBuilder;
[INFO] [stdout]     |                                       ^^^^^^^^^^^^^^
[INFO] [stdout] 
[INFO] [stdout] warning: use of deprecated associated function `serenity_utils::builder::message::MessageBuilder::<'a>::new`: please use serenity's builders directly
[INFO] [stdout]    --> src/builder/message.rs:113:35
[INFO] [stdout]     |
[INFO] [stdout] 113 | let mut message = MessageBuilder::new();
[INFO] [stdout]     |                                   ^^^
[INFO] [stdout] 
[INFO] [stdout] warning: use of deprecated method `serenity_utils::builder::message::MessageBuilder::<'a>::set_embed_with`: please use serenity's builders directly
[INFO] [stdout]    --> src/builder/message.rs:114:9
[INFO] [stdout]     |
[INFO] [stdout] 114 | message.set_embed_with(|e| {
[INFO] [stdout]     |         ^^^^^^^^^^^^^^
[INFO] [stdout] 
[INFO] [stdout] warning: use of deprecated method `serenity_utils::builder::embed::EmbedBuilder::set_description`: please use serenity's builders directly
[INFO] [stdout]    --> src/builder/message.rs:115:7
[INFO] [stdout]     |
[INFO] [stdout] 115 |     e.set_description("description");
[INFO] [stdout]     |       ^^^^^^^^^^^^^^^
[INFO] [stdout] 
[INFO] [stdout] warning: use of deprecated method `serenity_utils::builder::embed::EmbedBuilder::set_author_with`: please use serenity's builders directly
[INFO] [stdout]    --> src/builder/message.rs:116:7
[INFO] [stdout]     |
[INFO] [stdout] 116 |     e.set_author_with(|a| {
[INFO] [stdout]     |       ^^^^^^^^^^^^^^^
[INFO] [stdout] 
[INFO] [stdout] warning: use of deprecated method `serenity_utils::builder::embed::EmbedAuthorBuilder::set_name`: please use serenity's builders directly
[INFO] [stdout]    --> src/builder/message.rs:117:11
[INFO] [stdout]     |
[INFO] [stdout] 117 |         a.set_name("name");
[INFO] [stdout]     |           ^^^^^^^^
[INFO] [stdout] 
[INFO] [stdout] error: linking with `cc` failed: exit status: 1
[INFO] [stdout]   |
[INFO] [stdout]   = note:  "cc" "-m64" "/tmp/rustdoctestm2ogwq/rustcwpzys1/symbols.o" "<2 object files omitted>" "-Wl,--as-needed" "-Wl,-Bstatic" "/opt/rustwide/target/debug/deps/{libserenity_utils-1c503adfb8ccb9fc,libserenity-1f8e5625903a6417,libtime-243a6372480a4fba,libpowerfmt-2785fdd3a178f2f6,libnum_conv-8bd7073c84ef42cd,libderanged-d9f7cf657e3e5f31,libtime_core-87cddcae4f761596,libbitflags-dde12b0d7d495b50,libparking_lot-3e2aa6ca1d0b307b,libdashmap-452945c4653942ab,liblock_api-16d46fed645f7bff,libparking_lot_core-c2f0ccf6f0f0ba74,libhashbrown-d952ad0946629507,libtypemap_rev-ccca0ce5f816f2d9,libserde_value-44d909bbd6221610,libordered_float-cda7d3c5ddf0c782,libnum_traits-7eec24f0481d7d85,libreqwest-7d0a7cc240a5e497,librustls_pemfile-30aaf682314043cb,libhyper_rustls-5fa226f675b198b3,libserde_urlencoded-c626332ef188a904,libryu-1f4f40e4352371e5,libwebpki_roots-da6c00699c81e448,libbase64-13144a1f1e192158,libipnet-9dfae905f44e7daa,libtokio_rustls-eb578daf0424c177,libencoding_rs-f91b166176b843f5,libscopeguard-7ec2214574194454,libsimdutf8-8229586393ebc95e,libcore_detect-c9fbe0541ea45249,libmime_guess-0eb34dbb319bee0c,libunicase-5d04e972844fa35e,libmime-0188e0814ca7ddbf,librustls-0ef4b5095f402ae9,libwebpki-a02cb39dfb16bdc9,libhyper-40d3208294d61fb0,libwant-9c0fd318fd835b4b,libtry_lock-8fa2f6971035be84,libsocket2-1887e6979a12d2d9,libh2-2ac4d1987c58f46f,libindexmap-f8362b905c005e10,libequivalent-6a754676e6af62ae,libhashbrown-d7214d631586fd51,libtower_service-3fb88d28c2218805,libtokio_util-e7c1f14df52dcbbe,libsync_wrapper-b5d3a794a1e9deea,libhttp_body-3acf28ab7be8183b,libserde_json-e413ba1381f61e33,libzmij-2ca2f302097868c6,libtracing-2149681e4dca3744,libtracing_core-89b602bc4a7d7f8a,libfutures-fd1ecf799dfd456b,libflate2-3e269d20beeb6686,libminiz_oxide-b0342c05fad2c2c8,libsimd_adler32-2a047f2153860026,libcrc32fast-04f504cede2ae790,libasync_tungstenite-418a41ab3e17531a,libwebpki_roots-69b35eba490888b4,libtokio_rustls-e15e3f772a0923d8,libtokio-5c0a7f1c487def71,libsocket2-a79c02bcbff6267c,libmio-240000fcd7819ef5,libfutures_util-65f9f2809103963e,libmemchr-a932478bde794617,libslab-0582d648e59ab406,libfutures_channel-e55265846f1ca713,libpin_project_lite-0a15d51c77964692,libfutures_sink-690a515e9c61c93a,libfutures_task-06c0578367ad4cff,libfutures_core-97d9bb84a61d4536,libfutures_io-2de19dd835d0513d,libtungstenite-dcb3a2035a4ab01c,libbase64-42295ac2e0e134a3,librand-6db63931658ee356,librand_chacha-f87f99ad0f872975,libppv_lite86-00f1fbef3c43223b,libzerocopy-9e2bfb35de1feb23,librand_core-fb558cc07ff25ab0,librustls-86da190193c20874,libsct-dceb63cfeb8c6032,libwebpki-bc0bffa2a2ddcfdb,libring-86bfceb1f7d4d349,libgetrandom-20ab4b0258a7d2de,libuntrusted-b2f816886faf2178,libring-299e05fe4a7bb66c,libspin-4089a13ab2a784ba,libuntrusted-a7f0f384c8611dea,libonce_cell-b5bdc597ed9676b3,liblibc-baa71fd275b1690a,libutf8-f4341c3c7568480d,libbyteorder-8f59b6d1bfdaa844,libsha1-8432e31f80a9700d,libcpufeatures-e04321643d03190d,libcfg_if-5addb699396bfe5f,libdigest-1142e5998e571c5d,libblock_buffer-43b51fc1d06b3057,libcrypto_common-43b177a3b314e9dd,libgeneric_array-745cace30f1ed372,libtypenum-ed2b1c93b2a4333a,libhttparse-8c9b827b8f345444,libthiserror-09e765a1ad8d1a87,liburl-6b1e4229b7af46de,libidna-d04c79440daf069e,libidna_adapter-23f0f608cff7e2c5,libicu_properties-5c176a94ac24ba21,libicu_properties_data-3f856f5bc2063921,libicu_normalizer-a916f95cd2b4be84,libsmallvec-b8b62d41308805e6,libicu_normalizer_data-8b25f9eb7a72d68e,libicu_collections-438f51b186b949a8,libutf8_iter-51566bbad89f3a68,libpotential_utf-885aceaf39ee583f,libicu_provider-b54b6371e55b82eb,libicu_locale_core-20acd1365465ffdb,libtinystr-2ef10827d4228079,liblitemap-abaddab7afb37065,libwriteable-36514dcf36d12676,libzerovec-27a92a25b9c524c3,libzerotrie-85d8ff817df4fb0d,libyoke-7005b9abfd1543dc,libstable_deref_trait-63cbf3f3d3f94e56,libzerofrom-9a7a1c35a45876b9,libform_urlencoded-58b0f0edb59b40d2,libpercent_encoding-fa055ecaa1e57cfa,liblog-22b5be7f6ba2d64a,libhttp-3d0185516e63a661,libitoa-5de11b3b23bfe572,libbytes-5f66263ae3d5daa8,libfnv-79e2cbfbe03dcd16,libserde-eb3b9b590d47f8e9,libserde_core-1024909fd700b20f}.rlib" "<sysroot>/lib/rustlib/x86_64-unknown-linux-gnu/lib/{libstd-*,libpanic_unwind-*,libobject-*,libmemchr-*,libaddr2line-*,libgimli-*,libcfg_if-*,librustc_demangle-*,libstd_detect-*,libhashbrown-*,librustc_std_workspace_alloc-*,libminiz_oxide-*,libadler2-*,libunwind-*,liblibc-*,librustc_std_workspace_core-*,liballoc-*,libcore-*,libcompiler_builtins-*}.rlib" "-Wl,-Bdynamic" "-lgcc_s" "-lutil" "-lrt" "-lpthread" "-lm" "-ldl" "-lc" "-L" "/tmp/rustdoctestm2ogwq/rustcwpzys1/raw-dylibs" "-B<sysroot>/lib/rustlib/x86_64-unknown-linux-gnu/bin/gcc-ld" "-fuse-ld=lld" "-Wl,--eh-frame-hdr" "-Wl,-z,noexecstack" "-L" "/opt/rustwide/target/debug/build/ring-b2057b00979a6712/out" "-L" "/opt/rustwide/target/debug/build/ring-d5275e99c03f4586/out" "-L" "<sysroot>/lib/rustlib/x86_64-unknown-linux-gnu/lib" "-o" "/tmp/rustdoctestm2ogwq/rust_out" "-Wl,--gc-sections" "-pie" "-Wl,-z,relro,-z,now" "-nodefaultlibs"
[INFO] [stdout]   = note: some arguments are omitted. use `--verbose` to show all linker arguments
[INFO] [stdout]   = note: collect2: fatal error: ld terminated with signal 9 [Killed]
[INFO] [stdout]           compilation terminated.
[INFO] [stdout]           
[INFO] [stdout] 
[INFO] [stdout] error: aborting due to 1 previous error; 7 warnings emitted
[INFO] [stdout] 
[INFO] [stdout] Couldn't compile the test.
[INFO] [stdout] 
[INFO] [stdout] failures:
[INFO] [stdout]     src/builder/embed.rs - builder::embed::EmbedBuilder::set_footer_with (line 527)
[INFO] [stdout]     src/builder/message.rs - builder::message::MessageBuilder (line 50)
[INFO] [stdout]     src/builder/message.rs - builder::message::MessageBuilder<'a>::set_embed_with (line 109)
[INFO] [stdout]     src/menu.rs - menu::Menu (line 42)
[INFO] [stdout]     src/prompt.rs - prompt (line 10)
[INFO] [stdout]     src/prompt/message.rs - prompt::message (line 5)
[INFO] [stdout]     src/prompt/message.rs - prompt::message::message_prompt (line 36)
[INFO] [stdout] 
[INFO] [stdout] test result: FAILED. 24 passed; 7 failed; 0 ignored; 0 measured; 0 filtered out; finished in 49.13s
[INFO] [stdout] 
[INFO] [stderr] error: doctest failed, to rerun pass `--doc`
[INFO] running `Command { std: "docker" "inspect" "ec3541f9e437d3560f35b34c55d3d56e6b4140465f65aa5281372d2303c394ab", kill_on_drop: false }`
[INFO] running `Command { std: "docker" "rm" "-f" "ec3541f9e437d3560f35b34c55d3d56e6b4140465f65aa5281372d2303c394ab", kill_on_drop: false }`
[INFO] [stdout] ec3541f9e437d3560f35b34c55d3d56e6b4140465f65aa5281372d2303c394ab
