[INFO] fetching crate serde-generate 0.34.1...
[INFO] testing serde-generate-0.34.1 against 1.99.0-beta.8 for beta-1.100-2
[INFO] extracting crate serde-generate 0.34.1 into /workspace/builds/worker-3-tc1/source
[INFO] started tweaking crates.io crate serde-generate 0.34.1
[INFO] removed 0 missing tests
[INFO] finished tweaking crates.io crate serde-generate 0.34.1
[INFO] tweaked toml for crates.io crate serde-generate 0.34.1 written to /workspace/builds/worker-3-tc1/source/Cargo.toml
[INFO] validating manifest of crates.io crate serde-generate 0.34.1 on toolchain 1.99.0-beta.8
[INFO] running `Command { std: CARGO_HOME="/workspace/cargo-home" RUSTUP_HOME="/workspace/rustup-home" "/workspace/cargo-home/bin/cargo" "+1.99.0-beta.8" "metadata" "--manifest-path" "Cargo.toml" "--no-deps", kill_on_drop: false }`
[INFO] crate crates.io crate serde-generate 0.34.1 already has a lockfile, it will not be regenerated
[INFO] running `Command { std: CARGO_HOME="/workspace/cargo-home" RUSTUP_HOME="/workspace/rustup-home" "/workspace/cargo-home/bin/cargo" "+1.99.0-beta.8" "fetch" "--manifest-path" "Cargo.toml", kill_on_drop: false }`
[INFO] [stderr]     Updating crates.io index
[INFO] [stderr]  Downloading crates ...
[INFO] [stderr]   Downloaded textwrap v0.13.4
[INFO] [stderr]   Downloaded fastrand v2.1.0
[INFO] [stderr]   Downloaded unicode-width v0.1.13
[INFO] [stderr]   Downloaded indexmap v2.7.0
[INFO] [stderr]   Downloaded serde_bytes v0.11.14
[INFO] [stderr]   Downloaded thiserror v1.0.61
[INFO] [stderr]   Downloaded serde-reflection v0.6.0
[INFO] [stderr]   Downloaded serde_json v1.0.117
[INFO] [stderr]   Downloaded typeid v1.0.2
[INFO] [stderr]   Downloaded erased-discriminant v1.0.0
[INFO] [stderr]   Downloaded revm-state v9.0.0
[INFO] [stderr]   Downloaded ruint v1.17.2
[INFO] [stderr]   Downloaded revm v34.0.0
[INFO] [stderr]   Downloaded thiserror-impl v1.0.61
[INFO] [stderr]   Downloaded alloy-primitives v1.5.6
[INFO] [stderr]   Downloaded winnow v0.6.22
[INFO] [stderr]   Downloaded revm-primitives v22.0.0
[INFO] [stderr]   Downloaded rustc-hash v2.1.0
[INFO] [stderr]   Downloaded parity-scale-codec v3.6.12
[INFO] [stderr]   Downloaded rusty-fork v0.3.0
[INFO] [stderr]   Downloaded parity-scale-codec-derive v3.6.12
[INFO] [stderr]   Downloaded impl-trait-for-tuples v0.2.2
[INFO] [stderr]   Downloaded libm v0.2.11
[INFO] [stderr]   Downloaded byte-slice-cast v1.2.2
[INFO] [stderr]   Downloaded alloy-rlp v0.3.10
[INFO] [stderr]   Downloaded alloy-rlp-derive v0.3.10
[INFO] [stderr]   Downloaded rapidhash v4.4.0
[INFO] [stderr]   Downloaded ff v0.13.0
[INFO] [stderr]   Downloaded const-hex v1.14.0
[INFO] [stderr]   Downloaded revm-bytecode v8.0.0
[INFO] [stderr]   Downloaded alloy-eip7928 v0.3.2
[INFO] [stderr]   Downloaded revm-precompile v32.0.0
[INFO] [stderr]   Downloaded aurora-engine-modexp v1.2.0
[INFO] [stderr]   Downloaded c-kzg v2.1.5
[INFO] [stderr]   Downloaded ark-bn254 v0.5.0
[INFO] [stderr]   Downloaded ark-r1cs-std v0.5.0
[INFO] [stderr]   Downloaded ark-relations v0.5.1
[INFO] [stderr]   Downloaded revm-interpreter v32.0.0
[INFO] [stderr]   Downloaded revm-context-interface v14.0.0
[INFO] [stderr]   Downloaded revm-database-interface v9.0.0
[INFO] [stderr]   Downloaded revm-context v13.0.0
[INFO] [stderr]   Downloaded revm-inspector v15.0.0
[INFO] [stderr]   Downloaded revm-handler v15.0.0
[INFO] [stderr]   Downloaded deranged v0.5.6
[INFO] [stderr]   Downloaded alloy-eips v1.7.3
[INFO] [stderr]   Downloaded revm-database v10.0.0
[INFO] [stderr]   Downloaded alloy-serde v1.7.3
[INFO] [stderr]   Downloaded phf_macros v0.10.0
[INFO] [stderr]   Downloaded include_dir_impl v0.6.2
[INFO] [stderr]   Downloaded include_dir v0.6.2
[INFO] [stderr]   Downloaded alloy-sol-macro-input v1.5.6
[INFO] [stderr]   Downloaded syn-solidity v1.5.6
[INFO] [stderr]   Downloaded alloy-sol-types v1.5.6
[INFO] [stderr]   Downloaded alloy-sol-macro v1.5.6
[INFO] [stderr]   Downloaded bcs v0.1.6
[INFO] [stderr]   Downloaded alloy-sol-type-parser v1.5.6
[INFO] [stderr]   Downloaded alloy-json-abi v1.5.6
[INFO] [stderr]   Downloaded alloy-sol-macro-expander v1.5.6
[INFO] running `Command { std: "docker" "create" "-v" "/var/lib/crater-agent-workspace/builds/worker-3-tc1/source:/opt/rustwide/workdir:ro,Z" "-v" "/var/lib/crater-agent-workspace/builds/worker-3-tc1/target:/opt/rustwide/target:rw,Z" "-v" "/var/lib/crater-agent-workspace/cargo-home:/opt/rustwide/cargo-home:ro,Z" "-v" "/var/lib/crater-agent-workspace/rustup-home:/opt/rustwide/rustup-home:ro,Z" "-m" "1610612736" "--network" "none" "ghcr.io/rust-lang/crates-build-env/linux@sha256:3111399a4047eeb3a02b7a90e478d715f38a8c6669b5c4b49d30a17385265909" "sleep" "infinity", kill_on_drop: false }`
[INFO] [stdout] c0dddb455c6ba9263ba6b55a76962621e8576add08f04ff75ca9f1aa2e177e5c
[INFO] running `Command { std: "docker" "start" "c0dddb455c6ba9263ba6b55a76962621e8576add08f04ff75ca9f1aa2e177e5c", kill_on_drop: false }`
[INFO] running `Command { std: "docker" "inspect" "c0dddb455c6ba9263ba6b55a76962621e8576add08f04ff75ca9f1aa2e177e5c", kill_on_drop: false }`
[INFO] running `Command { std: "docker" "exec" "-e" "SOURCE_DIR=/opt/rustwide/workdir" "-e" "CARGO_HOME=/opt/rustwide/cargo-home" "-e" "RUSTUP_HOME=/opt/rustwide/rustup-home" "-e" "CARGO_TARGET_DIR=/opt/rustwide/target" "-w" "/opt/rustwide/workdir" "--user" "0:0" "c0dddb455c6ba9263ba6b55a76962621e8576add08f04ff75ca9f1aa2e177e5c" "/opt/rustwide/cargo-home/bin/cargo" "+1.99.0-beta.8" "metadata" "--no-deps" "--format-version=1", kill_on_drop: false }`
[INFO] running `Command { std: "docker" "inspect" "c0dddb455c6ba9263ba6b55a76962621e8576add08f04ff75ca9f1aa2e177e5c", kill_on_drop: false }`
[INFO] running `Command { std: "docker" "exec" "-e" "SOURCE_DIR=/opt/rustwide/workdir" "-e" "CARGO_HOME=/opt/rustwide/cargo-home" "-e" "RUSTUP_HOME=/opt/rustwide/rustup-home" "-e" "CARGO_TARGET_DIR=/opt/rustwide/target" "-e" "CARGO_INCREMENTAL=0" "-e" "RUST_BACKTRACE=full" "-e" "RUSTFLAGS=--cap-lints=warn" "-e" "RUSTDOCFLAGS=--cap-lints=warn" "-w" "/opt/rustwide/workdir" "--user" "0:0" "c0dddb455c6ba9263ba6b55a76962621e8576add08f04ff75ca9f1aa2e177e5c" "/opt/rustwide/cargo-home/bin/cargo" "+1.99.0-beta.8" "build" "--frozen" "--message-format=json", kill_on_drop: false }`
[INFO] [stderr]    Compiling libc v0.2.155
[INFO] [stderr]    Compiling cfg-if v1.0.0
[INFO] [stderr]    Compiling ppv-lite86 v0.2.17
[INFO] [stderr]    Compiling anyhow v1.0.95
[INFO] [stderr]    Compiling typeid v1.0.2
[INFO] [stderr]    Compiling serde_json v1.0.117
[INFO] [stderr]    Compiling thiserror v1.0.61
[INFO] [stderr]    Compiling proc-macro2 v1.0.106
[INFO] [stderr]    Compiling phf_shared v0.10.0
[INFO] [stderr]    Compiling glob v0.3.1
[INFO] [stderr]    Compiling unicode-segmentation v1.11.0
[INFO] [stderr]    Compiling unicode-width v0.1.13
[INFO] [stderr]    Compiling smawk v0.3.2
[INFO] [stderr]    Compiling erased-discriminant v1.0.0
[INFO] [stderr]    Compiling textwrap v0.13.4
[INFO] [stderr]    Compiling quote v1.0.36
[INFO] [stderr]    Compiling heck v0.3.3
[INFO] [stderr]    Compiling syn v2.0.116
[INFO] [stderr]    Compiling syn v1.0.109
[INFO] [stderr]    Compiling getrandom v0.2.15
[INFO] [stderr]    Compiling rand_core v0.6.4
[INFO] [stderr]    Compiling rand_chacha v0.3.1
[INFO] [stderr]    Compiling rand v0.8.5
[INFO] [stderr]    Compiling phf_generator v0.10.0
[INFO] [stderr]    Compiling serde_derive v1.0.228
[INFO] [stderr]    Compiling thiserror-impl v1.0.61
[INFO] [stderr]    Compiling include_dir_impl v0.6.2
[INFO] [stderr]    Compiling phf_macros v0.10.0
[INFO] [stderr]    Compiling include_dir v0.6.2
[INFO] [stderr]    Compiling phf v0.10.1
[INFO] [stderr]    Compiling serde v1.0.228
[INFO] [stderr]    Compiling serde-reflection v0.6.0
[INFO] [stderr]    Compiling serde-generate v0.34.1 (/opt/rustwide/workdir)
[INFO] [stderr]     Finished `dev` profile [unoptimized + debuginfo] target(s) in 11.12s
[INFO] running `Command { std: "docker" "inspect" "c0dddb455c6ba9263ba6b55a76962621e8576add08f04ff75ca9f1aa2e177e5c", kill_on_drop: false }`
[INFO] running `Command { std: "docker" "exec" "-e" "SOURCE_DIR=/opt/rustwide/workdir" "-e" "CARGO_HOME=/opt/rustwide/cargo-home" "-e" "RUSTUP_HOME=/opt/rustwide/rustup-home" "-e" "CARGO_TARGET_DIR=/opt/rustwide/target" "-e" "CARGO_INCREMENTAL=0" "-e" "RUST_BACKTRACE=full" "-e" "RUSTFLAGS=--cap-lints=warn" "-e" "RUSTDOCFLAGS=--cap-lints=warn" "-w" "/opt/rustwide/workdir" "--user" "0:0" "c0dddb455c6ba9263ba6b55a76962621e8576add08f04ff75ca9f1aa2e177e5c" "/opt/rustwide/cargo-home/bin/cargo" "+1.99.0-beta.8" "test" "--frozen" "--no-run" "--message-format=json", kill_on_drop: false }`
[INFO] [stderr]    Compiling autocfg v1.3.0
[INFO] [stderr]    Compiling equivalent v1.0.1
[INFO] [stderr]    Compiling libc v0.2.155
[INFO] [stderr]    Compiling generic-array v0.14.7
[INFO] [stderr]    Compiling hashbrown v0.15.2
[INFO] [stderr]    Compiling keccak v0.1.6
[INFO] [stderr]    Compiling convert_case v0.10.0
[INFO] [stderr]    Compiling bytes v1.11.1
[INFO] [stderr]    Compiling ruint-macro v1.2.1
[INFO] [stderr]    Compiling hashbrown v0.16.1
[INFO] [stderr]    Compiling const-hex v1.14.0
[INFO] [stderr]    Compiling rustc-hash v2.1.0
[INFO] [stderr]    Compiling syn v2.0.116
[INFO] [stderr]    Compiling winnow v0.6.22
[INFO] [stderr]    Compiling either v1.15.0
[INFO] [stderr]    Compiling toml_datetime v0.6.8
[INFO] [stderr]    Compiling thiserror v2.0.18
[INFO] [stderr]    Compiling zerocopy v0.8.27
[INFO] [stderr]    Compiling bitvec v1.0.1
[INFO] [stderr]    Compiling ahash v0.8.12
[INFO] [stderr]    Compiling itertools v0.13.0
[INFO] [stderr]    Compiling secp256k1-sys v0.11.0
[INFO] [stderr]    Compiling proc-macro-error-attr2 v2.0.0
[INFO] [stderr]    Compiling num-traits v0.2.19
[INFO] [stderr]    Compiling indexmap v2.7.0
[INFO] [stderr]    Compiling dunce v1.0.5
[INFO] [stderr]    Compiling getrandom v0.2.15
[INFO] [stderr]    Compiling getrandom v0.3.4
[INFO] [stderr]    Compiling rustix v0.38.34
[INFO] [stderr]    Compiling indexmap v1.9.3
[INFO] [stderr]    Compiling rand_core v0.6.4
[INFO] [stderr]    Compiling linux-raw-sys v0.4.14
[INFO] [stderr]    Compiling ff v0.13.0
[INFO] [stderr]    Compiling rand_chacha v0.3.1
[INFO] [stderr]    Compiling num-integer v0.1.46
[INFO] [stderr]    Compiling rand_core v0.9.5
[INFO] [stderr]    Compiling group v0.13.0
[INFO] [stderr]    Compiling rand v0.8.5
[INFO] [stderr]    Compiling toml_edit v0.22.22
[INFO] [stderr]    Compiling aho-corasick v1.1.3
[INFO] [stderr]    Compiling rand_chacha v0.9.0
[INFO] [stderr]    Compiling crypto-common v0.1.6
[INFO] [stderr]    Compiling block-buffer v0.10.4
[INFO] [stderr]    Compiling num-bigint v0.4.6
[INFO] [stderr]    Compiling rand v0.9.2
[INFO] [stderr]    Compiling digest v0.10.7
[INFO] [stderr]    Compiling yaml-rust v0.4.5
[INFO] [stderr]    Compiling num-complex v0.4.6
[INFO] [stderr]    Compiling sha3 v0.10.8
[INFO] [stderr]    Compiling fastrand v2.1.0
[INFO] [stderr]    Compiling num-iter v0.1.45
[INFO] [stderr]    Compiling phf_generator v0.10.0
[INFO] [stderr]    Compiling phf_macros v0.10.0
[INFO] [stderr]    Compiling home v0.5.9
[INFO] [stderr]    Compiling maplit v1.0.2
[INFO] [stderr]    Compiling ark-std v0.5.0
[INFO] [stderr]    Compiling regex-automata v0.4.6
[INFO] [stderr]    Compiling phf v0.10.1
[INFO] [stderr]    Compiling which v4.4.2
[INFO] [stderr]    Compiling tempfile v3.10.1
[INFO] [stderr]    Compiling num-rational v0.4.2
[INFO] [stderr]    Compiling num v0.4.3
[INFO] [stderr]    Compiling proc-macro-crate v3.2.0
[INFO] [stderr]    Compiling aurora-engine-modexp v1.2.0
[INFO] [stderr]    Compiling secp256k1 v0.31.1
[INFO] [stderr]    Compiling syn-solidity v1.5.6
[INFO] [stderr]    Compiling macro-string v0.1.4
[INFO] [stderr]    Compiling proc-macro-error2 v2.0.1
[INFO] [stderr]    Compiling regex v1.10.4
[INFO] [stderr]    Compiling zeroize_derive v1.4.2
[INFO] [stderr]    Compiling alloy-rlp-derive v0.3.10
[INFO] [stderr]    Compiling derive_more-impl v2.1.1
[INFO] [stderr]    Compiling num_enum_derive v0.7.5
[INFO] [stderr]    Compiling enum-ordinalize-derive v4.3.2
[INFO] [stderr]    Compiling ark-serialize-derive v0.5.0
[INFO] [stderr]    Compiling thiserror-impl v2.0.18
[INFO] [stderr]    Compiling ark-ff-macros v0.5.0
[INFO] [stderr]    Compiling ark-ff-asm v0.5.0
[INFO] [stderr]    Compiling auto_impl v1.3.0
[INFO] [stderr]    Compiling serde_derive v1.0.228
[INFO] [stderr]    Compiling thiserror-impl v1.0.61
[INFO] [stderr]    Compiling derive-where v1.6.0
[INFO] [stderr]    Compiling alloy-rlp v0.3.10
[INFO] [stderr]    Compiling zeroize v1.8.1
[INFO] [stderr]    Compiling der v0.7.9
[INFO] [stderr]    Compiling ruint v1.17.2
[INFO] [stderr]    Compiling enum-ordinalize v4.3.2
[INFO] [stderr]    Compiling educe v0.6.0
[INFO] [stderr]    Compiling num_enum v0.7.5
[INFO] [stderr]    Compiling crypto-bigint v0.5.5
[INFO] [stderr]    Compiling thiserror v1.0.61
[INFO] [stderr]    Compiling hmac v0.12.1
[INFO] [stderr]    Compiling signature v2.2.0
[INFO] [stderr]    Compiling sha2 v0.10.9
[INFO] [stderr]    Compiling ark-serialize v0.5.0
[INFO] [stderr]    Compiling ripemd v0.1.3
[INFO] [stderr]    Compiling rfc6979 v0.4.0
[INFO] [stderr]    Compiling sec1 v0.7.3
[INFO] [stderr]    Compiling spki v0.7.3
[INFO] [stderr]    Compiling alloy-sol-macro-input v1.5.6
[INFO] [stderr]    Compiling alloy-sol-macro-expander v1.5.6
[INFO] [stderr]    Compiling elliptic-curve v0.13.8
[INFO] [stderr]    Compiling serde v1.0.228
[INFO] [stderr]    Compiling ecdsa v0.16.9
[INFO] [stderr]    Compiling primeorder v0.13.6
[INFO] [stderr]    Compiling derive_more v2.1.1
[INFO] [stderr]    Compiling ark-ff v0.5.0
[INFO] [stderr]    Compiling k256 v0.13.4
[INFO] [stderr]    Compiling p256 v0.13.2
[INFO] [stderr]    Compiling alloy-primitives v1.5.6
[INFO] [stderr]    Compiling serde_json v1.0.117
[INFO] [stderr]    Compiling serde_yaml v0.8.26
[INFO] [stderr]    Compiling serde_bytes v0.11.14
[INFO] [stderr]    Compiling bcs v0.1.6
[INFO] [stderr]    Compiling bincode v1.3.3
[INFO] [stderr]    Compiling alloy-sol-macro v1.5.6
[INFO] [stderr]    Compiling serde-reflection v0.6.0
[INFO] [stderr]    Compiling revm-primitives v22.0.0
[INFO] [stderr]    Compiling alloy-eip7928 v0.3.2
[INFO] [stderr]    Compiling alloy-eip7702 v0.6.3
[INFO] [stderr]    Compiling alloy-eip2930 v0.2.3
[INFO] [stderr]    Compiling alloy-sol-types v1.5.6
[INFO] [stderr]    Compiling revm-bytecode v8.0.0
[INFO] [stderr]    Compiling revm-state v9.0.0
[INFO] [stderr]    Compiling serde-generate v0.34.1 (/opt/rustwide/workdir)
[INFO] [stderr]    Compiling revm-database-interface v9.0.0
[INFO] [stderr]    Compiling revm-context-interface v14.0.0
[INFO] [stderr]    Compiling revm-database v10.0.0
[INFO] [stderr]    Compiling revm-context v13.0.0
[INFO] [stderr]    Compiling revm-interpreter v32.0.0
[INFO] [stderr]    Compiling ark-poly v0.5.0
[INFO] [stderr]    Compiling ark-ec v0.5.0
[INFO] [stderr]    Compiling ark-bls12-381 v0.5.0
[INFO] [stderr]    Compiling ark-bn254 v0.5.0
[INFO] [stderr]    Compiling revm-precompile v32.0.0
[INFO] [stderr]    Compiling revm-handler v15.0.0
[INFO] [stderr]    Compiling revm-inspector v15.0.0
[INFO] [stderr]    Compiling revm v34.0.0
[INFO] [stderr]     Finished `test` profile [unoptimized + debuginfo] target(s) in 47.92s
[INFO] [stderr] warning: the following packages contain code that will be rejected by a future version of Rust: proc-macro-error2 v2.0.1
[INFO] [stderr] note: to see what the problems were, use the option `--future-incompat-report`, or run `cargo report future-incompatibilities --id 2`
[INFO] running `Command { std: "docker" "inspect" "c0dddb455c6ba9263ba6b55a76962621e8576add08f04ff75ca9f1aa2e177e5c", kill_on_drop: false }`
[INFO] running `Command { std: "docker" "exec" "-e" "SOURCE_DIR=/opt/rustwide/workdir" "-e" "CARGO_HOME=/opt/rustwide/cargo-home" "-e" "RUSTUP_HOME=/opt/rustwide/rustup-home" "-e" "CARGO_TARGET_DIR=/opt/rustwide/target" "-e" "CARGO_INCREMENTAL=0" "-e" "RUST_BACKTRACE=full" "-e" "RUSTFLAGS=--cap-lints=warn" "-e" "RUSTDOCFLAGS=--cap-lints=warn" "-w" "/opt/rustwide/workdir" "--user" "0:0" "c0dddb455c6ba9263ba6b55a76962621e8576add08f04ff75ca9f1aa2e177e5c" "/opt/rustwide/cargo-home/bin/cargo" "+1.99.0-beta.8" "test" "--frozen", kill_on_drop: false }`
[INFO] [stderr]     Finished `test` profile [unoptimized + debuginfo] target(s) in 0.26s
[INFO] [stderr] warning: the following packages contain code that will be rejected by a future version of Rust: proc-macro-error2 v2.0.1
[INFO] [stderr] note: to see what the problems were, use the option `--future-incompat-report`, or run `cargo report future-incompatibilities --id 2`
[INFO] [stderr]      Running unittests src/lib.rs (/opt/rustwide/target/debug/deps/serde_generate-6f65a6cb9d7cd3a4)
[INFO] [stdout] 
[INFO] [stdout] running 1 test
[INFO] [stdout] test indent::test::basic ... ok
[INFO] [stdout] 
[INFO] [stdout] test result: ok. 1 passed; 0 failed; 0 ignored; 0 measured; 0 filtered out; finished in 0.00s
[INFO] [stdout] 
[INFO] [stderr]      Running tests/lib.rs (/opt/rustwide/target/debug/deps/integration_tests-22f20529814f56c3)
[INFO] [stdout] 
[INFO] [stdout] running 125 tests
[INFO] [stdout] test analyzer::test_topological_sort ... ok
[INFO] [stdout] test analyzer::test_on_larger_registry ... ok
[INFO] [stdout] test cpp_generation::test_cpp_code_with_external_definitions ... ok
[INFO] [stdout] test csharp_generation::test_csharp_code_with_external_definitions ... ok
[INFO] [stdout] test csharp_generation::test_that_csharp_code_compiles_with_bcs_and_extra_nesting ... FAILED
[INFO] [stdout] test csharp_generation::test_that_csharp_code_compiles_with_bcs ... FAILED
[INFO] [stdout] test csharp_generation::test_that_csharp_code_compiles_with_bincode ... FAILED
[INFO] [stdout] test csharp_generation::test_that_csharp_code_compiles ... FAILED
[INFO] [stdout] test csharp_generation::test_that_csharp_code_compiles_with_c_style_enums ... FAILED
[INFO] [stdout] test csharp_runtime::test_csharp_bcs_runtime_tests ... FAILED
[INFO] [stdout] test csharp_runtime::test_csharp_bcs_runtime_on_simple_data ... FAILED
[INFO] [stdout] test csharp_runtime::test_csharp_bincode_runtime_on_simple_data ... FAILED
[INFO] [stdout] test csharp_generation::test_that_csharp_code_compiles_without_serialization ... FAILED
[INFO] [stdout] test csharp_generation::test_that_csharp_code_compiles_with_comments ... FAILED
[INFO] [stdout] test csharp_runtime::test_csharp_bcs_runtime_on_supported_types ... FAILED
[INFO] [stdout] test csharp_runtime::test_csharp_bincode_runtime_on_supported_types ... FAILED
[INFO] [stdout] test dart_generation::test_dart_code_compiles_with_comments ... FAILED
[INFO] [stdout] test dart_generation::test_dart_code_compiles ... FAILED
[INFO] [stdout] test dart_generation::test_dart_code_compiles_class_enums_for_complex_enums ... FAILED
[INFO] [stdout] test dart_runtime::test_dart_bcs_runtime_on_simple_data ... FAILED
[INFO] [stdout] test dart_runtime::test_dart_runtime_autotest ... FAILED
[INFO] [stdout] test dart_generation::test_dart_code_compiles_with_class_enums ... FAILED
[INFO] [stdout] test dart_runtime::test_dart_bincode_runtime_on_simple_data ... FAILED
[INFO] [stdout] test golang_generation::test_golang_code_with_external_definitions ... ok
[INFO] [stdout] test dart_runtime::test_dart_bcs_runtime_on_supported_types ... FAILED
[INFO] [stdout] test dart_runtime::test_dart_bincode_runtime_on_supported_types ... FAILED
[INFO] [stderr] go: creating new go.mod: module example.com/test
[INFO] [stderr] go: creating new go.mod: module example.com/test
[INFO] [stderr] go: creating new go.mod: module example.com/test
[INFO] [stderr] go: creating new go.mod: module example.com/test
[INFO] [stderr] go: creating new go.mod: module example.com/test
[INFO] [stderr] go: to add module requirements and sums:
[INFO] [stderr] 	go mod tidy
[INFO] [stderr] go: to add module requirements and sums:
[INFO] [stderr] 	go mod tidy
[INFO] [stderr] go: to add module requirements and sums:
[INFO] [stderr] 	go mod tidy
[INFO] [stderr] go: to add module requirements and sums:
[INFO] [stderr] 	go mod tidy
[INFO] [stderr] go: to add module requirements and sums:
[INFO] [stderr] 	go mod tidy
[INFO] [stdout] test cpp_generation::test_that_cpp_code_compiles_without_serialization ... ok
[INFO] [stderr] go: creating new go.mod: module example.com/test
[INFO] [stderr] go: to add module requirements and sums:
[INFO] [stderr] 	go mod tidy
[INFO] [stdout] test cpp_generation::test_that_cpp_code_compiles_with_comments ... ok
[INFO] [stderr] go: creating new go.mod: module testing
[INFO] [stderr] go: to add module requirements and sums:
[INFO] [stderr] 	go mod tidy
[INFO] [stderr] go: finding module for package github.com/google/go-cmp/cmp
[INFO] [stdout] test cpp_generation::test_that_cpp_code_compiles ... ok
[INFO] [stdout] test cpp_generation::test_that_cpp_code_compiles_with_custom_code ... ok
[INFO] [stderr] go: creating new go.mod: module testing
[INFO] [stderr] go: to add module requirements and sums:
[INFO] [stderr] 	go mod tidy
[INFO] [stderr] go: finding module for package github.com/google/go-cmp/cmp
[INFO] [stderr] go: creating new go.mod: module testing
[INFO] [stderr] go: to add module requirements and sums:
[INFO] [stderr] 	go mod tidy
[INFO] [stderr] go: finding module for package github.com/google/go-cmp/cmp
[INFO] [stdout] test cpp_generation::test_that_cpp_code_compiles_with_bincode ... ok
[INFO] [stdout] test cpp_runtime::test_cpp_bincode_runtime_on_simple_date ... ok
[INFO] [stderr] go: creating new go.mod: module testing
[INFO] [stdout] test cpp_runtime::test_cpp_bcs_runtime_on_simple_date ... ok
[INFO] [stdout] test golang_runtime::test_golang_runtime_autotests ... FAILED
[INFO] [stderr] go: to add module requirements and sums:
[INFO] [stderr] 	go mod tidy
[INFO] [stderr] go: finding module for package github.com/google/go-cmp/cmp
[INFO] [stdout] test java_generation::test_java_code_with_external_definitions ... ok
[INFO] [stdout] test java_generation::test_that_java_code_compiles ... FAILED
[INFO] [stdout] test java_generation::test_that_java_code_compiles_with_bcs ... FAILED
[INFO] [stdout] test java_generation::test_that_java_code_compiles_with_bincode ... FAILED
[INFO] [stdout] test java_generation::test_that_java_code_compiles_with_comments ... FAILED
[INFO] [stdout] test java_generation::test_that_java_code_compiles_with_custom_code ... FAILED
[INFO] [stdout] test java_runtime::test_java_bcs_runtime_autotest ... FAILED
[INFO] [stdout] test java_runtime::test_java_bcs_runtime_on_simple_data ... FAILED
[INFO] [stdout] test java_generation::test_that_java_code_compiles_without_serialization ... FAILED
[INFO] [stdout] test java_runtime::test_java_bincode_runtime_on_simple_data ... FAILED
[INFO] [stdout] test java_runtime::test_java_bcs_runtime_on_supported_types ... FAILED
[INFO] [stdout] test kotlin_generation::test_kotlin_code_with_external_definitions ... ok
[INFO] [stdout] test java_runtime::test_java_bincode_runtime_on_supported_types ... FAILED
[INFO] [stdout] test kotlin_generation::test_that_kotlin_code_compiles ... FAILED
[INFO] [stdout] test kotlin_generation::test_that_kotlin_code_compiles_with_bcs ... FAILED
[INFO] [stdout] test kotlin_generation::test_that_kotlin_code_compiles_with_bincode ... FAILED
[INFO] [stdout] test kotlin_generation::test_that_kotlin_code_compiles_with_comments ... FAILED
[INFO] [stdout] test kotlin_generation::test_that_kotlin_code_compiles_without_serialization ... FAILED
[INFO] [stdout] test kotlin_runtime::test_kotlin_bcs_runtime_autotest ... ok
[INFO] [stdout] test kotlin_runtime::test_kotlin_bcs_runtime_on_simple_data ... ok
[INFO] [stdout] test kotlin_generation::test_that_kotlin_code_compiles_with_custom_code ... FAILED
[INFO] [stdout] test kotlin_runtime::test_kotlin_bincode_runtime_on_simple_data ... ok
[INFO] [stdout] test kotlin_runtime::test_kotlin_bcs_runtime_on_supported_types ... ok
[INFO] [stdout] test kotlin_runtime::test_kotlin_bincode_runtime_on_supported_types ... ok
[INFO] [stdout] test ocaml_generation::test_that_ocaml_code_compiles ... FAILED
[INFO] [stdout] test ocaml_generation::test_ocaml_code_with_external_definitions ... FAILED
[INFO] [stdout] test ocaml_generation::test_that_ocaml_code_compiles_with_bcs ... FAILED
[INFO] [stdout] test ocaml_generation::test_that_ocaml_code_compiles_with_bincode ... FAILED
[INFO] [stdout] test ocaml_generation::test_that_ocaml_code_compiles_with_comments ... FAILED
[INFO] [stdout] test ocaml_generation::test_that_ocaml_code_compiles_with_custom_code ... FAILED
[INFO] [stdout] test ocaml_runtime::test_ocaml_bcs_runtime_on_simple_data ... FAILED
[INFO] [stdout] test ocaml_runtime::test_ocaml_bincode_runtime_on_simple_data ... FAILED
[INFO] [stdout] test ocaml_runtime::test_ocaml_bincode_runtime_on_supported_types ... FAILED
[INFO] [stdout] test ocaml_runtime::test_ocaml_bcs_runtime_on_supported_types ... FAILED
[INFO] [stdout] test python_generation::test_python_code_with_external_definitions ... ok
[INFO] [stdout] test cpp_generation::test_that_cpp_code_compiles_with_bcs ... ok
[INFO] [stdout] test python_generation::test_that_python_code_parses ... ok
[INFO] [stdout] test python_generation::test_that_installed_python_code_passes_pyre_check ... FAILED
[INFO] [stderr] ...........go: finding module for package github.com/google/go-cmp/cmp
[INFO] [stderr] go: finding module for package github.com/google/go-cmp/cmp
[INFO] [stderr] go: finding module for package github.com/google/go-cmp/cmp
[INFO] [stderr] test.go:8:2: module github.com/google/go-cmp/cmp: Get "https://proxy.golang.org/github.com/google/go-cmp/cmp/@v/list": dial tcp: lookup proxy.golang.org on 169.254.169.254:53: dial udp 169.254.169.254:53: connect: network is unreachable
[INFO] [stderr] test.go:7:2: github.com/novifinancial/serde-reflection/serde-generate/runtime/golang@v0.0.0-00010101000000-000000000000: replacement directory /opt/rustwide/target/debug/deps/../../../serde-generate/runtime/golang does not exist
[INFO] [stderr] test.go:6:2: github.com/novifinancial/serde-reflection/serde-generate/runtime/golang@v0.0.0-00010101000000-000000000000: replacement directory /opt/rustwide/target/debug/deps/../../../serde-generate/runtime/golang does not exist
[INFO] [stderr] test.go:8:2: module github.com/google/go-cmp/cmp: Get "https://proxy.golang.org/github.com/google/go-cmp/cmp/@v/list": dial tcp: lookup proxy.golang.org on 169.254.169.254:53: dial udp 169.254.169.254:53: connect: network is unreachable
[INFO] [stderr] test.go:7:2: github.com/novifinancial/serde-reflection/serde-generate/runtime/golang@v0.0.0-00010101000000-000000000000: replacement directory /opt/rustwide/target/debug/deps/../../../serde-generate/runtime/golang does not exist
[INFO] [stderr] test.go:6:2: github.com/novifinancial/serde-reflection/serde-generate/runtime/golang@v0.0.0-00010101000000-000000000000: replacement directory /opt/rustwide/target/debug/deps/../../../serde-generate/runtime/golang does not exist
[INFO] [stderr] test.go:8:2: module github.com/google/go-cmp/cmp: Get "https://proxy.golang.org/github.com/google/go-cmp/cmp/@v/list": dial tcp: lookup proxy.golang.org on 169.254.169.254:53: dial udp 169.254.169.254:53: connect: network is unreachable
[INFO] [stderr] test.go:7:2: github.com/novifinancial/serde-reflection/serde-generate/runtime/golang@v0.0.0-00010101000000-000000000000: replacement directory /opt/rustwide/target/debug/deps/../../../serde-generate/runtime/golang does not exist
[INFO] [stderr] test.go:6:2: github.com/novifinancial/serde-reflection/serde-generate/runtime/golang@v0.0.0-00010101000000-000000000000: replacement directory /opt/rustwide/target/debug/deps/../../../serde-generate/runtime/golang does not exist
[INFO] [stderr] go: finding module for package github.com/google/go-cmp/cmp
[INFO] [stderr] test.go:8:2: module github.com/google/go-cmp/cmp: Get "https://proxy.golang.org/github.com/google/go-cmp/cmp/@v/list": dial tcp: lookup proxy.golang.org on 169.254.169.254:53: dial udp 169.254.169.254:53: connect: network is unreachable
[INFO] [stderr] test.go:7:2: github.com/novifinancial/serde-reflection/serde-generate/runtime/golang@v0.0.0-00010101000000-000000000000: replacement directory /opt/rustwide/target/debug/deps/../../../serde-generate/runtime/golang does not exist
[INFO] [stderr] test.go:6:2: github.com/novifinancial/serde-reflection/serde-generate/runtime/golang@v0.0.0-00010101000000-000000000000: replacement directory /opt/rustwide/target/debug/deps/../../../serde-generate/runtime/golang does not exist
[INFO] [stdout] test golang_runtime::test_golang_bincode_runtime_on_supported_types ... FAILED
[INFO] [stdout] test golang_runtime::test_golang_bincode_runtime_on_simple_data ... FAILED
[INFO] [stdout] test golang_runtime::test_golang_bcs_runtime_on_simple_data ... FAILED
[INFO] [stdout] test golang_runtime::test_golang_bcs_runtime_on_supported_types ... FAILED
[INFO] [stdout] test python_generation::test_that_python_code_parses_with_bincode ... ok
[INFO] [stdout] test python_runtime::test_python_bcs_runtime_on_simple_data ... ok
[INFO] [stdout] test python_generation::test_that_python_code_parses_with_bcs ... ok
[INFO] [stdout] test python_generation::test_that_python_code_parses_without_serialization ... ok
[INFO] [stdout] test python_generation::test_that_python_code_parses_with_comments ... ok
[INFO] [stdout] test rust_generation::test_that_rust_code_compiles ... ok
[INFO] [stdout] test python_runtime::test_python_bincode_runtime_on_simple_data ... ok
[INFO] [stdout] test rust_generation::test_that_rust_code_compiles_with_comments ... ok
[INFO] [stdout] test python_generation::test_that_python_code_parses_with_custom_code ... ok
[INFO] [stdout] test rust_generation::test_that_rust_code_compiles_with_custom_code ... ok
[INFO] [stderr]     Updating    Updating crates.io index
[INFO] [stderr]  crates.io index
[INFO] [stderr] warning: spurious network error (3 tries remaining): [6] Could not resolve hostname (Could not resolve host: index.crates.io)
[INFO] [stderr] warning: spurious network error (3 tries remaining): [6] Could not resolve hostname (Could not resolve host: index.crates.io)
[INFO] [stderr]     Updating crates.io index
[INFO] [stderr] warning: spurious network error (3 tries remaining): [6] Could not resolve hostname (Could not resolve host: index.crates.io)
[INFO] [stdout] test rust_generation::test_that_rust_code_compiles_with_external_definitions ... ok
[INFO] [stdout] test swift_generation::test_swift_code_with_external_definitions ... ok
[INFO] [stdout] test swift_generation::test_that_swift_code_compiles ... FAILED
[INFO] [stdout] test swift_generation::test_that_swift_code_compiles_with_bcs ... FAILED
[INFO] [stdout] test swift_generation::test_that_swift_code_compiles_with_bincode ... FAILED
[INFO] [stdout] test swift_generation::test_that_swift_code_compiles_with_comments ... FAILED
[INFO] [stdout] test swift_generation::test_that_swift_code_compiles_with_custom_code ... FAILED
[INFO] [stdout] test swift_generation::test_that_swift_code_compiles_without_serialization ... FAILED
[INFO] [stdout] test swift_generation::test_that_swift_code_follow_case_convention ... FAILED
[INFO] [stdout] test swift_runtime::test_swift_bcs_runtime_on_simple_data ... FAILED
[INFO] [stderr] warning: spurious network error (2 tries remaining): [6] Could not resolve hostname (Could not resolve host: index.crates.io)
[INFO] [stdout] test swift_runtime::test_swift_bcs_runtime_on_supported_types ... FAILED
[INFO] [stdout] test swift_runtime::test_swift_bincode_runtime_on_simple_data ... FAILED
[INFO] [stdout] test swift_runtime::test_swift_bincode_runtime_on_supported_types ... FAILED
[INFO] [stdout] test swift_runtime::test_swift_runtime_autotests ... FAILED
[INFO] [stdout] test test_utils::test_bcs_get_sample_with_long_sequence ... ok
[INFO] [stdout] test test_utils::test_bcs_samples_with_container_depth ... ok
[INFO] [stdout] test test_utils::test_bcs_serialize_with_noise_and_deserialize ... ok
[INFO] [stdout] test test_utils::test_bincode_get_negative_samples ... ok
[INFO] [stdout] test test_utils::test_bincode_get_positive_samples ... ok
[INFO] [stdout] test test_utils::test_bincode_get_sample_with_long_sequence ... ok
[INFO] [stdout] test test_utils::test_bincode_samples_with_container_depth ... ok
[INFO] [stdout] test test_utils::test_get_registry ... ok
[INFO] [stdout] test test_utils::test_get_sample_values ... ok
[INFO] [stdout] test test_utils::test_get_simple_registry ... ok
[INFO] [stderr] warning: spurious network error (2 tries remaining): [6] Could not resolve hostname (Could not resolve host: index.crates.io)
[INFO] [stdout] test python_runtime::test_python_bcs_runtime_on_supported_types ... ok
[INFO] [stderr] warning: spurious network error (2 tries remaining): [6] Could not resolve hostname (Could not resolve host: index.crates.io)
[INFO] [stderr] ....warning: spurious network error (1 try remaining): [6] Could not resolve hostname (Could not resolve host: index.crates.io)
[INFO] [stderr] ...................................
[INFO] [stderr] ----------------------------------------------------------------------
[INFO] [stderr] Ran 50 tests in 6.292s
[INFO] [stderr] 
[INFO] [stderr] OK
[INFO] [stdout] test python_generation::test_python_autotest ... ok
[INFO] [stderr] warning: spurious network error (1 try remaining): [6] Could not resolve hostname (Could not resolve host: index.crates.io)
[INFO] [stderr] warning: spurious network error (1 try remaining): [6] Could not resolve hostname (Could not resolve host: index.crates.io)
[INFO] [stderr] warning: spurious network error (3 tries remaining): [6] Could not resolve hostname (Could not resolve host: index.crates.io)
[INFO] [stderr] warning: spurious network error (3 tries remaining): [6] Could not resolve hostname (Could not resolve host: index.crates.io)
[INFO] [stderr] warning: spurious network error (3 tries remaining): [6] Could not resolve hostname (Could not resolve host: index.crates.io)
[INFO] [stderr] warning: spurious network error (3 tries remaining): [6] Could not resolve hostname (Could not resolve host: index.crates.io)
[INFO] [stderr] warning: spurious network error (3 tries remaining): [6] Could not resolve hostname (Could not resolve host: index.crates.io)
[INFO] [stderr] warning: spurious network error (2 tries remaining): [6] Could not resolve hostname (Could not resolve host: index.crates.io)
[INFO] [stderr] warning: spurious network error (2 tries remaining): [6] Could not resolve hostname (Could not resolve host: index.crates.io)
[INFO] [stderr] warning: spurious network error (2 tries remaining): [6] Could not resolve hostname (Could not resolve host: index.crates.io)
[INFO] [stderr] warning: spurious network error (2 tries remaining): [6] Could not resolve hostname (Could not resolve host: index.crates.io)
[INFO] [stderr] warning: spurious network error (2 tries remaining): [6] Could not resolve hostname (Could not resolve host: index.crates.io)
[INFO] [stderr] warning: spurious network error (1 try remaining): [6] Could not resolve hostname (Could not resolve host: index.crates.io)
[INFO] [stderr] warning: spurious network error (1 try remaining): [6] Could not resolve hostname (Could not resolve host: index.crates.io)
[INFO] [stderr] warning: spurious network error (1 try remaining): [6] Could not resolve hostname (Could not resolve host: index.crates.io)
[INFO] [stderr] warning: spurious network error (1 try remaining): [6] Could not resolve hostname (Could not resolve host: index.crates.io)
[INFO] [stderr] warning: spurious network error (1 try remaining): [6] Could not resolve hostname (Could not resolve host: index.crates.io)
[INFO] [stderr] error: failed to get `serde` as a dependency of package `testing v0.1.0 (/tmp/.tmpg9Vkho)`
[INFO] [stderr] 
[INFO] [stderr] Caused by:
[INFO] [stderr]   failed to load source for dependency `serde`
[INFO] [stderr] 
[INFO] [stderr] Caused by:
[INFO] [stderr]   unable to update registry `crates-io`
[INFO] [stderr] 
[INFO] [stderr] Caused by:
[INFO] [stderr]   download of config.json failed
[INFO] [stderr] 
[INFO] [stderr] Caused by:
[INFO] [stderr]   [6] Could not resolve hostname (Could not resolve host: index.crates.io)
[INFO] [stdout] test rust_generation::test_that_rust_code_compiles_with_serialization ... FAILED
[INFO] [stderr] error: failed to get `bcs` as a dependency of package `testing2 v0.1.0 (/tmp/.tmpAMdWgR)`
[INFO] [stderr] 
[INFO] [stderr] Caused by:
[INFO] [stderr]   failed to load source for dependency `bcs`
[INFO] [stderr] 
[INFO] [stderr] Caused by:
[INFO] [stderr]   unable to update registry `crates-io`
[INFO] [stderr] 
[INFO] [stderr] Caused by:
[INFO] [stderr]   download of config.json failed
[INFO] [stderr] 
[INFO] [stderr] Caused by:
[INFO] [stderr]   [6] Could not resolve hostname (Could not resolve host: index.crates.io)
[INFO] [stdout] test rust_runtime::test_rust_bcs_runtime ... FAILED
[INFO] [stderr] error: failed to get `bincode` as a dependency of package `testing2 v0.1.0 (/tmp/.tmpM6uvOu)`
[INFO] [stderr] 
[INFO] [stderr] Caused by:
[INFO] [stderr]   failed to load source for dependency `bincode`
[INFO] [stderr] 
[INFO] [stderr] Caused by:
[INFO] [stderr]   unable to update registry `crates-io`
[INFO] [stderr] 
[INFO] [stderr] Caused by:
[INFO] [stderr]   download of config.json failed
[INFO] [stderr] 
[INFO] [stderr] Caused by:
[INFO] [stderr]   [6] Could not resolve hostname (Could not resolve host: index.crates.io)
[INFO] [stdout] test rust_runtime::test_rust_bincode_runtime ... FAILED
[INFO] [stdout] test cpp_generation::test_that_cpp_code_links has been running for over 60 seconds
[INFO] [stdout] test cpp_runtime::test_cpp_bcs_runtime_on_supported_types has been running for over 60 seconds
[INFO] [stdout] test cpp_runtime::test_cpp_bincode_runtime_on_supported_types has been running for over 60 seconds
[INFO] [stdout] test golang_generation::test_that_golang_code_compiles has been running for over 60 seconds
[INFO] [stdout] test golang_generation::test_that_golang_code_compiles_with_bcs has been running for over 60 seconds
[INFO] [stdout] test golang_generation::test_that_golang_code_compiles_with_bincode has been running for over 60 seconds
[INFO] [stdout] test golang_generation::test_that_golang_code_compiles_with_comments has been running for over 60 seconds
[INFO] [stdout] test golang_generation::test_that_golang_code_compiles_with_custom_code has been running for over 60 seconds
[INFO] [stdout] test golang_generation::test_that_golang_code_compiles_without_serialization has been running for over 60 seconds
[INFO] [stdout] test python_runtime::test_python_bincode_runtime_on_supported_types has been running for over 60 seconds
[INFO] [stderr] runtime: /usr/lib/go-1.26/pkg/tool/linux_amd64/compile: signal: killed
[ERROR] error running command: no output for 300 seconds
[INFO] running `Command { std: "docker" "inspect" "c0dddb455c6ba9263ba6b55a76962621e8576add08f04ff75ca9f1aa2e177e5c", kill_on_drop: false }`
[INFO] running `Command { std: "docker" "rm" "-f" "c0dddb455c6ba9263ba6b55a76962621e8576add08f04ff75ca9f1aa2e177e5c", kill_on_drop: false }`
[INFO] [stdout] c0dddb455c6ba9263ba6b55a76962621e8576add08f04ff75ca9f1aa2e177e5c
