[INFO] fetching crate serde-evolve 0.1.0...
[INFO] testing serde-evolve-0.1.0 against 1.99.0-beta.8 for beta-1.100-2
[INFO] extracting crate serde-evolve 0.1.0 into /workspace/builds/worker-3-tc1/source
[INFO] started tweaking crates.io crate serde-evolve 0.1.0
[INFO] removed 0 missing examples
[INFO] removed 0 missing tests
[INFO] finished tweaking crates.io crate serde-evolve 0.1.0
[INFO] tweaked toml for crates.io crate serde-evolve 0.1.0 written to /workspace/builds/worker-3-tc1/source/Cargo.toml
[INFO] validating manifest of crates.io crate serde-evolve 0.1.0 on toolchain 1.99.0-beta.8
[INFO] running `Command { std: CARGO_HOME="/workspace/cargo-home" RUSTUP_HOME="/workspace/rustup-home" "/workspace/cargo-home/bin/cargo" "+1.99.0-beta.8" "metadata" "--manifest-path" "Cargo.toml" "--no-deps", kill_on_drop: false }`
[INFO] crate crates.io crate serde-evolve 0.1.0 already has a lockfile, it will not be regenerated
[INFO] running `Command { std: CARGO_HOME="/workspace/cargo-home" RUSTUP_HOME="/workspace/rustup-home" "/workspace/cargo-home/bin/cargo" "+1.99.0-beta.8" "fetch" "--manifest-path" "Cargo.toml", kill_on_drop: false }`
[INFO] [stderr]     Updating crates.io index
[INFO] [stderr]  Downloading crates ...
[INFO] [stderr]   Downloaded serde-evolve-macros v0.1.0
[INFO] running `Command { std: "docker" "create" "-v" "/var/lib/crater-agent-workspace/builds/worker-3-tc1/source:/opt/rustwide/workdir:ro,Z" "-v" "/var/lib/crater-agent-workspace/builds/worker-3-tc1/target:/opt/rustwide/target:rw,Z" "-v" "/var/lib/crater-agent-workspace/cargo-home:/opt/rustwide/cargo-home:ro,Z" "-v" "/var/lib/crater-agent-workspace/rustup-home:/opt/rustwide/rustup-home:ro,Z" "-m" "1610612736" "--network" "none" "ghcr.io/rust-lang/crates-build-env/linux@sha256:3111399a4047eeb3a02b7a90e478d715f38a8c6669b5c4b49d30a17385265909" "sleep" "infinity", kill_on_drop: false }`
[INFO] [stdout] 6679b10839cb16a5641ddc6dc6a5f1c4096f11fdca7dae68c9e9c97b62268ebd
[INFO] running `Command { std: "docker" "start" "6679b10839cb16a5641ddc6dc6a5f1c4096f11fdca7dae68c9e9c97b62268ebd", kill_on_drop: false }`
[INFO] running `Command { std: "docker" "inspect" "6679b10839cb16a5641ddc6dc6a5f1c4096f11fdca7dae68c9e9c97b62268ebd", kill_on_drop: false }`
[INFO] running `Command { std: "docker" "exec" "-e" "SOURCE_DIR=/opt/rustwide/workdir" "-e" "CARGO_HOME=/opt/rustwide/cargo-home" "-e" "RUSTUP_HOME=/opt/rustwide/rustup-home" "-e" "CARGO_TARGET_DIR=/opt/rustwide/target" "-w" "/opt/rustwide/workdir" "--user" "0:0" "6679b10839cb16a5641ddc6dc6a5f1c4096f11fdca7dae68c9e9c97b62268ebd" "/opt/rustwide/cargo-home/bin/cargo" "+1.99.0-beta.8" "metadata" "--no-deps" "--format-version=1", kill_on_drop: false }`
[INFO] running `Command { std: "docker" "inspect" "6679b10839cb16a5641ddc6dc6a5f1c4096f11fdca7dae68c9e9c97b62268ebd", kill_on_drop: false }`
[INFO] running `Command { std: "docker" "exec" "-e" "SOURCE_DIR=/opt/rustwide/workdir" "-e" "CARGO_HOME=/opt/rustwide/cargo-home" "-e" "RUSTUP_HOME=/opt/rustwide/rustup-home" "-e" "CARGO_TARGET_DIR=/opt/rustwide/target" "-e" "CARGO_INCREMENTAL=0" "-e" "RUST_BACKTRACE=full" "-e" "RUSTFLAGS=--cap-lints=warn" "-e" "RUSTDOCFLAGS=--cap-lints=warn" "-w" "/opt/rustwide/workdir" "--user" "0:0" "6679b10839cb16a5641ddc6dc6a5f1c4096f11fdca7dae68c9e9c97b62268ebd" "/opt/rustwide/cargo-home/bin/cargo" "+1.99.0-beta.8" "build" "--frozen" "--message-format=json", kill_on_drop: false }`
[INFO] [stderr]    Compiling proc-macro2 v1.0.101
[INFO] [stderr]    Compiling unicode-ident v1.0.20
[INFO] [stderr]    Compiling quote v1.0.41
[INFO] [stderr]    Compiling syn v2.0.107
[INFO] [stderr]    Compiling darling_core v0.21.3
[INFO] [stderr]    Compiling darling_macro v0.21.3
[INFO] [stderr]    Compiling darling v0.21.3
[INFO] [stderr]    Compiling serde-evolve-macros v0.1.0
[INFO] [stderr]    Compiling serde-evolve v0.1.0 (/opt/rustwide/workdir)
[INFO] [stderr]     Finished `dev` profile [unoptimized + debuginfo] target(s) in 8.97s
[INFO] running `Command { std: "docker" "inspect" "6679b10839cb16a5641ddc6dc6a5f1c4096f11fdca7dae68c9e9c97b62268ebd", kill_on_drop: false }`
[INFO] running `Command { std: "docker" "exec" "-e" "SOURCE_DIR=/opt/rustwide/workdir" "-e" "CARGO_HOME=/opt/rustwide/cargo-home" "-e" "RUSTUP_HOME=/opt/rustwide/rustup-home" "-e" "CARGO_TARGET_DIR=/opt/rustwide/target" "-e" "CARGO_INCREMENTAL=0" "-e" "RUST_BACKTRACE=full" "-e" "RUSTFLAGS=--cap-lints=warn" "-e" "RUSTDOCFLAGS=--cap-lints=warn" "-w" "/opt/rustwide/workdir" "--user" "0:0" "6679b10839cb16a5641ddc6dc6a5f1c4096f11fdca7dae68c9e9c97b62268ebd" "/opt/rustwide/cargo-home/bin/cargo" "+1.99.0-beta.8" "test" "--frozen" "--no-run" "--message-format=json", kill_on_drop: false }`
[INFO] [stderr]    Compiling serde_json v1.0.145
[INFO] [stderr]    Compiling serde_derive v1.0.228
[INFO] [stderr]    Compiling serde v1.0.228
[INFO] [stderr]    Compiling serde-evolve v0.1.0 (/opt/rustwide/workdir)
[INFO] [stderr]     Finished `test` profile [unoptimized + debuginfo] target(s) in 5.57s
[INFO] running `Command { std: "docker" "inspect" "6679b10839cb16a5641ddc6dc6a5f1c4096f11fdca7dae68c9e9c97b62268ebd", kill_on_drop: false }`
[INFO] running `Command { std: "docker" "exec" "-e" "SOURCE_DIR=/opt/rustwide/workdir" "-e" "CARGO_HOME=/opt/rustwide/cargo-home" "-e" "RUSTUP_HOME=/opt/rustwide/rustup-home" "-e" "CARGO_TARGET_DIR=/opt/rustwide/target" "-e" "CARGO_INCREMENTAL=0" "-e" "RUST_BACKTRACE=full" "-e" "RUSTFLAGS=--cap-lints=warn" "-e" "RUSTDOCFLAGS=--cap-lints=warn" "-w" "/opt/rustwide/workdir" "--user" "0:0" "6679b10839cb16a5641ddc6dc6a5f1c4096f11fdca7dae68c9e9c97b62268ebd" "/opt/rustwide/cargo-home/bin/cargo" "+1.99.0-beta.8" "test" "--frozen", kill_on_drop: false }`
[INFO] [stderr]     Finished `test` profile [unoptimized + debuginfo] target(s) in 0.04s
[INFO] [stderr]      Running unittests src/lib.rs (/opt/rustwide/target/debug/deps/serde_evolve-a9c4c82aa2c6f488)
[INFO] [stdout] 
[INFO] [stdout] running 0 tests
[INFO] [stdout] 
[INFO] [stdout] test result: ok. 0 passed; 0 failed; 0 ignored; 0 measured; 0 filtered out; finished in 0.00s
[INFO] [stdout] 
[INFO] [stderr]      Running tests/simple.rs (/opt/rustwide/target/debug/deps/simple-96d4ab6705f73822)
[INFO] [stdout] 
[INFO] [stdout] running 1 test
[INFO] [stdout] test test_basic ... ok
[INFO] [stdout] 
[INFO] [stdout] test result: ok. 1 passed; 0 failed; 0 ignored; 0 measured; 0 filtered out; finished in 0.00s
[INFO] [stdout] 
[INFO] [stderr]      Running tests/transparent.rs (/opt/rustwide/target/debug/deps/transparent-7e47344053616e2c)
[INFO] [stdout] 
[INFO] [stdout] running 9 tests
[INFO] [stdout] test test_transparent_deserialize_v1 ... ok
[INFO] [stdout] test test_transparent_deserialize_v2 ... ok
[INFO] [stdout] test test_transparent_fallible_round_trip ... ok
[INFO] [stdout] test test_transparent_round_trip ... ok
[INFO] [stdout] test test_transparent_serialize ... ok
[INFO] [stdout] test test_transparent_fallible_serialize ... ok
[INFO] [stdout] test test_transparent_fallible_deserialize_v1 ... ok
[INFO] [stdout] test test_transparent_fallible_migration_error ... ok
[INFO] [stderr]    Doc-tests serde_evolve
[INFO] [stdout] test test_transparent_fallible_deserialize_v2 ... ok
[INFO] [stdout] 
[INFO] [stdout] test result: ok. 9 passed; 0 failed; 0 ignored; 0 measured; 0 filtered out; finished in 0.05s
[INFO] [stdout] 
[INFO] [stdout] 
[INFO] [stdout] running 3 tests
[INFO] [stdout] test src/../README.md - (line 125) ... ignored
[INFO] [stdout] test src/../README.md - (line 133) ... ignored
[INFO] [stdout] test src/../README.md - (line 32) ... ok
[INFO] [stdout] 
[INFO] [stdout] test result: ok. 1 passed; 0 failed; 2 ignored; 0 measured; 0 filtered out; finished in 0.01s
[INFO] [stdout] 
[INFO] [stdout] 
[INFO] [stdout] running 2 tests
[INFO] [stdout] test src/../README.md - (line 104) ... FAILED
[INFO] [stdout] test src/../README.md - (line 114) ... FAILED
[INFO] [stdout] 
[INFO] [stdout] failures:
[INFO] [stdout] 
[INFO] [stdout] ---- src/../README.md - (line 104) stdout ----
[INFO] [stdout] error: expected item after attributes
[INFO] [stdout]    --> src/../README.md:105:1
[INFO] [stdout]     |
[INFO] [stdout] 105 | #[versioned(mode = "infallible", chain(V1, V2))]
[INFO] [stdout]     | ^^^^^^^^^^^^^^^^^^^^^^^^^^^^^^^^^^^^^^^^^^^^^^^^ expected an item after this
[INFO] [stdout] 
[INFO] [stdout] error: aborting due to 1 previous error
[INFO] [stdout] 
[INFO] [stdout] Couldn't compile the test.
[INFO] [stdout] ---- src/../README.md - (line 114) stdout ----
[INFO] [stdout] error: expected item after attributes
[INFO] [stdout]    --> src/../README.md:116:1
[INFO] [stdout]     |
[INFO] [stdout] 116 | #[versioned(error = MyError, chain(V1, V2))]
[INFO] [stdout]     | ^^^^^^^^^^^^^^^^^^^^^^^^^^^^^^^^^^^^^^^^^^^^ expected an item after this
[INFO] [stdout] 
[INFO] [stdout] error: aborting due to 1 previous error
[INFO] [stdout] 
[INFO] [stdout] Couldn't compile the test.
[INFO] [stdout] 
[INFO] [stdout] failures:
[INFO] [stdout]     src/../README.md - (line 104)
[INFO] [stdout]     src/../README.md - (line 114)
[INFO] [stdout] 
[INFO] [stdout] test result: FAILED. 0 passed; 2 failed; 0 ignored; 0 measured; 0 filtered out; finished in 0.04s
[INFO] [stdout] 
[INFO] [stdout] all doctests ran in 0.66s; merged doctests compilation took 0.61s
[INFO] [stderr] error: doctest failed, to rerun pass `--doc`
[INFO] running `Command { std: "docker" "inspect" "6679b10839cb16a5641ddc6dc6a5f1c4096f11fdca7dae68c9e9c97b62268ebd", kill_on_drop: false }`
[INFO] running `Command { std: "docker" "rm" "-f" "6679b10839cb16a5641ddc6dc6a5f1c4096f11fdca7dae68c9e9c97b62268ebd", kill_on_drop: false }`
[INFO] [stdout] 6679b10839cb16a5641ddc6dc6a5f1c4096f11fdca7dae68c9e9c97b62268ebd
