[INFO] fetching crate sentil-cli 0.3.0...
[INFO] testing sentil-cli-0.3.0 against 1.99.0-beta.8 for beta-1.100-2
[INFO] extracting crate sentil-cli 0.3.0 into /workspace/builds/worker-2-tc1/source
[INFO] started tweaking crates.io crate sentil-cli 0.3.0
[INFO] removed 0 missing tests
[INFO] finished tweaking crates.io crate sentil-cli 0.3.0
[INFO] tweaked toml for crates.io crate sentil-cli 0.3.0 written to /workspace/builds/worker-2-tc1/source/Cargo.toml
[INFO] validating manifest of crates.io crate sentil-cli 0.3.0 on toolchain 1.99.0-beta.8
[INFO] running `Command { std: CARGO_HOME="/workspace/cargo-home" RUSTUP_HOME="/workspace/rustup-home" "/workspace/cargo-home/bin/cargo" "+1.99.0-beta.8" "metadata" "--manifest-path" "Cargo.toml" "--no-deps", kill_on_drop: false }`
[INFO] crate crates.io crate sentil-cli 0.3.0 already has a lockfile, it will not be regenerated
[INFO] running `Command { std: CARGO_HOME="/workspace/cargo-home" RUSTUP_HOME="/workspace/rustup-home" "/workspace/cargo-home/bin/cargo" "+1.99.0-beta.8" "fetch" "--manifest-path" "Cargo.toml", kill_on_drop: false }`
[INFO] [stderr]     Updating crates.io index
[INFO] [stderr]  Downloading crates ...
[INFO] [stderr]   Downloaded slotmap v1.0.7
[INFO] [stderr]   Downloaded wasm-bindgen-futures v0.4.55
[INFO] [stderr]   Downloaded rsqlite-vfs v0.1.0
[INFO] [stderr]   Downloaded web-sys v0.3.82
[INFO] [stderr]   Downloaded rusqlite v0.39.0
[INFO] [stderr]   Downloaded integer-encoding v3.0.4
[INFO] [stderr]   Downloaded twox-hash v2.1.2
[INFO] [stderr]   Downloaded arrow-schema v58.3.0
[INFO] [stderr]   Downloaded arrow-select v58.3.0
[INFO] [stderr]   Downloaded matfile v0.5.0
[INFO] [stderr]   Downloaded libflate_lz77 v2.3.0
[INFO] [stderr]   Downloaded arrow-buffer v58.3.0
[INFO] [stderr]   Downloaded arrow-array v58.3.0
[INFO] [stderr]   Downloaded libflate v2.3.0
[INFO] [stderr]   Downloaded rle-decode-fast v1.0.3
[INFO] [stderr]   Downloaded thrift v0.17.0
[INFO] [stderr]   Downloaded parquet v58.3.0
[INFO] [stderr]   Downloaded arrow-data v58.3.0
[INFO] [stderr]   Downloaded enum-primitive-derive v0.3.0
[INFO] [stderr]   Downloaded lexical-core v1.0.6
[INFO] [stderr]   Downloaded rustc-demangle v0.1.27
[INFO] [stderr]   Downloaded lexical-write-integer v1.0.6
[INFO] [stderr]   Downloaded lexical-parse-integer v1.0.6
[INFO] [stderr]   Downloaded arrow-string v58.3.0
[INFO] [stderr]   Downloaded arrow-row v58.3.0
[INFO] [stderr]   Downloaded arrow-ord v58.3.0
[INFO] [stderr]   Downloaded arrow-arith v58.3.0
[INFO] [stderr]   Downloaded arrow v58.3.0
[INFO] [stderr]   Downloaded arrow-cast v58.3.0
[INFO] [stderr]   Downloaded lexical-util v1.0.7
[INFO] [stderr]   Downloaded lexical-write-float v1.0.6
[INFO] [stderr]   Downloaded inquire v0.9.4
[INFO] [stderr]   Downloaded arrow-ipc v58.3.0
[INFO] [stderr]   Downloaded lexical-parse-float v1.0.6
[INFO] [stderr]   Downloaded exitcode v1.1.2
[INFO] [stderr]   Downloaded clap_mangen v0.2.33
[INFO] [stderr]   Downloaded roff v1.1.1
[INFO] [stderr]   Downloaded clap_complete v4.6.5
[INFO] [stderr]   Downloaded bstr v1.12.2
[INFO] [stderr]   Downloaded libsqlite3-sys v0.37.0
[INFO] [stderr]   Downloaded nix v0.31.2
[INFO] [stderr]   Downloaded sqlite-wasm-rs v0.5.2
[INFO] [stderr]   Downloaded sentil v0.3.0
[INFO] running `Command { std: "docker" "create" "-v" "/var/lib/crater-agent-workspace/builds/worker-2-tc1/source:/opt/rustwide/workdir:ro,Z" "-v" "/var/lib/crater-agent-workspace/builds/worker-2-tc1/target:/opt/rustwide/target:rw,Z" "-v" "/var/lib/crater-agent-workspace/cargo-home:/opt/rustwide/cargo-home:ro,Z" "-v" "/var/lib/crater-agent-workspace/rustup-home:/opt/rustwide/rustup-home:ro,Z" "-m" "1610612736" "--network" "none" "ghcr.io/rust-lang/crates-build-env/linux@sha256:3111399a4047eeb3a02b7a90e478d715f38a8c6669b5c4b49d30a17385265909" "sleep" "infinity", kill_on_drop: false }`
[INFO] [stdout] 01103e773ee4066c429b140ccc5c45a3e36c388753ecd3963d383965718b5898
[INFO] running `Command { std: "docker" "start" "01103e773ee4066c429b140ccc5c45a3e36c388753ecd3963d383965718b5898", kill_on_drop: false }`
[INFO] running `Command { std: "docker" "inspect" "01103e773ee4066c429b140ccc5c45a3e36c388753ecd3963d383965718b5898", kill_on_drop: false }`
[INFO] running `Command { std: "docker" "exec" "-e" "SOURCE_DIR=/opt/rustwide/workdir" "-e" "CARGO_HOME=/opt/rustwide/cargo-home" "-e" "RUSTUP_HOME=/opt/rustwide/rustup-home" "-e" "CARGO_TARGET_DIR=/opt/rustwide/target" "-w" "/opt/rustwide/workdir" "--user" "0:0" "01103e773ee4066c429b140ccc5c45a3e36c388753ecd3963d383965718b5898" "/opt/rustwide/cargo-home/bin/cargo" "+1.99.0-beta.8" "metadata" "--no-deps" "--format-version=1", kill_on_drop: false }`
[INFO] running `Command { std: "docker" "inspect" "01103e773ee4066c429b140ccc5c45a3e36c388753ecd3963d383965718b5898", kill_on_drop: false }`
[INFO] running `Command { std: "docker" "exec" "-e" "SOURCE_DIR=/opt/rustwide/workdir" "-e" "CARGO_HOME=/opt/rustwide/cargo-home" "-e" "RUSTUP_HOME=/opt/rustwide/rustup-home" "-e" "CARGO_TARGET_DIR=/opt/rustwide/target" "-e" "CARGO_INCREMENTAL=0" "-e" "RUST_BACKTRACE=full" "-e" "RUSTFLAGS=--cap-lints=warn" "-e" "RUSTDOCFLAGS=--cap-lints=warn" "-w" "/opt/rustwide/workdir" "--user" "0:0" "01103e773ee4066c429b140ccc5c45a3e36c388753ecd3963d383965718b5898" "/opt/rustwide/cargo-home/bin/cargo" "+1.99.0-beta.8" "build" "--frozen" "--message-format=json", kill_on_drop: false }`
[INFO] [stderr]    Compiling libc v0.2.184
[INFO] [stderr]    Compiling typenum v1.19.0
[INFO] [stderr]    Compiling zerocopy v0.8.48
[INFO] [stderr]    Compiling num-traits v0.2.19
[INFO] [stderr]    Compiling proc-macro2-diagnostics v0.10.1
[INFO] [stderr]    Compiling syn v2.0.117
[INFO] [stderr]    Compiling rustix v1.1.4
[INFO] [stderr]    Compiling clap_builder v4.6.0
[INFO] [stderr]    Compiling crc32fast v1.5.0
[INFO] [stderr]    Compiling object v0.37.3
[INFO] [stderr]    Compiling crossbeam-epoch v0.9.18
[INFO] [stderr]    Compiling no_std_io2 v0.9.4
[INFO] [stderr]    Compiling rle-decode-fast v1.0.3
[INFO] [stderr]    Compiling gimli v0.32.3
[INFO] [stderr]    Compiling roff v1.1.1
[INFO] [stderr]    Compiling cfg_aliases v0.2.1
[INFO] [stderr]    Compiling yansi v1.0.1
[INFO] [stderr]    Compiling libflate_lz77 v2.3.0
[INFO] [stderr]    Compiling miniz_oxide v0.8.9
[INFO] [stderr]    Compiling nix v0.31.2
[INFO] [stderr]    Compiling uncased v0.9.10
[INFO] [stderr]    Compiling winnow v1.0.2
[INFO] [stderr]    Compiling adler32 v1.2.0
[INFO] [stderr]    Compiling dary_heap v0.3.9
[INFO] [stderr]    Compiling crossbeam-deque v0.8.6
[INFO] [stderr]    Compiling portable-atomic v1.13.1
[INFO] [stderr]    Compiling minimal-lexical v0.2.1
[INFO] [stderr]    Compiling owo-colors v4.3.0
[INFO] [stderr]    Compiling rustc-demangle v0.1.27
[INFO] [stderr]    Compiling toml_parser v1.1.2+spec-1.1.0
[INFO] [stderr]    Compiling rayon-core v1.13.0
[INFO] [stderr]    Compiling nom v7.1.3
[INFO] [stderr]    Compiling libflate v2.3.0
[INFO] [stderr]    Compiling toml_datetime v1.1.1+spec-1.1.0
[INFO] [stderr]    Compiling serde_spanned v1.1.1
[INFO] [stderr]    Compiling figment v0.10.19
[INFO] [stderr]    Compiling csv-core v0.1.13
[INFO] [stderr]    Compiling inlinable_string v0.1.15
[INFO] [stderr]    Compiling unicode-linebreak v0.1.5
[INFO] [stderr]    Compiling terminal_size v0.4.4
[INFO] [stderr]    Compiling generic-array v0.14.7
[INFO] [stderr]    Compiling toml_writer v1.1.1+spec-1.1.0
[INFO] [stderr]    Compiling either v1.15.0
[INFO] [stderr]    Compiling is_ci v1.2.0
[INFO] [stderr]    Compiling toml v1.1.2+spec-1.1.0
[INFO] [stderr]    Compiling supports-color v3.0.2
[INFO] [stderr]    Compiling textwrap v0.16.2
[INFO] [stderr]    Compiling rayon v1.11.0
[INFO] [stderr]    Compiling csv v1.4.0
[INFO] [stderr]    Compiling fuzzy-matcher v0.3.7
[INFO] [stderr]    Compiling serde_json v1.0.149
[INFO] [stderr]    Compiling crypto-common v0.1.7
[INFO] [stderr]    Compiling block-buffer v0.10.4
[INFO] [stderr]    Compiling digest v0.10.7
[INFO] [stderr]    Compiling unicode-width v0.1.14
[INFO] [stderr]    Compiling errno v0.3.14
[INFO] [stderr]    Compiling getrandom v0.3.4
[INFO] [stderr]    Compiling rand_core v0.9.5
[INFO] [stderr]    Compiling sha2 v0.10.9
[INFO] [stderr]    Compiling signal-hook-registry v1.4.8
[INFO] [stderr]    Compiling parking_lot_core v0.9.12
[INFO] [stderr]    Compiling signal-hook v0.3.18
[INFO] [stderr]    Compiling mio v1.2.1
[INFO] [stderr]    Compiling addr2line v0.25.1
[INFO] [stderr]    Compiling rust-embed-utils v8.11.0
[INFO] [stderr]    Compiling parking_lot v0.12.5
[INFO] [stderr]    Compiling dirs-sys v0.4.1
[INFO] [stderr]    Compiling signal-hook-mio v0.2.5
[INFO] [stderr]    Compiling console v0.16.3
[INFO] [stderr]    Compiling supports-unicode v3.0.0
[INFO] [stderr]    Compiling supports-hyperlinks v3.2.0
[INFO] [stderr]    Compiling unit-prefix v0.5.2
[INFO] [stderr]    Compiling directories v5.0.1
[INFO] [stderr]    Compiling shlex v1.3.0
[INFO] [stderr]    Compiling exitcode v1.1.2
[INFO] [stderr]    Compiling indicatif v0.18.4
[INFO] [stderr]    Compiling ctrlc v3.5.2
[INFO] [stderr]    Compiling backtrace v0.3.76
[INFO] [stderr]    Compiling clap_derive v4.6.1
[INFO] [stderr]    Compiling serde_derive v1.0.228
[INFO] [stderr]    Compiling derive_more-impl v2.1.1
[INFO] [stderr]    Compiling rust-embed-impl v8.11.0
[INFO] [stderr]    Compiling enum-primitive-derive v0.3.0
[INFO] [stderr]    Compiling pear_codegen v0.2.9
[INFO] [stderr]    Compiling thiserror-impl v2.0.18
[INFO] [stderr]    Compiling miette-derive v7.6.0
[INFO] [stderr]    Compiling matfile v0.5.0
[INFO] [stderr]    Compiling backtrace-ext v0.2.1
[INFO] [stderr]    Compiling ppv-lite86 v0.2.21
[INFO] [stderr]    Compiling derive_more v2.1.1
[INFO] [stderr]    Compiling crossterm v0.29.0
[INFO] [stderr]    Compiling pear v0.2.9
[INFO] [stderr]    Compiling rust-embed v8.11.0
[INFO] [stderr]    Compiling rand_chacha v0.9.0
[INFO] [stderr]    Compiling thiserror v2.0.18
[INFO] [stderr]    Compiling miette v7.6.0
[INFO] [stderr]    Compiling rand v0.9.2
[INFO] [stderr]    Compiling clap v4.6.1
[INFO] [stderr]    Compiling clap_mangen v0.2.33
[INFO] [stderr]    Compiling clap_complete v4.6.5
[INFO] [stderr]    Compiling rand_distr v0.5.1
[INFO] [stderr]    Compiling inquire v0.9.4
[INFO] [stderr]    Compiling sentil-cli v0.3.0 (/opt/rustwide/workdir)
[INFO] [stderr]    Compiling serde v1.0.228
[INFO] [stderr]    Compiling toml_datetime v0.6.11
[INFO] [stderr]    Compiling serde_spanned v0.6.9
[INFO] [stderr]    Compiling serde_yaml v0.9.34+deprecated
[INFO] [stderr]    Compiling toml_edit v0.22.27
[INFO] [stderr]    Compiling sentil v0.3.0
[INFO] [stderr]    Compiling toml v0.8.23
[INFO] [stderr]     Finished `dev` profile [unoptimized + debuginfo] target(s) in 57.49s
[INFO] running `Command { std: "docker" "inspect" "01103e773ee4066c429b140ccc5c45a3e36c388753ecd3963d383965718b5898", kill_on_drop: false }`
[INFO] running `Command { std: "docker" "exec" "-e" "SOURCE_DIR=/opt/rustwide/workdir" "-e" "CARGO_HOME=/opt/rustwide/cargo-home" "-e" "RUSTUP_HOME=/opt/rustwide/rustup-home" "-e" "CARGO_TARGET_DIR=/opt/rustwide/target" "-e" "CARGO_INCREMENTAL=0" "-e" "RUST_BACKTRACE=full" "-e" "RUSTFLAGS=--cap-lints=warn" "-e" "RUSTDOCFLAGS=--cap-lints=warn" "-w" "/opt/rustwide/workdir" "--user" "0:0" "01103e773ee4066c429b140ccc5c45a3e36c388753ecd3963d383965718b5898" "/opt/rustwide/cargo-home/bin/cargo" "+1.99.0-beta.8" "test" "--frozen" "--no-run" "--message-format=json", kill_on_drop: false }`
[INFO] [stderr]    Compiling rustix v1.1.4
[INFO] [stderr]    Compiling regex-automata v0.4.14
[INFO] [stderr]    Compiling float-cmp v0.10.0
[INFO] [stderr]    Compiling sentil-cli v0.3.0 (/opt/rustwide/workdir)
[INFO] [stderr]    Compiling getrandom v0.4.2
[INFO] [stderr]    Compiling wait-timeout v0.2.1
[INFO] [stderr]    Compiling terminal_size v0.4.4
[INFO] [stderr]    Compiling crossterm v0.29.0
[INFO] [stderr]    Compiling tempfile v3.27.0
[INFO] [stderr]    Compiling clap_builder v4.6.0
[INFO] [stderr]    Compiling miette v7.6.0
[INFO] [stderr]    Compiling regex v1.12.3
[INFO] [stderr]    Compiling bstr v1.12.2
[INFO] [stderr]    Compiling predicates v3.1.4
[INFO] [stderr]    Compiling inquire v0.9.4
[INFO] [stderr]    Compiling assert_cmd v2.2.2
[INFO] [stderr]    Compiling clap v4.6.1
[INFO] [stderr]    Compiling clap_complete v4.6.5
[INFO] [stderr]    Compiling clap_mangen v0.2.33
[INFO] [stderr]     Finished `test` profile [unoptimized + debuginfo] target(s) in 21.66s
[INFO] running `Command { std: "docker" "inspect" "01103e773ee4066c429b140ccc5c45a3e36c388753ecd3963d383965718b5898", kill_on_drop: false }`
[INFO] running `Command { std: "docker" "exec" "-e" "SOURCE_DIR=/opt/rustwide/workdir" "-e" "CARGO_HOME=/opt/rustwide/cargo-home" "-e" "RUSTUP_HOME=/opt/rustwide/rustup-home" "-e" "CARGO_TARGET_DIR=/opt/rustwide/target" "-e" "CARGO_INCREMENTAL=0" "-e" "RUST_BACKTRACE=full" "-e" "RUSTFLAGS=--cap-lints=warn" "-e" "RUSTDOCFLAGS=--cap-lints=warn" "-w" "/opt/rustwide/workdir" "--user" "0:0" "01103e773ee4066c429b140ccc5c45a3e36c388753ecd3963d383965718b5898" "/opt/rustwide/cargo-home/bin/cargo" "+1.99.0-beta.8" "test" "--frozen", kill_on_drop: false }`
[INFO] [stderr]    Compiling sentil-cli v0.3.0 (/opt/rustwide/workdir)
[INFO] [stderr]     Finished `test` profile [unoptimized + debuginfo] target(s) in 7.10s
[INFO] [stderr]      Running unittests src/main.rs (/opt/rustwide/target/debug/deps/sentil-0e5677f1e416be2c)
[INFO] [stdout] 
[INFO] [stdout] running 3 tests
[INFO] [stderr]      Running tests/cli.rs (/opt/rustwide/target/debug/deps/cli-252e7c0e9f4db10c)
[INFO] [stdout] test commands::monitor::tests::the_box_is_rectangular ... ok
[INFO] [stdout] test commands::monitor::tests::an_unknown_margin_serializes_as_nan ... ok
[INFO] [stdout] test commands::monitor::tests::an_undetermined_verdict_reads_as_unknown_not_violated ... ok
[INFO] [stdout] 
[INFO] [stdout] test result: ok. 3 passed; 0 failed; 0 ignored; 0 measured; 0 filtered out; finished in 0.00s
[INFO] [stdout] 
[INFO] [stdout] 
[INFO] [stdout] running 40 tests
[INFO] [stdout] test config_shows_the_search_paths ... ok
[INFO] [stdout] test check_json_carries_the_schema ... ok
[INFO] [stdout] test gpu_backend_exits_unavailable ... ok
[INFO] [stdout] test lift_writes_csv ... ok
[INFO] [stdout] test check_violated_exits_ten ... ok
[INFO] [stdout] test map_to_a_missing_column_errors ... ok
[INFO] [stdout] test completion_and_man_emit ... ok
[INFO] [stdout] test check_satisfied_exits_zero ... ok
[INFO] [stdout] test fit_missing_column_errors ... ok
[INFO] [stdout] test lift_accepts_extended_noise_families ... ok
[INFO] [stdout] test bad_noise_distribution_errors ... ok
[INFO] [stdout] test falsify_without_bounds_errors ... ok
[INFO] [stdout] test maps_a_variable_to_a_column ... ok
[INFO] [stdout] test lift_ensemble_tags_members ... ok
[INFO] [stdout] test init_off_a_terminal_does_not_hang ... ok
[INFO] [stdout] test json_alias_equals_output_json ... ok
[INFO] [stdout] test fit_recovers_a_gaussian_bias ... ok
[INFO] [stdout] test check_reports_violation_intervals ... ok
[INFO] [stdout] test lift_with_noise_needs_no_spec ... ok
[INFO] [stdout] test runs_a_config_alias ... ok
[INFO] [stdout] test monitor_probabilistic_without_noise_errors ... ok
[INFO] [stdout] test parse_error_exits_data_err ... ok
[INFO] [stdout] test explain_operator_and_exit_codes ... ok
[INFO] [stdout] test mine_finds_the_tightest_parameter ... ok
[INFO] [stdout] test no_arguments_shows_help ... ok
[INFO] [stdout] test missing_file_exits_no_input ... ok
[INFO] [stdout] test monitor_streams_and_summarizes ... ok
[INFO] [stdout] test smc_bayes_decides ... ok
[INFO] [stdout] test unknown_subcommand_errors ... ok
[INFO] [stdout] test monitor_holds_a_probability_open_until_its_window_closes ... ok
[INFO] [stdout] test specs_lists_and_filters ... ok
[INFO] [stdout] test smc_estimates_a_probability ... ok
[INFO] [stdout] test version_carries_the_commit ... ok
[INFO] [stdout] test monitor_reports_a_violation_when_it_is_decided_not_when_the_window_closes ... ok
[INFO] [stdout] test synth_finds_a_feasible_input ... ok
[INFO] [stdout] test smc_accepts_noise_flags ... ok
[INFO] [stdout] test falsify_finds_a_counterexample ... ok
[INFO] [stdout] test reads_a_matlab_trace ... FAILED
[INFO] [stdout] test monitor_streams_a_live_probability ... ok
[INFO] [stdout] test monitor_stops_cleanly_on_interrupt ... ok
[INFO] [stdout] 
[INFO] [stdout] failures:
[INFO] [stdout] 
[INFO] [stdout] ---- reads_a_matlab_trace stdout ----
[INFO] [stdout] 
[INFO] [stdout] thread 'reads_a_matlab_trace' (2337) panicked at tests/cli.rs:321:10:
[INFO] [stdout] Unexpected failure.
[INFO] [stdout] code=66
[INFO] [stdout] stderr=``````
[INFO] [stdout] sentil::not_found
[INFO] [stdout] 
[INFO] [stdout]   × cannot read /opt/rustwide/workdir/../sentil-core/tests/fixtures/
[INFO] [stdout]   │ sample_v5.mat
[INFO] [stdout]   help: check the path, or pass - to read from stdin
[INFO] [stdout] 
[INFO] [stdout] ```
[INFO] [stdout] ```
[INFO] [stdout] command=`"/opt/rustwide/target/debug/sentil" "check" "-f" "x > 0" "-t" "/opt/rustwide/workdir/../sentil-core/tests/fixtures/sample_v5.mat" "--semantics" "discrete" "--signal"`
[INFO] [stdout] code=66
[INFO] [stdout] stdout=""
[INFO] [stdout] stderr=```
[INFO] [stdout] sentil::not_found
[INFO] [stdout] 
[INFO] [stdout]   × cannot read /opt/rustwide/workdir/../sentil-core/tests/fixtures/
[INFO] [stdout]   │ sample_v5.mat
[INFO] [stdout]   help: check the path, or pass - to read from stdin
[INFO] [stdout] 
[INFO] [stdout] ```
[INFO] [stdout] 
[INFO] [stdout] 
[INFO] [stdout] stack backtrace:
[INFO] [stdout]    0:     0x64400fa7bce1 - std[70759c8f55707aa4]::backtrace_rs::backtrace::libunwind::trace
[INFO] [stdout]                                at /rustc/dfb0accb7f508ae8be965d8629557221c889dd98/library/std/src/../../backtrace/src/backtrace/libunwind.rs:117:9
[INFO] [stdout]    1:     0x64400fa7bce1 - std[70759c8f55707aa4]::backtrace_rs::backtrace::trace_unsynchronized::<std[70759c8f55707aa4]::sys::backtrace::_print_fmt::{closure#1}>
[INFO] [stdout]                                at /rustc/dfb0accb7f508ae8be965d8629557221c889dd98/library/std/src/../../backtrace/src/backtrace/mod.rs:66:14
[INFO] [stdout]    2:     0x64400fa7bce1 - std[70759c8f55707aa4]::sys::backtrace::_print_fmt
[INFO] [stdout]                                at /rustc/dfb0accb7f508ae8be965d8629557221c889dd98/library/std/src/sys/backtrace.rs:74:9
[INFO] [stdout]    3:     0x64400fa7bce1 - <<std[70759c8f55707aa4]::sys::backtrace::BacktraceLock>::print::DisplayBacktrace as core[df12db4294e9bfd3]::fmt::Display>::fmt
[INFO] [stdout]                                at /rustc/dfb0accb7f508ae8be965d8629557221c889dd98/library/std/src/sys/backtrace.rs:44:26
[INFO] [stdout]    4:     0x64400fa929ea - <core[df12db4294e9bfd3]::fmt::rt::Argument>::fmt
[INFO] [stdout]                                at /rustc/dfb0accb7f508ae8be965d8629557221c889dd98/library/core/src/fmt/rt.rs:152:76
[INFO] [stdout]    5:     0x64400fa929ea - core[df12db4294e9bfd3]::fmt::write
[INFO] [stdout]    6:     0x64400fa815fc - core[df12db4294e9bfd3]::io::write::default_write_fmt::<alloc[2182bb758b4b3781]::vec::Vec<u8>>
[INFO] [stdout]                                at /rustc/dfb0accb7f508ae8be965d8629557221c889dd98/library/core/src/io/write.rs:402:11
[INFO] [stdout]    7:     0x64400fa815fc - <alloc[2182bb758b4b3781]::vec::Vec<u8> as core[df12db4294e9bfd3]::io::write::Write>::write_fmt
[INFO] [stdout]                                at /rustc/dfb0accb7f508ae8be965d8629557221c889dd98/library/core/src/io/write.rs:335:13
[INFO] [stdout]    8:     0x64400fa57456 - <std[70759c8f55707aa4]::sys::backtrace::BacktraceLock>::print
[INFO] [stdout]                                at /rustc/dfb0accb7f508ae8be965d8629557221c889dd98/library/std/src/sys/backtrace.rs:47:9
[INFO] [stdout]    9:     0x64400fa57456 - std[70759c8f55707aa4]::panicking::default_hook::{closure#0}
[INFO] [stdout]                                at /rustc/dfb0accb7f508ae8be965d8629557221c889dd98/library/std/src/panicking.rs:292:27
[INFO] [stdout]   10:     0x64400fa74149 - std[70759c8f55707aa4]::panicking::default_hook
[INFO] [stdout]                                at /rustc/dfb0accb7f508ae8be965d8629557221c889dd98/library/std/src/panicking.rs:316:9
[INFO] [stdout]   11:     0x64400f9be900 - <alloc[2182bb758b4b3781]::boxed::Box<dyn for<'a, 'b> core[df12db4294e9bfd3]::ops::function::Fn<(&'a std[70759c8f55707aa4]::panic::PanicHookInfo<'b>,), Output = ()> + core[df12db4294e9bfd3]::marker::Send + core[df12db4294e9bfd3]::marker::Sync> as core[df12db4294e9bfd3]::ops::function::Fn<(&std[70759c8f55707aa4]::panic::PanicHookInfo,)>>::call
[INFO] [stdout]                                at /rustc/dfb0accb7f508ae8be965d8629557221c889dd98/library/alloc/src/boxed.rs:2334:9
[INFO] [stdout]   12:     0x64400f9be900 - test[9d35eded1c95d3be]::test_main_inner::<test[9d35eded1c95d3be]::test_main_static::{closure#0}>::{closure#0}
[INFO] [stdout]                                at /rustc/dfb0accb7f508ae8be965d8629557221c889dd98/library/test/src/lib.rs:155:21
[INFO] [stdout]   13:     0x64400fa74302 - <alloc[2182bb758b4b3781]::boxed::Box<dyn for<'a, 'b> core[df12db4294e9bfd3]::ops::function::Fn<(&'a std[70759c8f55707aa4]::panic::PanicHookInfo<'b>,), Output = ()> + core[df12db4294e9bfd3]::marker::Send + core[df12db4294e9bfd3]::marker::Sync> as core[df12db4294e9bfd3]::ops::function::Fn<(&std[70759c8f55707aa4]::panic::PanicHookInfo,)>>::call
[INFO] [stdout]                                at /rustc/dfb0accb7f508ae8be965d8629557221c889dd98/library/alloc/src/boxed.rs:2334:9
[INFO] [stdout]   14:     0x64400fa74302 - std[70759c8f55707aa4]::panicking::panic_with_hook
[INFO] [stderr] error: test failed, to rerun pass `--test cli`
[INFO] [stdout]                                at /rustc/dfb0accb7f508ae8be965d8629557221c889dd98/library/std/src/panicking.rs:823:13
[INFO] [stdout]   15:     0x64400fa57502 - std[70759c8f55707aa4]::panicking::panic_handler::{closure#0}
[INFO] [stdout]                                at /rustc/dfb0accb7f508ae8be965d8629557221c889dd98/library/std/src/panicking.rs:688:13
[INFO] [stdout]   16:     0x64400fa501d9 - std[70759c8f55707aa4]::sys::backtrace::__rust_end_short_backtrace::<std[70759c8f55707aa4]::panicking::panic_handler::{closure#0}, !>
[INFO] [stdout]                                at /rustc/dfb0accb7f508ae8be965d8629557221c889dd98/library/std/src/sys/backtrace.rs:182:18
[INFO] [stdout]   17:     0x64400fa580fd - __rustc[8fa7c3cbc660c2b3]::rust_begin_unwind
[INFO] [stdout]                                at /rustc/dfb0accb7f508ae8be965d8629557221c889dd98/library/std/src/panicking.rs:679:5
[INFO] [stdout]   18:     0x64400fa9325c - core[df12db4294e9bfd3]::panicking::panic_fmt
[INFO] [stdout]                                at /rustc/dfb0accb7f508ae8be965d8629557221c889dd98/library/core/src/panicking.rs:80:14
[INFO] [stdout]   19:     0x64400fa0a0f8 - core[df12db4294e9bfd3]::panicking::panic_display::<assert_cmd[fb4620c8358dd2f3]::assert::AssertError>
[INFO] [stdout]                                at /rustc/dfb0accb7f508ae8be965d8629557221c889dd98/library/core/src/panicking.rs:259:5
[INFO] [stdout]   20:     0x64400fa082a7 - <assert_cmd[fb4620c8358dd2f3]::assert::AssertError>::panic::<assert_cmd[fb4620c8358dd2f3]::assert::Assert>
[INFO] [stdout]                                at /opt/rustwide/cargo-home/registry/src/index.crates.io-1949cf8c6b5b557f/assert_cmd-2.2.2/src/assert.rs:1061:9
[INFO] [stdout]   21:     0x64400fa0b14d - <assert_cmd[fb4620c8358dd2f3]::assert::Assert>::success
[INFO] [stdout]                                at /opt/rustwide/cargo-home/registry/src/index.crates.io-1949cf8c6b5b557f/assert_cmd-2.2.2/src/assert.rs:165:25
[INFO] [stdout]   22:     0x64400f9a85d2 - cli[f19dab7a3cf9fc36]::reads_a_matlab_trace
[INFO] [stdout]                                at /opt/rustwide/workdir/tests/cli.rs:321:10
[INFO] [stdout]   23:     0x64400f9a6c97 - cli[f19dab7a3cf9fc36]::reads_a_matlab_trace::{closure#0}
[INFO] [stdout]                                at /opt/rustwide/workdir/tests/cli.rs:313:26
[INFO] [stdout]   24:     0x64400f9b15b6 - <cli[f19dab7a3cf9fc36]::reads_a_matlab_trace::{closure#0} as core[df12db4294e9bfd3]::ops::function::FnOnce<()>>::call_once
[INFO] [stdout]                                at /rustc/dfb0accb7f508ae8be965d8629557221c889dd98/library/core/src/ops/function.rs:250:5
[INFO] [stdout]   25:     0x64400f9b1beb - <fn() -> core[df12db4294e9bfd3]::result::Result<(), alloc[2182bb758b4b3781]::string::String> as core[df12db4294e9bfd3]::ops::function::FnOnce<()>>::call_once
[INFO] [stdout]                                at /rustc/dfb0accb7f508ae8be965d8629557221c889dd98/library/core/src/ops/function.rs:250:5
[INFO] [stdout]   26:     0x64400f9b1beb - test[9d35eded1c95d3be]::__rust_begin_short_backtrace::<core[df12db4294e9bfd3]::result::Result<(), alloc[2182bb758b4b3781]::string::String>, fn() -> core[df12db4294e9bfd3]::result::Result<(), alloc[2182bb758b4b3781]::string::String>>
[INFO] [stdout]                                at /rustc/dfb0accb7f508ae8be965d8629557221c889dd98/library/test/src/lib.rs:733:18
[INFO] [stdout]   27:     0x64400f9bf255 - test[9d35eded1c95d3be]::run_test_in_process::{closure#0}
[INFO] [stdout]                                at /rustc/dfb0accb7f508ae8be965d8629557221c889dd98/library/test/src/lib.rs:756:74
[INFO] [stdout]   28:     0x64400f9bf255 - <core[df12db4294e9bfd3]::panic::unwind_safe::AssertUnwindSafe<test[9d35eded1c95d3be]::run_test_in_process::{closure#0}> as core[df12db4294e9bfd3]::ops::function::FnOnce<()>>::call_once
[INFO] [stdout]                                at /rustc/dfb0accb7f508ae8be965d8629557221c889dd98/library/core/src/panic/unwind_safe.rs:275:9
[INFO] [stdout]   29:     0x64400f9bf255 - std[70759c8f55707aa4]::panicking::catch_unwind::do_call::<core[df12db4294e9bfd3]::panic::unwind_safe::AssertUnwindSafe<test[9d35eded1c95d3be]::run_test_in_process::{closure#0}>, core[df12db4294e9bfd3]::result::Result<(), alloc[2182bb758b4b3781]::string::String>>
[INFO] [stdout]                                at /rustc/dfb0accb7f508ae8be965d8629557221c889dd98/library/std/src/panicking.rs:576:43
[INFO] [stdout]   30:     0x64400f9bf255 - std[70759c8f55707aa4]::panicking::catch_unwind::<core[df12db4294e9bfd3]::result::Result<(), alloc[2182bb758b4b3781]::string::String>, core[df12db4294e9bfd3]::panic::unwind_safe::AssertUnwindSafe<test[9d35eded1c95d3be]::run_test_in_process::{closure#0}>>
[INFO] [stdout]                                at /rustc/dfb0accb7f508ae8be965d8629557221c889dd98/library/std/src/panicking.rs:544:19
[INFO] [stdout]   31:     0x64400f9bf255 - std[70759c8f55707aa4]::panic::catch_unwind::<core[df12db4294e9bfd3]::panic::unwind_safe::AssertUnwindSafe<test[9d35eded1c95d3be]::run_test_in_process::{closure#0}>, core[df12db4294e9bfd3]::result::Result<(), alloc[2182bb758b4b3781]::string::String>>
[INFO] [stdout]                                at /rustc/dfb0accb7f508ae8be965d8629557221c889dd98/library/std/src/panic.rs:359:14
[INFO] [stdout]   32:     0x64400f9bf255 - test[9d35eded1c95d3be]::run_test_in_process
[INFO] [stdout]                                at /rustc/dfb0accb7f508ae8be965d8629557221c889dd98/library/test/src/lib.rs:756:27
[INFO] [stdout]   33:     0x64400f9bf255 - test[9d35eded1c95d3be]::run_test::{closure#0}
[INFO] [stdout]                                at /rustc/dfb0accb7f508ae8be965d8629557221c889dd98/library/test/src/lib.rs:677:43
[INFO] [stdout]   34:     0x64400f9b8b14 - test[9d35eded1c95d3be]::run_test::{closure#1}
[INFO] [stdout]                                at /rustc/dfb0accb7f508ae8be965d8629557221c889dd98/library/test/src/lib.rs:707:41
[INFO] [stdout]   35:     0x64400f9b8b14 - std[70759c8f55707aa4]::sys::backtrace::__rust_begin_short_backtrace::<test[9d35eded1c95d3be]::run_test::{closure#1}, ()>
[INFO] [stdout]                                at /rustc/dfb0accb7f508ae8be965d8629557221c889dd98/library/std/src/sys/backtrace.rs:166:18
[INFO] [stdout]   36:     0x64400f9c23b2 - std[70759c8f55707aa4]::thread::lifecycle::spawn_unchecked::<test[9d35eded1c95d3be]::run_test::{closure#1}, ()>::{closure#1}::{closure#0}
[INFO] [stdout]                                at /rustc/dfb0accb7f508ae8be965d8629557221c889dd98/library/std/src/thread/lifecycle.rs:70:13
[INFO] [stdout]   37:     0x64400f9c23b2 - <core[df12db4294e9bfd3]::panic::unwind_safe::AssertUnwindSafe<std[70759c8f55707aa4]::thread::lifecycle::spawn_unchecked<test[9d35eded1c95d3be]::run_test::{closure#1}, ()>::{closure#1}::{closure#0}> as core[df12db4294e9bfd3]::ops::function::FnOnce<()>>::call_once
[INFO] [stdout]                                at /rustc/dfb0accb7f508ae8be965d8629557221c889dd98/library/core/src/panic/unwind_safe.rs:275:9
[INFO] [stdout]   38:     0x64400f9c23b2 - std[70759c8f55707aa4]::panicking::catch_unwind::do_call::<core[df12db4294e9bfd3]::panic::unwind_safe::AssertUnwindSafe<std[70759c8f55707aa4]::thread::lifecycle::spawn_unchecked<test[9d35eded1c95d3be]::run_test::{closure#1}, ()>::{closure#1}::{closure#0}>, ()>
[INFO] [stdout]                                at /rustc/dfb0accb7f508ae8be965d8629557221c889dd98/library/std/src/panicking.rs:576:43
[INFO] [stdout]   39:     0x64400f9c23b2 - std[70759c8f55707aa4]::panicking::catch_unwind::<(), core[df12db4294e9bfd3]::panic::unwind_safe::AssertUnwindSafe<std[70759c8f55707aa4]::thread::lifecycle::spawn_unchecked<test[9d35eded1c95d3be]::run_test::{closure#1}, ()>::{closure#1}::{closure#0}>>
[INFO] [stdout]                                at /rustc/dfb0accb7f508ae8be965d8629557221c889dd98/library/std/src/panicking.rs:544:19
[INFO] [stdout]   40:     0x64400f9c23b2 - std[70759c8f55707aa4]::panic::catch_unwind::<core[df12db4294e9bfd3]::panic::unwind_safe::AssertUnwindSafe<std[70759c8f55707aa4]::thread::lifecycle::spawn_unchecked<test[9d35eded1c95d3be]::run_test::{closure#1}, ()>::{closure#1}::{closure#0}>, ()>
[INFO] [stdout]                                at /rustc/dfb0accb7f508ae8be965d8629557221c889dd98/library/std/src/panic.rs:359:14
[INFO] [stdout]   41:     0x64400f9c23b2 - std[70759c8f55707aa4]::thread::lifecycle::spawn_unchecked::<test[9d35eded1c95d3be]::run_test::{closure#1}, ()>::{closure#1}
[INFO] [stdout]                                at /rustc/dfb0accb7f508ae8be965d8629557221c889dd98/library/std/src/thread/lifecycle.rs:68:26
[INFO] [stdout]   42:     0x64400f9c23b2 - <std[70759c8f55707aa4]::thread::lifecycle::spawn_unchecked<test[9d35eded1c95d3be]::run_test::{closure#1}, ()>::{closure#1} as core[df12db4294e9bfd3]::ops::function::FnOnce<()>>::call_once::{shim:vtable#0}
[INFO] [stdout]                                at /rustc/dfb0accb7f508ae8be965d8629557221c889dd98/library/core/src/ops/function.rs:250:5
[INFO] [stdout]   43:     0x64400fa7b539 - <alloc[2182bb758b4b3781]::boxed::Box<dyn core[df12db4294e9bfd3]::ops::function::FnOnce<(), Output = ()> + core[df12db4294e9bfd3]::marker::Send> as core[df12db4294e9bfd3]::ops::function::FnOnce<()>>::call_once
[INFO] [stdout]                                at /rustc/dfb0accb7f508ae8be965d8629557221c889dd98/library/alloc/src/boxed.rs:2320:9
[INFO] [stdout]   44:     0x64400fa7b539 - <std[70759c8f55707aa4]::sys::thread::unix::Thread>::new::thread_start
[INFO] [stdout]                                at /rustc/dfb0accb7f508ae8be965d8629557221c889dd98/library/std/src/sys/thread/unix.rs:123:17
[INFO] [stdout]   45:     0x7c7369456dfa - <unknown>
[INFO] [stdout]   46:     0x7c73694ea3d4 - clone
[INFO] [stdout]   47:                0x0 - <unknown>
[INFO] [stdout] 
[INFO] [stdout] 
[INFO] [stdout] failures:
[INFO] [stdout]     reads_a_matlab_trace
[INFO] [stdout] 
[INFO] [stdout] test result: FAILED. 39 passed; 1 failed; 0 ignored; 0 measured; 0 filtered out; finished in 0.56s
[INFO] [stdout] 
[INFO] running `Command { std: "docker" "inspect" "01103e773ee4066c429b140ccc5c45a3e36c388753ecd3963d383965718b5898", kill_on_drop: false }`
[INFO] running `Command { std: "docker" "rm" "-f" "01103e773ee4066c429b140ccc5c45a3e36c388753ecd3963d383965718b5898", kill_on_drop: false }`
[INFO] [stdout] 01103e773ee4066c429b140ccc5c45a3e36c388753ecd3963d383965718b5898
