[INFO] fetching crate sel-rs 0.2.2...
[INFO] testing sel-rs-0.2.2 against 1.99.0-beta.8 for beta-1.100-2
[INFO] extracting crate sel-rs 0.2.2 into /workspace/builds/worker-0-tc1/source
[INFO] started tweaking crates.io crate sel-rs 0.2.2
[INFO] removed 0 missing tests
[INFO] finished tweaking crates.io crate sel-rs 0.2.2
[INFO] tweaked toml for crates.io crate sel-rs 0.2.2 written to /workspace/builds/worker-0-tc1/source/Cargo.toml
[INFO] validating manifest of crates.io crate sel-rs 0.2.2 on toolchain 1.99.0-beta.8
[INFO] running `Command { std: CARGO_HOME="/workspace/cargo-home" RUSTUP_HOME="/workspace/rustup-home" "/workspace/cargo-home/bin/cargo" "+1.99.0-beta.8" "metadata" "--manifest-path" "Cargo.toml" "--no-deps", kill_on_drop: false }`
[INFO] crate crates.io crate sel-rs 0.2.2 already has a lockfile, it will not be regenerated
[INFO] running `Command { std: CARGO_HOME="/workspace/cargo-home" RUSTUP_HOME="/workspace/rustup-home" "/workspace/cargo-home/bin/cargo" "+1.99.0-beta.8" "fetch" "--manifest-path" "Cargo.toml", kill_on_drop: false }`
[INFO] running `Command { std: "docker" "create" "-v" "/var/lib/crater-agent-workspace/builds/worker-0-tc1/source:/opt/rustwide/workdir:ro,Z" "-v" "/var/lib/crater-agent-workspace/builds/worker-0-tc1/target:/opt/rustwide/target:rw,Z" "-v" "/var/lib/crater-agent-workspace/cargo-home:/opt/rustwide/cargo-home:ro,Z" "-v" "/var/lib/crater-agent-workspace/rustup-home:/opt/rustwide/rustup-home:ro,Z" "-m" "1610612736" "--network" "none" "ghcr.io/rust-lang/crates-build-env/linux@sha256:3111399a4047eeb3a02b7a90e478d715f38a8c6669b5c4b49d30a17385265909" "sleep" "infinity", kill_on_drop: false }`
[INFO] [stdout] b3eab7603d53989adea82cfe7475c432e62e4d63424ca8afc8b7c181daa5beb7
[INFO] running `Command { std: "docker" "start" "b3eab7603d53989adea82cfe7475c432e62e4d63424ca8afc8b7c181daa5beb7", kill_on_drop: false }`
[INFO] running `Command { std: "docker" "inspect" "b3eab7603d53989adea82cfe7475c432e62e4d63424ca8afc8b7c181daa5beb7", kill_on_drop: false }`
[INFO] running `Command { std: "docker" "exec" "-e" "SOURCE_DIR=/opt/rustwide/workdir" "-e" "CARGO_HOME=/opt/rustwide/cargo-home" "-e" "RUSTUP_HOME=/opt/rustwide/rustup-home" "-e" "CARGO_TARGET_DIR=/opt/rustwide/target" "-w" "/opt/rustwide/workdir" "--user" "0:0" "b3eab7603d53989adea82cfe7475c432e62e4d63424ca8afc8b7c181daa5beb7" "/opt/rustwide/cargo-home/bin/cargo" "+1.99.0-beta.8" "metadata" "--no-deps" "--format-version=1", kill_on_drop: false }`
[INFO] running `Command { std: "docker" "inspect" "b3eab7603d53989adea82cfe7475c432e62e4d63424ca8afc8b7c181daa5beb7", kill_on_drop: false }`
[INFO] running `Command { std: "docker" "exec" "-e" "SOURCE_DIR=/opt/rustwide/workdir" "-e" "CARGO_HOME=/opt/rustwide/cargo-home" "-e" "RUSTUP_HOME=/opt/rustwide/rustup-home" "-e" "CARGO_TARGET_DIR=/opt/rustwide/target" "-e" "CARGO_INCREMENTAL=0" "-e" "RUST_BACKTRACE=full" "-e" "RUSTFLAGS=--cap-lints=warn" "-e" "RUSTDOCFLAGS=--cap-lints=warn" "-w" "/opt/rustwide/workdir" "--user" "0:0" "b3eab7603d53989adea82cfe7475c432e62e4d63424ca8afc8b7c181daa5beb7" "/opt/rustwide/cargo-home/bin/cargo" "+1.99.0-beta.8" "build" "--frozen" "--message-format=json", kill_on_drop: false }`
[INFO] [stderr]    Compiling regex-automata v0.4.14
[INFO] [stderr]    Compiling thiserror-impl v2.0.18
[INFO] [stderr]    Compiling thiserror v2.0.18
[INFO] [stderr]    Compiling regex v1.12.3
[INFO] [stderr]    Compiling sel-rs v0.2.2 (/opt/rustwide/workdir)
[INFO] [stderr]     Finished `dev` profile [unoptimized + debuginfo] target(s) in 5.55s
[INFO] running `Command { std: "docker" "inspect" "b3eab7603d53989adea82cfe7475c432e62e4d63424ca8afc8b7c181daa5beb7", kill_on_drop: false }`
[INFO] running `Command { std: "docker" "exec" "-e" "SOURCE_DIR=/opt/rustwide/workdir" "-e" "CARGO_HOME=/opt/rustwide/cargo-home" "-e" "RUSTUP_HOME=/opt/rustwide/rustup-home" "-e" "CARGO_TARGET_DIR=/opt/rustwide/target" "-e" "CARGO_INCREMENTAL=0" "-e" "RUST_BACKTRACE=full" "-e" "RUSTFLAGS=--cap-lints=warn" "-e" "RUSTDOCFLAGS=--cap-lints=warn" "-w" "/opt/rustwide/workdir" "--user" "0:0" "b3eab7603d53989adea82cfe7475c432e62e4d63424ca8afc8b7c181daa5beb7" "/opt/rustwide/cargo-home/bin/cargo" "+1.99.0-beta.8" "test" "--frozen" "--no-run" "--message-format=json", kill_on_drop: false }`
[INFO] [stderr]    Compiling getrandom v0.4.2
[INFO] [stderr]    Compiling wait-timeout v0.2.1
[INFO] [stderr]    Compiling rand v0.9.4
[INFO] [stderr]    Compiling rand_xorshift v0.4.0
[INFO] [stderr]    Compiling is-terminal v0.4.17
[INFO] [stderr]    Compiling rayon v1.12.0
[INFO] [stderr]    Compiling rand_chacha v0.9.0
[INFO] [stderr]    Compiling tempfile v3.27.0
[INFO] [stderr]    Compiling rusty-fork v0.3.1
[INFO] [stderr]    Compiling proptest v1.11.0
[INFO] [stderr]    Compiling criterion v0.5.1
[INFO] [stderr]    Compiling sel-rs v0.2.2 (/opt/rustwide/workdir)
[INFO] [stderr]     Finished `test` profile [unoptimized + debuginfo] target(s) in 13.03s
[INFO] running `Command { std: "docker" "inspect" "b3eab7603d53989adea82cfe7475c432e62e4d63424ca8afc8b7c181daa5beb7", kill_on_drop: false }`
[INFO] running `Command { std: "docker" "exec" "-e" "SOURCE_DIR=/opt/rustwide/workdir" "-e" "CARGO_HOME=/opt/rustwide/cargo-home" "-e" "RUSTUP_HOME=/opt/rustwide/rustup-home" "-e" "CARGO_TARGET_DIR=/opt/rustwide/target" "-e" "CARGO_INCREMENTAL=0" "-e" "RUST_BACKTRACE=full" "-e" "RUSTFLAGS=--cap-lints=warn" "-e" "RUSTDOCFLAGS=--cap-lints=warn" "-w" "/opt/rustwide/workdir" "--user" "0:0" "b3eab7603d53989adea82cfe7475c432e62e4d63424ca8afc8b7c181daa5beb7" "/opt/rustwide/cargo-home/bin/cargo" "+1.99.0-beta.8" "test" "--frozen", kill_on_drop: false }`
[INFO] [stderr]     Finished `test` profile [unoptimized + debuginfo] target(s) in 0.15s
[INFO] [stderr]      Running unittests src/lib.rs (/opt/rustwide/target/debug/deps/sel-b13d5fb2f9323c03)
[INFO] [stdout] 
[INFO] [stdout] running 52 tests
[INFO] [stdout] test context::tests::line_context_emits_around_hit ... ok
[INFO] [stdout] test context::tests::overlapping_contexts_do_not_duplicate ... ok
[INFO] [stdout] test error::tests::io_error_includes_path ... ok
[INFO] [stdout] test cli::tests::test_cli_regex_multiple_files ... ok
[INFO] [stdout] test cli::tests::test_cli_with_context ... ok
[INFO] [stdout] test cli::tests::test_cli_regex_mode ... ok
[INFO] [stdout] test cli::tests::test_cli_with_selector ... ok
[INFO] [stdout] test error::tests::output_exists_names_path ... ok
[INFO] [stdout] test format::plain::tests::spans_highlight_when_color_enabled ... ok
[INFO] [stdout] test cli::tests::test_looks_like_selector ... ok
[INFO] [stdout] test context::tests::no_context_emits_only_hits ... ok
[INFO] [stdout] test cli::tests::test_cli_without_selector ... ok
[INFO] [stdout] test format::plain::tests::target_gets_marker_and_prefix ... ok
[INFO] [stdout] test format::fragment::tests::renders_fragment_with_caret_under_col ... ok
[INFO] [stdout] test format::plain::tests::width_grows_for_large_line_numbers ... ok
[INFO] [stdout] test matcher::lines::tests::mixed_list_merges_ranges ... ok
[INFO] [stdout] test selector::tests::line_spec_contains ... ok
[INFO] [stdout] test selector::tests::normalize_complex_merge ... ok
[INFO] [stdout] test selector::tests::normalize_empty_selector ... ok
[INFO] [stdout] test selector::tests::normalize_keeps_non_adjacent_ranges_separate ... ok
[INFO] [stdout] test selector::tests::normalize_merges_adjacent_ranges ... ok
[INFO] [stdout] test pipeline::tests::formatter_write_errors_are_returned ... ok
[INFO] [stdout] test selector::tests::normalize_merges_overlapping_ranges ... ok
[INFO] [stdout] test matcher::regex::tests::invalid_regex_errors ... ok
[INFO] [stdout] test matcher::regex::tests::basic_match_gives_spans ... ok
[INFO] [stdout] test selector::tests::normalize_merges_single_lines_into_ranges ... ok
[INFO] [stdout] test selector::tests::parse_empty_selector ... ok
[INFO] [stdout] test selector::tests::parse_single_line ... ok
[INFO] [stdout] test matcher::lines::tests::single_line_hits_only_that_line ... ok
[INFO] [stdout] test matcher::position::tests::multiple_positions_hit_in_order ... ok
[INFO] [stdout] test matcher::position::tests::single_position_hits_correct_line_with_col ... ok
[INFO] [stdout] test selector::tests::reject_zero_line ... ok
[INFO] [stdout] test matcher::lines::tests::range_hits_inclusive ... ok
[INFO] [stdout] test matcher::regex::tests::invert_flips_hit_and_clears_spans ... ok
[INFO] [stdout] test selector::tests::parse_position ... ok
[INFO] [stdout] test selector::tests::reject_invalid_range ... ok
[INFO] [stdout] test selector::tests::reject_mixed_selector ... ok
[INFO] [stdout] test format::plain::tests::context_has_no_marker ... ok
[INFO] [stdout] test sink::file::tests::create_new_succeeds_on_fresh_path ... ok
[INFO] [stdout] test selector::tests::normalize_removes_duplicate_lines ... ok
[INFO] [stdout] test error::tests::positional_with_stdin_has_clear_message ... ok
[INFO] [stdout] test format::plain::tests::filename_prefix_keeps_padded_line_number ... ok
[INFO] [stdout] test selector::tests::parse_multiple_positions ... ok
[INFO] [stdout] test selector::tests::parse_range ... ok
[INFO] [stdout] test source::file::tests::handles_crlf ... ok
[INFO] [stdout] test sink::file::tests::create_fails_when_exists_without_force ... ok
[INFO] [stdout] test source::file::tests::reads_three_lines_numbered ... ok
[INFO] [stdout] test selector::tests::parse_multiple_specs ... ok
[INFO] [stdout] test types::tests::line_as_str_lossy_handles_invalid_utf8 ... ok
[INFO] [stdout] test sink::file::tests::force_truncates_existing ... ok
[INFO] [stdout] test types::tests::match_info_default_is_miss ... ok
[INFO] [stdout] test source::file::tests::nonexistent_file_returns_io_error_with_path ... ok
[INFO] [stdout] 
[INFO] [stdout] test result: ok. 52 passed; 0 failed; 0 ignored; 0 measured; 0 filtered out; finished in 0.01s
[INFO] [stdout] 
[INFO] [stdout] 
[INFO] [stderr]      Running unittests src/main.rs (/opt/rustwide/target/debug/deps/sel-d37e873cfe31f960)
[INFO] [stdout] running 0 tests
[INFO] [stderr]      Running tests/basic.rs (/opt/rustwide/target/debug/deps/basic-dca835c6ef160af9)
[INFO] [stdout] 
[INFO] [stdout] test result: ok. 0 passed; 0 failed; 0 ignored; 0 measured; 0 filtered out; finished in 0.00s
[INFO] [stdout] 
[INFO] [stdout] 
[INFO] [stdout] running 28 tests
[INFO] [stdout] test test_duplicate_selector ... ok
[INFO] [stdout] test test_no_arguments ... ok
[INFO] [stdout] test test_inverted_range_error ... ok
[INFO] [stdout] test test_empty_file ... ok
[INFO] [stdout] test test_binary_file ... ok
[INFO] [stdout] test test_comma_separated_single_lines ... ok
[INFO] [stdout] test test_lines_with_special_chars ... ok
[INFO] [stdout] test test_adjacent_ranges ... ok
[INFO] [stdout] test test_help_flag ... ok
[INFO] [stdout] test test_color_always_flag ... ok
[INFO] [stdout] test test_file_not_found ... ok
[INFO] [stdout] test test_mixed_ranges_and_singles ... ok
[INFO] [stdout] test test_line_one_indexing ... ok
[INFO] [stdout] test test_many_lines ... ok
[INFO] [stdout] test test_color_never_flag ... ok
[INFO] [stdout] test test_all_lines ... ok
[INFO] [stdout] test test_no_trailing_newline ... ok
[INFO] [stdout] test test_trailing_newline_handling ... ok
[INFO] [stdout] test test_very_long_line ... ok
[INFO] [stdout] test test_zero_line_error ... ok
[INFO] [stdout] test test_range ... ok
[INFO] [stdout] test test_version_flag ... FAILED
[INFO] [stdout] test test_stdin_placeholder ... ok
[INFO] [stdout] test test_single_line ... ok
[INFO] [stdout] test test_tabs_preserved ... ok
[INFO] [stdout] test test_single_character_lines ... ok
[INFO] [stdout] test test_utf8_content ... ok
[INFO] [stdout] test test_windows_line_endings ... ok
[INFO] [stdout] 
[INFO] [stdout] failures:
[INFO] [stdout] 
[INFO] [stdout] ---- test_version_flag stdout ----
[INFO] [stdout] 
[INFO] [stdout] thread 'test_version_flag' (987) panicked at tests/basic.rs:110:5:
[INFO] [stdout] expected version 4.5 in: sel 0.2.2
[INFO] [stdout] 
[INFO] [stdout] stack backtrace:
[INFO] [stdout]    0:     0x61a955a34fd1 - std[70759c8f55707aa4]::backtrace_rs::backtrace::libunwind::trace
[INFO] [stdout]                                at /rustc/dfb0accb7f508ae8be965d8629557221c889dd98/library/std/src/../../backtrace/src/backtrace/libunwind.rs:117:9
[INFO] [stdout]    1:     0x61a955a34fd1 - std[70759c8f55707aa4]::backtrace_rs::backtrace::trace_unsynchronized::<std[70759c8f55707aa4]::sys::backtrace::_print_fmt::{closure#1}>
[INFO] [stdout]                                at /rustc/dfb0accb7f508ae8be965d8629557221c889dd98/library/std/src/../../backtrace/src/backtrace/mod.rs:66:14
[INFO] [stdout]    2:     0x61a955a34fd1 - std[70759c8f55707aa4]::sys::backtrace::_print_fmt
[INFO] [stdout]                                at /rustc/dfb0accb7f508ae8be965d8629557221c889dd98/library/std/src/sys/backtrace.rs:74:9
[INFO] [stdout]    3:     0x61a955a34fd1 - <<std[70759c8f55707aa4]::sys::backtrace::BacktraceLock>::print::DisplayBacktrace as core[df12db4294e9bfd3]::fmt::Display>::fmt
[INFO] [stdout]                                at /rustc/dfb0accb7f508ae8be965d8629557221c889dd98/library/std/src/sys/backtrace.rs:44:26
[INFO] [stdout]    4:     0x61a955a493ca - <core[df12db4294e9bfd3]::fmt::rt::Argument>::fmt
[INFO] [stdout]                                at /rustc/dfb0accb7f508ae8be965d8629557221c889dd98/library/core/src/fmt/rt.rs:152:76
[INFO] [stdout]    5:     0x61a955a493ca - core[df12db4294e9bfd3]::fmt::write
[INFO] [stdout]    6:     0x61a955a3946c - core[df12db4294e9bfd3]::io::write::default_write_fmt::<alloc[2182bb758b4b3781]::vec::Vec<u8>>
[INFO] [stdout]                                at /rustc/dfb0accb7f508ae8be965d8629557221c889dd98/library/core/src/io/write.rs:402:11
[INFO] [stdout]    7:     0x61a955a3946c - <alloc[2182bb758b4b3781]::vec::Vec<u8> as core[df12db4294e9bfd3]::io::write::Write>::write_fmt
[INFO] [stdout]                                at /rustc/dfb0accb7f508ae8be965d8629557221c889dd98/library/core/src/io/write.rs:335:13
[INFO] [stdout]    8:     0x61a955a10cf6 - <std[70759c8f55707aa4]::sys::backtrace::BacktraceLock>::print
[INFO] [stdout]                                at /rustc/dfb0accb7f508ae8be965d8629557221c889dd98/library/std/src/sys/backtrace.rs:47:9
[INFO] [stdout]    9:     0x61a955a10cf6 - std[70759c8f55707aa4]::panicking::default_hook::{closure#0}
[INFO] [stdout]                                at /rustc/dfb0accb7f508ae8be965d8629557221c889dd98/library/std/src/panicking.rs:292:27
[INFO] [stdout]   10:     0x61a955a2d2a9 - std[70759c8f55707aa4]::panicking::default_hook
[INFO] [stdout]                                at /rustc/dfb0accb7f508ae8be965d8629557221c889dd98/library/std/src/panicking.rs:316:9
[INFO] [stdout]   11:     0x61a9559bb640 - <alloc[2182bb758b4b3781]::boxed::Box<dyn for<'a, 'b> core[df12db4294e9bfd3]::ops::function::Fn<(&'a std[70759c8f55707aa4]::panic::PanicHookInfo<'b>,), Output = ()> + core[df12db4294e9bfd3]::marker::Send + core[df12db4294e9bfd3]::marker::Sync> as core[df12db4294e9bfd3]::ops::function::Fn<(&std[70759c8f55707aa4]::panic::PanicHookInfo,)>>::call
[INFO] [stdout]                                at /rustc/dfb0accb7f508ae8be965d8629557221c889dd98/library/alloc/src/boxed.rs:2334:9
[INFO] [stdout]   12:     0x61a9559bb640 - test[9d35eded1c95d3be]::test_main_inner::<test[9d35eded1c95d3be]::test_main_static::{closure#0}>::{closure#0}
[INFO] [stdout]                                at /rustc/dfb0accb7f508ae8be965d8629557221c889dd98/library/test/src/lib.rs:155:21
[INFO] [stdout]   13:     0x61a955a2d462 - <alloc[2182bb758b4b3781]::boxed::Box<dyn for<'a, 'b> core[df12db4294e9bfd3]::ops::function::Fn<(&'a std[70759c8f55707aa4]::panic::PanicHookInfo<'b>,), Output = ()> + core[df12db4294e9bfd3]::marker::Send + core[df12db4294e9bfd3]::marker::Sync> as core[df12db4294e9bfd3]::ops::function::Fn<(&std[70759c8f55707aa4]::panic::PanicHookInfo,)>>::call
[INFO] [stdout]                                at /rustc/dfb0accb7f508ae8be965d8629557221c889dd98/library/alloc/src/boxed.rs:2334:9
[INFO] [stdout]   14:     0x61a955a2d462 - std[70759c8f55707aa4]::panicking::panic_with_hook
[INFO] [stdout]                                at /rustc/dfb0accb7f508ae8be965d8629557221c889dd98/library/std/src/panicking.rs:823:13
[INFO] [stdout]   15:     0x61a955a10da2 - std[70759c8f55707aa4]::panicking::panic_handler::{closure#0}
[INFO] [stdout]                                at /rustc/dfb0accb7f508ae8be965d8629557221c889dd98/library/std/src/panicking.rs:688:13
[INFO] [stdout]   16:     0x61a955a098e9 - std[70759c8f55707aa4]::sys::backtrace::__rust_end_short_backtrace::<std[70759c8f55707aa4]::panicking::panic_handler::{closure#0}, !>
[INFO] [stdout]                                at /rustc/dfb0accb7f508ae8be965d8629557221c889dd98/library/std/src/sys/backtrace.rs:182:18
[INFO] [stdout]   17:     0x61a955a1199d - __rustc[8fa7c3cbc660c2b3]::rust_begin_unwind
[INFO] [stdout]                                at /rustc/dfb0accb7f508ae8be965d8629557221c889dd98/library/std/src/panicking.rs:679:5
[INFO] [stdout]   18:     0x61a955a49b5c - core[df12db4294e9bfd3]::panicking::panic_fmt
[INFO] [stdout]                                at /rustc/dfb0accb7f508ae8be965d8629557221c889dd98/library/core/src/panicking.rs:80:14
[INFO] [stdout]   19:     0x61a9559a4866 - basic[b73c5c8981977c18]::test_version_flag
[INFO] [stdout]                                at /opt/rustwide/workdir/tests/basic.rs:110:5
[INFO] [stdout]   20:     0x61a9559a17d7 - basic[b73c5c8981977c18]::test_version_flag::{closure#0}
[INFO] [stdout]                                at /opt/rustwide/workdir/tests/basic.rs:100:23
[INFO] [stdout]   21:     0x61a9559a0716 - <basic[b73c5c8981977c18]::test_version_flag::{closure#0} as core[df12db4294e9bfd3]::ops::function::FnOnce<()>>::call_once
[INFO] [stdout]                                at /rustc/dfb0accb7f508ae8be965d8629557221c889dd98/library/core/src/ops/function.rs:250:5
[INFO] [stdout]   22:     0x61a9559ae92b - <fn() -> core[df12db4294e9bfd3]::result::Result<(), alloc[2182bb758b4b3781]::string::String> as core[df12db4294e9bfd3]::ops::function::FnOnce<()>>::call_once
[INFO] [stdout]                                at /rustc/dfb0accb7f508ae8be965d8629557221c889dd98/library/core/src/ops/function.rs:250:5
[INFO] [stdout]   23:     0x61a9559ae92b - test[9d35eded1c95d3be]::__rust_begin_short_backtrace::<core[df12db4294e9bfd3]::result::Result<(), alloc[2182bb758b4b3781]::string::String>, fn() -> core[df12db4294e9bfd3]::result::Result<(), alloc[2182bb758b4b3781]::string::String>>
[INFO] [stdout]                                at /rustc/dfb0accb7f508ae8be965d8629557221c889dd98/library/test/src/lib.rs:733:18
[INFO] [stdout]   24:     0x61a9559bbf95 - test[9d35eded1c95d3be]::run_test_in_process::{closure#0}
[INFO] [stdout]                                at /rustc/dfb0accb7f508ae8be965d8629557221c889dd98/library/test/src/lib.rs:756:74
[INFO] [stdout]   25:     0x61a9559bbf95 - <core[df12db4294e9bfd3]::panic::unwind_safe::AssertUnwindSafe<test[9d35eded1c95d3be]::run_test_in_process::{closure#0}> as core[df12db4294e9bfd3]::ops::function::FnOnce<()>>::call_once
[INFO] [stdout]                                at /rustc/dfb0accb7f508ae8be965d8629557221c889dd98/library/core/src/panic/unwind_safe.rs:275:9
[INFO] [stdout]   26:     0x61a9559bbf95 - std[70759c8f55707aa4]::panicking::catch_unwind::do_call::<core[df12db4294e9bfd3]::panic::unwind_safe::AssertUnwindSafe<test[9d35eded1c95d3be]::run_test_in_process::{closure#0}>, core[df12db4294e9bfd3]::result::Result<(), alloc[2182bb758b4b3781]::string::String>>
[INFO] [stdout]                                at /rustc/dfb0accb7f508ae8be965d8629557221c889dd98/library/std/src/panicking.rs:576:43
[INFO] [stdout]   27:     0x61a9559bbf95 - std[70759c8f55707aa4]::panicking::catch_unwind::<core[df12db4294e9bfd3]::result::Result<(), alloc[2182bb758b4b3781]::string::String>, core[df12db4294e9bfd3]::panic::unwind_safe::AssertUnwindSafe<test[9d35eded1c95d3be]::run_test_in_process::{closure#0}>>
[INFO] [stdout]                                at /rustc/dfb0accb7f508ae8be965d8629557221c889dd98/library/std/src/panicking.rs:544:19
[INFO] [stdout]   28:     0x61a9559bbf95 - std[70759c8f55707aa4]::panic::catch_unwind::<core[df12db4294e9bfd3]::panic::unwind_safe::AssertUnwindSafe<test[9d35eded1c95d3be]::run_test_in_process::{closure#0}>, core[df12db4294e9bfd3]::result::Result<(), alloc[2182bb758b4b3781]::string::String>>
[INFO] [stdout]                                at /rustc/dfb0accb7f508ae8be965d8629557221c889dd98/library/std/src/panic.rs:359:14
[INFO] [stdout]   29:     0x61a9559bbf95 - test[9d35eded1c95d3be]::run_test_in_process
[INFO] [stdout]                                at /rustc/dfb0accb7f508ae8be965d8629557221c889dd98/library/test/src/lib.rs:756:27
[INFO] [stdout]   30:     0x61a9559bbf95 - test[9d35eded1c95d3be]::run_test::{closure#0}
[INFO] [stdout]                                at /rustc/dfb0accb7f508ae8be965d8629557221c889dd98/library/test/src/lib.rs:677:43
[INFO] [stdout]   31:     0x61a9559b5854 - test[9d35eded1c95d3be]::run_test::{closure#1}
[INFO] [stdout]                                at /rustc/dfb0accb7f508ae8be965d8629557221c889dd98/library/test/src/lib.rs:707:41
[INFO] [stdout]   32:     0x61a9559b5854 - std[70759c8f55707aa4]::sys::backtrace::__rust_begin_short_backtrace::<test[9d35eded1c95d3be]::run_test::{closure#1}, ()>
[INFO] [stdout]                                at /rustc/dfb0accb7f508ae8be965d8629557221c889dd98/library/std/src/sys/backtrace.rs:166:18
[INFO] [stdout]   33:     0x61a9559bf0f2 - std[70759c8f55707aa4]::thread::lifecycle::spawn_unchecked::<test[9d35eded1c95d3be]::run_test::{closure#1}, ()>::{closure#1}::{closure#0}
[INFO] [stdout]                                at /rustc/dfb0accb7f508ae8be965d8629557221c889dd98/library/std/src/thread/lifecycle.rs:70:13
[INFO] [stdout]   34:     0x61a9559bf0f2 - <core[df12db4294e9bfd3]::panic::unwind_safe::AssertUnwindSafe<std[70759c8f55707aa4]::thread::lifecycle::spawn_unchecked<test[9d35eded1c95d3be]::run_test::{closure#1}, ()>::{closure#1}::{closure#0}> as core[df12db4294e9bfd3]::ops::function::FnOnce<()>>::call_once
[INFO] [stdout]                                at /rustc/dfb0accb7f508ae8be965d8629557221c889dd98/library/core/src/panic/unwind_safe.rs:275:9
[INFO] [stdout]   35:     0x61a9559bf0f2 - std[70759c8f55707aa4]::panicking::catch_unwind::do_call::<core[df12db4294e9bfd3]::panic::unwind_safe::AssertUnwindSafe<std[70759c8f55707aa4]::thread::lifecycle::spawn_unchecked<test[9d35eded1c95d3be]::run_test::{closure#1}, ()>::{closure#1}::{closure#0}>, ()>
[INFO] [stdout]                                at /rustc/dfb0accb7f508ae8be965d8629557221c889dd98/library/std/src/panicking.rs:576:43
[INFO] [stdout]   36:     0x61a9559bf0f2 - std[70759c8f55707aa4]::panicking::catch_unwind::<(), core[df12db4294e9bfd3]::panic::unwind_safe::AssertUnwindSafe<std[70759c8f55707aa4]::thread::lifecycle::spawn_unchecked<test[9d35eded1c95d3be]::run_test::{closure#1}, ()>::{closure#1}::{closure#0}>>
[INFO] [stdout]                                at /rustc/dfb0accb7f508ae8be965d8629557221c889dd98/library/std/src/panicking.rs:544:19
[INFO] [stdout]   37:     0x61a9559bf0f2 - std[70759c8f55707aa4]::panic::catch_unwind::<core[df12db4294e9bfd3]::panic::unwind_safe::AssertUnwindSafe<std[70759c8f55707aa4]::thread::lifecycle::spawn_unchecked<test[9d35eded1c95d3be]::run_test::{closure#1}, ()>::{closure#1}::{closure#0}>, ()>
[INFO] [stdout]                                at /rustc/dfb0accb7f508ae8be965d8629557221c889dd98/library/std/src/panic.rs:359:14
[INFO] [stdout]   38:     0x61a9559bf0f2 - std[70759c8f55707aa4]::thread::lifecycle::spawn_unchecked::<test[9d35eded1c95d3be]::run_test::{closure#1}, ()>::{closure#1}
[INFO] [stdout]                                at /rustc/dfb0accb7f508ae8be965d8629557221c889dd98/library/std/src/thread/lifecycle.rs:68:26
[INFO] [stdout]   39:     0x61a9559bf0f2 - <std[70759c8f55707aa4]::thread::lifecycle::spawn_unchecked<test[9d35eded1c95d3be]::run_test::{closure#1}, ()>::{closure#1} as core[df12db4294e9bfd3]::ops::function::FnOnce<()>>::call_once::{shim:vtable#0}
[INFO] [stdout]                                at /rustc/dfb0accb7f508ae8be965d8629557221c889dd98/library/core/src/ops/function.rs:250:5
[INFO] [stdout]   40:     0x61a955a34539 - <alloc[2182bb758b4b3781]::boxed::Box<dyn core[df12db4294e9bfd3]::ops::function::FnOnce<(), Output = ()> + core[df12db4294e9bfd3]::marker::Send> as core[df12db4294e9bfd3]::ops::function::FnOnce<()>>::call_once
[INFO] [stdout]                                at /rustc/dfb0accb7f508ae8be965d8629557221c889dd98/library/alloc/src/boxed.rs:2320:9
[INFO] [stdout]   41:     0x61a955a34539 - <std[70759c8f55707aa4]::sys::thread::unix::Thread>::new::thread_start
[INFO] [stdout]                                at /rustc/dfb0accb7f508ae8be965d8629557221c889dd98/library/std/src/sys/thread/unix.rs:123:17
[INFO] [stdout]   42:     0x70c07d33fdfa - <unknown>
[INFO] [stdout]   43:     0x70c07d3d33d4 - clone
[INFO] [stdout]   44:                0x0 - <unknown>
[INFO] [stdout] 
[INFO] [stdout] 
[INFO] [stdout] failures:
[INFO] [stdout]     test_version_flag
[INFO] [stdout] 
[INFO] [stdout] test result: FAILED. 27 passed; 1 failed; 0 ignored; 0 measured; 0 filtered out; finished in 0.71s
[INFO] [stdout] 
[INFO] [stderr] error: test failed, to rerun pass `--test basic`
[INFO] running `Command { std: "docker" "inspect" "b3eab7603d53989adea82cfe7475c432e62e4d63424ca8afc8b7c181daa5beb7", kill_on_drop: false }`
[INFO] running `Command { std: "docker" "rm" "-f" "b3eab7603d53989adea82cfe7475c432e62e4d63424ca8afc8b7c181daa5beb7", kill_on_drop: false }`
[INFO] [stdout] b3eab7603d53989adea82cfe7475c432e62e4d63424ca8afc8b7c181daa5beb7
