[INFO] fetching crate secmatch 0.2.2...
[INFO] testing secmatch-0.2.2 against 1.99.0-beta.8 for beta-1.100-2
[INFO] extracting crate secmatch 0.2.2 into /workspace/builds/worker-6-tc1/source
[INFO] started tweaking crates.io crate secmatch 0.2.2
[INFO] removed 0 missing tests
[INFO] finished tweaking crates.io crate secmatch 0.2.2
[INFO] tweaked toml for crates.io crate secmatch 0.2.2 written to /workspace/builds/worker-6-tc1/source/Cargo.toml
[INFO] validating manifest of crates.io crate secmatch 0.2.2 on toolchain 1.99.0-beta.8
[INFO] running `Command { std: CARGO_HOME="/workspace/cargo-home" RUSTUP_HOME="/workspace/rustup-home" "/workspace/cargo-home/bin/cargo" "+1.99.0-beta.8" "metadata" "--manifest-path" "Cargo.toml" "--no-deps", kill_on_drop: false }`
[INFO] crate crates.io crate secmatch 0.2.2 already has a lockfile, it will not be regenerated
[INFO] running `Command { std: CARGO_HOME="/workspace/cargo-home" RUSTUP_HOME="/workspace/rustup-home" "/workspace/cargo-home/bin/cargo" "+1.99.0-beta.8" "fetch" "--manifest-path" "Cargo.toml", kill_on_drop: false }`
[INFO] [stderr]     Updating crates.io index
[INFO] [stderr]  Downloading crates ...
[INFO] [stderr]   Downloaded santh-sigma v0.1.3
[INFO] [stderr]   Downloaded santh-encodex v0.1.15
[INFO] [stderr]   Downloaded md5 v0.8.0
[INFO] [stderr]   Downloaded guise-choice v0.1.3
[INFO] [stderr]   Downloaded secir v0.3.3
[INFO] [stderr]   Downloaded hashkit v0.1.5
[INFO] [stderr]   Downloaded zerocopy-derive v0.8.49
[INFO] [stderr]   Downloaded zerocopy v0.8.49
[INFO] [stderr]   Downloaded gjson v0.8.1
[INFO] running `Command { std: "docker" "create" "-v" "/var/lib/crater-agent-workspace/builds/worker-6-tc1/source:/opt/rustwide/workdir:ro,Z" "-v" "/var/lib/crater-agent-workspace/builds/worker-6-tc1/target:/opt/rustwide/target:rw,Z" "-v" "/var/lib/crater-agent-workspace/cargo-home:/opt/rustwide/cargo-home:ro,Z" "-v" "/var/lib/crater-agent-workspace/rustup-home:/opt/rustwide/rustup-home:ro,Z" "-m" "1610612736" "--network" "none" "ghcr.io/rust-lang/crates-build-env/linux@sha256:3111399a4047eeb3a02b7a90e478d715f38a8c6669b5c4b49d30a17385265909" "sleep" "infinity", kill_on_drop: false }`
[INFO] [stdout] cf5ef41f9c115d6c589a07dad1bbe86a58c918472de23e58e0cb076947630fc8
[INFO] running `Command { std: "docker" "start" "cf5ef41f9c115d6c589a07dad1bbe86a58c918472de23e58e0cb076947630fc8", kill_on_drop: false }`
[INFO] running `Command { std: "docker" "inspect" "cf5ef41f9c115d6c589a07dad1bbe86a58c918472de23e58e0cb076947630fc8", kill_on_drop: false }`
[INFO] running `Command { std: "docker" "exec" "-e" "SOURCE_DIR=/opt/rustwide/workdir" "-e" "CARGO_HOME=/opt/rustwide/cargo-home" "-e" "RUSTUP_HOME=/opt/rustwide/rustup-home" "-e" "CARGO_TARGET_DIR=/opt/rustwide/target" "-w" "/opt/rustwide/workdir" "--user" "0:0" "cf5ef41f9c115d6c589a07dad1bbe86a58c918472de23e58e0cb076947630fc8" "/opt/rustwide/cargo-home/bin/cargo" "+1.99.0-beta.8" "metadata" "--no-deps" "--format-version=1", kill_on_drop: false }`
[INFO] running `Command { std: "docker" "inspect" "cf5ef41f9c115d6c589a07dad1bbe86a58c918472de23e58e0cb076947630fc8", kill_on_drop: false }`
[INFO] running `Command { std: "docker" "exec" "-e" "SOURCE_DIR=/opt/rustwide/workdir" "-e" "CARGO_HOME=/opt/rustwide/cargo-home" "-e" "RUSTUP_HOME=/opt/rustwide/rustup-home" "-e" "CARGO_TARGET_DIR=/opt/rustwide/target" "-e" "CARGO_INCREMENTAL=0" "-e" "RUST_BACKTRACE=full" "-e" "RUSTFLAGS=--cap-lints=warn" "-e" "RUSTDOCFLAGS=--cap-lints=warn" "-w" "/opt/rustwide/workdir" "--user" "0:0" "cf5ef41f9c115d6c589a07dad1bbe86a58c918472de23e58e0cb076947630fc8" "/opt/rustwide/cargo-home/bin/cargo" "+1.99.0-beta.8" "build" "--frozen" "--message-format=json", kill_on_drop: false }`
[INFO] [stderr]    Compiling serde_core v1.0.228
[INFO] [stderr]    Compiling typenum v1.20.0
[INFO] [stderr]    Compiling serde v1.0.228
[INFO] [stderr]    Compiling memchr v2.8.1
[INFO] [stderr]    Compiling syn v2.0.117
[INFO] [stderr]    Compiling zerocopy v0.8.49
[INFO] [stderr]    Compiling cc v1.2.62
[INFO] [stderr]    Compiling futures-sink v0.3.32
[INFO] [stderr]    Compiling futures-core v0.3.32
[INFO] [stderr]    Compiling futures-channel v0.3.32
[INFO] [stderr]    Compiling getrandom v0.2.17
[INFO] [stderr]    Compiling futures-io v0.3.32
[INFO] [stderr]    Compiling utf8parse v0.2.2
[INFO] [stderr]    Compiling anstyle-parse v1.0.0
[INFO] [stderr]    Compiling rand_core v0.6.4
[INFO] [stderr]    Compiling colorchoice v1.0.5
[INFO] [stderr]    Compiling aho-corasick v1.1.4
[INFO] [stderr]    Compiling anstyle-query v1.1.5
[INFO] [stderr]    Compiling anstyle v1.0.14
[INFO] [stderr]    Compiling arrayvec v0.7.6
[INFO] [stderr]    Compiling is_terminal_polyfill v1.70.2
[INFO] [stderr]    Compiling anstream v1.0.0
[INFO] [stderr]    Compiling constant_time_eq v0.3.1
[INFO] [stderr]    Compiling clap_lex v1.1.0
[INFO] [stderr]    Compiling generic-array v0.14.7
[INFO] [stderr]    Compiling hybrid-array v0.4.12
[INFO] [stderr]    Compiling simd-adler32 v0.3.9
[INFO] [stderr]    Compiling miniz_oxide v0.8.9
[INFO] [stderr]    Compiling blake3 v1.8.5
[INFO] [stderr]    Compiling block-buffer v0.10.4
[INFO] [stderr]    Compiling crypto-common v0.1.7
[INFO] [stderr]    Compiling regex-automata v0.4.14
[INFO] [stderr]    Compiling digest v0.10.7
[INFO] [stderr]    Compiling sha2 v0.10.9
[INFO] [stderr]    Compiling crypto-common v0.2.2
[INFO] [stderr]    Compiling block-buffer v0.12.0
[INFO] [stderr]    Compiling hashkit v0.1.5
[INFO] [stderr]    Compiling clap_builder v4.6.0
[INFO] [stderr]    Compiling either v1.16.0
[INFO] [stderr]    Compiling rustc-hash v2.1.2
[INFO] [stderr]    Compiling serde_json v1.0.149
[INFO] [stderr]    Compiling rayon v1.12.0
[INFO] [stderr]    Compiling flate2 v1.1.9
[INFO] [stderr]    Compiling digest v0.11.3
[INFO] [stderr]    Compiling sha1 v0.11.0
[INFO] [stderr]    Compiling gjson v0.8.1
[INFO] [stderr]    Compiling md5 v0.8.0
[INFO] [stderr]    Compiling regex v1.12.3
[INFO] [stderr]    Compiling ppv-lite86 v0.2.21
[INFO] [stderr]    Compiling serde_derive v1.0.228
[INFO] [stderr]    Compiling futures-macro v0.3.32
[INFO] [stderr]    Compiling thiserror-impl v2.0.18
[INFO] [stderr]    Compiling async-trait v0.1.89
[INFO] [stderr]    Compiling rand_chacha v0.3.1
[INFO] [stderr]    Compiling tracing-attributes v0.1.31
[INFO] [stderr]    Compiling rand v0.8.6
[INFO] [stderr]    Compiling futures-util v0.3.32
[INFO] [stderr]    Compiling clap_derive v4.6.1
[INFO] [stderr]    Compiling thiserror v2.0.18
[INFO] [stderr]    Compiling tracing v0.1.44
[INFO] [stderr]    Compiling guise-choice v0.1.3
[INFO] [stderr]    Compiling clap v4.6.1
[INFO] [stderr]    Compiling serde_spanned v0.6.9
[INFO] [stderr]    Compiling toml_datetime v0.6.11
[INFO] [stderr]    Compiling chrono v0.4.44
[INFO] [stderr]    Compiling serde_yaml v0.9.34+deprecated
[INFO] [stderr]    Compiling toml_edit v0.22.27
[INFO] [stderr]    Compiling futures-executor v0.3.32
[INFO] [stderr]    Compiling futures v0.3.32
[INFO] [stderr]    Compiling santh-encodex v0.1.15
[INFO] [stderr]    Compiling toml v0.8.23
[INFO] [stderr]    Compiling secir v0.3.3
[INFO] [stderr]    Compiling secmatch v0.2.2 (/opt/rustwide/workdir)
[INFO] [stderr]     Finished `dev` profile [unoptimized + debuginfo] target(s) in 1m 14s
[INFO] running `Command { std: "docker" "inspect" "cf5ef41f9c115d6c589a07dad1bbe86a58c918472de23e58e0cb076947630fc8", kill_on_drop: false }`
[INFO] running `Command { std: "docker" "exec" "-e" "SOURCE_DIR=/opt/rustwide/workdir" "-e" "CARGO_HOME=/opt/rustwide/cargo-home" "-e" "RUSTUP_HOME=/opt/rustwide/rustup-home" "-e" "CARGO_TARGET_DIR=/opt/rustwide/target" "-e" "CARGO_INCREMENTAL=0" "-e" "RUST_BACKTRACE=full" "-e" "RUSTFLAGS=--cap-lints=warn" "-e" "RUSTDOCFLAGS=--cap-lints=warn" "-w" "/opt/rustwide/workdir" "--user" "0:0" "cf5ef41f9c115d6c589a07dad1bbe86a58c918472de23e58e0cb076947630fc8" "/opt/rustwide/cargo-home/bin/cargo" "+1.99.0-beta.8" "test" "--frozen" "--no-run" "--message-format=json", kill_on_drop: false }`
[INFO] [stderr]    Compiling serde v1.0.228
[INFO] [stderr]    Compiling zerocopy v0.8.49
[INFO] [stderr]    Compiling zerocopy-derive v0.8.49
[INFO] [stderr]    Compiling regex-automata v0.4.14
[INFO] [stderr]    Compiling serde_json v1.0.149
[INFO] [stderr]    Compiling getrandom v0.2.17
[INFO] [stderr]    Compiling either v1.16.0
[INFO] [stderr]    Compiling tracing v0.1.44
[INFO] [stderr]    Compiling itertools v0.10.5
[INFO] [stderr]    Compiling rand_core v0.6.4
[INFO] [stderr]    Compiling rayon v1.12.0
[INFO] [stderr]    Compiling wait-timeout v0.2.1
[INFO] [stderr]    Compiling log v0.4.30
[INFO] [stderr]    Compiling rusty-fork v0.3.1
[INFO] [stderr]    Compiling tracing-log v0.2.0
[INFO] [stderr]    Compiling toml_datetime v0.6.11
[INFO] [stderr]    Compiling serde_spanned v0.6.9
[INFO] [stderr]    Compiling serde_yaml v0.9.34+deprecated
[INFO] [stderr]    Compiling toml_edit v0.22.27
[INFO] [stderr]    Compiling chrono v0.4.44
[INFO] [stderr]    Compiling tinytemplate v1.2.1
[INFO] [stderr]    Compiling criterion-plot v0.5.0
[INFO] [stderr]    Compiling sharded-slab v0.1.7
[INFO] [stderr]    Compiling plotters v0.3.7
[INFO] [stderr]    Compiling rand_xorshift v0.4.0
[INFO] [stderr]    Compiling rand v0.9.4
[INFO] [stderr]    Compiling is-terminal v0.4.17
[INFO] [stderr]    Compiling thread_local v1.1.9
[INFO] [stderr]    Compiling nu-ansi-term v0.50.3
[INFO] [stderr]    Compiling toml v0.8.23
[INFO] [stderr]    Compiling regex v1.12.3
[INFO] [stderr]    Compiling matchers v0.2.0
[INFO] [stderr]    Compiling tracing-subscriber v0.3.23
[INFO] [stderr]    Compiling secir v0.3.3
[INFO] [stderr]    Compiling santh-encodex v0.1.15
[INFO] [stderr]    Compiling ppv-lite86 v0.2.21
[INFO] [stderr]    Compiling half v2.7.1
[INFO] [stderr]    Compiling santh-sigma v0.1.3
[INFO] [stderr]    Compiling ciborium-ll v0.2.2
[INFO] [stderr]    Compiling ciborium v0.2.2
[INFO] [stderr]    Compiling rand_chacha v0.3.1
[INFO] [stderr]    Compiling rand_chacha v0.9.0
[INFO] [stderr]    Compiling proptest v1.9.0
[INFO] [stderr]    Compiling rand v0.8.6
[INFO] [stderr]    Compiling criterion v0.5.1
[INFO] [stderr]    Compiling guise-choice v0.1.3
[INFO] [stderr]    Compiling secmatch v0.2.2 (/opt/rustwide/workdir)
[INFO] [stderr]     Finished `test` profile [unoptimized + debuginfo] target(s) in 1m 31s
[INFO] running `Command { std: "docker" "inspect" "cf5ef41f9c115d6c589a07dad1bbe86a58c918472de23e58e0cb076947630fc8", kill_on_drop: false }`
[INFO] running `Command { std: "docker" "exec" "-e" "SOURCE_DIR=/opt/rustwide/workdir" "-e" "CARGO_HOME=/opt/rustwide/cargo-home" "-e" "RUSTUP_HOME=/opt/rustwide/rustup-home" "-e" "CARGO_TARGET_DIR=/opt/rustwide/target" "-e" "CARGO_INCREMENTAL=0" "-e" "RUST_BACKTRACE=full" "-e" "RUSTFLAGS=--cap-lints=warn" "-e" "RUSTDOCFLAGS=--cap-lints=warn" "-w" "/opt/rustwide/workdir" "--user" "0:0" "cf5ef41f9c115d6c589a07dad1bbe86a58c918472de23e58e0cb076947630fc8" "/opt/rustwide/cargo-home/bin/cargo" "+1.99.0-beta.8" "test" "--frozen", kill_on_drop: false }`
[INFO] [stderr]     Finished `test` profile [unoptimized + debuginfo] target(s) in 0.26s
[INFO] [stderr]      Running unittests src/lib.rs (/opt/rustwide/target/debug/deps/secmatch-6bfeb7f04740ae49)
[INFO] [stdout] 
[INFO] [stdout] running 301 tests
[INFO] [stdout] test correlation::tests::engine_detects_tech_exposure ... ok
[INFO] [stdout] test correlation::tests::no_correlation_when_conditions_not_met ... ok
[INFO] [stdout] test correlation::tests::condition_matches_kind ... ok
[INFO] [stdout] test database::compile::tests::combined_pcre_fixes ... ok
[INFO] [stdout] test database::compile::tests::binary_pattern_compilation ... ok
[INFO] [stdout] test database::compile::tests::binary_pattern_odd_hex_length ... ok
[INFO] [stdout] test correlation::tests::engine_detects_rce_chain ... ok
[INFO] [stdout] test correlation::tests::engine_detects_account_takeover ... ok
[INFO] [stdout] test database::compile::tests::empty_template_list ... ok
[INFO] [stdout] test database::compile::tests::hex_decode_with_spaces ... ok
[INFO] [stdout] test database::compile::tests::invalid_regex_patterns_handled ... ok
[INFO] [stdout] test database::compile::tests::bare_brace_escape_fix ... ok
[INFO] [stdout] test database::compile::tests::binary_matcher_with_invalid_hex ... ok
[INFO] [stdout] test database::compile::tests::empty_matcher_values_skipped ... ok
[INFO] [stdout] test database::compile::tests::pcre_compat_empty_negated_class_fix ... ok
[INFO] [stdout] test database::compile::tests::pcre_compat_fix_boundaries_and_empty ... ok
[INFO] [stdout] test correlation::tests::condition_matches_tag_any ... ok
[INFO] [stdout] test database::compile::tests::pcre_compat_brace_n_fix ... ok
[INFO] [stdout] test database::compile::tests::mixed_word_and_regex_matchers_same_template ... ok
[INFO] [stdout] test database::compile::tests::pcre_compat_fix_template_vars_and_combined ... ok
[INFO] [stdout] test database::compile::tests::status_matcher_with_non_numeric_value ... ok
[INFO] [stdout] test database::compile::tests::status_matcher_multiple_values ... ok
[INFO] [stdout] test database::compile::tests::multiple_templates_compiled_together ... ok
[INFO] [stdout] test database::compile::tests::template_with_100_matchers ... ok
[INFO] [stdout] test database::compile::tests::template_with_all_matcher_types ... ok
[INFO] [stdout] test database::compile::tests::template_with_dsl_matcher ... ok
[INFO] [stdout] test database::compile::tests::template_with_empty_matcher_values ... ok
[INFO] [stdout] test database::compile::tests::regex_with_template_variables_deferred ... ok
[INFO] [stdout] test database::compile::tests::template_with_slow_regex ... ok
[INFO] [stdout] test database::compile::tests::test_pcre_compat_fix ... ok
[INFO] [stdout] test database::tests::adversarial::and_condition_no_values ... ok
[INFO] [stdout] test database::compile::tests::pcre_compat_fix_outputs_compile_as_regex ... ok
[INFO] [stdout] test database::compile::tests::template_var_regex_pattern_batches_but_stays_identical ... ok
[INFO] [stdout] test database::tests::adversarial::binary_pattern_invalid_hex ... ok
[INFO] [stdout] test database::tests::adversarial::completely_empty_response ... ok
[INFO] [stdout] test database::tests::adversarial::contradictory_and_matchers ... ok
[INFO] [stdout] test database::tests::adversarial::contradictory_status_matchers ... ok
[INFO] [stdout] test database::tests::adversarial::dsl_max_recursion_depth ... ok
[INFO] [stdout] test database::tests::adversarial::empty_template_id ... ok
[INFO] [stdout] test database::compile::tests::verify_runtime_regex_with_variables_is_not_silently_dropped ... ok
[INFO] [stdout] test database::tests::adversarial::empty_word_pattern ... ok
[INFO] [stdout] test database::tests::adversarial::empty_values_vector ... ok
[INFO] [stdout] test database::tests::adversarial::header_name_special_chars ... ok
[INFO] [stdout] test database::tests::adversarial::identical_overlapping_patterns ... ok
[INFO] [stdout] test database::tests::adversarial::long_unicode_emoji ... ok
[INFO] [stdout] test database::tests::adversarial::binary_odd_hex_digits ... ok
[INFO] [stdout] test database::tests::adversarial::binary_pattern_all_positions ... ok
[INFO] [stdout] test database::tests::adversarial::many_headers_response ... ok
[INFO] [stdout] test database::tests::adversarial::negative_matcher_excludes_all ... ok
[INFO] [stdout] test database::tests::adversarial::null_bytes_in_word_pattern ... ok
[INFO] [stdout] test database::tests::adversarial::null_bytes_only_body ... ok
[INFO] [stdout] test database::tests::adversarial::overlapping_binary_patterns ... ok
[INFO] [stdout] test database::tests::adversarial::overlapping_regex_prefix ... ok
[INFO] [stdout] test database::tests::adversarial::regex_catastrophic_backtracking ... ok
[INFO] [stdout] test database::tests::adversarial::regex_empty_pattern_adversarial ... ok
[INFO] [stdout] test database::tests::adversarial::multi_value_regex_all_patterns_matched ... ok
[INFO] [stdout] test database::compile::tests::large_batch_compilation_performance ... ok
[INFO] [stdout] test database::tests::adversarial::regex_polynomial_time ... ok
[INFO] [stdout] test database::tests::adversarial::response_looks_like_regex ... ok
[INFO] [stdout] test database::tests::adversarial::regex_multiple_evil_patterns ... ok
[INFO] [stdout] test database::tests::adversarial::size_leading_zeros ... ok
[INFO] [stdout] test database::tests::adversarial::size_matcher_u64_max ... ok
[INFO] [stdout] test database::tests::adversarial::size_very_large_negative ... ok
[INFO] [stdout] test database::tests::adversarial::status_matcher_negative_underflow ... ok
[INFO] [stdout] test database::tests::adversarial::substring_chain_patterns ... ok
[INFO] [stdout] test database::tests::adversarial::size_matcher_no_match ... ok
[INFO] [stdout] test database::tests::adversarial::unicode_combining_characters ... ok
[INFO] [stdout] test database::tests::adversarial::unicode_null_variants ... ok
[INFO] [stdout] test database::tests::adversarial::unicode_rtl_override ... ok
[INFO] [stdout] test database::tests::adversarial::word_matcher_null_reference ... ok
[INFO] [stdout] test database::tests::adversarial::zero_width_spaces_in_pattern ... ok
[INFO] [stdout] test database::tests::correctness_perf::binary_matcher_00_should_match_any_null_byte ... ok
[INFO] [stdout] test database::compile::tests::compile_5000_word_patterns ... ok
[INFO] [stdout] test database::tests::correctness_perf::double_negative_matchers_emit_on_absence_not_presence ... ok
[INFO] [stdout] test database::tests::correctness_perf::dsl_matcher_with_and_condition_checks_both_conditions ... ok
[INFO] [stdout] test database::tests::correctness_perf::regex_caret_dollar_should_match_empty_body_only ... ok
[INFO] [stdout] test database::tests::adversarial::ten_mb_response_body ... ok
[INFO] [stdout] test database::tests::adversarial::many_patterns ... ok
[INFO] [stdout] test database::tests::adversarial::regex_excessive_repetition ... ok
[INFO] [stdout] test database::tests::correctness_perf::status_matcher_zero_should_match_status_code_zero ... ok
[INFO] [stdout] test database::tests::correctness_perf::two_templates_identical_matchers_different_ids_should_produce_separate_findings ... ok
[INFO] [stdout] test database::tests::correctness_perf::unified_word_scan_preserves_part_and_offset ... ok
[INFO] [stdout] test database::tests::correctness_perf::word_matcher_00_text_should_match_literal_string ... ok
[INFO] [stdout] test database::tests::correctness_perf::word_matcher_empty_string_is_ignored ... ok
[INFO] [stdout] test database::tests::crash_a::aho_corasick_builder_falls_back_to_nfa_when_dfa_build_fails ... ok
[INFO] [stdout] test database::tests::crash_a::byte_regex_scans_non_utf8_body_alongside_binary_matchers ... ok
[INFO] [stdout] test database::tests::crash_a::compile_database_with_1000_word_patterns ... ok
[INFO] [stdout] test database::tests::crash_a::compile_empty_templates ... ok
[INFO] [stdout] test database::tests::crash_a::compile_empty_templates_returns_empty_database ... ok
[INFO] [stdout] test database::compile::tests::template_with_10000_word_patterns ... ok
[INFO] [stdout] test database::tests::crash_a::dsl_matches_are_emitted_per_expression ... ok
[INFO] [stdout] test database::tests::crash_a::named_header_regex_uses_selected_header_value ... ok
[INFO] [stdout] test database::tests::crash_a::named_header_word_only_matches_target_header ... ok
[INFO] [stdout] test database::tests::correctness_perf::compile_1000_templates_10_matchers_each_should_be_fast ... FAILED
[INFO] [stdout] test database::tests::crash_a::compile_never_panics_for_random_template_counts ... ok
[INFO] [stdout] test database::tests::crash_a::status_matcher_matches_correct_code ... ok
[INFO] [stdout] test database::tests::crash_a::word_matcher_is_case_insensitive ... ok
[INFO] [stdout] test database::tests::crash_a::word_matches_are_emitted_per_value ... ok
[INFO] [stdout] test database::tests::crash_b::binary_matcher_decodes_hex_correctly ... ok
[INFO] [stdout] test database::tests::crash_b::binary_matcher_with_null_bytes_should_work ... ok
[INFO] [stdout] test database::tests::crash_b::compile_zero_templates_then_scan_should_work ... ok
[INFO] [stdout] test database::tests::crash_b::invalid_binary_pattern_returns_error_during_compile ... ok
[INFO] [stdout] test database::tests::crash_b::payloads_with_null_bytes_should_not_crash ... ok
[INFO] [stdout] test database::tests::correctness_perf::scan_1_response_against_1000_template_database_should_be_fast ... ok
[INFO] [stdout] test database::tests::crash_b::request_with_empty_paths_should_not_crash ... ok
[INFO] [stdout] test database::tests::crash_b::empty_response_matches_no_patterns ... ok
[INFO] [stdout] test database::tests::crash_b::response_with_all_empty_fields_should_not_crash ... ok
[INFO] [stdout] test database::tests::crash_b::template_id_with_10kb_string_should_work ... ok
[INFO] [stdout] test database::tests::crash_b::template_id_with_unicode_should_work ... ok
[INFO] [stdout] test database::tests::crash_b::response_with_100000_headers_should_not_crash ... ok
[INFO] [stdout] test database::tests::crash_b::template_with_deeply_nested_structure_does_not_overflow ... ok
[INFO] [stdout] test database::tests::destruction_a::aho_corasick_overlapping_prefix_patterns ... ok
[INFO] [stdout] test database::tests::destruction_a::binary_matcher_00_matches_null_bytes ... ok
[INFO] [stdout] test database::tests::destruction_a::database_with_duplicate_patterns ... ok
[INFO] [stdout] test database::tests::destruction_a::dsl_deeply_nested_parentheses ... ok
[INFO] [stdout] test database::tests::destruction_a::dsl_expression_division_by_zero ... ok
[INFO] [stdout] test database::tests::destruction_a::dsl_string_multiplication_huge_count ... ok
[INFO] [stdout] test database::tests::destruction_a::header_value_with_null_bytes ... ok
[INFO] [stdout] test database::tests::crash_a::scan_never_panics_for_random_templates_and_responses ... ok
[INFO] [stdout] test database::tests::destruction_a::regex_with_potential_exponential_blowup ... ok
[INFO] [stdout] test database::tests::destruction_a::size_matcher_negative_value ... ok
[INFO] [stdout] test database::tests::destruction_a::status_matcher_u16_overflow ... ok
[INFO] [stdout] test database::tests::destruction_a::ten_mb_response_against_one_matcher ... ok
[INFO] [stdout] test database::tests::adversarial::hundred_kb_word_pattern ... ok
[INFO] [stdout] test database::tests::destruction_a::word_matcher_entire_response_body ... ok
[INFO] [stdout] test database::tests::destruction_a::zero_byte_response_against_100_word_matchers ... ok
[INFO] [stdout] test database::tests::destruction_b::all_part_matching ... ok
[INFO] [stdout] test database::tests::destruction_b::binary_content_invalid_utf8 ... ok
[INFO] [stdout] test database::tests::destruction_b::case_insensitive_word_matching ... ok
[INFO] [stdout] test database::tests::destruction_b::complex_dsl_expression ... ok
[INFO] [stdout] test database::tests::destruction_b::dsl_expression_with_long_string ... ok
[INFO] [stdout] test database::tests::destruction_b::mixed_positive_negative_matchers ... ok
[INFO] [stdout] test database::tests::destruction_b::multiple_header_matching ... ok
[INFO] [stdout] test database::tests::destruction_b::multiple_templates_same_pattern ... ok
[INFO] [stdout] test database::tests::destruction_b::named_header_that_does_not_exist ... ok
[INFO] [stdout] test database::tests::destruction_b::regex_empty_pattern ... ok
[INFO] [stdout] test database::tests::destruction_b::regex_with_lookahead ... ok
[INFO] [stdout] test database::tests::destruction_b::size_matcher_exact_match ... ok
[INFO] [stdout] test database::tests::destruction_b::status_code_maximum_value ... ok
[INFO] [stdout] test database::tests::destruction_b::word_matcher_single_character ... ok
[INFO] [stdout] test database::tests::destruction_b::word_matcher_with_regex_metacharacters ... ok
[INFO] [stdout] test database::tests::matching_gaps::build_word_automaton_with_fallback_invoked_and_handles_errors ... ok
[INFO] [stdout] test database::tests::matching_gaps::dsl_expression_references_previous_request_status_code ... ok
[INFO] [stdout] test database::tests::matching_gaps::dsl_function_rand_base_generates_correct_charset ... ok
[INFO] [stdout] test database::tests::matching_gaps::dsl_supports_multiple_previous_status_references ... ok
[INFO] [stdout] test database::tests::matching_gaps::named_binary_matcher_matches_decoded_bytes_not_hex_text ... ok
[INFO] [stdout] test database::tests::matching_gaps::regex_with_pcre_backreference_graceful_handling ... ok
[INFO] [stdout] test dsl::functions::random::tests::random_string_empty_charset_returns_empty_without_panicking ... ok
[INFO] [stdout] test dsl::functions::random::tests::random_string_preserves_byte_alphabet_promotion ... ok
[INFO] [stdout] test dsl::functions::tests::function_tests::base64_roundtrip ... ok
[INFO] [stdout] test dsl::functions::tests::function_tests::compare_versions_semver_edge_cases ... ok
[INFO] [stdout] test dsl::functions::tests::function_tests::deeply_nested_function_calls_50_levels ... ok
[INFO] [stdout] test dsl::functions::tests::function_tests::division_by_zero ... ok
[INFO] [stdout] test dsl::functions::tests::function_tests::integer_overflow_i64_max_plus_one ... ok
[INFO] [stdout] test dsl::functions::tests::function_tests::json_extract_with_array_index ... ok
[INFO] [stdout] test dsl::functions::tests::function_tests::md5_of_empty_string ... ok
[INFO] [stdout] test dsl::functions::tests::function_tests::rand_int_distribution ... ok
[INFO] [stdout] test dsl::functions::tests::function_tests::regex_catastrophic_backtracking_pattern ... ok
[INFO] [stdout] test database::tests::correctness_perf::regex_heavy_database_scan_should_be_fast ... FAILED
[INFO] [stdout] test dsl::functions::tests::function_tests::test_compare_versions_invalid_operator ... ok
[INFO] [stdout] test dsl::functions::tests::function_tests::test_compare_versions_malformed ... ok
[INFO] [stdout] test dsl::functions::tests::function_tests::test_date_time_invalid_format_errors_not_panics ... ok
[INFO] [stdout] test dsl::functions::tests::function_tests::test_date_time_valid_format_ok ... ok
[INFO] [stdout] test dsl::functions::tests::function_tests::test_generate_java_gadget_command_injection ... ok
[INFO] [stdout] test dsl::functions::tests::function_tests::test_hex_decode_empty ... ok
[INFO] [stdout] test dsl::functions::tests::function_tests::test_hex_decode_invalid_utf8 ... ok
[INFO] [stdout] test dsl::functions::tests::function_tests::test_hex_decode_odd_length ... ok
[INFO] [stdout] test dsl::functions::tests::function_tests::test_hex_to_dec_overflow ... ok
[INFO] [stdout] test dsl::functions::tests::function_tests::test_integer_overflow_addition ... ok
[INFO] [stdout] test dsl::functions::tests::function_tests::test_integer_overflow_conversion ... ok
[INFO] [stdout] test database::tests::crash_b::template_with_10000_matchers_does_not_oom ... ok
[INFO] [stdout] test dsl::functions::tests::function_tests::test_json_extract_invalid_path ... ok
[INFO] [stdout] test database::tests::destruction_a::ten_thousand_templates_memory_bounded ... ok
[INFO] [stdout] test dsl::functions::tests::function_tests::test_null_byte_in_strings ... ok
[INFO] [stdout] test dsl::functions::tests::function_tests::test_rand_base_empty_charset ... ok
[INFO] [stdout] test dsl::functions::tests::function_tests::test_rand_int_min_greater_than_max ... ok
[INFO] [stdout] test dsl::functions::tests::function_tests::test_redos_pattern ... ok
[INFO] [stdout] test dsl::functions::tests::function_tests::test_repeat_negative_count ... ok
[INFO] [stdout] test dsl::functions::tests::function_tests::test_regex_redos_pattern ... ok
[INFO] [stdout] test dsl::functions::tests::function_tests::test_split_negative_index ... ok
[INFO] [stdout] test dsl::functions::tests::function_tests::test_url_decode_invalid_percent ... ok
[INFO] [stdout] test dsl::functions::tests::java_gadget_overlong_segment_errors ... ok
[INFO] [stdout] test dsl::tests::base64_binary_with_null_bytes ... ok
[INFO] [stdout] test dsl::tests::base64_decode_invalid ... ok
[INFO] [stdout] test dsl::tests::body_view_is_decoded_once_and_lossy_correct ... ok
[INFO] [stdout] test dsl::tests::concat_many_args ... ok
[INFO] [stdout] test dsl::functions::tests::function_tests::test_substr_out_of_bounds ... ok
[INFO] [stdout] test dsl::tests::concat_zero_arguments ... ok
[INFO] [stdout] test dsl::tests::contains_empty_body_non_empty_needle ... ok
[INFO] [stdout] test dsl::tests::contains_empty_needle ... ok
[INFO] [stdout] test dsl::tests::contains_needle_longer_than_body ... ok
[INFO] [stdout] test dsl::tests::date_time_unknown_format ... ok
[INFO] [stdout] test dsl::tests::generate_java_gadget_empty_command ... ok
[INFO] [stdout] test dsl::tests::header_function_reads_named_header ... ok
[INFO] [stdout] test dsl::tests::hex_roundtrip ... ok
[INFO] [stdout] test dsl::tests::join_empty_separator ... ok
[INFO] [stdout] test dsl::tests::json_extract_invalid_json ... ok
[INFO] [stdout] test dsl::tests::json_extract_non_json_input ... ok
[INFO] [stdout] test dsl::tests::json_extract_deep_nested_path ... ok
[INFO] [stdout] test dsl::tests::len_unicode_multibyte_chars ... ok
[INFO] [stdout] test dsl::tests::md5_empty_string ... ok
[INFO] [stdout] test dsl::tests::parse_integer_overflow_rejects ... ok
[INFO] [stdout] test dsl::tests::parse_negative_integer_literal_folds ... ok
[INFO] [stdout] test dsl::tests::parse_unary_minus_non_literal_lowers_to_subtraction ... ok
[INFO] [stdout] test dsl::tests::print_debug_returns_empty ... ok
[INFO] [stdout] test dsl::tests::parse_chained_comparison_rejects ... ok
[INFO] [stdout] test dsl::tests::rand_int_min_greater_than_max ... ok
[INFO] [stdout] test dsl::tests::rand_int_min_equals_max ... ok
[INFO] [stdout] test dsl::tests::rand_text_alpha_zero ... ok
[INFO] [stdout] test dsl::tests::regex_find_all_empty_match ... ok
[INFO] [stdout] test dsl::tests::regex_find_all_no_matches ... ok
[INFO] [stdout] test dsl::tests::replace_empty_old_no_infinite_loop ... ok
[INFO] [stdout] test dsl::tests::sha256_binary_data ... ok
[INFO] [stdout] test dsl::tests::sha256_empty_string ... ok
[INFO] [stdout] test dsl::tests::split_empty_separator ... ok
[INFO] [stdout] test dsl::tests::split_index_out_of_bounds ... ok
[INFO] [stdout] test dsl::tests::substr_length_exceeds_bounds ... ok
[INFO] [stdout] test dsl::tests::substr_negative_length ... ok
[INFO] [stdout] test dsl::tests::substr_out_of_bounds_start ... ok
[INFO] [stdout] test dsl::tests::substr_start_greater_than_length ... ok
[INFO] [stdout] test dsl::tests::to_lower_to_upper_non_ascii ... ok
[INFO] [stdout] test dsl::tests::to_number_float_string ... ok
[INFO] [stdout] test dsl::tests::trim_all_whitespace ... ok
[INFO] [stdout] test dsl::tests::url_encode_already_encoded ... ok
[INFO] [stdout] test dsl::tests::url_encode_unicode ... ok
[INFO] [stdout] test dsl::tests::verify_regex_find_all_bounded ... ok
[INFO] [stdout] test dsl::tests::verify_replace_empty_old_bounded ... ok
[INFO] [stdout] test dsl::tests::verify_status_code_n_no_default_alias ... ok
[INFO] [stdout] test dsl::tests::version_compare_malformed_versions ... ok
[INFO] [stdout] test dsl::tests::version_compare_non_semver ... ok
[INFO] [stdout] test dsl::tests::wait_for_clamped_to_max ... ok
[INFO] [stdout] test evaluator::tests::evaluate_condition_handles_basic_operators ... ok
[INFO] [stdout] test evaluator::tests::failed_transform_is_reported_not_silently_swallowed ... ok
[INFO] [stdout] test evaluator::tests::finding_construction_creates_valid_finding ... ok
[INFO] [stdout] test evaluator::tests::matcher_satisfied_respects_and_and_negative ... ok
[INFO] [stdout] test evaluator::tests::successful_transform_reports_no_failure_and_is_behaviour_compatible ... ok
[INFO] [stdout] test evaluator::tests::transform_response_decoding ... ok
[INFO] [stdout] test evaluator::tests::verify_evaluate_condition_multiple_spaces_contains ... ok
[INFO] [stdout] test evaluator::tests::verify_evaluate_condition_no_spaces ... ok
[INFO] [stdout] test evaluator::tests::verify_evaluate_condition_no_spaces_not_eq ... ok
[INFO] [stdout] test evaluator::tests::verify_jwt_decode_uses_url_safe_base64 ... ok
[INFO] [stdout] test extractor::tests::extracts_json_array_from_body ... ok
[INFO] [stdout] test extractor::tests::extracts_json_path_from_body ... ok
[INFO] [stdout] test extractor::tests::extracts_kval_header_case_insensitively ... ok
[INFO] [stdout] test extractor::tests::extracts_regex_group_from_body ... ok
[INFO] [stdout] test extractor::tests::kval_extractor_with_body_part_fails_closed ... ok
[INFO] [stdout] test extractor::tests::skips_internal_and_invalid_extractors ... ok
[INFO] [stdout] test inter_template::tests::clear_target_removes_exports ... ok
[INFO] [stdout] test inter_template::tests::export_and_import_variable ... ok
[INFO] [stdout] test inter_template::tests::export_template_variables_from_declarations ... ok
[INFO] [stdout] test inter_template::tests::has_exports_tracks_exported_templates ... ok
[INFO] [stdout] test inter_template::tests::is_empty_and_len ... ok
[INFO] [stdout] test inter_template::tests::local_vars_override_imports ... ok
[INFO] [stdout] test inter_template::tests::qualified_name_lookup ... ok
[INFO] [stdout] test inter_template::tests::substitute_mixed_local_and_imported ... ok
[INFO] [stdout] test inter_template::tests::substitute_with_imports ... ok
[INFO] [stdout] test inter_template::tests::unknown_variables_preserved ... ok
[INFO] [stdout] test inter_template::tests::verify_inter_template_no_infinite_loop_on_cycle ... ok
[INFO] [stdout] test json_util::tests::normalize_converts_bracket_notation ... ok
[INFO] [stdout] test json_util::tests::normalize_leaves_already_gjson_paths ... ok
[INFO] [stdout] test json_util::tests::normalize_strips_leading_dollar_dot ... ok
[INFO] [stdout] test streaming::tests::tests::buffer_exactly_at_max_buffer_pattern_at_last_byte ... ok
[INFO] [stdout] test streaming::tests::tests::buffer_full_returns_partial ... ok
[INFO] [stdout] test streaming::tests::tests::bytes_saved_calculation ... ok
[INFO] [stdout] test streaming::tests::tests::cancel_and_bytes_saved_known_content_length ... ok
[INFO] [stdout] test streaming::tests::tests::case_insensitive_match_across_chunk_boundary ... ok
[INFO] [stdout] test streaming::tests::tests::empty_chunk ... ok
[INFO] [stdout] test streaming::tests::tests::feed_1000_times_1_byte_chunks ... ok
[INFO] [stdout] test streaming::tests::tests::feed_after_should_cancel_returns_true ... ok
[INFO] [stdout] test streaming::tests::tests::first_match_cancels_before_second_pattern ... ok
[INFO] [stdout] test streaming::tests::tests::hundred_patterns_match_on_pattern_99 ... ok
[INFO] [stdout] test streaming::tests::tests::match_across_chunks ... ok
[INFO] [stdout] test streaming::tests::tests::match_in_first_chunk ... ok
[INFO] [stdout] test streaming::tests::tests::match_in_prefix_of_oversized_chunk_is_not_lost ... ok
[INFO] [stdout] test streaming::tests::tests::multiple_patterns_match ... ok
[INFO] [stdout] test streaming::tests::tests::no_match_in_clean_response ... ok
[INFO] [stdout] test streaming::tests::tests::one_mb_chunk_single_feed ... ok
[INFO] [stdout] test streaming::tests::tests::overlapping_patterns_prefix ... ok
[INFO] [stdout] test streaming::tests::tests::pattern_at_exact_end_of_buffer ... ok
[INFO] [stdout] test streaming::tests::tests::pattern_longer_than_max_buffer_matches_within_one_chunk ... ok
[INFO] [stdout] test streaming::tests::tests::pattern_match_at_byte_zero ... ok
[INFO] [stdout] test streaming::tests::tests::pattern_split_across_chunk_boundary ... ok
[INFO] [stdout] test streaming::tests::tests::single_chunk_vs_chunk_by_chunk_same_results ... ok
[INFO] [stdout] test streaming::tests::tests::streaming_matcher_max_buffer_one ... ok
[INFO] [stdout] test streaming::tests::tests::verify_streaming_match_at_exact_buffer_boundary ... ok
[INFO] [stdout] test dsl::functions::tests::function_tests::test_join_with_huge_list ... ok
[INFO] [stdout] test text::tests::and_condition_requires_all ... ok
[INFO] [stdout] test text::tests::binary_matcher_matches_hex_values_on_raw_text ... ok
[INFO] [stdout] test text::tests::collect_skips_internal_matchers ... ok
[INFO] [stdout] test text::tests::match_part_header_or_named_fails_closed_on_raw_text ... ok
[INFO] [stdout] test text::tests::negative_matcher_inverts ... ok
[INFO] [stdout] test text::tests::empty_matchers_returns_false ... ok
[INFO] [stdout] test text::tests::size_matcher ... ok
[INFO] [stdout] test text::tests::word_match_case_insensitive ... ok
[INFO] [stdout] test text::tests::regex_match_extracts_value ... ok
[INFO] [stdout] test dsl::functions::tests::function_tests::sha256_of_10mb_string ... ok
[INFO] [stdout] test database::tests::destruction_a::regex_with_10000_alternation_branches ... ok
[INFO] [stdout] test database::tests::correctness_perf::regex_set_compilation_fallback ... ok
[INFO] [stdout] test dsl::tests::rand_text_alpha_huge_bounded_exposes_unbounded_allocation - should panic ... ok
[INFO] [stdout] test database::compile::tests::compile_1000_regex_patterns ... ok
[INFO] [stdout] test database::tests::crash_b::regex_star_against_10mb_body_does_not_hang ... FAILED
[INFO] [stdout] 
[INFO] [stdout] failures:
[INFO] [stdout] 
[INFO] [stdout] ---- database::tests::correctness_perf::compile_1000_templates_10_matchers_each_should_be_fast stdout ----
[INFO] [stdout] 
[INFO] [stdout] thread 'database::tests::correctness_perf::compile_1000_templates_10_matchers_each_should_be_fast' (2041) panicked at src/database/tests/correctness_perf.rs:397:5:
[INFO] [stdout] compiling 1000 templates with 10 matchers each should complete in < 1 second, took 2.139933132s
[INFO] [stdout] stack backtrace:
[INFO] [stdout]    0:     0x5a607ce83d61 - std[70759c8f55707aa4]::backtrace_rs::backtrace::libunwind::trace
[INFO] [stdout]                                at /rustc/dfb0accb7f508ae8be965d8629557221c889dd98/library/std/src/../../backtrace/src/backtrace/libunwind.rs:117:9
[INFO] [stdout]    1:     0x5a607ce83d61 - std[70759c8f55707aa4]::backtrace_rs::backtrace::trace_unsynchronized::<std[70759c8f55707aa4]::sys::backtrace::_print_fmt::{closure#1}>
[INFO] [stdout]                                at /rustc/dfb0accb7f508ae8be965d8629557221c889dd98/library/std/src/../../backtrace/src/backtrace/mod.rs:66:14
[INFO] [stdout]    2:     0x5a607ce83d61 - std[70759c8f55707aa4]::sys::backtrace::_print_fmt
[INFO] [stdout]                                at /rustc/dfb0accb7f508ae8be965d8629557221c889dd98/library/std/src/sys/backtrace.rs:74:9
[INFO] [stdout]    3:     0x5a607ce83d61 - <<std[70759c8f55707aa4]::sys::backtrace::BacktraceLock>::print::DisplayBacktrace as core[df12db4294e9bfd3]::fmt::Display>::fmt
[INFO] [stdout]                                at /rustc/dfb0accb7f508ae8be965d8629557221c889dd98/library/std/src/sys/backtrace.rs:44:26
[INFO] [stdout]    4:     0x5a607ce9bf6a - <core[df12db4294e9bfd3]::fmt::rt::Argument>::fmt
[INFO] [stdout]                                at /rustc/dfb0accb7f508ae8be965d8629557221c889dd98/library/core/src/fmt/rt.rs:152:76
[INFO] [stdout]    5:     0x5a607ce9bf6a - core[df12db4294e9bfd3]::fmt::write
[INFO] [stdout]    6:     0x5a607ce882fc - core[df12db4294e9bfd3]::io::write::default_write_fmt::<alloc[2182bb758b4b3781]::vec::Vec<u8>>
[INFO] [stdout]                                at /rustc/dfb0accb7f508ae8be965d8629557221c889dd98/library/core/src/io/write.rs:402:11
[INFO] [stdout]    7:     0x5a607ce882fc - <alloc[2182bb758b4b3781]::vec::Vec<u8> as core[df12db4294e9bfd3]::io::write::Write>::write_fmt
[INFO] [stdout]                                at /rustc/dfb0accb7f508ae8be965d8629557221c889dd98/library/core/src/io/write.rs:335:13
[INFO] [stdout]    8:     0x5a607ce5f466 - <std[70759c8f55707aa4]::sys::backtrace::BacktraceLock>::print
[INFO] [stdout]                                at /rustc/dfb0accb7f508ae8be965d8629557221c889dd98/library/std/src/sys/backtrace.rs:47:9
[INFO] [stdout]    9:     0x5a607ce5f466 - std[70759c8f55707aa4]::panicking::default_hook::{closure#0}
[INFO] [stdout]                                at /rustc/dfb0accb7f508ae8be965d8629557221c889dd98/library/std/src/panicking.rs:292:27
[INFO] [stdout]   10:     0x5a607ce7b919 - std[70759c8f55707aa4]::panicking::default_hook
[INFO] [stdout]                                at /rustc/dfb0accb7f508ae8be965d8629557221c889dd98/library/std/src/panicking.rs:316:9
[INFO] [stdout]   11:     0x5a607ca1cf10 - <alloc[2182bb758b4b3781]::boxed::Box<dyn for<'a, 'b> core[df12db4294e9bfd3]::ops::function::Fn<(&'a std[70759c8f55707aa4]::panic::PanicHookInfo<'b>,), Output = ()> + core[df12db4294e9bfd3]::marker::Send + core[df12db4294e9bfd3]::marker::Sync> as core[df12db4294e9bfd3]::ops::function::Fn<(&std[70759c8f55707aa4]::panic::PanicHookInfo,)>>::call
[INFO] [stdout]                                at /rustc/dfb0accb7f508ae8be965d8629557221c889dd98/library/alloc/src/boxed.rs:2334:9
[INFO] [stdout]   12:     0x5a607ca1cf10 - test[9d35eded1c95d3be]::test_main_inner::<test[9d35eded1c95d3be]::test_main_static::{closure#0}>::{closure#0}
[INFO] [stdout]                                at /rustc/dfb0accb7f508ae8be965d8629557221c889dd98/library/test/src/lib.rs:155:21
[INFO] [stdout]   13:     0x5a607ce7bc42 - <alloc[2182bb758b4b3781]::boxed::Box<dyn for<'a, 'b> core[df12db4294e9bfd3]::ops::function::Fn<(&'a std[70759c8f55707aa4]::panic::PanicHookInfo<'b>,), Output = ()> + core[df12db4294e9bfd3]::marker::Send + core[df12db4294e9bfd3]::marker::Sync> as core[df12db4294e9bfd3]::ops::function::Fn<(&std[70759c8f55707aa4]::panic::PanicHookInfo,)>>::call
[INFO] [stdout]                                at /rustc/dfb0accb7f508ae8be965d8629557221c889dd98/library/alloc/src/boxed.rs:2334:9
[INFO] [stdout]   14:     0x5a607ce7bc42 - std[70759c8f55707aa4]::panicking::panic_with_hook
[INFO] [stdout]                                at /rustc/dfb0accb7f508ae8be965d8629557221c889dd98/library/std/src/panicking.rs:823:13
[INFO] [stdout]   15:     0x5a607ce5f512 - std[70759c8f55707aa4]::panicking::panic_handler::{closure#0}
[INFO] [stdout]                                at /rustc/dfb0accb7f508ae8be965d8629557221c889dd98/library/std/src/panicking.rs:688:13
[INFO] [stdout]   16:     0x5a607ce580d9 - std[70759c8f55707aa4]::sys::backtrace::__rust_end_short_backtrace::<std[70759c8f55707aa4]::panicking::panic_handler::{closure#0}, !>
[INFO] [stdout]                                at /rustc/dfb0accb7f508ae8be965d8629557221c889dd98/library/std/src/sys/backtrace.rs:182:18
[INFO] [stdout]   17:     0x5a607ce6010d - __rustc[8fa7c3cbc660c2b3]::rust_begin_unwind
[INFO] [stdout]                                at /rustc/dfb0accb7f508ae8be965d8629557221c889dd98/library/std/src/panicking.rs:679:5
[INFO] [stdout]   18:     0x5a607ce9c80c - core[df12db4294e9bfd3]::panicking::panic_fmt
[INFO] [stdout]                                at /rustc/dfb0accb7f508ae8be965d8629557221c889dd98/library/core/src/panicking.rs:80:14
[INFO] [stdout]   19:     0x5a607c87a87d - secmatch[840136f31c78badf]::database::tests::correctness_perf::compile_1000_templates_10_matchers_each_should_be_fast
[INFO] [stdout]                                at /opt/rustwide/workdir/src/database/tests/correctness_perf.rs:397:5
[INFO] [stdout]   20:     0x5a607c86a677 - secmatch[840136f31c78badf]::database::tests::correctness_perf::compile_1000_templates_10_matchers_each_should_be_fast::{closure#0}
[INFO] [stdout]                                at /opt/rustwide/workdir/src/database/tests/correctness_perf.rs:374:60
[INFO] [stdout]   21:     0x5a607c99bb16 - <secmatch[840136f31c78badf]::database::tests::correctness_perf::compile_1000_templates_10_matchers_each_should_be_fast::{closure#0} as core[df12db4294e9bfd3]::ops::function::FnOnce<()>>::call_once
[INFO] [stdout]                                at /rustc/dfb0accb7f508ae8be965d8629557221c889dd98/library/core/src/ops/function.rs:250:5
[INFO] [stdout]   22:     0x5a607ca101fb - <fn() -> core[df12db4294e9bfd3]::result::Result<(), alloc[2182bb758b4b3781]::string::String> as core[df12db4294e9bfd3]::ops::function::FnOnce<()>>::call_once
[INFO] [stdout]                                at /rustc/dfb0accb7f508ae8be965d8629557221c889dd98/library/core/src/ops/function.rs:250:5
[INFO] [stdout]   23:     0x5a607ca101fb - test[9d35eded1c95d3be]::__rust_begin_short_backtrace::<core[df12db4294e9bfd3]::result::Result<(), alloc[2182bb758b4b3781]::string::String>, fn() -> core[df12db4294e9bfd3]::result::Result<(), alloc[2182bb758b4b3781]::string::String>>
[INFO] [stdout]                                at /rustc/dfb0accb7f508ae8be965d8629557221c889dd98/library/test/src/lib.rs:733:18
[INFO] [stdout]   24:     0x5a607ca1d865 - test[9d35eded1c95d3be]::run_test_in_process::{closure#0}
[INFO] [stdout]                                at /rustc/dfb0accb7f508ae8be965d8629557221c889dd98/library/test/src/lib.rs:756:74
[INFO] [stdout]   25:     0x5a607ca1d865 - <core[df12db4294e9bfd3]::panic::unwind_safe::AssertUnwindSafe<test[9d35eded1c95d3be]::run_test_in_process::{closure#0}> as core[df12db4294e9bfd3]::ops::function::FnOnce<()>>::call_once
[INFO] [stdout]                                at /rustc/dfb0accb7f508ae8be965d8629557221c889dd98/library/core/src/panic/unwind_safe.rs:275:9
[INFO] [stdout]   26:     0x5a607ca1d865 - std[70759c8f55707aa4]::panicking::catch_unwind::do_call::<core[df12db4294e9bfd3]::panic::unwind_safe::AssertUnwindSafe<test[9d35eded1c95d3be]::run_test_in_process::{closure#0}>, core[df12db4294e9bfd3]::result::Result<(), alloc[2182bb758b4b3781]::string::String>>
[INFO] [stdout]                                at /rustc/dfb0accb7f508ae8be965d8629557221c889dd98/library/std/src/panicking.rs:576:43
[INFO] [stdout]   27:     0x5a607ca1d865 - std[70759c8f55707aa4]::panicking::catch_unwind::<core[df12db4294e9bfd3]::result::Result<(), alloc[2182bb758b4b3781]::string::String>, core[df12db4294e9bfd3]::panic::unwind_safe::AssertUnwindSafe<test[9d35eded1c95d3be]::run_test_in_process::{closure#0}>>
[INFO] [stdout]                                at /rustc/dfb0accb7f508ae8be965d8629557221c889dd98/library/std/src/panicking.rs:544:19
[INFO] [stdout]   28:     0x5a607ca1d865 - std[70759c8f55707aa4]::panic::catch_unwind::<core[df12db4294e9bfd3]::panic::unwind_safe::AssertUnwindSafe<test[9d35eded1c95d3be]::run_test_in_process::{closure#0}>, core[df12db4294e9bfd3]::result::Result<(), alloc[2182bb758b4b3781]::string::String>>
[INFO] [stdout]                                at /rustc/dfb0accb7f508ae8be965d8629557221c889dd98/library/std/src/panic.rs:359:14
[INFO] [stdout]   29:     0x5a607ca1d865 - test[9d35eded1c95d3be]::run_test_in_process
[INFO] [stdout]                                at /rustc/dfb0accb7f508ae8be965d8629557221c889dd98/library/test/src/lib.rs:756:27
[INFO] [stdout]   30:     0x5a607ca1d865 - test[9d35eded1c95d3be]::run_test::{closure#0}
[INFO] [stdout]                                at /rustc/dfb0accb7f508ae8be965d8629557221c889dd98/library/test/src/lib.rs:677:43
[INFO] [stdout]   31:     0x5a607ca17124 - test[9d35eded1c95d3be]::run_test::{closure#1}
[INFO] [stdout]                                at /rustc/dfb0accb7f508ae8be965d8629557221c889dd98/library/test/src/lib.rs:707:41
[INFO] [stdout]   32:     0x5a607ca17124 - std[70759c8f55707aa4]::sys::backtrace::__rust_begin_short_backtrace::<test[9d35eded1c95d3be]::run_test::{closure#1}, ()>
[INFO] [stdout]                                at /rustc/dfb0accb7f508ae8be965d8629557221c889dd98/library/std/src/sys/backtrace.rs:166:18
[INFO] [stdout]   33:     0x5a607ca209c2 - std[70759c8f55707aa4]::thread::lifecycle::spawn_unchecked::<test[9d35eded1c95d3be]::run_test::{closure#1}, ()>::{closure#1}::{closure#0}
[INFO] [stdout]                                at /rustc/dfb0accb7f508ae8be965d8629557221c889dd98/library/std/src/thread/lifecycle.rs:70:13
[INFO] [stdout]   34:     0x5a607ca209c2 - <core[df12db4294e9bfd3]::panic::unwind_safe::AssertUnwindSafe<std[70759c8f55707aa4]::thread::lifecycle::spawn_unchecked<test[9d35eded1c95d3be]::run_test::{closure#1}, ()>::{closure#1}::{closure#0}> as core[df12db4294e9bfd3]::ops::function::FnOnce<()>>::call_once
[INFO] [stdout]                                at /rustc/dfb0accb7f508ae8be965d8629557221c889dd98/library/core/src/panic/unwind_safe.rs:275:9
[INFO] [stdout]   35:     0x5a607ca209c2 - std[70759c8f55707aa4]::panicking::catch_unwind::do_call::<core[df12db4294e9bfd3]::panic::unwind_safe::AssertUnwindSafe<std[70759c8f55707aa4]::thread::lifecycle::spawn_unchecked<test[9d35eded1c95d3be]::run_test::{closure#1}, ()>::{closure#1}::{closure#0}>, ()>
[INFO] [stdout]                                at /rustc/dfb0accb7f508ae8be965d8629557221c889dd98/library/std/src/panicking.rs:576:43
[INFO] [stdout]   36:     0x5a607ca209c2 - std[70759c8f55707aa4]::panicking::catch_unwind::<(), core[df12db4294e9bfd3]::panic::unwind_safe::AssertUnwindSafe<std[70759c8f55707aa4]::thread::lifecycle::spawn_unchecked<test[9d35eded1c95d3be]::run_test::{closure#1}, ()>::{closure#1}::{closure#0}>>
[INFO] [stdout]                                at /rustc/dfb0accb7f508ae8be965d8629557221c889dd98/library/std/src/panicking.rs:544:19
[INFO] [stdout]   37:     0x5a607ca209c2 - std[70759c8f55707aa4]::panic::catch_unwind::<core[df12db4294e9bfd3]::panic::unwind_safe::AssertUnwindSafe<std[70759c8f55707aa4]::thread::lifecycle::spawn_unchecked<test[9d35eded1c95d3be]::run_test::{closure#1}, ()>::{closure#1}::{closure#0}>, ()>
[INFO] [stdout]                                at /rustc/dfb0accb7f508ae8be965d8629557221c889dd98/library/std/src/panic.rs:359:14
[INFO] [stdout]   38:     0x5a607ca209c2 - std[70759c8f55707aa4]::thread::lifecycle::spawn_unchecked::<test[9d35eded1c95d3be]::run_test::{closure#1}, ()>::{closure#1}
[INFO] [stdout]                                at /rustc/dfb0accb7f508ae8be965d8629557221c889dd98/library/std/src/thread/lifecycle.rs:68:26
[INFO] [stdout]   39:     0x5a607ca209c2 - <std[70759c8f55707aa4]::thread::lifecycle::spawn_unchecked<test[9d35eded1c95d3be]::run_test::{closure#1}, ()>::{closure#1} as core[df12db4294e9bfd3]::ops::function::FnOnce<()>>::call_once::{shim:vtable#0}
[INFO] [stdout]                                at /rustc/dfb0accb7f508ae8be965d8629557221c889dd98/library/core/src/ops/function.rs:250:5
[INFO] [stdout]   40:     0x5a607ce82f69 - <alloc[2182bb758b4b3781]::boxed::Box<dyn core[df12db4294e9bfd3]::ops::function::FnOnce<(), Output = ()> + core[df12db4294e9bfd3]::marker::Send> as core[df12db4294e9bfd3]::ops::function::FnOnce<()>>::call_once
[INFO] [stdout]                                at /rustc/dfb0accb7f508ae8be965d8629557221c889dd98/library/alloc/src/boxed.rs:2320:9
[INFO] [stdout]   41:     0x5a607ce82f69 - <std[70759c8f55707aa4]::sys::thread::unix::Thread>::new::thread_start
[INFO] [stdout]                                at /rustc/dfb0accb7f508ae8be965d8629557221c889dd98/library/std/src/sys/thread/unix.rs:123:17
[INFO] [stdout]   42:     0x741fb580edfa - <unknown>
[INFO] [stdout]   43:     0x741fb58a23d4 - clone
[INFO] [stdout]   44:                0x0 - <unknown>
[INFO] [stdout] 
[INFO] [stdout] ---- database::tests::correctness_perf::regex_heavy_database_scan_should_be_fast stdout ----
[INFO] [stdout] 
[INFO] [stdout] thread 'database::tests::correctness_perf::regex_heavy_database_scan_should_be_fast' (2045) panicked at src/database/tests/correctness_perf.rs:474:5:
[INFO] [stdout] regex-heavy scan should complete in < 50ms, took 91.859108ms
[INFO] [stdout] stack backtrace:
[INFO] [stdout]    0:     0x5a607ce83d61 - std[70759c8f55707aa4]::backtrace_rs::backtrace::libunwind::trace
[INFO] [stdout]                                at /rustc/dfb0accb7f508ae8be965d8629557221c889dd98/library/std/src/../../backtrace/src/backtrace/libunwind.rs:117:9
[INFO] [stdout]    1:     0x5a607ce83d61 - std[70759c8f55707aa4]::backtrace_rs::backtrace::trace_unsynchronized::<std[70759c8f55707aa4]::sys::backtrace::_print_fmt::{closure#1}>
[INFO] [stdout]                                at /rustc/dfb0accb7f508ae8be965d8629557221c889dd98/library/std/src/../../backtrace/src/backtrace/mod.rs:66:14
[INFO] [stdout]    2:     0x5a607ce83d61 - std[70759c8f55707aa4]::sys::backtrace::_print_fmt
[INFO] [stdout]                                at /rustc/dfb0accb7f508ae8be965d8629557221c889dd98/library/std/src/sys/backtrace.rs:74:9
[INFO] [stdout]    3:     0x5a607ce83d61 - <<std[70759c8f55707aa4]::sys::backtrace::BacktraceLock>::print::DisplayBacktrace as core[df12db4294e9bfd3]::fmt::Display>::fmt
[INFO] [stdout]                                at /rustc/dfb0accb7f508ae8be965d8629557221c889dd98/library/std/src/sys/backtrace.rs:44:26
[INFO] [stdout]    4:     0x5a607ce9bf6a - <core[df12db4294e9bfd3]::fmt::rt::Argument>::fmt
[INFO] [stdout]                                at /rustc/dfb0accb7f508ae8be965d8629557221c889dd98/library/core/src/fmt/rt.rs:152:76
[INFO] [stdout]    5:     0x5a607ce9bf6a - core[df12db4294e9bfd3]::fmt::write
[INFO] [stdout]    6:     0x5a607ce882fc - core[df12db4294e9bfd3]::io::write::default_write_fmt::<alloc[2182bb758b4b3781]::vec::Vec<u8>>
[INFO] [stdout]                                at /rustc/dfb0accb7f508ae8be965d8629557221c889dd98/library/core/src/io/write.rs:402:11
[INFO] [stdout]    7:     0x5a607ce882fc - <alloc[2182bb758b4b3781]::vec::Vec<u8> as core[df12db4294e9bfd3]::io::write::Write>::write_fmt
[INFO] [stdout]                                at /rustc/dfb0accb7f508ae8be965d8629557221c889dd98/library/core/src/io/write.rs:335:13
[INFO] [stdout]    8:     0x5a607ce5f466 - <std[70759c8f55707aa4]::sys::backtrace::BacktraceLock>::print
[INFO] [stdout]                                at /rustc/dfb0accb7f508ae8be965d8629557221c889dd98/library/std/src/sys/backtrace.rs:47:9
[INFO] [stdout]    9:     0x5a607ce5f466 - std[70759c8f55707aa4]::panicking::default_hook::{closure#0}
[INFO] [stdout]                                at /rustc/dfb0accb7f508ae8be965d8629557221c889dd98/library/std/src/panicking.rs:292:27
[INFO] [stdout]   10:     0x5a607ce7b919 - std[70759c8f55707aa4]::panicking::default_hook
[INFO] [stdout]                                at /rustc/dfb0accb7f508ae8be965d8629557221c889dd98/library/std/src/panicking.rs:316:9
[INFO] [stdout]   11:     0x5a607ca1cf10 - <alloc[2182bb758b4b3781]::boxed::Box<dyn for<'a, 'b> core[df12db4294e9bfd3]::ops::function::Fn<(&'a std[70759c8f55707aa4]::panic::PanicHookInfo<'b>,), Output = ()> + core[df12db4294e9bfd3]::marker::Send + core[df12db4294e9bfd3]::marker::Sync> as core[df12db4294e9bfd3]::ops::function::Fn<(&std[70759c8f55707aa4]::panic::PanicHookInfo,)>>::call
[INFO] [stdout]                                at /rustc/dfb0accb7f508ae8be965d8629557221c889dd98/library/alloc/src/boxed.rs:2334:9
[INFO] [stdout]   12:     0x5a607ca1cf10 - test[9d35eded1c95d3be]::test_main_inner::<test[9d35eded1c95d3be]::test_main_static::{closure#0}>::{closure#0}
[INFO] [stdout]                                at /rustc/dfb0accb7f508ae8be965d8629557221c889dd98/library/test/src/lib.rs:155:21
[INFO] [stdout]   13:     0x5a607ce7bc42 - <alloc[2182bb758b4b3781]::boxed::Box<dyn for<'a, 'b> core[df12db4294e9bfd3]::ops::function::Fn<(&'a std[70759c8f55707aa4]::panic::PanicHookInfo<'b>,), Output = ()> + core[df12db4294e9bfd3]::marker::Send + core[df12db4294e9bfd3]::marker::Sync> as core[df12db4294e9bfd3]::ops::function::Fn<(&std[70759c8f55707aa4]::panic::PanicHookInfo,)>>::call
[INFO] [stdout]                                at /rustc/dfb0accb7f508ae8be965d8629557221c889dd98/library/alloc/src/boxed.rs:2334:9
[INFO] [stdout]   14:     0x5a607ce7bc42 - std[70759c8f55707aa4]::panicking::panic_with_hook
[INFO] [stdout]                                at /rustc/dfb0accb7f508ae8be965d8629557221c889dd98/library/std/src/panicking.rs:823:13
[INFO] [stdout]   15:     0x5a607ce5f512 - std[70759c8f55707aa4]::panicking::panic_handler::{closure#0}
[INFO] [stdout]                                at /rustc/dfb0accb7f508ae8be965d8629557221c889dd98/library/std/src/panicking.rs:688:13
[INFO] [stdout]   16:     0x5a607ce580d9 - std[70759c8f55707aa4]::sys::backtrace::__rust_end_short_backtrace::<std[70759c8f55707aa4]::panicking::panic_handler::{closure#0}, !>
[INFO] [stdout]                                at /rustc/dfb0accb7f508ae8be965d8629557221c889dd98/library/std/src/sys/backtrace.rs:182:18
[INFO] [stdout]   17:     0x5a607ce6010d - __rustc[8fa7c3cbc660c2b3]::rust_begin_unwind
[INFO] [stdout]                                at /rustc/dfb0accb7f508ae8be965d8629557221c889dd98/library/std/src/panicking.rs:679:5
[INFO] [stdout]   18:     0x5a607ce9c80c - core[df12db4294e9bfd3]::panicking::panic_fmt
[INFO] [stdout]                                at /rustc/dfb0accb7f508ae8be965d8629557221c889dd98/library/core/src/panicking.rs:80:14
[INFO] [stdout]   19:     0x5a607c873857 - secmatch[840136f31c78badf]::database::tests::correctness_perf::regex_heavy_database_scan_should_be_fast
[INFO] [stdout]                                at /opt/rustwide/workdir/src/database/tests/correctness_perf.rs:474:5
[INFO] [stdout]   20:     0x5a607c86a4f7 - secmatch[840136f31c78badf]::database::tests::correctness_perf::regex_heavy_database_scan_should_be_fast::{closure#0}
[INFO] [stdout]                                at /opt/rustwide/workdir/src/database/tests/correctness_perf.rs:447:46
[INFO] [stdout]   21:     0x5a607c99ba16 - <secmatch[840136f31c78badf]::database::tests::correctness_perf::regex_heavy_database_scan_should_be_fast::{closure#0} as core[df12db4294e9bfd3]::ops::function::FnOnce<()>>::call_once
[INFO] [stdout]                                at /rustc/dfb0accb7f508ae8be965d8629557221c889dd98/library/core/src/ops/function.rs:250:5
[INFO] [stdout]   22:     0x5a607ca101fb - <fn() -> core[df12db4294e9bfd3]::result::Result<(), alloc[2182bb758b4b3781]::string::String> as core[df12db4294e9bfd3]::ops::function::FnOnce<()>>::call_once
[INFO] [stdout]                                at /rustc/dfb0accb7f508ae8be965d8629557221c889dd98/library/core/src/ops/function.rs:250:5
[INFO] [stdout]   23:     0x5a607ca101fb - test[9d35eded1c95d3be]::__rust_begin_short_backtrace::<core[df12db4294e9bfd3]::result::Result<(), alloc[2182bb758b4b3781]::string::String>, fn() -> core[df12db4294e9bfd3]::result::Result<(), alloc[2182bb758b4b3781]::string::String>>
[INFO] [stdout]                                at /rustc/dfb0accb7f508ae8be965d8629557221c889dd98/library/test/src/lib.rs:733:18
[INFO] [stdout]   24:     0x5a607ca1d865 - test[9d35eded1c95d3be]::run_test_in_process::{closure#0}
[INFO] [stdout]                                at /rustc/dfb0accb7f508ae8be965d8629557221c889dd98/library/test/src/lib.rs:756:74
[INFO] [stdout]   25:     0x5a607ca1d865 - <core[df12db4294e9bfd3]::panic::unwind_safe::AssertUnwindSafe<test[9d35eded1c95d3be]::run_test_in_process::{closure#0}> as core[df12db4294e9bfd3]::ops::function::FnOnce<()>>::call_once
[INFO] [stdout]                                at /rustc/dfb0accb7f508ae8be965d8629557221c889dd98/library/core/src/panic/unwind_safe.rs:275:9
[INFO] [stdout]   26:     0x5a607ca1d865 - std[70759c8f55707aa4]::panicking::catch_unwind::do_call::<core[df12db4294e9bfd3]::panic::unwind_safe::AssertUnwindSafe<test[9d35eded1c95d3be]::run_test_in_process::{closure#0}>, core[df12db4294e9bfd3]::result::Result<(), alloc[2182bb758b4b3781]::string::String>>
[INFO] [stdout]                                at /rustc/dfb0accb7f508ae8be965d8629557221c889dd98/library/std/src/panicking.rs:576:43
[INFO] [stdout]   27:     0x5a607ca1d865 - std[70759c8f55707aa4]::panicking::catch_unwind::<core[df12db4294e9bfd3]::result::Result<(), alloc[2182bb758b4b3781]::string::String>, core[df12db4294e9bfd3]::panic::unwind_safe::AssertUnwindSafe<test[9d35eded1c95d3be]::run_test_in_process::{closure#0}>>
[INFO] [stdout]                                at /rustc/dfb0accb7f508ae8be965d8629557221c889dd98/library/std/src/panicking.rs:544:19
[INFO] [stdout]   28:     0x5a607ca1d865 - std[70759c8f55707aa4]::panic::catch_unwind::<core[df12db4294e9bfd3]::panic::unwind_safe::AssertUnwindSafe<test[9d35eded1c95d3be]::run_test_in_process::{closure#0}>, core[df12db4294e9bfd3]::result::Result<(), alloc[2182bb758b4b3781]::string::String>>
[INFO] [stdout]                                at /rustc/dfb0accb7f508ae8be965d8629557221c889dd98/library/std/src/panic.rs:359:14
[INFO] [stdout]   29:     0x5a607ca1d865 - test[9d35eded1c95d3be]::run_test_in_process
[INFO] [stdout]                                at /rustc/dfb0accb7f508ae8be965d8629557221c889dd98/library/test/src/lib.rs:756:27
[INFO] [stdout]   30:     0x5a607ca1d865 - test[9d35eded1c95d3be]::run_test::{closure#0}
[INFO] [stdout]                                at /rustc/dfb0accb7f508ae8be965d8629557221c889dd98/library/test/src/lib.rs:677:43
[INFO] [stdout]   31:     0x5a607ca17124 - test[9d35eded1c95d3be]::run_test::{closure#1}
[INFO] [stdout]                                at /rustc/dfb0accb7f508ae8be965d8629557221c889dd98/library/test/src/lib.rs:707:41
[INFO] [stdout]   32:     0x5a607ca17124 - std[70759c8f55707aa4]::sys::backtrace::__rust_begin_short_backtrace::<test[9d35eded1c95d3be]::run_test::{closure#1}, ()>
[INFO] [stdout]                                at /rustc/dfb0accb7f508ae8be965d8629557221c889dd98/library/std/src/sys/backtrace.rs:166:18
[INFO] [stdout]   33:     0x5a607ca209c2 - std[70759c8f55707aa4]::thread::lifecycle::spawn_unchecked::<test[9d35eded1c95d3be]::run_test::{closure#1}, ()>::{closure#1}::{closure#0}
[INFO] [stdout]                                at /rustc/dfb0accb7f508ae8be965d8629557221c889dd98/library/std/src/thread/lifecycle.rs:70:13
[INFO] [stdout]   34:     0x5a607ca209c2 - <core[df12db4294e9bfd3]::panic::unwind_safe::AssertUnwindSafe<std[70759c8f55707aa4]::thread::lifecycle::spawn_unchecked<test[9d35eded1c95d3be]::run_test::{closure#1}, ()>::{closure#1}::{closure#0}> as core[df12db4294e9bfd3]::ops::function::FnOnce<()>>::call_once
[INFO] [stdout]                                at /rustc/dfb0accb7f508ae8be965d8629557221c889dd98/library/core/src/panic/unwind_safe.rs:275:9
[INFO] [stdout]   35:     0x5a607ca209c2 - std[70759c8f55707aa4]::panicking::catch_unwind::do_call::<core[df12db4294e9bfd3]::panic::unwind_safe::AssertUnwindSafe<std[70759c8f55707aa4]::thread::lifecycle::spawn_unchecked<test[9d35eded1c95d3be]::run_test::{closure#1}, ()>::{closure#1}::{closure#0}>, ()>
[INFO] [stdout]                                at /rustc/dfb0accb7f508ae8be965d8629557221c889dd98/library/std/src/panicking.rs:576:43
[INFO] [stdout]   36:     0x5a607ca209c2 - std[70759c8f55707aa4]::panicking::catch_unwind::<(), core[df12db4294e9bfd3]::panic::unwind_safe::AssertUnwindSafe<std[70759c8f55707aa4]::thread::lifecycle::spawn_unchecked<test[9d35eded1c95d3be]::run_test::{closure#1}, ()>::{closure#1}::{closure#0}>>
[INFO] [stdout]                                at /rustc/dfb0accb7f508ae8be965d8629557221c889dd98/library/std/src/panicking.rs:544:19
[INFO] [stdout]   37:     0x5a607ca209c2 - std[70759c8f55707aa4]::panic::catch_unwind::<core[df12db4294e9bfd3]::panic::unwind_safe::AssertUnwindSafe<std[70759c8f55707aa4]::thread::lifecycle::spawn_unchecked<test[9d35eded1c95d3be]::run_test::{closure#1}, ()>::{closure#1}::{closure#0}>, ()>
[INFO] [stdout]                                at /rustc/dfb0accb7f508ae8be965d8629557221c889dd98/library/std/src/panic.rs:359:14
[INFO] [stdout]   38:     0x5a607ca209c2 - std[70759c8f55707aa4]::thread::lifecycle::spawn_unchecked::<test[9d35eded1c95d3be]::run_test::{closure#1}, ()>::{closure#1}
[INFO] [stdout]                                at /rustc/dfb0accb7f508ae8be965d8629557221c889dd98/library/std/src/thread/lifecycle.rs:68:26
[INFO] [stdout]   39:     0x5a607ca209c2 - <std[70759c8f55707aa4]::thread::lifecycle::spawn_unchecked<test[9d35eded1c95d3be]::run_test::{closure#1}, ()>::{closure#1} as core[df12db4294e9bfd3]::ops::function::FnOnce<()>>::call_once::{shim:vtable#0}
[INFO] [stdout]                                at /rustc/dfb0accb7f508ae8be965d8629557221c889dd98/library/core/src/ops/function.rs:250:5
[INFO] [stdout]   40:     0x5a607ce82f69 - <alloc[2182bb758b4b3781]::boxed::Box<dyn core[df12db4294e9bfd3]::ops::function::FnOnce<(), Output = ()> + core[df12db4294e9bfd3]::marker::Send> as core[df12db4294e9bfd3]::ops::function::FnOnce<()>>::call_once
[INFO] [stdout]                                at /rustc/dfb0accb7f508ae8be965d8629557221c889dd98/library/alloc/src/boxed.rs:2320:9
[INFO] [stdout]   41:     0x5a607ce82f69 - <std[70759c8f55707aa4]::sys::thread::unix::Thread>::new::thread_start
[INFO] [stdout]                                at /rustc/dfb0accb7f508ae8be965d8629557221c889dd98/library/std/src/sys/thread/unix.rs:123:17
[INFO] [stdout]   42:     0x741fb580edfa - <unknown>
[INFO] [stdout]   43:     0x741fb58a23d4 - clone
[INFO] [stdout]   44:                0x0 - <unknown>
[INFO] [stdout] 
[INFO] [stdout] ---- database::tests::crash_b::regex_star_against_10mb_body_does_not_hang stdout ----
[INFO] [stdout] 
[INFO] [stdout] thread 'database::tests::crash_b::regex_star_against_10mb_body_does_not_hang' (2072) panicked at src/database/tests/crash_b.rs:145:5:
[INFO] [stdout] regex .* against 10MB should complete in < 10 seconds (should not hang), took 11.639288939s
[INFO] [stdout] stack backtrace:
[INFO] [stdout]    0:     0x5a607ce83d61 - std[70759c8f55707aa4]::backtrace_rs::backtrace::libunwind::trace
[INFO] [stdout]                                at /rustc/dfb0accb7f508ae8be965d8629557221c889dd98/library/std/src/../../backtrace/src/backtrace/libunwind.rs:117:9
[INFO] [stdout]    1:     0x5a607ce83d61 - std[70759c8f55707aa4]::backtrace_rs::backtrace::trace_unsynchronized::<std[70759c8f55707aa4]::sys::backtrace::_print_fmt::{closure#1}>
[INFO] [stdout]                                at /rustc/dfb0accb7f508ae8be965d8629557221c889dd98/library/std/src/../../backtrace/src/backtrace/mod.rs:66:14
[INFO] [stdout]    2:     0x5a607ce83d61 - std[70759c8f55707aa4]::sys::backtrace::_print_fmt
[INFO] [stdout]                                at /rustc/dfb0accb7f508ae8be965d8629557221c889dd98/library/std/src/sys/backtrace.rs:74:9
[INFO] [stdout]    3:     0x5a607ce83d61 - <<std[70759c8f55707aa4]::sys::backtrace::BacktraceLock>::print::DisplayBacktrace as core[df12db4294e9bfd3]::fmt::Display>::fmt
[INFO] [stdout]                                at /rustc/dfb0accb7f508ae8be965d8629557221c889dd98/library/std/src/sys/backtrace.rs:44:26
[INFO] [stdout]    4:     0x5a607ce9bf6a - <core[df12db4294e9bfd3]::fmt::rt::Argument>::fmt
[INFO] [stdout]                                at /rustc/dfb0accb7f508ae8be965d8629557221c889dd98/library/core/src/fmt/rt.rs:152:76
[INFO] [stdout]    5:     0x5a607ce9bf6a - core[df12db4294e9bfd3]::fmt::write
[INFO] [stdout]    6:     0x5a607ce882fc - core[df12db4294e9bfd3]::io::write::default_write_fmt::<alloc[2182bb758b4b3781]::vec::Vec<u8>>
[INFO] [stdout]                                at /rustc/dfb0accb7f508ae8be965d8629557221c889dd98/library/core/src/io/write.rs:402:11
[INFO] [stdout]    7:     0x5a607ce882fc - <alloc[2182bb758b4b3781]::vec::Vec<u8> as core[df12db4294e9bfd3]::io::write::Write>::write_fmt
[INFO] [stdout]                                at /rustc/dfb0accb7f508ae8be965d8629557221c889dd98/library/core/src/io/write.rs:335:13
[INFO] [stdout]    8:     0x5a607ce5f466 - <std[70759c8f55707aa4]::sys::backtrace::BacktraceLock>::print
[INFO] [stdout]                                at /rustc/dfb0accb7f508ae8be965d8629557221c889dd98/library/std/src/sys/backtrace.rs:47:9
[INFO] [stdout]    9:     0x5a607ce5f466 - std[70759c8f55707aa4]::panicking::default_hook::{closure#0}
[INFO] [stdout]                                at /rustc/dfb0accb7f508ae8be965d8629557221c889dd98/library/std/src/panicking.rs:292:27
[INFO] [stdout]   10:     0x5a607ce7b919 - std[70759c8f55707aa4]::panicking::default_hook
[INFO] [stdout]                                at /rustc/dfb0accb7f508ae8be965d8629557221c889dd98/library/std/src/panicking.rs:316:9
[INFO] [stdout]   11:     0x5a607ca1cf10 - <alloc[2182bb758b4b3781]::boxed::Box<dyn for<'a, 'b> core[df12db4294e9bfd3]::ops::function::Fn<(&'a std[70759c8f55707aa4]::panic::PanicHookInfo<'b>,), Output = ()> + core[df12db4294e9bfd3]::marker::Send + core[df12db4294e9bfd3]::marker::Sync> as core[df12db4294e9bfd3]::ops::function::Fn<(&std[70759c8f55707aa4]::panic::PanicHookInfo,)>>::call
[INFO] [stdout]                                at /rustc/dfb0accb7f508ae8be965d8629557221c889dd98/library/alloc/src/boxed.rs:2334:9
[INFO] [stdout]   12:     0x5a607ca1cf10 - test[9d35eded1c95d3be]::test_main_inner::<test[9d35eded1c95d3be]::test_main_static::{closure#0}>::{closure#0}
[INFO] [stdout]                                at /rustc/dfb0accb7f508ae8be965d8629557221c889dd98/library/test/src/lib.rs:155:21
[INFO] [stdout]   13:     0x5a607ce7bc42 - <alloc[2182bb758b4b3781]::boxed::Box<dyn for<'a, 'b> core[df12db4294e9bfd3]::ops::function::Fn<(&'a std[70759c8f55707aa4]::panic::PanicHookInfo<'b>,), Output = ()> + core[df12db4294e9bfd3]::marker::Send + core[df12db4294e9bfd3]::marker::Sync> as core[df12db4294e9bfd3]::ops::function::Fn<(&std[70759c8f55707aa4]::panic::PanicHookInfo,)>>::call
[INFO] [stdout]                                at /rustc/dfb0accb7f508ae8be965d8629557221c889dd98/library/alloc/src/boxed.rs:2334:9
[INFO] [stdout]   14:     0x5a607ce7bc42 - std[70759c8f55707aa4]::panicking::panic_with_hook
[INFO] [stdout]                                at /rustc/dfb0accb7f508ae8be965d8629557221c889dd98/library/std/src/panicking.rs:823:13
[INFO] [stdout]   15:     0x5a607ce5f512 - std[70759c8f55707aa4]::panicking::panic_handler::{closure#0}
[INFO] [stdout]                                at /rustc/dfb0accb7f508ae8be965d8629557221c889dd98/library/std/src/panicking.rs:688:13
[INFO] [stdout]   16:     0x5a607ce580d9 - std[70759c8f55707aa4]::sys::backtrace::__rust_end_short_backtrace::<std[70759c8f55707aa4]::panicking::panic_handler::{closure#0}, !>
[INFO] [stdout]                                at /rustc/dfb0accb7f508ae8be965d8629557221c889dd98/library/std/src/sys/backtrace.rs:182:18
[INFO] [stdout]   17:     0x5a607ce6010d - __rustc[8fa7c3cbc660c2b3]::rust_begin_unwind
[INFO] [stdout]                                at /rustc/dfb0accb7f508ae8be965d8629557221c889dd98/library/std/src/panicking.rs:679:5
[INFO] [stdout]   18:     0x5a607ce9c80c - core[df12db4294e9bfd3]::panicking::panic_fmt
[INFO] [stdout]                                at /rustc/dfb0accb7f508ae8be965d8629557221c889dd98/library/core/src/panicking.rs:80:14
[INFO] [stdout]   19:     0x5a607c8f03f2 - secmatch[840136f31c78badf]::database::tests::crash_b::regex_star_against_10mb_body_does_not_hang
[INFO] [stdout]                                at /opt/rustwide/workdir/src/database/tests/crash_b.rs:145:5
[INFO] [stdout]   20:     0x5a607c8e3b57 - secmatch[840136f31c78badf]::database::tests::crash_b::regex_star_against_10mb_body_does_not_hang::{closure#0}
[INFO] [stdout]                                at /opt/rustwide/workdir/src/database/tests/crash_b.rs:121:48
[INFO] [stdout]   21:     0x5a607c99be76 - <secmatch[840136f31c78badf]::database::tests::crash_b::regex_star_against_10mb_body_does_not_hang::{closure#0} as core[df12db4294e9bfd3]::ops::function::FnOnce<()>>::call_once
[INFO] [stdout]                                at /rustc/dfb0accb7f508ae8be965d8629557221c889dd98/library/core/src/ops/function.rs:250:5
[INFO] [stdout]   22:     0x5a607ca101fb - <fn() -> core[df12db4294e9bfd3]::result::Result<(), alloc[2182bb758b4b3781]::string::String> as core[df12db4294e9bfd3]::ops::function::FnOnce<()>>::call_once
[INFO] [stdout]                                at /rustc/dfb0accb7f508ae8be965d8629557221c889dd98/library/core/src/ops/function.rs:250:5
[INFO] [stdout]   23:     0x5a607ca101fb - test[9d35eded1c95d3be]::__rust_begin_short_backtrace::<core[df12db4294e9bfd3]::result::Result<(), alloc[2182bb758b4b3781]::string::String>, fn() -> core[df12db4294e9bfd3]::result::Result<(), alloc[2182bb758b4b3781]::string::String>>
[INFO] [stdout]                                at /rustc/dfb0accb7f508ae8be965d8629557221c889dd98/library/test/src/lib.rs:733:18
[INFO] [stdout]   24:     0x5a607ca1d865 - test[9d35eded1c95d3be]::run_test_in_process::{closure#0}
[INFO] [stdout]                                at /rustc/dfb0accb7f508ae8be965d8629557221c889dd98/library/test/src/lib.rs:756:74
[INFO] [stdout]   25:     0x5a607ca1d865 - <core[df12db4294e9bfd3]::panic::unwind_safe::AssertUnwindSafe<test[9d35eded1c95d3be]::run_test_in_process::{closure#0}> as core[df12db4294e9bfd3]::ops::function::FnOnce<()>>::call_once
[INFO] [stdout]                                at /rustc/dfb0accb7f508ae8be965d8629557221c889dd98/library/core/src/panic/unwind_safe.rs:275:9
[INFO] [stdout]   26:     0x5a607ca1d865 - std[70759c8f55707aa4]::panicking::catch_unwind::do_call::<core[df12db4294e9bfd3]::panic::unwind_safe::AssertUnwindSafe<test[9d35eded1c95d3be]::run_test_in_process::{closure#0}>, core[df12db4294e9bfd3]::result::Result<(), alloc[2182bb758b4b3781]::string::String>>
[INFO] [stdout]                                at /rustc/dfb0accb7f508ae8be965d8629557221c889dd98/library/std/src/panicking.rs:576:43
[INFO] [stdout]   27:     0x5a607ca1d865 - std[70759c8f55707aa4]::panicking::catch_unwind::<core[df12db4294e9bfd3]::result::Result<(), alloc[2182bb758b4b3781]::string::String>, core[df12db4294e9bfd3]::panic::unwind_safe::AssertUnwindSafe<test[9d35eded1c95d3be]::run_test_in_process::{closure#0}>>
[INFO] [stdout]                                at /rustc/dfb0accb7f508ae8be965d8629557221c889dd98/library/std/src/panicking.rs:544:19
[INFO] [stdout]   28:     0x5a607ca1d865 - std[70759c8f55707aa4]::panic::catch_unwind::<core[df12db4294e9bfd3]::panic::unwind_safe::AssertUnwindSafe<test[9d35eded1c95d3be]::run_test_in_process::{closure#0}>, core[df12db4294e9bfd3]::result::Result<(), alloc[2182bb758b4b3781]::string::String>>
[INFO] [stdout]                                at /rustc/dfb0accb7f508ae8be965d8629557221c889dd98/library/std/src/panic.rs:359:14
[INFO] [stdout]   29:     0x5a607ca1d865 - test[9d35eded1c95d3be]::run_test_in_process
[INFO] [stdout]                                at /rustc/dfb0accb7f508ae8be965d8629557221c889dd98/library/test/src/lib.rs:756:27
[INFO] [stdout]   30:     0x5a607ca1d865 - test[9d35eded1c95d3be]::run_test::{closure#0}
[INFO] [stdout]                                at /rustc/dfb0accb7f508ae8be965d8629557221c889dd98/library/test/src/lib.rs:677:43
[INFO] [stdout]   31:     0x5a607ca17124 - test[9d35eded1c95d3be]::run_test::{closure#1}
[INFO] [stdout]                                at /rustc/dfb0accb7f508ae8be965d8629557221c889dd98/library/test/src/lib.rs:707:41
[INFO] [stdout]   32:     0x5a607ca17124 - std[70759c8f55707aa4]::sys::backtrace::__rust_begin_short_backtrace::<test[9d35eded1c95d3be]::run_test::{closure#1}, ()>
[INFO] [stdout]                                at /rustc/dfb0accb7f508ae8be965d8629557221c889dd98/library/std/src/sys/backtrace.rs:166:18
[INFO] [stdout]   33:     0x5a607ca209c2 - std[70759c8f55707aa4]::thread::lifecycle::spawn_unchecked::<test[9d35eded1c95d3be]::run_test::{closure#1}, ()>::{closure#1}::{closure#0}
[INFO] [stdout]                                at /rustc/dfb0accb7f508ae8be965d8629557221c889dd98/library/std/src/thread/lifecycle.rs:70:13
[INFO] [stdout]   34:     0x5a607ca209c2 - <core[df12db4294e9bfd3]::panic::unwind_safe::AssertUnwindSafe<std[70759c8f55707aa4]::thread::lifecycle::spawn_unchecked<test[9d35eded1c95d3be]::run_test::{closure#1}, ()>::{closure#1}::{closure#0}> as core[df12db4294e9bfd3]::ops::function::FnOnce<()>>::call_once
[INFO] [stdout]                                at /rustc/dfb0accb7f508ae8be965d8629557221c889dd98/library/core/src/panic/unwind_safe.rs:275:9
[INFO] [stdout]   35:     0x5a607ca209c2 - std[70759c8f55707aa4]::panicking::catch_unwind::do_call::<core[df12db4294e9bfd3]::panic::unwind_safe::AssertUnwindSafe<std[70759c8f55707aa4]::thread::lifecycle::spawn_unchecked<test[9d35eded1c95d3be]::run_test::{closure#1}, ()>::{closure#1}::{closure#0}>, ()>
[INFO] [stdout]                                at /rustc/dfb0accb7f508ae8be965d8629557221c889dd98/library/std/src/panicking.rs:576:43
[INFO] [stdout]   36:     0x5a607ca209c2 - std[70759c8f55707aa4]::panicking::catch_unwind::<(), core[df12db4294e9bfd3]::panic::unwind_safe::AssertUnwindSafe<std[70759c8f55707aa4]::thread::lifecycle::spawn_unchecked<test[9d35eded1c95d3be]::run_test::{closure#1}, ()>::{closure#1}::{closure#0}>>
[INFO] [stdout]                                at /rustc/dfb0accb7f508ae8be965d8629557221c889dd98/library/std/src/panicking.rs:544:19
[INFO] [stdout]   37:     0x5a607ca209c2 - std[70759c8f55707aa4]::panic::catch_unwind::<core[df12db4294e9bfd3]::panic::unwind_safe::AssertUnwindSafe<std[70759c8f55707aa4]::thread::lifecycle::spawn_unchecked<test[9d35eded1c95d3be]::run_test::{closure#1}, ()>::{closure#1}::{closure#0}>, ()>
[INFO] [stdout]                                at /rustc/dfb0accb7f508ae8be965d8629557221c889dd98/library/std/src/panic.rs:359:14
[INFO] [stdout]   38:     0x5a607ca209c2 - std[70759c8f55707aa4]::thread::lifecycle::spawn_unchecked::<test[9d35eded1c95d3be]::run_test::{closure#1}, ()>::{closure#1}
[INFO] [stdout]                                at /rustc/dfb0accb7f508ae8be965d8629557221c889dd98/library/std/src/thread/lifecycle.rs:68:26
[INFO] [stdout]   39:     0x5a607ca209c2 - <std[70759c8f55707aa4]::thread::lifecycle::spawn_unchecked<test[9d35eded1c95d3be]::run_test::{closure#1}, ()>::{closure#1} as core[df12db4294e9bfd3]::ops::function::FnOnce<()>>::call_once::{shim:vtable#0}
[INFO] [stdout]                                at /rustc/dfb0accb7f508ae8be965d8629557221c889dd98/library/core/src/ops/function.rs:250:5
[INFO] [stdout]   40:     0x5a607ce82f69 - <alloc[2182bb758b4b3781]::boxed::Box<dyn core[df12db4294e9bfd3]::ops::function::FnOnce<(), Output = ()> + core[df12db4294e9bfd3]::marker::Send> as core[df12db4294e9bfd3]::ops::function::FnOnce<()>>::call_once
[INFO] [stdout]                                at /rustc/dfb0accb7f508ae8be965d8629557221c889dd98/library/alloc/src/boxed.rs:2320:9
[INFO] [stdout]   41:     0x5a607ce82f69 - <std[70759c8f55707aa4]::sys::thread::unix::Thread>::new::thread_start
[INFO] [stdout]                                at /rustc/dfb0accb7f508ae8be965d8629557221c889dd98/library/std/src/sys/thread/unix.rs:123:17
[INFO] [stdout]   42:     0x741fb580edfa - <unknown>
[INFO] [stdout]   43:     0x741fb58a23d4 - clone
[INFO] [stdout]   44:                0x0 - <unknown>
[INFO] [stdout] 
[INFO] [stdout] 
[INFO] [stdout] failures:
[INFO] [stdout]     database::tests::correctness_perf::compile_1000_templates_10_matchers_each_should_be_fast
[INFO] [stdout]     database::tests::correctness_perf::regex_heavy_database_scan_should_be_fast
[INFO] [stdout]     database::tests::crash_b::regex_star_against_10mb_body_does_not_hang
[INFO] [stdout] 
[INFO] [stdout] test result: FAILED. 298 passed; 3 failed; 0 ignored; 0 measured; 0 filtered out; finished in 14.76s
[INFO] [stdout] 
[INFO] [stderr] error: test failed, to rerun pass `--lib`
[INFO] running `Command { std: "docker" "inspect" "cf5ef41f9c115d6c589a07dad1bbe86a58c918472de23e58e0cb076947630fc8", kill_on_drop: false }`
[INFO] running `Command { std: "docker" "rm" "-f" "cf5ef41f9c115d6c589a07dad1bbe86a58c918472de23e58e0cb076947630fc8", kill_on_drop: false }`
[INFO] [stdout] cf5ef41f9c115d6c589a07dad1bbe86a58c918472de23e58e0cb076947630fc8
