[INFO] fetching crate seams 0.1.17...
[INFO] testing seams-0.1.17 against 1.100.0-beta.1 for beta-1.100-2
[INFO] extracting crate seams 0.1.17 into /workspace/builds/worker-6-tc2/source
[INFO] removed /workspace/builds/worker-6-tc2/source/rust-toolchain.toml
[INFO] started tweaking crates.io crate seams 0.1.17
[INFO] removed 0 missing tests
[INFO] finished tweaking crates.io crate seams 0.1.17
[INFO] tweaked toml for crates.io crate seams 0.1.17 written to /workspace/builds/worker-6-tc2/source/Cargo.toml
[INFO] validating manifest of crates.io crate seams 0.1.17 on toolchain 1.100.0-beta.1
[INFO] running `Command { std: CARGO_HOME="/workspace/cargo-home" RUSTUP_HOME="/workspace/rustup-home" "/workspace/cargo-home/bin/cargo" "+1.100.0-beta.1" "metadata" "--manifest-path" "Cargo.toml" "--no-deps", kill_on_drop: false }`
[INFO] crate crates.io crate seams 0.1.17 already has a lockfile, it will not be regenerated
[INFO] running `Command { std: CARGO_HOME="/workspace/cargo-home" RUSTUP_HOME="/workspace/rustup-home" "/workspace/cargo-home/bin/cargo" "+1.100.0-beta.1" "fetch" "--manifest-path" "Cargo.toml", kill_on_drop: false }`
[INFO] [stderr] warning: `package.homepage` is redundant with `package.repository`
[INFO] [stderr]    --> Cargo.toml:123:12
[INFO] [stderr]     |
[INFO] [stderr] 123 | homepage = "https://github.com/knowseams/knowseams"
[INFO] [stderr]     |            ^^^^^^^^^^^^^^^^^^^^^^^^^^^^^^^^^^^^^^^^
[INFO] [stderr] ...
[INFO] [stderr] 128 | repository = "https://github.com/knowseams/knowseams"
[INFO] [stderr]     |              ----------------------------------------
[INFO] [stderr]     |
[INFO] [stderr]     = note: `cargo::redundant_homepage` is set to `warn` by default
[INFO] [stderr] help: consider removing `package.homepage`
[INFO] [stderr] warning: unused build dependency `anyhow`
[INFO] [stderr]   --> Cargo.toml:26:21
[INFO] [stderr]    |
[INFO] [stderr] 26 | [build-dependencies.anyhow]
[INFO] [stderr]    |                     ^^^^^^^
[INFO] [stderr]    |
[INFO] [stderr]    = note: `cargo::unused_dependencies` is set to `warn` by default
[INFO] [stderr] help: consider removing the dependency on `anyhow`
[INFO] [stderr] warning: unused build dependency `regex-automata`
[INFO] [stderr]   --> Cargo.toml:29:21
[INFO] [stderr]    |
[INFO] [stderr] 29 | [build-dependencies.regex-automata]
[INFO] [stderr]    |                     ^^^^^^^^^^^^^^^
[INFO] [stderr]    |
[INFO] [stderr] help: consider removing the dependency on `regex-automata`
[INFO] [stderr] warning: unused build dependency `serde`
[INFO] [stderr]   --> Cargo.toml:32:21
[INFO] [stderr]    |
[INFO] [stderr] 32 | [build-dependencies.serde]
[INFO] [stderr]    |                     ^^^^^^
[INFO] [stderr]    |
[INFO] [stderr] help: consider removing the dependency on `serde`
[INFO] [stderr] warning: unused build dependency `toml`
[INFO] [stderr]   --> Cargo.toml:36:21
[INFO] [stderr]    |
[INFO] [stderr] 36 | [build-dependencies.toml]
[INFO] [stderr]    |                     ^^^^^
[INFO] [stderr]    |
[INFO] [stderr] help: consider removing the dependency on `toml`
[INFO] [stderr] warning: `seams` (manifest) generated 5 warnings
[INFO] running `Command { std: "docker" "create" "-v" "/var/lib/crater-agent-workspace/builds/worker-6-tc2/source:/opt/rustwide/workdir:ro,Z" "-v" "/var/lib/crater-agent-workspace/builds/worker-6-tc2/target:/opt/rustwide/target:rw,Z" "-v" "/var/lib/crater-agent-workspace/cargo-home:/opt/rustwide/cargo-home:ro,Z" "-v" "/var/lib/crater-agent-workspace/rustup-home:/opt/rustwide/rustup-home:ro,Z" "-m" "1610612736" "--network" "none" "ghcr.io/rust-lang/crates-build-env/linux@sha256:3111399a4047eeb3a02b7a90e478d715f38a8c6669b5c4b49d30a17385265909" "sleep" "infinity", kill_on_drop: false }`
[INFO] [stdout] 2ebd4fbf5c1e7c409d49ea93ed3ce0c3517f25424382da2a9f8fc5f1429991e7
[INFO] running `Command { std: "docker" "start" "2ebd4fbf5c1e7c409d49ea93ed3ce0c3517f25424382da2a9f8fc5f1429991e7", kill_on_drop: false }`
[INFO] running `Command { std: "docker" "inspect" "2ebd4fbf5c1e7c409d49ea93ed3ce0c3517f25424382da2a9f8fc5f1429991e7", kill_on_drop: false }`
[INFO] running `Command { std: "docker" "exec" "-e" "SOURCE_DIR=/opt/rustwide/workdir" "-e" "CARGO_HOME=/opt/rustwide/cargo-home" "-e" "RUSTUP_HOME=/opt/rustwide/rustup-home" "-e" "CARGO_TARGET_DIR=/opt/rustwide/target" "-w" "/opt/rustwide/workdir" "--user" "0:0" "2ebd4fbf5c1e7c409d49ea93ed3ce0c3517f25424382da2a9f8fc5f1429991e7" "/opt/rustwide/cargo-home/bin/cargo" "+1.100.0-beta.1" "metadata" "--no-deps" "--format-version=1", kill_on_drop: false }`
[INFO] running `Command { std: "docker" "inspect" "2ebd4fbf5c1e7c409d49ea93ed3ce0c3517f25424382da2a9f8fc5f1429991e7", kill_on_drop: false }`
[INFO] running `Command { std: "docker" "exec" "-e" "SOURCE_DIR=/opt/rustwide/workdir" "-e" "CARGO_HOME=/opt/rustwide/cargo-home" "-e" "RUSTUP_HOME=/opt/rustwide/rustup-home" "-e" "CARGO_TARGET_DIR=/opt/rustwide/target" "-e" "CARGO_INCREMENTAL=0" "-e" "RUST_BACKTRACE=full" "-e" "RUSTFLAGS=--cap-lints=warn" "-e" "RUSTDOCFLAGS=--cap-lints=warn" "-w" "/opt/rustwide/workdir" "--user" "0:0" "2ebd4fbf5c1e7c409d49ea93ed3ce0c3517f25424382da2a9f8fc5f1429991e7" "/opt/rustwide/cargo-home/bin/cargo" "+1.100.0-beta.1" "build" "--frozen" "--message-format=json", kill_on_drop: false }`
[INFO] [stderr] warning: `package.homepage` is redundant with `package.repository`
[INFO] [stderr]    --> Cargo.toml:123:12
[INFO] [stderr]     |
[INFO] [stderr] 123 | homepage = "https://github.com/knowseams/knowseams"
[INFO] [stderr]     |            ^^^^^^^^^^^^^^^^^^^^^^^^^^^^^^^^^^^^^^^^
[INFO] [stderr] ...
[INFO] [stderr] 128 | repository = "https://github.com/knowseams/knowseams"
[INFO] [stderr]     |              ----------------------------------------
[INFO] [stderr]     |
[INFO] [stderr]     = note: `cargo::redundant_homepage` is set to `warn` by default
[INFO] [stderr] help: consider removing `package.homepage`
[INFO] [stderr] warning: unused build dependency `anyhow`
[INFO] [stderr]   --> Cargo.toml:26:21
[INFO] [stderr]    |
[INFO] [stderr] 26 | [build-dependencies.anyhow]
[INFO] [stderr]    |                     ^^^^^^^
[INFO] [stderr]    |
[INFO] [stderr]    = note: `cargo::unused_dependencies` is set to `warn` by default
[INFO] [stderr] help: consider removing the dependency on `anyhow`
[INFO] [stderr] warning: unused build dependency `regex-automata`
[INFO] [stderr]   --> Cargo.toml:29:21
[INFO] [stderr]    |
[INFO] [stderr] 29 | [build-dependencies.regex-automata]
[INFO] [stderr]    |                     ^^^^^^^^^^^^^^^
[INFO] [stderr]    |
[INFO] [stderr] help: consider removing the dependency on `regex-automata`
[INFO] [stderr] warning: unused build dependency `serde`
[INFO] [stderr]   --> Cargo.toml:32:21
[INFO] [stderr]    |
[INFO] [stderr] 32 | [build-dependencies.serde]
[INFO] [stderr]    |                     ^^^^^^
[INFO] [stderr]    |
[INFO] [stderr] help: consider removing the dependency on `serde`
[INFO] [stderr] warning: unused build dependency `toml`
[INFO] [stderr]   --> Cargo.toml:36:21
[INFO] [stderr]    |
[INFO] [stderr] 36 | [build-dependencies.toml]
[INFO] [stderr]    |                     ^^^^^
[INFO] [stderr]    |
[INFO] [stderr] help: consider removing the dependency on `toml`
[INFO] [stderr] warning: `seams` (manifest) generated 5 warnings
[INFO] [stderr]    Compiling libc v0.2.174
[INFO] [stderr]    Compiling memchr v2.7.5
[INFO] [stderr]    Compiling cfg-if v1.0.1
[INFO] [stderr]    Compiling parking_lot_core v0.9.11
[INFO] [stderr]    Compiling log v0.4.27
[INFO] [stderr]    Compiling lock_api v0.4.13
[INFO] [stderr]    Compiling tracing-core v0.1.34
[INFO] [stderr]    Compiling futures-sink v0.3.31
[INFO] [stderr]    Compiling anstyle-parse v0.2.7
[INFO] [stderr]    Compiling futures-task v0.3.31
[INFO] [stderr]    Compiling anstyle v1.0.11
[INFO] [stderr]    Compiling anstyle-query v1.1.3
[INFO] [stderr]    Compiling futures-io v0.3.31
[INFO] [stderr]    Compiling syn v2.0.104
[INFO] [stderr]    Compiling is_terminal_polyfill v1.70.1
[INFO] [stderr]    Compiling regex-syntax v0.8.5
[INFO] [stderr]    Compiling colorchoice v1.0.4
[INFO] [stderr]    Compiling futures-channel v0.3.31
[INFO] [stderr]    Compiling crossbeam-channel v0.5.15
[INFO] [stderr]    Compiling crossbeam-queue v0.3.12
[INFO] [stderr]    Compiling anstream v0.6.19
[INFO] [stderr]    Compiling aho-corasick v1.1.3
[INFO] [stderr]    Compiling bstr v1.12.0
[INFO] [stderr]    Compiling clap_lex v0.7.5
[INFO] [stderr]    Compiling rayon v1.10.0
[INFO] [stderr]    Compiling tracing-log v0.2.0
[INFO] [stderr]    Compiling thread_local v1.1.9
[INFO] [stderr]    Compiling glob v0.3.2
[INFO] [stderr]    Compiling crossbeam v0.8.4
[INFO] [stderr]    Compiling clap_builder v4.5.40
[INFO] [stderr]    Compiling mio v1.0.4
[INFO] [stderr]    Compiling signal-hook-registry v1.4.5
[INFO] [stderr]    Compiling socket2 v0.5.10
[INFO] [stderr]    Compiling num_cpus v1.17.0
[INFO] [stderr]    Compiling memmap2 v0.9.5
[INFO] [stderr]    Compiling parking_lot v0.12.4
[INFO] [stderr]    Compiling regex-automata v0.4.9
[INFO] [stderr]    Compiling jwalk v0.8.1
[INFO] [stderr]    Compiling serde_derive v1.0.219
[INFO] [stderr]    Compiling futures-macro v0.3.31
[INFO] [stderr]    Compiling tokio-macros v2.5.0
[INFO] [stderr]    Compiling clap_derive v4.5.40
[INFO] [stderr]    Compiling tracing-attributes v0.1.30
[INFO] [stderr]    Compiling tokio v1.46.0
[INFO] [stderr]    Compiling futures-util v0.3.31
[INFO] [stderr]    Compiling tracing v0.1.41
[INFO] [stderr]    Compiling clap v4.5.40
[INFO] [stderr]    Compiling globset v0.4.16
[INFO] [stderr]    Compiling ignore v0.4.23
[INFO] [stderr]    Compiling serde v1.0.219
[INFO] [stderr]    Compiling futures-executor v0.3.31
[INFO] [stderr]    Compiling futures v0.3.31
[INFO] [stderr]    Compiling tracing-serde v0.2.0
[INFO] [stderr]    Compiling serde_json v1.0.140
[INFO] [stderr]    Compiling tracing-subscriber v0.3.19
[INFO] [stderr]    Compiling tokio-stream v0.1.17
[INFO] [stderr]    Compiling seams v0.1.17 (/opt/rustwide/workdir)
[INFO] [stderr] warning: unused dependency `jwalk`
[INFO] [stderr]   --> Cargo.toml:55:15
[INFO] [stderr]    |
[INFO] [stderr] 55 | [dependencies.jwalk]
[INFO] [stderr]    |               ^^^^^^
[INFO] [stderr]    |
[INFO] [stderr]    = note: `cargo::unused_dependencies` is set to `warn` by default
[INFO] [stderr] help: consider removing the dependency on `jwalk`
[INFO] [stderr] warning: unused dependency `tokio-stream`
[INFO] [stderr]   --> Cargo.toml:78:15
[INFO] [stderr]    |
[INFO] [stderr] 78 | [dependencies.tokio-stream]
[INFO] [stderr]    |               ^^^^^^^^^^^^^
[INFO] [stderr]    |
[INFO] [stderr] help: consider removing the dependency on `tokio-stream`
[INFO] [stderr] warning: `seams` (manifest) generated 2 warnings
[INFO] [stderr]     Finished `dev` profile [unoptimized + debuginfo] target(s) in 36.86s
[INFO] running `Command { std: "docker" "inspect" "2ebd4fbf5c1e7c409d49ea93ed3ce0c3517f25424382da2a9f8fc5f1429991e7", kill_on_drop: false }`
[INFO] running `Command { std: "docker" "exec" "-e" "SOURCE_DIR=/opt/rustwide/workdir" "-e" "CARGO_HOME=/opt/rustwide/cargo-home" "-e" "RUSTUP_HOME=/opt/rustwide/rustup-home" "-e" "CARGO_TARGET_DIR=/opt/rustwide/target" "-e" "CARGO_INCREMENTAL=0" "-e" "RUST_BACKTRACE=full" "-e" "RUSTFLAGS=--cap-lints=warn" "-e" "RUSTDOCFLAGS=--cap-lints=warn" "-w" "/opt/rustwide/workdir" "--user" "0:0" "2ebd4fbf5c1e7c409d49ea93ed3ce0c3517f25424382da2a9f8fc5f1429991e7" "/opt/rustwide/cargo-home/bin/cargo" "+1.100.0-beta.1" "test" "--frozen" "--no-run" "--message-format=json", kill_on_drop: false }`
[INFO] [stderr] warning: `package.homepage` is redundant with `package.repository`
[INFO] [stderr]    --> Cargo.toml:123:12
[INFO] [stderr]     |
[INFO] [stderr] 123 | homepage = "https://github.com/knowseams/knowseams"
[INFO] [stderr]     |            ^^^^^^^^^^^^^^^^^^^^^^^^^^^^^^^^^^^^^^^^
[INFO] [stderr] ...
[INFO] [stderr] 128 | repository = "https://github.com/knowseams/knowseams"
[INFO] [stderr]     |              ----------------------------------------
[INFO] [stderr]     |
[INFO] [stderr]     = note: `cargo::redundant_homepage` is set to `warn` by default
[INFO] [stderr] help: consider removing `package.homepage`
[INFO] [stderr] warning: unused build dependency `anyhow`
[INFO] [stderr]   --> Cargo.toml:26:21
[INFO] [stderr]    |
[INFO] [stderr] 26 | [build-dependencies.anyhow]
[INFO] [stderr]    |                     ^^^^^^^
[INFO] [stderr]    |
[INFO] [stderr]    = note: `cargo::unused_dependencies` is set to `warn` by default
[INFO] [stderr] help: consider removing the dependency on `anyhow`
[INFO] [stderr] warning: unused build dependency `regex-automata`
[INFO] [stderr]   --> Cargo.toml:29:21
[INFO] [stderr]    |
[INFO] [stderr] 29 | [build-dependencies.regex-automata]
[INFO] [stderr]    |                     ^^^^^^^^^^^^^^^
[INFO] [stderr]    |
[INFO] [stderr] help: consider removing the dependency on `regex-automata`
[INFO] [stderr] warning: unused build dependency `serde`
[INFO] [stderr]   --> Cargo.toml:32:21
[INFO] [stderr]    |
[INFO] [stderr] 32 | [build-dependencies.serde]
[INFO] [stderr]    |                     ^^^^^^
[INFO] [stderr]    |
[INFO] [stderr] help: consider removing the dependency on `serde`
[INFO] [stderr] warning: unused build dependency `toml`
[INFO] [stderr]   --> Cargo.toml:36:21
[INFO] [stderr]    |
[INFO] [stderr] 36 | [build-dependencies.toml]
[INFO] [stderr]    |                     ^^^^^
[INFO] [stderr]    |
[INFO] [stderr] help: consider removing the dependency on `toml`
[INFO] [stderr] warning: `seams` (manifest) generated 5 warnings
[INFO] [stderr]    Compiling serde v1.0.219
[INFO] [stderr]    Compiling num-traits v0.2.19
[INFO] [stderr]    Compiling half v2.6.0
[INFO] [stderr]    Compiling rustix v1.0.7
[INFO] [stderr]    Compiling getrandom v0.3.3
[INFO] [stderr]    Compiling jwalk v0.8.1
[INFO] [stderr]    Compiling regex-syntax v0.7.5
[INFO] [stderr]    Compiling bitflags v2.9.1
[INFO] [stderr]    Compiling is-terminal v0.4.16
[INFO] [stderr]    Compiling dotenvy v0.15.7
[INFO] [stderr]    Compiling ciborium-ll v0.2.2
[INFO] [stderr]    Compiling plotters v0.3.7
[INFO] [stderr]    Compiling regex v1.8.4
[INFO] [stderr]    Compiling tempfile v3.20.0
[INFO] [stderr]    Compiling serde_json v1.0.140
[INFO] [stderr]    Compiling tracing-serde v0.2.0
[INFO] [stderr]    Compiling ciborium v0.2.2
[INFO] [stderr]    Compiling tracing-subscriber v0.3.19
[INFO] [stderr]    Compiling tinytemplate v1.2.1
[INFO] [stderr]    Compiling criterion v0.5.1
[INFO] [stderr]    Compiling seams v0.1.17 (/opt/rustwide/workdir)
[INFO] [stderr]     Finished `test` profile [unoptimized + debuginfo] target(s) in 25.82s
[INFO] running `Command { std: "docker" "inspect" "2ebd4fbf5c1e7c409d49ea93ed3ce0c3517f25424382da2a9f8fc5f1429991e7", kill_on_drop: false }`
[INFO] running `Command { std: "docker" "exec" "-e" "SOURCE_DIR=/opt/rustwide/workdir" "-e" "CARGO_HOME=/opt/rustwide/cargo-home" "-e" "RUSTUP_HOME=/opt/rustwide/rustup-home" "-e" "CARGO_TARGET_DIR=/opt/rustwide/target" "-e" "CARGO_INCREMENTAL=0" "-e" "RUST_BACKTRACE=full" "-e" "RUSTFLAGS=--cap-lints=warn" "-e" "RUSTDOCFLAGS=--cap-lints=warn" "-w" "/opt/rustwide/workdir" "--user" "0:0" "2ebd4fbf5c1e7c409d49ea93ed3ce0c3517f25424382da2a9f8fc5f1429991e7" "/opt/rustwide/cargo-home/bin/cargo" "+1.100.0-beta.1" "test" "--frozen", kill_on_drop: false }`
[INFO] [stderr] warning: `package.homepage` is redundant with `package.repository`
[INFO] [stderr]    --> Cargo.toml:123:12
[INFO] [stderr]     |
[INFO] [stderr] 123 | homepage = "https://github.com/knowseams/knowseams"
[INFO] [stderr]     |            ^^^^^^^^^^^^^^^^^^^^^^^^^^^^^^^^^^^^^^^^
[INFO] [stderr] ...
[INFO] [stderr] 128 | repository = "https://github.com/knowseams/knowseams"
[INFO] [stderr]     |              ----------------------------------------
[INFO] [stderr]     |
[INFO] [stderr]     = note: `cargo::redundant_homepage` is set to `warn` by default
[INFO] [stderr] help: consider removing `package.homepage`
[INFO] [stderr] warning: unused build dependency `anyhow`
[INFO] [stderr]   --> Cargo.toml:26:21
[INFO] [stderr]    |
[INFO] [stderr] 26 | [build-dependencies.anyhow]
[INFO] [stderr]    |                     ^^^^^^^
[INFO] [stderr]    |
[INFO] [stderr]    = note: `cargo::unused_dependencies` is set to `warn` by default
[INFO] [stderr] help: consider removing the dependency on `anyhow`
[INFO] [stderr] warning: unused build dependency `regex-automata`
[INFO] [stderr]   --> Cargo.toml:29:21
[INFO] [stderr]    |
[INFO] [stderr] 29 | [build-dependencies.regex-automata]
[INFO] [stderr]    |                     ^^^^^^^^^^^^^^^
[INFO] [stderr]    |
[INFO] [stderr] help: consider removing the dependency on `regex-automata`
[INFO] [stderr] warning: unused build dependency `serde`
[INFO] [stderr]   --> Cargo.toml:32:21
[INFO] [stderr]    |
[INFO] [stderr] 32 | [build-dependencies.serde]
[INFO] [stderr]    |                     ^^^^^^
[INFO] [stderr]    |
[INFO] [stderr] help: consider removing the dependency on `serde`
[INFO] [stderr] warning: unused build dependency `toml`
[INFO] [stderr]   --> Cargo.toml:36:21
[INFO] [stderr]    |
[INFO] [stderr] 36 | [build-dependencies.toml]
[INFO] [stderr]    |                     ^^^^^
[INFO] [stderr]    |
[INFO] [stderr] help: consider removing the dependency on `toml`
[INFO] [stderr] warning: `seams` (manifest) generated 5 warnings
[INFO] [stderr]     Finished `test` profile [unoptimized + debuginfo] target(s) in 0.27s
[INFO] [stderr]      Running unittests src/lib.rs (/opt/rustwide/target/debug/build/seams/279254701de8e2f3/out/seams-279254701de8e2f3)
[INFO] [stdout] 
[INFO] [stdout] running 21 tests
[INFO] [stdout] test sentence_detector::normalization::tests::test_normalize_sentence_into_buffer_reuse ... ok
[INFO] [stdout] test discovery::tests::test_discover_files_empty_directory ... ok
[INFO] [stdout] test sentence_detector::normalization::tests::test_normalize_sentence_empty ... ok
[INFO] [stdout] test sentence_detector::abbreviations::tests::test_abbreviation_detection_comprehensive ... ok
[INFO] [stdout] test restart_log::tests::test_restart_log_clear ... ok
[INFO] [stdout] test sentence_detector::normalization::tests::test_normalize_sentence_mixed_whitespace ... ok
[INFO] [stdout] test sentence_detector::normalization::tests::test_normalize_sentence_preserve_interior ... ok
[INFO] [stdout] test sentence_detector::normalization::tests::test_normalize_sentence_whitespace_collapse ... ok
[INFO] [stdout] test sentence_detector::normalization::tests::test_normalize_sentence_tabs ... ok
[INFO] [stdout] test restart_log::tests::test_restart_log_verification ... ok
[INFO] [stdout] test sentence_detector::normalization::tests::test_normalize_sentence_unicode ... ok
[INFO] [stdout] test restart_log::tests::test_restart_log_basic_operations ... ok
[INFO] [stdout] test discovery::tests::test_discover_files_matching_pattern ... ok
[INFO] [stdout] test restart_log::tests::test_should_process_file_logic ... ok
[INFO] [stdout] test discovery::tests::test_parallel_discovery_with_invalid_files ... ok
[INFO] [stdout] test discovery::tests::test_parallel_discovery ... ok
[INFO] [stdout] test sentence_detector::normalization::tests::test_normalize_sentence_basic ... ok
[INFO] [stdout] test sentence_detector::normalization::tests::test_normalize_sentence_consecutive_tabs ... ok
[INFO] [stdout] test discovery::tests::test_utf8_validation ... ok
[INFO] [stdout] test discovery::tests::test_fail_fast_behavior ... ok
[INFO] [stderr]      Running unittests src/bin/generate_boundary_tests.rs (/opt/rustwide/target/debug/build/seams/d436ac3c38f505fd/out/generate_boundary_tests-d436ac3c38f505fd)
[INFO] [stdout] test discovery::tests::test_parallel_vs_serial_discovery ... ok
[INFO] [stdout] 
[INFO] [stdout] test result: ok. 21 passed; 0 failed; 0 ignored; 0 measured; 0 filtered out; finished in 0.04s
[INFO] [stdout] 
[INFO] [stdout] 
[INFO] [stdout] running 0 tests
[INFO] [stdout] 
[INFO] [stdout] test result: ok. 0 passed; 0 failed; 0 ignored; 0 measured; 0 filtered out; finished in 0.00s
[INFO] [stdout] 
[INFO] [stderr]      Running unittests src/bin/generate_gutenberg_sentences.rs (/opt/rustwide/target/debug/build/seams/81c97c1fb12cbf05/out/generate_gutenberg_sentences-81c97c1fb12cbf05)
[INFO] [stdout] 
[INFO] [stdout] running 0 tests
[INFO] [stdout] 
[INFO] [stdout] test result: ok. 0 passed; 0 failed; 0 ignored; 0 measured; 0 filtered out; finished in 0.00s
[INFO] [stdout] 
[INFO] [stderr]      Running unittests src/main.rs (/opt/rustwide/target/debug/build/seams/e7ec270e9e872358/out/seams-e7ec270e9e872358)
[INFO] [stdout] 
[INFO] [stdout] running 21 tests
[INFO] [stdout] test sentence_detector::normalization::tests::test_normalize_sentence_consecutive_tabs ... ok
[INFO] [stdout] test sentence_detector::normalization::tests::test_normalize_sentence_empty ... ok
[INFO] [stdout] test sentence_detector::normalization::tests::test_normalize_sentence_into_buffer_reuse ... ok
[INFO] [stdout] test sentence_detector::normalization::tests::test_normalize_sentence_basic ... ok
[INFO] [stdout] test sentence_detector::abbreviations::tests::test_abbreviation_detection_comprehensive ... ok
[INFO] [stdout] test restart_log::tests::test_restart_log_clear ... ok
[INFO] [stdout] test discovery::tests::test_discover_files_empty_directory ... ok
[INFO] [stdout] test sentence_detector::normalization::tests::test_normalize_sentence_preserve_interior ... ok
[INFO] [stdout] test sentence_detector::normalization::tests::test_normalize_sentence_unicode ... ok
[INFO] [stdout] test sentence_detector::normalization::tests::test_normalize_sentence_whitespace_collapse ... ok
[INFO] [stdout] test sentence_detector::normalization::tests::test_normalize_sentence_mixed_whitespace ... ok
[INFO] [stdout] test sentence_detector::normalization::tests::test_normalize_sentence_tabs ... ok
[INFO] [stdout] test restart_log::tests::test_restart_log_basic_operations ... ok
[INFO] [stdout] test discovery::tests::test_fail_fast_behavior ... ok
[INFO] [stdout] test discovery::tests::test_utf8_validation ... ok
[INFO] [stdout] test restart_log::tests::test_should_process_file_logic ... ok
[INFO] [stdout] test discovery::tests::test_parallel_discovery ... ok
[INFO] [stdout] test discovery::tests::test_parallel_discovery_with_invalid_files ... ok
[INFO] [stdout] test discovery::tests::test_parallel_vs_serial_discovery ... ok
[INFO] [stdout] test restart_log::tests::test_restart_log_verification ... ok
[INFO] [stdout] test discovery::tests::test_discover_files_matching_pattern ... ok
[INFO] [stdout] 
[INFO] [stdout] test result: ok. 21 passed; 0 failed; 0 ignored; 0 measured; 0 filtered out; finished in 0.07s
[INFO] [stdout] 
[INFO] [stderr]      Running tests/cli_bugs_integration.rs (/opt/rustwide/target/debug/build/seams/09e02381d8636643/out/cli_bugs_integration-09e02381d8636643)
[INFO] [stdout] 
[INFO] [stdout] running 5 tests
[INFO] [stdout] test test_cli_accepts_hyphenated_name_without_zero ... ok
[INFO] [stdout] test test_cli_debug_text_stdout_contains_no_json_tracing ... ok
[INFO] [stdout] test test_cli_json_tracing_appears_on_stderr_not_stdout ... ok
[INFO] [stdout] test test_cli_accepts_arbitrary_txt_filename ... ok
[INFO] [stderr]      Running tests/dialog_detector_tests.rs (/opt/rustwide/target/debug/build/seams/49406c06a384c106/out/dialog_detector_tests-49406c06a384c106)
[INFO] [stdout] test test_cli_file_mode_stdout_contains_no_json_tracing ... ok
[INFO] [stdout] 
[INFO] [stdout] test result: ok. 5 passed; 0 failed; 0 ignored; 0 measured; 0 filtered out; finished in 0.13s
[INFO] [stdout] 
[INFO] [stdout] 
[INFO] [stdout] running 60 tests
[INFO] [stdout] test test_actual_backward_seek_repro ... ok
[INFO] [stdout] test test_basic_narrative_sentences ... ok
[INFO] [stdout] test test_dialog_attribution_no_split ... ok
[INFO] [stdout] test apostrophe_title_does_not_open_single_quote_dialog ... ok
[INFO] [stdout] test test_colon_paragraph_break_dialog_separation ... ok
[INFO] [stdout] test coordinate_direction_abbreviation_can_end_sentence ... ok
[INFO] [stdout] test terminal_dialog_before_parenthetical_i_remains_split ... ok
[INFO] [stdout] test dialog_close_single_newline_uses_following_clause_context ... ok
[INFO] [stdout] test dialog_close_blank_line_remains_a_hard_boundary ... ok
[INFO] [stdout] test test_dialog_coalescing ... ok
[INFO] [stdout] test capitalized_dialog_followup_still_splits ... ok
[INFO] [stdout] test terminal_punctuation_before_nested_close_keeps_standalone_i_split ... ok
[INFO] [stdout] test embedded_dialog_may_continue_into_ambiguous_standalone_i_clause ... ok
[INFO] [stdout] test test_all_caps_dash_heading_splits_across_hard_separator ... ok
[INFO] [stdout] test test_adjacent_dialog_transitions_preserve_every_matched_scalar ... ok
[INFO] [stdout] test test_abbreviation_handling ... ok
[INFO] [stdout] test single_quoted_dialog_allows_internal_apostrophe ... ok
[INFO] [stdout] test test_dialog_comma_capital_continuation_bug ... ok
[INFO] [stdout] test test_dialog_hard_separator_minimal ... ok
[INFO] [stdout] test test_dialog_comma_capital_continuation_bug_with_context ... ok
[INFO] [stdout] test test_dialog_hard_separator_bug ... ok
[INFO] [stdout] test test_guillemet_basic_dialog ... ok
[INFO] [stdout] test test_dialog_continuation_vs_boundary_distinction ... ok
[INFO] [stdout] test test_guillemet_hard_end_to_narrative ... ok
[INFO] [stdout] test test_guillemet_french_interior_spaces ... ok
[INFO] [stdout] test test_kanawha_settlement_text ... ok
[INFO] [stdout] test test_dialog_quote_transition_comparison ... ok
[INFO] [stdout] test test_guillemet_no_false_split_inside_dialog ... ok
[INFO] [stdout] test test_guillemet_narrative_to_guillemet_boundary ... ok
[INFO] [stdout] test test_narrative_dialog_separation_expected_fail ... ok
[INFO] [stdout] test test_ordinary_dash_continuation_still_coalesces_across_hard_separator ... ok
[INFO] [stdout] test test_dialog_close_newline_terminates_before_control_line ... ok
[INFO] [stdout] test test_pg4300_compass_directions_fix ... ok
[INFO] [stdout] test test_guillemet_line_end_preserves_closing_delimiter_after_interior_space ... ok
[INFO] [stdout] test test_pattern_coverage_analysis ... ok
[INFO] [stdout] test test_guillemet_line_end_preserves_closing_delimiter_with_interior_space ... ok
[INFO] [stdout] test test_dialog_continuation_punctuation_variations ... ok
[INFO] [stdout] test test_missing_seams_reproduction ... ok
[INFO] [stdout] test test_semicolon_after_parenthetical_bug ... ok
[INFO] [stdout] test test_simple_hard_separator_continue_bug ... ok
[INFO] [stdout] test test_punctuation_after_quotes_bug ... ok
[INFO] [stdout] test test_structural_enumerated_headings_split_before_prose ... ok
[INFO] [stdout] test test_single_capital_abbreviation_still_suppresses_non_heading_boundary ... ok
[INFO] [stdout] test test_soft_dialog_transitions ... ok
[INFO] [stdout] test test_user_hermit_scroll_text ... ok
[INFO] [stdout] test test_dialog_state_machine_continuation_logic ... ok
[INFO] [stdout] test test_guillemet_hard_end_preserves_closing_delimiter_after_interior_space ... ok
[INFO] [stdout] test test_mismatched_quote_dialogue_by_design_choice ... ok
[INFO] [stdout] test test_hard_dialog_transitions ... ok
[INFO] [stdout] test test_parenthetical_state_transitions ... ok
[INFO] [stdout] test test_vad_differential_diagnosis ... ok
[INFO] [stdout] test unpunctuated_close_does_not_blanket_merge_standalone_i ... ok
[INFO] [stdout] test unpunctuated_dialog_may_continue_into_parenthetical_i ... ok
[INFO] [stdout] test test_quote_with_parenthetical ... ok
[INFO] [stdout] test test_sentence_ending_punctuation_after_dialog_three_sentence_expectation ... ok
[INFO] [stdout] test test_dialog_to_dialog_transitions_all_states ... ok
[INFO] [stdout] test test_simple_quote_open_close ... ok
[INFO] [stdout] test test_external_definitive_punctuation_all_dialog_states ... ok
[INFO] [stdout] test test_dialog_pattern_partitioning_comprehensive ... ok
[INFO] [stdout] test test_backward_seek_minimal_reproduction ... ok
[INFO] [stdout] 
[INFO] [stdout] test result: ok. 60 passed; 0 failed; 0 ignored; 0 measured; 0 filtered out; finished in 0.23s
[INFO] [stdout] 
[INFO] [stderr]      Running tests/error_handling_integration.rs (/opt/rustwide/target/debug/build/seams/ea21a92cd7e63e15/out/error_handling_integration-ea21a92cd7e63e15)
[INFO] [stdout] 
[INFO] [stdout] running 8 tests
[INFO] [stdout] test test_pipeline_invalid_utf8 ... ok
[INFO] [stdout] test test_pipeline_non_matching_files ... ok
[INFO] [stdout] test test_pipeline_permission_denied ... ok
[INFO] [stdout] test test_pipeline_nested_directories ... ok
[INFO] [stdout] test test_pipeline_empty_files ... ok
[INFO] [stdout] test test_pipeline_whitespace_only ... ok
[INFO] [stdout] test test_pipeline_punctuation_only ... ok
[INFO] [stdout] test test_pipeline_long_paths ... ok
[INFO] [stdout] 
[INFO] [stdout] test result: ok. 8 passed; 0 failed; 0 ignored; 0 measured; 0 filtered out; finished in 0.11s
[INFO] [stdout] 
[INFO] [stderr]      Running tests/fail_fast_parallel_test.rs (/opt/rustwide/target/debug/build/seams/95c25fb2ee22d44e/out/fail_fast_parallel_test-95c25fb2ee22d44e)
[INFO] [stdout] 
[INFO] [stdout] running 4 tests
[INFO] [stdout] test test_fail_fast_sentence_detection_error ... ok
[INFO] [stdout] test test_without_fail_fast_continues ... ok
[INFO] [stdout] test test_fail_fast_utf8_error ... ok
[INFO] [stdout] test test_fail_fast_parallel_processing ... FAILED
[INFO] [stdout] 
[INFO] [stdout] failures:
[INFO] [stdout] 
[INFO] [stdout] ---- test_fail_fast_parallel_processing stdout ----
[INFO] [stdout] STDOUT: [Processed /tmp/.tmpDQwhEk/good4-0.txt: 2 sentences, 60 bytes, detection 4 ms
[INFO] [stdout] [Processed /tmp/.tmpDQwhEk/good2-0.txt: 2 sentences, 39 bytes, detection 0 ms
[INFO] [stdout] [Processed /tmp/.tmpDQwhEk/bad1-0.txt: 1 sentences, 37 bytes, detection 0 ms
[INFO] [stdout] [Processed /tmp/.tmpDQwhEk/good3-0.txt: 2 sentences, 59 bytes, detection 2 ms
[INFO] [stdout] [Processed /tmp/.tmpDQwhEk/good1-0.txt: 2 sentences, 45 bytes, detection 0 ms
[INFO] [stdout] seams v0.1.17 - Overlapped discovery and processing complete
[INFO] [stdout] Found 5 files matching pattern *-0.txt
[INFO] [stdout] Valid files: 5, Files with issues: 0
[INFO] [stdout] Restart log: 5 files tracked as completed
[INFO] [stdout] File processing complete:
[INFO] [stdout]   Successfully processed: 5 files
[INFO] [stdout]   Total bytes processed: 240
[INFO] [stdout]   Total sentences detected: 9
[INFO] [stdout]   Total time spent: 0.14s
[INFO] [stdout]   Overall throughput: 1757 chars/sec (0.00 MB/s)
[INFO] [stdout]   Sentence detection throughput: 40000 chars/sec (0.04 MB/s)
[INFO] [stdout]   Sentence detection time: 0.01s of 0.14s total (4.4%)
[INFO] [stdout] Warning: Failed to write stats file: Read-only file system (os error 30)
[INFO] [stdout] 
[INFO] [stdout] STDERR: warning: `package.homepage` is redundant with `package.repository`
[INFO] [stdout]    --> Cargo.toml:123:12
[INFO] [stdout]     |
[INFO] [stdout] 123 | homepage = "https://github.com/knowseams/knowseams"
[INFO] [stdout]     |            ^^^^^^^^^^^^^^^^^^^^^^^^^^^^^^^^^^^^^^^^
[INFO] [stdout] ...
[INFO] [stdout] 128 | repository = "https://github.com/knowseams/knowseams"
[INFO] [stdout]     |              ----------------------------------------
[INFO] [stdout]     |
[INFO] [stdout]     = note: `cargo::redundant_homepage` is set to `warn` by default
[INFO] [stdout] help: consider removing `package.homepage`
[INFO] [stdout] warning: unused build dependency `anyhow`
[INFO] [stdout]   --> Cargo.toml:26:21
[INFO] [stdout]    |
[INFO] [stdout] 26 | [build-dependencies.anyhow]
[INFO] [stdout]    |                     ^^^^^^^
[INFO] [stdout]    |
[INFO] [stdout]    = note: `cargo::unused_dependencies` is set to `warn` by default
[INFO] [stdout] help: consider removing the dependency on `anyhow`
[INFO] [stdout] warning: unused build dependency `regex-automata`
[INFO] [stdout]   --> Cargo.toml:29:21
[INFO] [stdout]    |
[INFO] [stdout] 29 | [build-dependencies.regex-automata]
[INFO] [stdout]    |                     ^^^^^^^^^^^^^^^
[INFO] [stdout]    |
[INFO] [stdout] help: consider removing the dependency on `regex-automata`
[INFO] [stdout] warning: unused build dependency `serde`
[INFO] [stdout]   --> Cargo.toml:32:21
[INFO] [stdout]    |
[INFO] [stdout] 32 | [build-dependencies.serde]
[INFO] [stdout]    |                     ^^^^^^
[INFO] [stdout]    |
[INFO] [stdout] help: consider removing the dependency on `serde`
[INFO] [stdout] warning: unused build dependency `toml`
[INFO] [stdout]   --> Cargo.toml:36:21
[INFO] [stdout]    |
[INFO] [stdout] 36 | [build-dependencies.toml]
[INFO] [stdout]    |                     ^^^^^
[INFO] [stdout]    |
[INFO] [stdout] help: consider removing the dependency on `toml`
[INFO] [stdout] warning: `seams` (manifest) generated 5 warnings
[INFO] [stdout]     Blocking waiting for file lock on build directory
[INFO] [stdout]     Finished `dev` profile [unoptimized + debuginfo] target(s) in 0.28s
[INFO] [stdout]      Running `/opt/rustwide/target/debug/seams --fail-fast /tmp/.tmpDQwhEk`
[INFO] [stdout] {"timestamp":"2026-10-06T18:24:28.965947Z","level":"INFO","fields":{"message":"Starting seams"}}
[INFO] [stdout] {"timestamp":"2026-10-06T18:24:28.966041Z","level":"INFO","fields":{"message":"Parsed CLI arguments","args":"Args { root_dir: Some(\"/tmp/.tmpDQwhEk\"), overwrite_all: false, fail_fast: true, quiet: false, stats_out: \"run_stats.json\", clear_restart_log: false, max_cpus: None, sentence_length_stats: false, debug_seams: false, debug_text: None, debug_stdin: false }"}}
[INFO] [stdout] {"timestamp":"2026-10-06T18:24:28.966129Z","level":"INFO","fields":{"message":"Project setup validation completed successfully"}}
[INFO] [stdout] {"timestamp":"2026-10-06T18:24:28.969148Z","level":"INFO","fields":{"message":"Starting overlapped file discovery and processing in: /tmp/.tmpDQwhEk"}}
[INFO] [stdout] {"timestamp":"2026-10-06T18:24:28.969866Z","level":"INFO","fields":{"message":"Starting directory traversal in: /tmp/.tmpDQwhEk"}}
[INFO] [stdout] {"timestamp":"2026-10-06T18:24:28.984458Z","level":"INFO","fields":{"message":"Discovery and validation completed in 14ms, streamed 5 files"}}
[INFO] [stdout] {"timestamp":"2026-10-06T18:24:29.101220Z","level":"INFO","fields":{"message":"Dialog state machine detected 2 sentences with 0 debug transitions"}}
[INFO] [stdout] {"timestamp":"2026-10-06T18:24:29.101538Z","level":"INFO","fields":{"message":"Dialog state machine detected 2 sentences with 0 debug transitions"}}
[INFO] [stdout] {"timestamp":"2026-10-06T18:24:29.100782Z","level":"INFO","fields":{"message":"Dialog state machine detected 2 sentences with 0 debug transitions"}}
[INFO] [stdout] {"timestamp":"2026-10-06T18:24:29.101888Z","level":"INFO","fields":{"message":"Dialog state machine detected 1 sentences with 0 debug transitions"}}
[INFO] [stdout] {"timestamp":"2026-10-06T18:24:29.103178Z","level":"INFO","fields":{"message":"Dialog state machine detected 2 sentences with 0 debug transitions"}}
[INFO] [stdout] {"timestamp":"2026-10-06T18:24:29.105649Z","level":"INFO","fields":{"message":"Saved restart log to /tmp/.tmpDQwhEk/.seams_restart.json"}}
[INFO] [stdout] {"timestamp":"2026-10-06T18:24:29.105724Z","level":"INFO","fields":{"message":"File discovery completed: 5 total files found"}}
[INFO] [stdout] {"timestamp":"2026-10-06T18:24:29.105762Z","level":"INFO","fields":{"message":"Valid UTF-8 files: 5"}}
[INFO] [stdout] {"timestamp":"2026-10-06T18:24:29.105984Z","level":"INFO","fields":{"message":"Overlapped pipeline completed: 5 processed, 0 skipped, 0 failed, 9 sentences detected"}}
[INFO] [stdout] {"timestamp":"2026-10-06T18:24:29.106603Z","level":"INFO","fields":{"message":"Warning: Failed to write stats file: Read-only file system (os error 30)"}}
[INFO] [stdout] 
[INFO] [stdout] Exit status: exit status: 0
[INFO] [stdout] 
[INFO] [stdout] thread 'test_fail_fast_parallel_processing' (2197) panicked at tests/fail_fast_parallel_test.rs:63:5:
[INFO] [stdout] Should log permission/processing error. STDOUT: [Processed /tmp/.tmpDQwhEk/good4-0.txt: 2 sentences, 60 bytes, detection 4 ms
[INFO] [stdout] [Processed /tmp/.tmpDQwhEk/good2-0.txt: 2 sentences, 39 bytes, detection 0 ms
[INFO] [stdout] [Processed /tmp/.tmpDQwhEk/bad1-0.txt: 1 sentences, 37 bytes, detection 0 ms
[INFO] [stdout] [Processed /tmp/.tmpDQwhEk/good3-0.txt: 2 sentences, 59 bytes, detection 2 ms
[INFO] [stdout] [Processed /tmp/.tmpDQwhEk/good1-0.txt: 2 sentences, 45 bytes, detection 0 ms
[INFO] [stdout] seams v0.1.17 - Overlapped discovery and processing complete
[INFO] [stdout] Found 5 files matching pattern *-0.txt
[INFO] [stdout] Valid files: 5, Files with issues: 0
[INFO] [stdout] Restart log: 5 files tracked as completed
[INFO] [stdout] File processing complete:
[INFO] [stdout]   Successfully processed: 5 files
[INFO] [stdout]   Total bytes processed: 240
[INFO] [stdout]   Total sentences detected: 9
[INFO] [stdout]   Total time spent: 0.14s
[INFO] [stdout]   Overall throughput: 1757 chars/sec (0.00 MB/s)
[INFO] [stdout]   Sentence detection throughput: 40000 chars/sec (0.04 MB/s)
[INFO] [stdout]   Sentence detection time: 0.01s of 0.14s total (4.4%)
[INFO] [stdout] Warning: Failed to write stats file: Read-only file system (os error 30)
[INFO] [stdout] , STDERR: warning: `package.homepage` is redundant with `package.repository`
[INFO] [stdout]    --> Cargo.toml:123:12
[INFO] [stdout]     |
[INFO] [stdout] 123 | homepage = "https://github.com/knowseams/knowseams"
[INFO] [stdout]     |            ^^^^^^^^^^^^^^^^^^^^^^^^^^^^^^^^^^^^^^^^
[INFO] [stdout] ...
[INFO] [stdout] 128 | repository = "https://github.com/knowseams/knowseams"
[INFO] [stdout]     |              ----------------------------------------
[INFO] [stdout]     |
[INFO] [stdout]     = note: `cargo::redundant_homepage` is set to `warn` by default
[INFO] [stdout] help: consider removing `package.homepage`
[INFO] [stdout] warning: unused build dependency `anyhow`
[INFO] [stdout]   --> Cargo.toml:26:21
[INFO] [stdout]    |
[INFO] [stdout] 26 | [build-dependencies.anyhow]
[INFO] [stdout]    |                     ^^^^^^^
[INFO] [stdout]    |
[INFO] [stdout]    = note: `cargo::unused_dependencies` is set to `warn` by default
[INFO] [stdout] help: consider removing the dependency on `anyhow`
[INFO] [stdout] warning: unused build dependency `regex-automata`
[INFO] [stdout]   --> Cargo.toml:29:21
[INFO] [stdout]    |
[INFO] [stdout] 29 | [build-dependencies.regex-automata]
[INFO] [stdout]    |                     ^^^^^^^^^^^^^^^
[INFO] [stdout]    |
[INFO] [stdout] help: consider removing the dependency on `regex-automata`
[INFO] [stdout] warning: unused build dependency `serde`
[INFO] [stdout]   --> Cargo.toml:32:21
[INFO] [stdout]    |
[INFO] [stdout] 32 | [build-dependencies.serde]
[INFO] [stdout]    |                     ^^^^^^
[INFO] [stdout]    |
[INFO] [stdout] help: consider removing the dependency on `serde`
[INFO] [stdout] warning: unused build dependency `toml`
[INFO] [stdout]   --> Cargo.toml:36:21
[INFO] [stdout]    |
[INFO] [stdout] 36 | [build-dependencies.toml]
[INFO] [stdout]    |                     ^^^^^
[INFO] [stdout]    |
[INFO] [stdout] help: consider removing the dependency on `toml`
[INFO] [stdout] warning: `seams` (manifest) generated 5 warnings
[INFO] [stdout]     Blocking waiting for file lock on build directory
[INFO] [stdout]     Finished `dev` profile [unoptimized + debuginfo] target(s) in 0.28s
[INFO] [stdout]      Running `/opt/rustwide/target/debug/seams --fail-fast /tmp/.tmpDQwhEk`
[INFO] [stdout] {"timestamp":"2026-10-06T18:24:28.965947Z","level":"INFO","fields":{"message":"Starting seams"}}
[INFO] [stdout] {"timestamp":"2026-10-06T18:24:28.966041Z","level":"INFO","fields":{"message":"Parsed CLI arguments","args":"Args { root_dir: Some(\"/tmp/.tmpDQwhEk\"), overwrite_all: false, fail_fast: true, quiet: false, stats_out: \"run_stats.json\", clear_restart_log: false, max_cpus: None, sentence_length_stats: false, debug_seams: false, debug_text: None, debug_stdin: false }"}}
[INFO] [stdout] {"timestamp":"2026-10-06T18:24:28.966129Z","level":"INFO","fields":{"message":"Project setup validation completed successfully"}}
[INFO] [stdout] {"timestamp":"2026-10-06T18:24:28.969148Z","level":"INFO","fields":{"message":"Starting overlapped file discovery and processing in: /tmp/.tmpDQwhEk"}}
[INFO] [stdout] {"timestamp":"2026-10-06T18:24:28.969866Z","level":"INFO","fields":{"message":"Starting directory traversal in: /tmp/.tmpDQwhEk"}}
[INFO] [stdout] {"timestamp":"2026-10-06T18:24:28.984458Z","level":"INFO","fields":{"message":"Discovery and validation completed in 14ms, streamed 5 files"}}
[INFO] [stdout] {"timestamp":"2026-10-06T18:24:29.101220Z","level":"INFO","fields":{"message":"Dialog state machine detected 2 sentences with 0 debug transitions"}}
[INFO] [stdout] {"timestamp":"2026-10-06T18:24:29.101538Z","level":"INFO","fields":{"message":"Dialog state machine detected 2 sentences with 0 debug transitions"}}
[INFO] [stdout] {"timestamp":"2026-10-06T18:24:29.100782Z","level":"INFO","fields":{"message":"Dialog state machine detected 2 sentences with 0 debug transitions"}}
[INFO] [stdout] {"timestamp":"2026-10-06T18:24:29.101888Z","level":"INFO","fields":{"message":"Dialog state machine detected 1 sentences with 0 debug transitions"}}
[INFO] [stdout] {"timestamp":"2026-10-06T18:24:29.103178Z","level":"INFO","fields":{"message":"Dialog state machine detected 2 sentences with 0 debug transitions"}}
[INFO] [stdout] {"timestamp":"2026-10-06T18:24:29.105649Z","level":"INFO","fields":{"message":"Saved restart log to /tmp/.tmpDQwhEk/.seams_restart.json"}}
[INFO] [stdout] {"timestamp":"2026-10-06T18:24:29.105724Z","level":"INFO","fields":{"message":"File discovery completed: 5 total files found"}}
[INFO] [stdout] {"timestamp":"2026-10-06T18:24:29.105762Z","level":"INFO","fields":{"message":"Valid UTF-8 files: 5"}}
[INFO] [stdout] {"timestamp":"2026-10-06T18:24:29.105984Z","level":"INFO","fields":{"message":"Overlapped pipeline completed: 5 processed, 0 skipped, 0 failed, 9 sentences detected"}}
[INFO] [stdout] {"timestamp":"2026-10-06T18:24:29.106603Z","level":"INFO","fields":{"message":"Warning: Failed to write stats file: Read-only file system (os error 30)"}}
[INFO] [stdout] 
[INFO] [stdout] stack backtrace:
[INFO] [stdout]    0:     0x578a5eebf921 - std[617be2ca0a6fd877]::backtrace_rs::backtrace::libunwind::trace
[INFO] [stdout]                                at /rustc/e3feeb59cd1bdd011a2bfcc0747b55125d9b8527/library/std/src/../../backtrace/src/backtrace/libunwind.rs:117:9
[INFO] [stdout]    1:     0x578a5eebf921 - std[617be2ca0a6fd877]::backtrace_rs::backtrace::trace_unsynchronized::<std[617be2ca0a6fd877]::sys::backtrace::_print_fmt::{closure#1}>
[INFO] [stdout]                                at /rustc/e3feeb59cd1bdd011a2bfcc0747b55125d9b8527/library/std/src/../../backtrace/src/backtrace/mod.rs:66:14
[INFO] [stdout]    2:     0x578a5eebf921 - std[617be2ca0a6fd877]::sys::backtrace::_print_fmt
[INFO] [stdout]                                at /rustc/e3feeb59cd1bdd011a2bfcc0747b55125d9b8527/library/std/src/sys/backtrace.rs:74:9
[INFO] [stdout]    3:     0x578a5eebf921 - <<std[617be2ca0a6fd877]::sys::backtrace::BacktraceLock>::print::DisplayBacktrace as core[a373ad73a504971]::fmt::Display>::fmt
[INFO] [stdout]                                at /rustc/e3feeb59cd1bdd011a2bfcc0747b55125d9b8527/library/std/src/sys/backtrace.rs:44:26
[INFO] [stdout]    4:     0x578a5eed3fea - <core[a373ad73a504971]::fmt::rt::Argument>::fmt
[INFO] [stdout]                                at /rustc/e3feeb59cd1bdd011a2bfcc0747b55125d9b8527/library/core/src/fmt/rt.rs:152:76
[INFO] [stdout]    5:     0x578a5eed3fea - core[a373ad73a504971]::fmt::write
[INFO] [stdout]    6:     0x578a5eec411c - core[a373ad73a504971]::io::write::default_write_fmt::<alloc[2e1b2a31b91974c5]::vec::Vec<u8>>
[INFO] [stdout]                                at /rustc/e3feeb59cd1bdd011a2bfcc0747b55125d9b8527/library/core/src/io/write.rs:402:11
[INFO] [stdout]    7:     0x578a5eec411c - <alloc[2e1b2a31b91974c5]::vec::Vec<u8> as core[a373ad73a504971]::io::write::Write>::write_fmt
[INFO] [stdout]                                at /rustc/e3feeb59cd1bdd011a2bfcc0747b55125d9b8527/library/core/src/io/write.rs:335:13
[INFO] [stdout]    8:     0x578a5ee9a046 - <std[617be2ca0a6fd877]::sys::backtrace::BacktraceLock>::print
[INFO] [stdout]                                at /rustc/e3feeb59cd1bdd011a2bfcc0747b55125d9b8527/library/std/src/sys/backtrace.rs:47:9
[INFO] [stdout]    9:     0x578a5ee9a046 - std[617be2ca0a6fd877]::panicking::default_hook::{closure#0}
[INFO] [stdout]                                at /rustc/e3feeb59cd1bdd011a2bfcc0747b55125d9b8527/library/std/src/panicking.rs:289:27
[INFO] [stdout]   10:     0x578a5eeb73f9 - std[617be2ca0a6fd877]::panicking::default_hook
[INFO] [stdout]                                at /rustc/e3feeb59cd1bdd011a2bfcc0747b55125d9b8527/library/std/src/panicking.rs:313:9
[INFO] [stdout]   11:     0x578a5edc2440 - <alloc[2e1b2a31b91974c5]::boxed::Box<dyn for<'a, 'b> core[a373ad73a504971]::ops::function::Fn<(&'a std[617be2ca0a6fd877]::panic::PanicHookInfo<'b>,), Output = ()> + core[a373ad73a504971]::marker::Sync + core[a373ad73a504971]::marker::Send> as core[a373ad73a504971]::ops::function::Fn<(&std[617be2ca0a6fd877]::panic::PanicHookInfo,)>>::call
[INFO] [stdout]                                at /rustc/e3feeb59cd1bdd011a2bfcc0747b55125d9b8527/library/alloc/src/boxed.rs:2328:9
[INFO] [stdout]   12:     0x578a5edc2440 - test[aada8e7e76ba119b]::test_main_inner::{closure#0}
[INFO] [stdout]                                at /rustc/e3feeb59cd1bdd011a2bfcc0747b55125d9b8527/library/test/src/lib.rs:137:21
[INFO] [stdout]   13:     0x578a5eeb7722 - <alloc[2e1b2a31b91974c5]::boxed::Box<dyn for<'a, 'b> core[a373ad73a504971]::ops::function::Fn<(&'a std[617be2ca0a6fd877]::panic::PanicHookInfo<'b>,), Output = ()> + core[a373ad73a504971]::marker::Sync + core[a373ad73a504971]::marker::Send> as core[a373ad73a504971]::ops::function::Fn<(&std[617be2ca0a6fd877]::panic::PanicHookInfo,)>>::call
[INFO] [stdout]                                at /rustc/e3feeb59cd1bdd011a2bfcc0747b55125d9b8527/library/alloc/src/boxed.rs:2328:9
[INFO] [stdout]   14:     0x578a5eeb7722 - std[617be2ca0a6fd877]::panicking::panic_with_hook
[INFO] [stdout]                                at /rustc/e3feeb59cd1bdd011a2bfcc0747b55125d9b8527/library/std/src/panicking.rs:819:13
[INFO] [stdout]   15:     0x578a5ee9a0f2 - std[617be2ca0a6fd877]::panicking::panic_handler::{closure#0}
[INFO] [stdout]                                at /rustc/e3feeb59cd1bdd011a2bfcc0747b55125d9b8527/library/std/src/panicking.rs:685:13
[INFO] [stdout]   16:     0x578a5ee92ce9 - std[617be2ca0a6fd877]::sys::backtrace::__rust_end_short_backtrace::<std[617be2ca0a6fd877]::panicking::panic_handler::{closure#0}, !>
[INFO] [stdout]                                at /rustc/e3feeb59cd1bdd011a2bfcc0747b55125d9b8527/library/std/src/sys/backtrace.rs:182:18
[INFO] [stdout]   17:     0x578a5ee9adbd - __rustc[ea4f61d10b84890b]::rust_begin_unwind
[INFO] [stdout]                                at /rustc/e3feeb59cd1bdd011a2bfcc0747b55125d9b8527/library/std/src/panicking.rs:676:5
[INFO] [stdout]   18:     0x578a5eed480c - core[a373ad73a504971]::panicking::panic_fmt
[INFO] [stdout]                                at /rustc/e3feeb59cd1bdd011a2bfcc0747b55125d9b8527/library/core/src/panicking.rs:80:14
[INFO] [stdout]   19:     0x578a5ed99c17 - fail_fast_parallel_test[caf15bfae948d804]::test_fail_fast_parallel_processing::{closure#0}
[INFO] [stdout]                                at /opt/rustwide/workdir/tests/fail_fast_parallel_test.rs:63:5
[INFO] [stdout]   20:     0x578a5edaecd2 - <core[a373ad73a504971]::pin::Pin<&mut dyn core[a373ad73a504971]::future::future::Future<Output = ()>> as core[a373ad73a504971]::future::future::Future>::poll
[INFO] [stdout]                                at /rustc/e3feeb59cd1bdd011a2bfcc0747b55125d9b8527/library/core/src/future/future.rs:133:9
[INFO] [stdout]   21:     0x578a5edaed4d - <core[a373ad73a504971]::pin::Pin<&mut core[a373ad73a504971]::pin::Pin<&mut dyn core[a373ad73a504971]::future::future::Future<Output = ()>>> as core[a373ad73a504971]::future::future::Future>::poll
[INFO] [stdout]                                at /rustc/e3feeb59cd1bdd011a2bfcc0747b55125d9b8527/library/core/src/future/future.rs:133:9
[INFO] [stdout]   22:     0x578a5ed910fd - <tokio[ae98ed9cf7d17102]::runtime::scheduler::current_thread::CoreGuard>::block_on::<core[a373ad73a504971]::pin::Pin<&mut core[a373ad73a504971]::pin::Pin<&mut dyn core[a373ad73a504971]::future::future::Future<Output = ()>>>>::{closure#0}::{closure#0}::{closure#0}
[INFO] [stdout]                                at /opt/rustwide/cargo-home/registry/src/index.crates.io-1949cf8c6b5b557f/tokio-1.46.0/src/runtime/scheduler/current_thread/mod.rs:746:70
[INFO] [stdout]   23:     0x578a5ed91025 - tokio[ae98ed9cf7d17102]::task::coop::with_budget::<core[a373ad73a504971]::task::poll::Poll<()>, <tokio[ae98ed9cf7d17102]::runtime::scheduler::current_thread::CoreGuard>::block_on<core[a373ad73a504971]::pin::Pin<&mut core[a373ad73a504971]::pin::Pin<&mut dyn core[a373ad73a504971]::future::future::Future<Output = ()>>>>::{closure#0}::{closure#0}::{closure#0}>
[INFO] [stdout]                                at /opt/rustwide/cargo-home/registry/src/index.crates.io-1949cf8c6b5b557f/tokio-1.46.0/src/task/coop/mod.rs:167:5
[INFO] [stdout]   24:     0x578a5ed91025 - tokio[ae98ed9cf7d17102]::task::coop::budget::<core[a373ad73a504971]::task::poll::Poll<()>, <tokio[ae98ed9cf7d17102]::runtime::scheduler::current_thread::CoreGuard>::block_on<core[a373ad73a504971]::pin::Pin<&mut core[a373ad73a504971]::pin::Pin<&mut dyn core[a373ad73a504971]::future::future::Future<Output = ()>>>>::{closure#0}::{closure#0}::{closure#0}>
[INFO] [stdout]                                at /opt/rustwide/cargo-home/registry/src/index.crates.io-1949cf8c6b5b557f/tokio-1.46.0/src/task/coop/mod.rs:133:5
[INFO] [stdout]   25:     0x578a5ed91025 - <tokio[ae98ed9cf7d17102]::runtime::scheduler::current_thread::CoreGuard>::block_on::<core[a373ad73a504971]::pin::Pin<&mut core[a373ad73a504971]::pin::Pin<&mut dyn core[a373ad73a504971]::future::future::Future<Output = ()>>>>::{closure#0}::{closure#0}
[INFO] [stdout]                                at /opt/rustwide/cargo-home/registry/src/index.crates.io-1949cf8c6b5b557f/tokio-1.46.0/src/runtime/scheduler/current_thread/mod.rs:746:25
[INFO] [stdout]   26:     0x578a5ed8acb2 - <tokio[ae98ed9cf7d17102]::runtime::scheduler::current_thread::Context>::enter::<core[a373ad73a504971]::task::poll::Poll<()>, <tokio[ae98ed9cf7d17102]::runtime::scheduler::current_thread::CoreGuard>::block_on<core[a373ad73a504971]::pin::Pin<&mut core[a373ad73a504971]::pin::Pin<&mut dyn core[a373ad73a504971]::future::future::Future<Output = ()>>>>::{closure#0}::{closure#0}>
[INFO] [stdout]                                at /opt/rustwide/cargo-home/registry/src/index.crates.io-1949cf8c6b5b557f/tokio-1.46.0/src/runtime/scheduler/current_thread/mod.rs:433:19
[INFO] [stdout]   27:     0x578a5ed9052d - <tokio[ae98ed9cf7d17102]::runtime::scheduler::current_thread::CoreGuard>::block_on::<core[a373ad73a504971]::pin::Pin<&mut core[a373ad73a504971]::pin::Pin<&mut dyn core[a373ad73a504971]::future::future::Future<Output = ()>>>>::{closure#0}
[INFO] [stdout]                                at /opt/rustwide/cargo-home/registry/src/index.crates.io-1949cf8c6b5b557f/tokio-1.46.0/src/runtime/scheduler/current_thread/mod.rs:745:44
[INFO] [stdout]   28:     0x578a5ed8f824 - <tokio[ae98ed9cf7d17102]::runtime::scheduler::current_thread::CoreGuard>::enter::<<tokio[ae98ed9cf7d17102]::runtime::scheduler::current_thread::CoreGuard>::block_on<core[a373ad73a504971]::pin::Pin<&mut core[a373ad73a504971]::pin::Pin<&mut dyn core[a373ad73a504971]::future::future::Future<Output = ()>>>>::{closure#0}, core[a373ad73a504971]::option::Option<()>>::{closure#0}
[INFO] [stdout]                                at /opt/rustwide/cargo-home/registry/src/index.crates.io-1949cf8c6b5b557f/tokio-1.46.0/src/runtime/scheduler/current_thread/mod.rs:833:68
[INFO] [stdout]   29:     0x578a5edafdcb - <tokio[ae98ed9cf7d17102]::runtime::context::scoped::Scoped<tokio[ae98ed9cf7d17102]::runtime::scheduler::Context>>::set::<<tokio[ae98ed9cf7d17102]::runtime::scheduler::current_thread::CoreGuard>::enter<<tokio[ae98ed9cf7d17102]::runtime::scheduler::current_thread::CoreGuard>::block_on<core[a373ad73a504971]::pin::Pin<&mut core[a373ad73a504971]::pin::Pin<&mut dyn core[a373ad73a504971]::future::future::Future<Output = ()>>>>::{closure#0}, core[a373ad73a504971]::option::Option<()>>::{closure#0}, (alloc[2e1b2a31b91974c5]::boxed::Box<tokio[ae98ed9cf7d17102]::runtime::scheduler::current_thread::Core>, core[a373ad73a504971]::option::Option<()>)>
[INFO] [stdout]                                at /opt/rustwide/cargo-home/registry/src/index.crates.io-1949cf8c6b5b557f/tokio-1.46.0/src/runtime/context/scoped.rs:40:9
[INFO] [stdout]   30:     0x578a5eda97d9 - tokio[ae98ed9cf7d17102]::runtime::context::set_scheduler::<(alloc[2e1b2a31b91974c5]::boxed::Box<tokio[ae98ed9cf7d17102]::runtime::scheduler::current_thread::Core>, core[a373ad73a504971]::option::Option<()>), <tokio[ae98ed9cf7d17102]::runtime::scheduler::current_thread::CoreGuard>::enter<<tokio[ae98ed9cf7d17102]::runtime::scheduler::current_thread::CoreGuard>::block_on<core[a373ad73a504971]::pin::Pin<&mut core[a373ad73a504971]::pin::Pin<&mut dyn core[a373ad73a504971]::future::future::Future<Output = ()>>>>::{closure#0}, core[a373ad73a504971]::option::Option<()>>::{closure#0}>::{closure#0}
[INFO] [stdout]                                at /opt/rustwide/cargo-home/registry/src/index.crates.io-1949cf8c6b5b557f/tokio-1.46.0/src/runtime/context.rs:176:38
[INFO] [stdout]   31:     0x578a5eda099f - <std[617be2ca0a6fd877]::thread::local::LocalKey<tokio[ae98ed9cf7d17102]::runtime::context::Context>>::try_with::<tokio[ae98ed9cf7d17102]::runtime::context::set_scheduler<(alloc[2e1b2a31b91974c5]::boxed::Box<tokio[ae98ed9cf7d17102]::runtime::scheduler::current_thread::Core>, core[a373ad73a504971]::option::Option<()>), <tokio[ae98ed9cf7d17102]::runtime::scheduler::current_thread::CoreGuard>::enter<<tokio[ae98ed9cf7d17102]::runtime::scheduler::current_thread::CoreGuard>::block_on<core[a373ad73a504971]::pin::Pin<&mut core[a373ad73a504971]::pin::Pin<&mut dyn core[a373ad73a504971]::future::future::Future<Output = ()>>>>::{closure#0}, core[a373ad73a504971]::option::Option<()>>::{closure#0}>::{closure#0}, (alloc[2e1b2a31b91974c5]::boxed::Box<tokio[ae98ed9cf7d17102]::runtime::scheduler::current_thread::Core>, core[a373ad73a504971]::option::Option<()>)>
[INFO] [stdout]                                at /rustc/e3feeb59cd1bdd011a2bfcc0747b55125d9b8527/library/std/src/thread/local.rs:463:12
[INFO] [stdout]   32:     0x578a5eda054e - <std[617be2ca0a6fd877]::thread::local::LocalKey<tokio[ae98ed9cf7d17102]::runtime::context::Context>>::with::<tokio[ae98ed9cf7d17102]::runtime::context::set_scheduler<(alloc[2e1b2a31b91974c5]::boxed::Box<tokio[ae98ed9cf7d17102]::runtime::scheduler::current_thread::Core>, core[a373ad73a504971]::option::Option<()>), <tokio[ae98ed9cf7d17102]::runtime::scheduler::current_thread::CoreGuard>::enter<<tokio[ae98ed9cf7d17102]::runtime::scheduler::current_thread::CoreGuard>::block_on<core[a373ad73a504971]::pin::Pin<&mut core[a373ad73a504971]::pin::Pin<&mut dyn core[a373ad73a504971]::future::future::Future<Output = ()>>>>::{closure#0}, core[a373ad73a504971]::option::Option<()>>::{closure#0}>::{closure#0}, (alloc[2e1b2a31b91974c5]::boxed::Box<tokio[ae98ed9cf7d17102]::runtime::scheduler::current_thread::Core>, core[a373ad73a504971]::option::Option<()>)>
[INFO] [stdout]                                at /rustc/e3feeb59cd1bdd011a2bfcc0747b55125d9b8527/library/std/src/thread/local.rs:427:20
[INFO] [stdout]   33:     0x578a5eda947d - tokio[ae98ed9cf7d17102]::runtime::context::set_scheduler::<(alloc[2e1b2a31b91974c5]::boxed::Box<tokio[ae98ed9cf7d17102]::runtime::scheduler::current_thread::Core>, core[a373ad73a504971]::option::Option<()>), <tokio[ae98ed9cf7d17102]::runtime::scheduler::current_thread::CoreGuard>::enter<<tokio[ae98ed9cf7d17102]::runtime::scheduler::current_thread::CoreGuard>::block_on<core[a373ad73a504971]::pin::Pin<&mut core[a373ad73a504971]::pin::Pin<&mut dyn core[a373ad73a504971]::future::future::Future<Output = ()>>>>::{closure#0}, core[a373ad73a504971]::option::Option<()>>::{closure#0}>
[INFO] [stdout]                                at /opt/rustwide/cargo-home/registry/src/index.crates.io-1949cf8c6b5b557f/tokio-1.46.0/src/runtime/context.rs:176:17
[INFO] [stdout]   34:     0x578a5ed8bd20 - <tokio[ae98ed9cf7d17102]::runtime::scheduler::current_thread::CoreGuard>::enter::<<tokio[ae98ed9cf7d17102]::runtime::scheduler::current_thread::CoreGuard>::block_on<core[a373ad73a504971]::pin::Pin<&mut core[a373ad73a504971]::pin::Pin<&mut dyn core[a373ad73a504971]::future::future::Future<Output = ()>>>>::{closure#0}, core[a373ad73a504971]::option::Option<()>>
[INFO] [stdout]                                at /opt/rustwide/cargo-home/registry/src/index.crates.io-1949cf8c6b5b557f/tokio-1.46.0/src/runtime/scheduler/current_thread/mod.rs:833:27
[INFO] [stdout]   35:     0x578a5ed8c016 - <tokio[ae98ed9cf7d17102]::runtime::scheduler::current_thread::CoreGuard>::block_on::<core[a373ad73a504971]::pin::Pin<&mut core[a373ad73a504971]::pin::Pin<&mut dyn core[a373ad73a504971]::future::future::Future<Output = ()>>>>
[INFO] [stdout]                                at /opt/rustwide/cargo-home/registry/src/index.crates.io-1949cf8c6b5b557f/tokio-1.46.0/src/runtime/scheduler/current_thread/mod.rs:733:24
[INFO] [stdout]   36:     0x578a5ed8f430 - <tokio[ae98ed9cf7d17102]::runtime::scheduler::current_thread::CurrentThread>::block_on::<core[a373ad73a504971]::pin::Pin<&mut dyn core[a373ad73a504971]::future::future::Future<Output = ()>>>::{closure#0}
[INFO] [stdout]                                at /opt/rustwide/cargo-home/registry/src/index.crates.io-1949cf8c6b5b557f/tokio-1.46.0/src/runtime/scheduler/current_thread/mod.rs:201:33
[INFO] [stdout]   37:     0x578a5eda20b8 - tokio[ae98ed9cf7d17102]::runtime::context::runtime::enter_runtime::<<tokio[ae98ed9cf7d17102]::runtime::scheduler::current_thread::CurrentThread>::block_on<core[a373ad73a504971]::pin::Pin<&mut dyn core[a373ad73a504971]::future::future::Future<Output = ()>>>::{closure#0}, ()>
[INFO] [stdout]                                at /opt/rustwide/cargo-home/registry/src/index.crates.io-1949cf8c6b5b557f/tokio-1.46.0/src/runtime/context/runtime.rs:65:16
[INFO] [stdout]   38:     0x578a5ed8a874 - <tokio[ae98ed9cf7d17102]::runtime::scheduler::current_thread::CurrentThread>::block_on::<core[a373ad73a504971]::pin::Pin<&mut dyn core[a373ad73a504971]::future::future::Future<Output = ()>>>
[INFO] [stdout]                                at /opt/rustwide/cargo-home/registry/src/index.crates.io-1949cf8c6b5b557f/tokio-1.46.0/src/runtime/scheduler/current_thread/mod.rs:189:9
[INFO] [stdout]   39:     0x578a5ed9bbcf - <tokio[ae98ed9cf7d17102]::runtime::runtime::Runtime>::block_on_inner::<core[a373ad73a504971]::pin::Pin<&mut dyn core[a373ad73a504971]::future::future::Future<Output = ()>>>
[INFO] [stdout]                                at /opt/rustwide/cargo-home/registry/src/index.crates.io-1949cf8c6b5b557f/tokio-1.46.0/src/runtime/runtime.rs:356:52
[INFO] [stdout]   40:     0x578a5ed9bd16 - <tokio[ae98ed9cf7d17102]::runtime::runtime::Runtime>::block_on::<core[a373ad73a504971]::pin::Pin<&mut dyn core[a373ad73a504971]::future::future::Future<Output = ()>>>
[INFO] [stdout]                                at /opt/rustwide/cargo-home/registry/src/index.crates.io-1949cf8c6b5b557f/tokio-1.46.0/src/runtime/runtime.rs:330:18
[INFO] [stdout]   41:     0x578a5ed9b7b3 - fail_fast_parallel_test[caf15bfae948d804]::test_fail_fast_parallel_processing
[INFO] [stdout]                                at /opt/rustwide/workdir/tests/fail_fast_parallel_test.rs:92:5
[INFO] [stdout]   42:     0x578a5ed95ad7 - fail_fast_parallel_test[caf15bfae948d804]::test_fail_fast_parallel_processing::{closure#0}
[INFO] [stdout]                                at /opt/rustwide/workdir/tests/fail_fast_parallel_test.rs:8:46
[INFO] [stdout]   43:     0x578a5ed91326 - <fail_fast_parallel_test[caf15bfae948d804]::test_fail_fast_parallel_processing::{closure#0} as core[a373ad73a504971]::ops::function::FnOnce<()>>::call_once
[INFO] [stdout]                                at /rustc/e3feeb59cd1bdd011a2bfcc0747b55125d9b8527/library/core/src/ops/function.rs:250:5
[INFO] [stdout]   44:     0x578a5edb588b - <fn() -> core[a373ad73a504971]::result::Result<(), alloc[2e1b2a31b91974c5]::string::String> as core[a373ad73a504971]::ops::function::FnOnce<()>>::call_once
[INFO] [stdout]                                at /rustc/e3feeb59cd1bdd011a2bfcc0747b55125d9b8527/library/core/src/ops/function.rs:250:5
[INFO] [stdout]   45:     0x578a5edb588b - test[aada8e7e76ba119b]::__rust_begin_short_backtrace::<core[a373ad73a504971]::result::Result<(), alloc[2e1b2a31b91974c5]::string::String>, fn() -> core[a373ad73a504971]::result::Result<(), alloc[2e1b2a31b91974c5]::string::String>>
[INFO] [stdout]                                at /rustc/e3feeb59cd1bdd011a2bfcc0747b55125d9b8527/library/test/src/lib.rs:701:18
[INFO] [stdout]   46:     0x578a5edc2a65 - test[aada8e7e76ba119b]::run_test_in_process::{closure#0}
[INFO] [stdout]                                at /rustc/e3feeb59cd1bdd011a2bfcc0747b55125d9b8527/library/test/src/lib.rs:724:74
[INFO] [stdout]   47:     0x578a5edc2a65 - <core[a373ad73a504971]::panic::unwind_safe::AssertUnwindSafe<test[aada8e7e76ba119b]::run_test_in_process::{closure#0}> as core[a373ad73a504971]::ops::function::FnOnce<()>>::call_once
[INFO] [stdout]                                at /rustc/e3feeb59cd1bdd011a2bfcc0747b55125d9b8527/library/core/src/panic/unwind_safe.rs:275:9
[INFO] [stdout]   48:     0x578a5edc2a65 - std[617be2ca0a6fd877]::panicking::catch_unwind::do_call::<core[a373ad73a504971]::panic::unwind_safe::AssertUnwindSafe<test[aada8e7e76ba119b]::run_test_in_process::{closure#0}>, core[a373ad73a504971]::result::Result<(), alloc[2e1b2a31b91974c5]::string::String>>
[INFO] [stdout]                                at /rustc/e3feeb59cd1bdd011a2bfcc0747b55125d9b8527/library/std/src/panicking.rs:573:43
[INFO] [stdout]   49:     0x578a5edc2a65 - std[617be2ca0a6fd877]::panicking::catch_unwind::<core[a373ad73a504971]::result::Result<(), alloc[2e1b2a31b91974c5]::string::String>, core[a373ad73a504971]::panic::unwind_safe::AssertUnwindSafe<test[aada8e7e76ba119b]::run_test_in_process::{closure#0}>>
[INFO] [stdout]                                at /rustc/e3feeb59cd1bdd011a2bfcc0747b55125d9b8527/library/std/src/panicking.rs:541:19
[INFO] [stdout]   50:     0x578a5edc2a65 - std[617be2ca0a6fd877]::panic::catch_unwind::<core[a373ad73a504971]::panic::unwind_safe::AssertUnwindSafe<test[aada8e7e76ba119b]::run_test_in_process::{closure#0}>, core[a373ad73a504971]::result::Result<(), alloc[2e1b2a31b91974c5]::string::String>>
[INFO] [stdout]                                at /rustc/e3feeb59cd1bdd011a2bfcc0747b55125d9b8527/library/std/src/panic.rs:359:14
[INFO] [stdout]   51:     0x578a5edc2a65 - test[aada8e7e76ba119b]::run_test_in_process
[INFO] [stdout]                                at /rustc/e3feeb59cd1bdd011a2bfcc0747b55125d9b8527/library/test/src/lib.rs:724:27
[INFO] [stdout]   52:     0x578a5edc2a65 - test[aada8e7e76ba119b]::run_test::{closure#0}
[INFO] [stdout]                                at /rustc/e3feeb59cd1bdd011a2bfcc0747b55125d9b8527/library/test/src/lib.rs:645:43
[INFO] [stdout]   53:     0x578a5edbc354 - test[aada8e7e76ba119b]::run_test::{closure#1}
[INFO] [stdout]                                at /rustc/e3feeb59cd1bdd011a2bfcc0747b55125d9b8527/library/test/src/lib.rs:675:41
[INFO] [stdout]   54:     0x578a5edbc354 - std[617be2ca0a6fd877]::sys::backtrace::__rust_begin_short_backtrace::<test[aada8e7e76ba119b]::run_test::{closure#1}, ()>
[INFO] [stdout]                                at /rustc/e3feeb59cd1bdd011a2bfcc0747b55125d9b8527/library/std/src/sys/backtrace.rs:166:18
[INFO] [stdout]   55:     0x578a5edc5af2 - std[617be2ca0a6fd877]::thread::lifecycle::spawn_unchecked::<test[aada8e7e76ba119b]::run_test::{closure#1}, ()>::{closure#1}::{closure#0}
[INFO] [stdout]                                at /rustc/e3feeb59cd1bdd011a2bfcc0747b55125d9b8527/library/std/src/thread/lifecycle.rs:70:13
[INFO] [stdout]   56:     0x578a5edc5af2 - <core[a373ad73a504971]::panic::unwind_safe::AssertUnwindSafe<std[617be2ca0a6fd877]::thread::lifecycle::spawn_unchecked<test[aada8e7e76ba119b]::run_test::{closure#1}, ()>::{closure#1}::{closure#0}> as core[a373ad73a504971]::ops::function::FnOnce<()>>::call_once
[INFO] [stdout]                                at /rustc/e3feeb59cd1bdd011a2bfcc0747b55125d9b8527/library/core/src/panic/unwind_safe.rs:275:9
[INFO] [stdout]   57:     0x578a5edc5af2 - std[617be2ca0a6fd877]::panicking::catch_unwind::do_call::<core[a373ad73a504971]::panic::unwind_safe::AssertUnwindSafe<std[617be2ca0a6fd877]::thread::lifecycle::spawn_unchecked<test[aada8e7e76ba119b]::run_test::{closure#1}, ()>::{closure#1}::{closure#0}>, ()>
[INFO] [stdout]                                at /rustc/e3feeb59cd1bdd011a2bfcc0747b55125d9b8527/library/std/src/panicking.rs:573:43
[INFO] [stdout]   58:     0x578a5edc5af2 - std[617be2ca0a6fd877]::panicking::catch_unwind::<(), core[a373ad73a504971]::panic::unwind_safe::AssertUnwindSafe<std[617be2ca0a6fd877]::thread::lifecycle::spawn_unchecked<test[aada8e7e76ba119b]::run_test::{closure#1}, ()>::{closure#1}::{closure#0}>>
[INFO] [stdout]                                at /rustc/e3feeb59cd1bdd011a2bfcc0747b55125d9b8527/library/std/src/panicking.rs:541:19
[INFO] [stdout]   59:     0x578a5edc5af2 - std[617be2ca0a6fd877]::panic::catch_unwind::<core[a373ad73a504971]::panic::unwind_safe::AssertUnwindSafe<std[617be2ca0a6fd877]::thread::lifecycle::spawn_unchecked<test[aada8e7e76ba119b]::run_test::{closure#1}, ()>::{closure#1}::{closure#0}>, ()>
[INFO] [stdout]                                at /rustc/e3feeb59cd1bdd011a2bfcc0747b55125d9b8527/library/std/src/panic.rs:359:14
[INFO] [stdout]   60:     0x578a5edc5af2 - std[617be2ca0a6fd877]::thread::lifecycle::spawn_unchecked::<test[aada8e7e76ba119b]::run_test::{closure#1}, ()>::{closure#1}
[INFO] [stdout]                                at /rustc/e3feeb59cd1bdd011a2bfcc0747b55125d9b8527/library/std/src/thread/lifecycle.rs:68:26
[INFO] [stdout]   61:     0x578a5edc5af2 - <std[617be2ca0a6fd877]::thread::lifecycle::spawn_unchecked<test[aada8e7e76ba119b]::run_test::{closure#1}, ()>::{closure#1} as core[a373ad73a504971]::ops::function::FnOnce<()>>::call_once::{shim:vtable#0}
[INFO] [stdout]                                at /rustc/e3feeb59cd1bdd011a2bfcc0747b55125d9b8527/library/core/src/ops/function.rs:250:5
[INFO] [stdout]   62:     0x578a5eebef8f - <alloc[2e1b2a31b91974c5]::boxed::Box<dyn core[a373ad73a504971]::ops::function::FnOnce<(), Output = ()> + core[a373ad73a504971]::marker::Send> as core[a373ad73a504971]::ops::function::FnOnce<()>>::call_once
[INFO] [stdout]                                at /rustc/e3feeb59cd1bdd011a2bfcc0747b55125d9b8527/library/alloc/src/boxed.rs:2314:9
[INFO] [stdout]   63:     0x578a5eebef8f - <std[617be2ca0a6fd877]::sys::thread::unix::Thread>::new::thread_start
[INFO] [stdout]                                at /rustc/e3feeb59cd1bdd011a2bfcc0747b55125d9b8527/library/std/src/sys/thread/unix.rs:127:17
[INFO] [stdout]   64:     0x7823a92b2dfa - <unknown>
[INFO] [stdout]   65:     0x7823a93463d4 - clone
[INFO] [stdout]   66:                0x0 - <unknown>
[INFO] [stdout] 
[INFO] [stdout] 
[INFO] [stdout] failures:
[INFO] [stdout]     test_fail_fast_parallel_processing
[INFO] [stdout] 
[INFO] [stdout] test result: FAILED. 3 passed; 1 failed; 0 ignored; 0 measured; 0 filtered out; finished in 0.53s
[INFO] [stdout] 
[INFO] [stderr] error: test failed, to rerun pass `--test fail_fast_parallel_test`
[INFO] running `Command { std: "docker" "inspect" "2ebd4fbf5c1e7c409d49ea93ed3ce0c3517f25424382da2a9f8fc5f1429991e7", kill_on_drop: false }`
[INFO] running `Command { std: "docker" "rm" "-f" "2ebd4fbf5c1e7c409d49ea93ed3ce0c3517f25424382da2a9f8fc5f1429991e7", kill_on_drop: false }`
[INFO] [stdout] 2ebd4fbf5c1e7c409d49ea93ed3ce0c3517f25424382da2a9f8fc5f1429991e7
