[INFO] fetching crate sdr-aaronia-rs 0.12.0...
[INFO] testing sdr-aaronia-rs-0.12.0 against 1.100.0-beta.1 for beta-1.100-2
[INFO] extracting crate sdr-aaronia-rs 0.12.0 into /workspace/builds/worker-6-tc2/source
[INFO] removed /workspace/builds/worker-6-tc2/source/.cargo/config.toml
[INFO] started tweaking crates.io crate sdr-aaronia-rs 0.12.0
[INFO] removed 0 missing examples
[INFO] removed 0 missing tests
[INFO] finished tweaking crates.io crate sdr-aaronia-rs 0.12.0
[INFO] tweaked toml for crates.io crate sdr-aaronia-rs 0.12.0 written to /workspace/builds/worker-6-tc2/source/Cargo.toml
[INFO] validating manifest of crates.io crate sdr-aaronia-rs 0.12.0 on toolchain 1.100.0-beta.1
[INFO] running `Command { std: CARGO_HOME="/workspace/cargo-home" RUSTUP_HOME="/workspace/rustup-home" "/workspace/cargo-home/bin/cargo" "+1.100.0-beta.1" "metadata" "--manifest-path" "Cargo.toml" "--no-deps", kill_on_drop: false }`
[INFO] crate crates.io crate sdr-aaronia-rs 0.12.0 already has a lockfile, it will not be regenerated
[INFO] running `Command { std: CARGO_HOME="/workspace/cargo-home" RUSTUP_HOME="/workspace/rustup-home" "/workspace/cargo-home/bin/cargo" "+1.100.0-beta.1" "fetch" "--manifest-path" "Cargo.toml", kill_on_drop: false }`
[INFO] running `Command { std: "docker" "create" "-v" "/var/lib/crater-agent-workspace/builds/worker-6-tc2/source:/opt/rustwide/workdir:ro,Z" "-v" "/var/lib/crater-agent-workspace/builds/worker-6-tc2/target:/opt/rustwide/target:rw,Z" "-v" "/var/lib/crater-agent-workspace/cargo-home:/opt/rustwide/cargo-home:ro,Z" "-v" "/var/lib/crater-agent-workspace/rustup-home:/opt/rustwide/rustup-home:ro,Z" "-m" "1610612736" "--network" "none" "ghcr.io/rust-lang/crates-build-env/linux@sha256:3111399a4047eeb3a02b7a90e478d715f38a8c6669b5c4b49d30a17385265909" "sleep" "infinity", kill_on_drop: false }`
[INFO] [stdout] 8af9db68db8e171fd7fb7210310329b86d1864a1c4637b9d6607ba780c5711c4
[INFO] running `Command { std: "docker" "start" "8af9db68db8e171fd7fb7210310329b86d1864a1c4637b9d6607ba780c5711c4", kill_on_drop: false }`
[INFO] running `Command { std: "docker" "inspect" "8af9db68db8e171fd7fb7210310329b86d1864a1c4637b9d6607ba780c5711c4", kill_on_drop: false }`
[INFO] running `Command { std: "docker" "exec" "-e" "SOURCE_DIR=/opt/rustwide/workdir" "-e" "CARGO_HOME=/opt/rustwide/cargo-home" "-e" "RUSTUP_HOME=/opt/rustwide/rustup-home" "-e" "CARGO_TARGET_DIR=/opt/rustwide/target" "-w" "/opt/rustwide/workdir" "--user" "0:0" "8af9db68db8e171fd7fb7210310329b86d1864a1c4637b9d6607ba780c5711c4" "/opt/rustwide/cargo-home/bin/cargo" "+1.100.0-beta.1" "metadata" "--no-deps" "--format-version=1", kill_on_drop: false }`
[INFO] running `Command { std: "docker" "inspect" "8af9db68db8e171fd7fb7210310329b86d1864a1c4637b9d6607ba780c5711c4", kill_on_drop: false }`
[INFO] running `Command { std: "docker" "exec" "-e" "SOURCE_DIR=/opt/rustwide/workdir" "-e" "CARGO_HOME=/opt/rustwide/cargo-home" "-e" "RUSTUP_HOME=/opt/rustwide/rustup-home" "-e" "CARGO_TARGET_DIR=/opt/rustwide/target" "-e" "CARGO_INCREMENTAL=0" "-e" "RUST_BACKTRACE=full" "-e" "RUSTFLAGS=--cap-lints=warn" "-e" "RUSTDOCFLAGS=--cap-lints=warn" "-w" "/opt/rustwide/workdir" "--user" "0:0" "8af9db68db8e171fd7fb7210310329b86d1864a1c4637b9d6607ba780c5711c4" "/opt/rustwide/cargo-home/bin/cargo" "+1.100.0-beta.1" "build" "--frozen" "--message-format=json", kill_on_drop: false }`
[INFO] [stderr]    Compiling proc-macro2 v1.0.107
[INFO] [stderr]    Compiling libc v0.2.189
[INFO] [stderr]    Compiling pin-project-lite v0.2.17
[INFO] [stderr]    Compiling stable_deref_trait v1.2.1
[INFO] [stderr]    Compiling find-msvc-tools v0.1.10
[INFO] [stderr]    Compiling futures-core v0.3.34
[INFO] [stderr]    Compiling bytes v1.12.1
[INFO] [stderr]    Compiling pkg-config v0.3.33
[INFO] [stderr]    Compiling fs_extra v1.3.0
[INFO] [stderr]    Compiling dunce v1.0.5
[INFO] [stderr]    Compiling futures-sink v0.3.34
[INFO] [stderr]    Compiling memchr v2.8.3
[INFO] [stderr]    Compiling once_cell v1.21.4
[INFO] [stderr]    Compiling slab v0.4.12
[INFO] [stderr]    Compiling futures-channel v0.3.34
[INFO] [stderr]    Compiling litemap v0.8.2
[INFO] [stderr]    Compiling writeable v0.6.3
[INFO] [stderr]    Compiling smallvec v1.15.2
[INFO] [stderr]    Compiling zeroize v1.9.0
[INFO] [stderr]    Compiling quote v1.0.47
[INFO] [stderr]    Compiling aws-lc-rs v1.18.0
[INFO] [stderr]    Compiling utf8_iter v1.0.4
[INFO] [stderr]    Compiling futures-task v0.3.34
[INFO] [stderr]    Compiling syn v3.0.3
[INFO] [stderr]    Compiling syn v2.0.119
[INFO] [stderr]    Compiling http v1.5.0
[INFO] [stderr]    Compiling icu_normalizer_data v2.2.0
[INFO] [stderr]    Compiling icu_properties_data v2.2.0
[INFO] [stderr]    Compiling futures-io v0.3.34
[INFO] [stderr]    Compiling rustls-pki-types v1.15.1
[INFO] [stderr]    Compiling crc32fast v1.5.1
[INFO] [stderr]    Compiling tracing-core v0.1.36
[INFO] [stderr]    Compiling hashbrown v0.17.1
[INFO] [stderr]    Compiling percent-encoding v2.3.2
[INFO] [stderr]    Compiling simd-adler32 v0.3.10
[INFO] [stderr]    Compiling httparse v1.10.1
[INFO] [stderr]    Compiling rustls v0.23.43
[INFO] [stderr]    Compiling equivalent v1.0.2
[INFO] [stderr]    Compiling untrusted v0.9.0
[INFO] [stderr]    Compiling jobserver v0.1.35
[INFO] [stderr]    Compiling mio v1.2.2
[INFO] [stderr]    Compiling socket2 v0.6.5
[INFO] [stderr]    Compiling adler2 v2.0.1
[INFO] [stderr]    Compiling http-body v1.1.0
[INFO] [stderr]    Compiling miniz_oxide v0.9.1
[INFO] [stderr]    Compiling indexmap v2.14.0
[INFO] [stderr]    Compiling cc v1.4.2
[INFO] [stderr]    Compiling subtle v2.6.1
[INFO] [stderr]    Compiling try-lock v0.2.5
[INFO] [stderr]    Compiling atomic-waker v1.1.2
[INFO] [stderr]    Compiling fnv v1.0.7
[INFO] [stderr]    Compiling tower-service v0.3.3
[INFO] [stderr]    Compiling want v0.3.1
[INFO] [stderr]    Compiling flate2 v1.1.10
[INFO] [stderr]    Compiling bitflags v2.13.1
[INFO] [stderr]    Compiling compression-core v0.4.32
[INFO] [stderr]    Compiling num-traits v0.2.19
[INFO] [stderr]    Compiling form_urlencoded v1.2.2
[INFO] [stderr]    Compiling sync_wrapper v1.0.2
[INFO] [stderr]    Compiling rustix v1.1.4
[INFO] [stderr]    Compiling getrandom v0.4.3
[INFO] [stderr]    Compiling tower-layer v0.3.3
[INFO] [stderr]    Compiling zerocopy v0.8.56
[INFO] [stderr]    Compiling compression-codecs v0.4.38
[INFO] [stderr]    Compiling base64 v0.22.1
[INFO] [stderr]    Compiling ipnet v2.12.1
[INFO] [stderr]    Compiling openssl-probe v0.2.1
[INFO] [stderr]    Compiling rustls-native-certs v0.8.4
[INFO] [stderr]    Compiling cmake v0.1.58
[INFO] [stderr]    Compiling http-body-util v0.1.4
[INFO] [stderr]    Compiling thiserror v2.0.20
[INFO] [stderr]    Compiling log v0.4.33
[INFO] [stderr]    Compiling linux-raw-sys v0.12.1
[INFO] [stderr]    Compiling serde_json v1.0.151
[INFO] [stderr]    Compiling encoding_rs v0.8.35
[INFO] [stderr]    Compiling fastrand v2.5.0
[INFO] [stderr]    Compiling mime v0.3.17
[INFO] [stderr]    Compiling aws-lc-sys v0.44.0
[INFO] [stderr]    Compiling byteorder v1.5.0
[INFO] [stderr]    Compiling num-complex v0.4.6
[INFO] [stderr]    Compiling displaydoc v0.2.7
[INFO] [stderr]    Compiling tokio-macros v2.7.2
[INFO] [stderr]    Compiling futures-macro v0.3.34
[INFO] [stderr]    Compiling serde_derive v1.0.229
[INFO] [stderr]    Compiling tokio v1.53.1
[INFO] [stderr]    Compiling thiserror-impl v2.0.20
[INFO] [stderr]    Compiling synstructure v0.13.2
[INFO] [stderr]    Compiling futures-util v0.3.34
[INFO] [stderr]    Compiling tempfile v3.27.0
[INFO] [stderr]    Compiling zerofrom-derive v0.1.7
[INFO] [stderr]    Compiling yoke-derive v0.8.2
[INFO] [stderr]    Compiling zerovec-derive v0.11.3
[INFO] [stderr]    Compiling tracing-attributes v0.1.31
[INFO] [stderr]    Compiling zerofrom v0.1.8
[INFO] [stderr]    Compiling zerocopy-derive v0.8.56
[INFO] [stderr]    Compiling yoke v0.8.3
[INFO] [stderr]    Compiling tracing v0.1.44
[INFO] [stderr]    Compiling zerovec v0.11.6
[INFO] [stderr]    Compiling zerotrie v0.2.4
[INFO] [stderr]    Compiling serde v1.0.229
[INFO] [stderr]    Compiling tinystr v0.8.3
[INFO] [stderr]    Compiling potential_utf v0.1.5
[INFO] [stderr]    Compiling icu_collections v2.2.0
[INFO] [stderr]    Compiling icu_locale_core v2.2.0
[INFO] [stderr]    Compiling futures-executor v0.3.34
[INFO] [stderr]    Compiling futures v0.3.34
[INFO] [stderr]    Compiling icu_provider v2.2.0
[INFO] [stderr]    Compiling tokio-util v0.7.19
[INFO] [stderr]    Compiling icu_normalizer v2.2.0
[INFO] [stderr]    Compiling icu_properties v2.2.0
[INFO] [stderr]    Compiling async-compression v0.4.43
[INFO] [stderr]    Compiling tower v0.5.3
[INFO] [stderr]    Compiling h2 v0.4.19
[INFO] [stderr]    Compiling idna_adapter v1.2.2
[INFO] [stderr]    Compiling idna v1.1.0
[INFO] [stderr]    Compiling url v2.5.8
[INFO] [stderr]    Compiling tower-http v0.6.11
[INFO] [stderr]    Compiling half v2.7.1
[INFO] [stderr]    Compiling hyper v1.11.0
[INFO] [stderr]    Compiling hyper-util v0.1.20
[INFO] [stderr]    Compiling rustls-webpki v0.103.14
[INFO] [stderr]    Compiling tokio-rustls v0.26.4
[INFO] [stderr]    Compiling rustls-platform-verifier v0.7.0
[INFO] [stderr]    Compiling hyper-rustls v0.27.9
[INFO] [stderr]    Compiling reqwest v0.13.4
[INFO] [stderr]    Compiling sdr-aaronia-rs v0.12.0 (/opt/rustwide/workdir)
[INFO] [stderr]     Finished `dev` profile [unoptimized + debuginfo] target(s) in 2m 35s
[INFO] running `Command { std: "docker" "inspect" "8af9db68db8e171fd7fb7210310329b86d1864a1c4637b9d6607ba780c5711c4", kill_on_drop: false }`
[INFO] running `Command { std: "docker" "exec" "-e" "SOURCE_DIR=/opt/rustwide/workdir" "-e" "CARGO_HOME=/opt/rustwide/cargo-home" "-e" "RUSTUP_HOME=/opt/rustwide/rustup-home" "-e" "CARGO_TARGET_DIR=/opt/rustwide/target" "-e" "CARGO_INCREMENTAL=0" "-e" "RUST_BACKTRACE=full" "-e" "RUSTFLAGS=--cap-lints=warn" "-e" "RUSTDOCFLAGS=--cap-lints=warn" "-w" "/opt/rustwide/workdir" "--user" "0:0" "8af9db68db8e171fd7fb7210310329b86d1864a1c4637b9d6607ba780c5711c4" "/opt/rustwide/cargo-home/bin/cargo" "+1.100.0-beta.1" "test" "--frozen" "--no-run" "--message-format=json", kill_on_drop: false }`
[INFO] [stderr]    Compiling serde_core v1.0.229
[INFO] [stderr]    Compiling tracing-core v0.1.36
[INFO] [stderr]    Compiling serde v1.0.229
[INFO] [stderr]    Compiling num-traits v0.2.19
[INFO] [stderr]    Compiling getrandom v0.3.4
[INFO] [stderr]    Compiling log v0.4.33
[INFO] [stderr]    Compiling httpdate v1.0.3
[INFO] [stderr]    Compiling aho-corasick v1.1.5
[INFO] [stderr]    Compiling lazy_static v1.5.0
[INFO] [stderr]    Compiling tracing v0.1.44
[INFO] [stderr]    Compiling either v1.17.0
[INFO] [stderr]    Compiling clap_builder v4.6.6
[INFO] [stderr]    Compiling ciborium-ll v0.2.2
[INFO] [stderr]    Compiling rustls-platform-verifier v0.7.0
[INFO] [stderr]    Compiling h2 v0.4.19
[INFO] [stderr]    Compiling rand_core v0.9.5
[INFO] [stderr]    Compiling itertools v0.10.5
[INFO] [stderr]    Compiling ppv-lite86 v0.2.21
[INFO] [stderr]    Compiling num_cpus v1.17.0
[INFO] [stderr]    Compiling wait-timeout v0.2.1
[INFO] [stderr]    Compiling anyhow v1.0.104
[INFO] [stderr]    Compiling regex-automata v0.4.18
[INFO] [stderr]    Compiling deadpool-runtime v0.1.4
[INFO] [stderr]    Compiling quick-error v1.2.3
[INFO] [stderr]    Compiling bit-vec v0.8.0
[INFO] [stderr]    Compiling rusty-fork v0.3.1
[INFO] [stderr]    Compiling bit-set v0.8.0
[INFO] [stderr]    Compiling deadpool v0.12.3
[INFO] [stderr]    Compiling plotters v0.3.7
[INFO] [stderr]    Compiling num-complex v0.4.6
[INFO] [stderr]    Compiling criterion-plot v0.5.0
[INFO] [stderr]    Compiling rand_chacha v0.9.0
[INFO] [stderr]    Compiling clap v4.6.6
[INFO] [stderr]    Compiling rand_xorshift v0.4.0
[INFO] [stderr]    Compiling rand v0.9.5
[INFO] [stderr]    Compiling rayon v1.12.0
[INFO] [stderr]    Compiling sharded-slab v0.1.7
[INFO] [stderr]    Compiling tracing-log v0.2.0
[INFO] [stderr]    Compiling is-terminal v0.4.17
[INFO] [stderr]    Compiling thread_local v1.1.10
[INFO] [stderr]    Compiling unarray v0.1.4
[INFO] [stderr]    Compiling nu-ansi-term v0.50.3
[INFO] [stderr]    Compiling serde_json v1.0.151
[INFO] [stderr]    Compiling tracing-subscriber v0.3.23
[INFO] [stderr]    Compiling hyper v1.11.0
[INFO] [stderr]    Compiling regex v1.13.1
[INFO] [stderr]    Compiling ciborium v0.2.2
[INFO] [stderr]    Compiling tinytemplate v1.2.1
[INFO] [stderr]    Compiling assert-json-diff v2.0.2
[INFO] [stderr]    Compiling proptest v1.11.0
[INFO] [stderr]    Compiling hyper-util v0.1.20
[INFO] [stderr]    Compiling criterion v0.5.1
[INFO] [stderr]    Compiling hyper-rustls v0.27.9
[INFO] [stderr]    Compiling wiremock v0.6.5
[INFO] [stderr]    Compiling reqwest v0.13.4
[INFO] [stderr]    Compiling sdr-aaronia-rs v0.12.0 (/opt/rustwide/workdir)
[INFO] [stderr]     Finished `test` profile [unoptimized + debuginfo] target(s) in 1m 46s
[INFO] running `Command { std: "docker" "inspect" "8af9db68db8e171fd7fb7210310329b86d1864a1c4637b9d6607ba780c5711c4", kill_on_drop: false }`
[INFO] running `Command { std: "docker" "exec" "-e" "SOURCE_DIR=/opt/rustwide/workdir" "-e" "CARGO_HOME=/opt/rustwide/cargo-home" "-e" "RUSTUP_HOME=/opt/rustwide/rustup-home" "-e" "CARGO_TARGET_DIR=/opt/rustwide/target" "-e" "CARGO_INCREMENTAL=0" "-e" "RUST_BACKTRACE=full" "-e" "RUSTFLAGS=--cap-lints=warn" "-e" "RUSTDOCFLAGS=--cap-lints=warn" "-w" "/opt/rustwide/workdir" "--user" "0:0" "8af9db68db8e171fd7fb7210310329b86d1864a1c4637b9d6607ba780c5711c4" "/opt/rustwide/cargo-home/bin/cargo" "+1.100.0-beta.1" "test" "--frozen", kill_on_drop: false }`
[INFO] [stderr]     Finished `test` profile [unoptimized + debuginfo] target(s) in 0.54s
[INFO] [stdout] 
[INFO] [stdout] running 264 tests
[INFO] [stdout] test c_api::tests::capabilities_free_releases_every_owned_allocation ... ok
[INFO] [stdout] test c_api::tests::an_out_of_range_source_type_from_c_is_refused ... ok
[INFO] [stdout] test c_api::tests::capabilities_of_a_null_source_are_null ... ok
[INFO] [stdout] test c_api::tests::ffi_device_capabilities_layout_matches_the_c_header ... ok
[INFO] [stderr]      Running unittests src/lib.rs (/opt/rustwide/target/debug/build/sdr-aaronia-rs/7745d3cc044e4e77/out/sdr_aaronia_rs-7745d3cc044e4e77)
[INFO] [stdout] test c_api::tests::test_ffi_null_pointer_handling ... ok
[INFO] [stdout] test c_api::tests::test_spectran_last_error_roundtrip ... ok
[INFO] [stdout] test decompression::tests::decompress_accepts_compression_factor_at_documented_ceiling ... ok
[INFO] [stdout] test decompression::tests::decompress_rejects_compression_factor_above_documented_range ... ok
[INFO] [stdout] test c_api::tests::ffi_info_struct_layouts_match_the_c_header ... ok
[INFO] [stdout] test c_api::tests::capabilities_free_accepts_an_empty_reading ... ok
[INFO] [stdout] test c_api::tests::test_ffi_error_message_mapping ... ok
[INFO] [stdout] test decompression::tests::test_bit_reader_multiple_bits ... ok
[INFO] [stdout] test decompression::tests::test_bit_reader_single_bit ... ok
[INFO] [stdout] test decompression::tests::test_decompress_rejects_factor_zero ... ok
[INFO] [stdout] test decompression::tests::test_decompress_rejects_zero_dimensions ... ok
[INFO] [stdout] test decompression::tests::test_decompression_exact_oracle ... ok
[INFO] [stdout] test decompression::tests::test_decompressor_creation ... ok
[INFO] [stdout] test decompression::tests::test_dequantization_basic ... ok
[INFO] [stdout] test decompression::tests::test_dequantization_compression_factors ... ok
[INFO] [stdout] test decompression::tests::decompress_truncates_over_produced_coefficients ... ok
[INFO] [stdout] test decompression::tests::test_empty_data_handling ... ok
[INFO] [stdout] test c_api::tests::test_ffi_builder_lifecycle ... ok
[INFO] [stdout] test decompression::tests::test_bit_reader_bounds_checking ... ok
[INFO] [stdout] test decompression::tests::test_large_compression_factor ... ok
[INFO] [stdout] test decompression::tests::test_negative_coefficient_handling ... ok
[INFO] [stdout] test decompression::tests::test_rice_coding_unpack_simple_values ... ok
[INFO] [stdout] test decompression::tests::test_single_coefficient_rice_decoding ... ok
[INFO] [stdout] test decompression::tests::test_wavelet_transform_2x2_matrix ... ok
[INFO] [stdout] test decompression::tests::test_wavelet_transform_4x4_matrix ... ok
[INFO] [stdout] test decompression::tests::test_wavelet_transform_step_basic ... ok
[INFO] [stdout] test decompression::tests::unpack_matches_filespec_code_table ... ok
[INFO] [stdout] test detection::tests::sdk_library_name_is_some_on_windows_linux ... ok
[INFO] [stdout] test decompression::tests::test_full_decompression_workflow ... ok
[INFO] [stdout] test file_source::tests::a_seek_lands_in_the_chunk_a_read_would_use ... ok
[INFO] [stdout] test file_source::tests::rtsa_epoch_seconds_cutoff_is_year_2286_safe ... ok
[INFO] [stdout] test file_source::tests::rtsa_epoch_seconds_handles_zero ... ok
[INFO] [stdout] test file_source::tests::an_absurd_sample_count_is_a_warning_not_a_panic ... ok
[INFO] [stdout] test file_source::tests::rtsa_epoch_seconds_normalises_microseconds ... ok
[INFO] [stdout] test file_source::tests::rtsa_epoch_seconds_passes_through_negative_and_nan ... ok
[INFO] [stdout] test file_source::tests::test_accessor_methods ... ok
[INFO] [stdout] test file_source::tests::rtsa_epoch_seconds_passes_through_seconds ... ok
[INFO] [stdout] test file_source::tests::test_anta_chunk_parsing ... ok
[INFO] [stdout] test file_source::tests::test_ants_chunk_read_from_round_trip ... ok
[INFO] [stdout] test file_source::tests::a_seek_to_an_index_every_sub_stream_holds_agrees_with_the_read ... ok
[INFO] [stdout] test file_source::tests::read_iq_f32_round_trips ... ok
[INFO] [stdout] test file_source::tests::test_comprehensive_metadata_validation ... ok
[INFO] [stdout] test file_source::tests::test_dsft_chunk_parsing ... ok
[INFO] [stdout] test file_source::tests::test_dsfh_chunk_parsing ... ok
[INFO] [stdout] test file_source::tests::test_dsp_stream_sample_type_conversion ... ok
[INFO] [stdout] test file_source::tests::test_dsp_stream_payload_type_conversion ... ok
[INFO] [stdout] test file_source::tests::test_chunk_size_validation ... ok
[INFO] [stdout] test file_source::tests::test_dsp_stream_sample_unit_conversion ... ok
[INFO] [stdout] test file_source::tests::test_int16_scale_falls_back_when_range_zero ... ok
[INFO] [stdout] test file_source::tests::an_iq_chunk_that_is_not_one_pair_per_sample_is_refused ... ok
[INFO] [stdout] test file_source::tests::test_int16_scale_falls_back_when_sub_stream_unknown ... ok
[INFO] [stdout] test file_source::tests::test_dsp_packet_flags ... ok
[INFO] [stdout] test file_source::tests::test_invalid_chunk_handling ... ok
[INFO] [stdout] test file_source::tests::test_malformed_and_edge_cases ... ok
[INFO] [stdout] test file_source::tests::test_mdtt_simple_meta_type ... ok
[INFO] [stdout] test file_source::tests::test_int16_scale_uses_value_range ... ok
[INFO] [stdout] test file_source::tests::test_int16_scale_uses_max_abs_when_asymmetric ... ok
[INFO] [stdout] test file_source::tests::test_meta_type_conversion ... ok
[INFO] [stdout] test file_source::tests::test_meta_type_flags ... ok
[INFO] [stdout] test detection::tests::sdk_path_env_var_resolution ... ok
[INFO] [stdout] test file_source::tests::test_metadata_validation_report ... ok
[INFO] [stdout] test file_source::tests::test_read_samples_with_metadata_chunk_in_between ... ok
[INFO] [stdout] test file_source::tests::test_sprv_chunk_parsing ... ok
[INFO] [stdout] test file_source::tests::test_sample_data_variants ... ok
[INFO] [stdout] test file_source::tests::test_scan_for_samp_chunks_header_size_drift ... ok
[INFO] [stdout] test file_source::tests::test_rtsa_metadata_structure ... ok
[INFO] [stdout] test file_source::tests::test_samp_chunk_parsing ... ok
[INFO] [stdout] test file_source::tests::test_rtsa_chunk_header_parsing ... ok
[INFO] [stdout] test file_source::tests::test_strt_chunk_parsing ... ok
[INFO] [stdout] test file_source::tests::test_ssca_chunk_read_from_round_trip ... ok
[INFO] [stdout] test file_source::tests::test_strm_chunk_40_byte_standard_format ... ok
[INFO] [stdout] test file_source::tests::test_sstr_chunk_parsing ... ok
[INFO] [stdout] test file_source::tests::test_strm_chunk_standard_format_with_trailing_bytes ... ok
[INFO] [stdout] test http_endpoints::tests::a_decayed_residue_does_not_read_as_loss ... ok
[INFO] [stdout] test file_source::tests::test_strt_chunk_parsing_88_byte_no_metadata_offset ... ok
[INFO] [stdout] test http_endpoints::tests::an_out_of_range_enum_index_selects_nothing ... ok
[INFO] [stdout] test http_endpoints::tests::capabilities_are_absent_when_nothing_can_be_read ... ok
[INFO] [stdout] test http_endpoints::tests::capabilities_ignore_a_one_sided_bound ... ok
[INFO] [stdout] test http_endpoints::tests::capabilities_read_the_clock_source_and_antenna ... ok
[INFO] [stdout] test http_endpoints::tests::capabilities_survive_half_a_reading ... ok
[INFO] [stdout] test http_endpoints::tests::a_degenerate_declared_range_is_not_a_capability ... ok
[INFO] [stdout] test http_endpoints::tests::capabilities_read_the_declared_bounds ... ok
[INFO] [stdout] test http_endpoints::tests::capabilities_take_the_ladder_depth_from_the_device ... ok
[INFO] [stdout] test http_endpoints::tests::capabilities_snap_the_measured_rate_to_an_exact_ladder ... ok
[INFO] [stdout] test http_endpoints::tests::device_health_cannot_judge_without_counters ... ok
[INFO] [stdout] test http_endpoints::tests::device_health_skips_blocks_that_publish_no_status ... ok
[INFO] [stdout] test http_endpoints::tests::device_health_finds_nested_component_blocks ... ok
[INFO] [stdout] test http_endpoints::tests::device_health_names_a_device_that_is_losing ... ok
[INFO] [stdout] test http_endpoints::tests::device_sensors_absent_fields_stay_none ... ok
[INFO] [stdout] test http_endpoints::tests::device_health_reads_the_status_counters ... ok
[INFO] [stdout] test http_endpoints::tests::device_sensors_pair_status_and_health_from_one_block ... ok
[INFO] [stdout] test http_endpoints::tests::discovery_returns_none_for_absent_field ... ok
[INFO] [stdout] test http_endpoints::tests::enum_options_do_not_alias_indices_past_the_mask ... ok
[INFO] [stdout] test http_endpoints::tests::enum_options_hide_what_the_device_says_it_will_refuse ... ok
[INFO] [stdout] test http_endpoints::tests::enum_options_keep_everything_when_the_mask_is_absent ... ok
[INFO] [stdout] test http_endpoints::tests::enum_options_drop_empty_entries_without_shifting_the_index ... ok
[INFO] [stdout] test http_endpoints::tests::identity_is_read_from_the_device_block_not_the_first_block ... ok
[INFO] [stdout] test http_endpoints::tests::device_sensors_read_temps_adc_buffers_and_gps ... ok
[INFO] [stdout] test http_endpoints::tests::discovers_block_carrying_centerfreq0 ... ok
[INFO] [stdout] test http_endpoints::tests::preview_truncates_on_char_boundaries_not_bytes ... ok
[INFO] [stdout] test http_endpoints::tests::reads_capture_leaves_from_block_subtree ... ok
[INFO] [stdout] test http_endpoints::tests::stream_params_default_format_is_float32 ... ok
[INFO] [stdout] test http_endpoints::tests::test_auth_method_creation ... ok
[INFO] [stdout] test http_endpoints::tests::test_capture_control_serialization ... ok
[INFO] [stdout] test http_endpoints::tests::test_config_change_verification_struct ... ok
[INFO] [stdout] test http_endpoints::tests::test_control_command_serialization ... ok
[INFO] [stdout] test http_endpoints::tests::discovery_ignores_field_outside_any_block ... ok
[INFO] [stdout] test http_endpoints::tests::test_find_config_item_recursive ... ok
[INFO] [stdout] test http_endpoints::tests::test_remote_config_license_detection ... ignored
[INFO] [stdout] test http_endpoints::tests::test_rtsa_suite_pro_endpoint_debugging ... ignored
[INFO] [stdout] test http_endpoints::tests::test_find_config_item_prefers_shallow_match ... ok
[INFO] [stdout] test http_streaming::tests::a_compressed_spectra_packet_is_skipped_without_costing_the_iq_behind_it ... ok
[INFO] [stdout] test http_streaming::tests::a_lost_packet_at_61_44_msps_is_flagged ... ok
[INFO] [stdout] test http_streaming::tests::a_malformed_packet_is_lost_in_place_and_parsing_continues ... ok
[INFO] [stdout] test http_streaming::tests::a_resync_keeps_the_jitter_calibration ... ok
[INFO] [stdout] test http_endpoints::tests::test_remote_config_status_enum ... ok
[INFO] [stdout] test http_streaming::tests::a_stray_brace_sharing_the_terminator_does_not_hide_the_header ... ok
[INFO] [stdout] test http_endpoints::tests::the_antenna_comes_from_the_mode_token ... ok
[INFO] [stdout] test http_streaming::tests::an_uncompressed_spectra_packet_still_frames_at_its_size ... ok
[INFO] [stdout] test http_streaming::tests::compressed_spectra_decode_to_every_bin_of_every_frame ... ok
[INFO] [stdout] test http_streaming::tests::compressed_spectra_of_undocumented_shape_are_refused ... ok
[INFO] [stdout] test http_streaming::tests::decode_throughput_meter ... ignored, throughput meter, run with --release and --nocapture
[INFO] [stdout] test http_streaming::tests::drop_detector_continuous_packets_have_no_drop ... ok
[INFO] [stdout] test http_streaming::tests::drop_detector_first_packet_is_continuous ... ok
[INFO] [stdout] test http_endpoints::tests::the_ladder_is_as_deep_as_the_device_declares ... ok
[INFO] [stdout] test http_streaming::tests::drop_detector_flags_gap_above_tolerance ... ok
[INFO] [stdout] test http_streaming::tests::drop_detector_reset_clears_state ... ok
[INFO] [stdout] test http_streaming::tests::float16_bulk_throughput_meter ... ignored, A/B throughput meter, run with --release and --nocapture
[INFO] [stdout] test http_streaming::tests::framing_throughput_meter ... ignored, throughput meter, run with --release and --nocapture
[INFO] [stdout] test http_streaming::tests::a_backward_timestamp_is_a_break_and_not_jitter ... ok
[INFO] [stdout] test http_streaming::tests::jittery_timestamps_raise_the_tolerance ... ok
[INFO] [stdout] test http_streaming::tests::samples_field_deserializes_from_array ... ok
[INFO] [stdout] test http_streaming::tests::samples_field_deserializes_from_count ... ok
[INFO] [stdout] test http_streaming::tests::low_rate_packets_keep_the_one_millisecond_tolerance ... ok
[INFO] [stdout] test http_streaming::tests::samples_field_rejects_unsupported_shapes ... ok
[INFO] [stdout] test http_streaming::tests::samples_field_rejects_negative_count ... ok
[INFO] [stdout] test http_streaming::tests::brace_dense_garbage_is_tried_once_per_candidate ... ok
[INFO] [stdout] test http_streaming::tests::test_binary_sample_scale_factors ... ok
[INFO] [stdout] test http_streaming::tests::test_ascii_record_separator_constant ... ok
[INFO] [stdout] test http_streaming::tests::test_default_int16_scale_constant ... ok
[INFO] [stdout] test http_streaming::tests::test_int16_default_scale_when_metadata_missing ... ok
[INFO] [stdout] test http_streaming::tests::test_int16_constructor_scale_used_when_metadata_missing ... ok
[INFO] [stdout] test http_streaming::tests::float16_bulk_handles_odd_pair_counts_and_partial_trailing_bytes ... ok
[INFO] [stdout] test http_streaming::tests::test_iq_sample_pairing ... ok
[INFO] [stdout] test http_streaming::tests::test_lf_rs_two_byte_separator ... ok
[INFO] [stdout] test http_streaming::tests::test_int16_uses_metadata_scale ... ok
[INFO] [stdout] test http_streaming::tests::test_metadata_accepts_partial_antenna_from_real_device ... ok
[INFO] [stdout] test http_streaming::tests::test_spectra_multi_frame_payload_size ... ok
[INFO] [stdout] test http_streaming::tests::test_stream_format_as_str ... ok
[INFO] [stdout] test http_streaming::tests::test_stream_format_from_str ... ok
[INFO] [stdout] test http_streaming::tests::test_lf_rs_separator_split_across_chunks ... ok
[INFO] [stdout] test http_streaming::tests::test_stream_parser_creation ... ok
[INFO] [stdout] test http_streaming::tests::test_stream_parser_empty_data ... ok
[INFO] [stdout] test http_streaming::tests::test_streaming_performance_stats_default_zero ... ok
[INFO] [stdout] test http_streaming::tests::the_scan_frames_the_two_byte_separator_and_lone_terminators ... ok
[INFO] [stdout] test http_streaming::tests::test_lf_separator_accepted ... ok
[INFO] [stdout] test http_streaming::tests::the_scan_spends_headerless_regions_and_keeps_an_unfinished_candidate ... ok
[INFO] [stdout] test link_budget::tests::a_full_channel_marks_only_the_counting_window ... ok
[INFO] [stdout] test link_budget::tests::a_probe_of_a_bad_url_is_an_error_not_a_rate ... ok
[INFO] [stdout] test link_budget::tests::a_probe_window_below_the_minimum_is_refused ... ok
[INFO] [stdout] test link_budget::tests::a_complete_meter_ignores_later_observations ... ok
[INFO] [stdout] test link_budget::tests::a_single_observation_after_settle_has_no_measurement ... ok
[INFO] [stdout] test link_budget::tests::a_stalled_consumer_does_not_dilute_the_rate ... ok
[INFO] [stdout] test http_streaming::tests::test_undecodable_packet_is_skipped ... ok
[INFO] [stdout] test link_budget::tests::a_stream_with_nothing_after_settle_has_no_measurement ... ok
[INFO] [stdout] test link_budget::tests::a_window_observed_too_thinly_is_not_a_measurement ... ok
[INFO] [stdout] test http_streaming::tests::float16_bulk_matches_every_half_bit_pattern_at_both_alignments ... ok
[INFO] [stdout] test link_budget::tests::an_unfinished_window_is_not_a_measurement ... ok
[INFO] [stdout] test link_budget::tests::display_reports_window_and_settle_alongside_the_rate ... ok
[INFO] [stdout] test link_budget::tests::max_sustainable_bandwidth_reports_nothing_when_no_rung_fits ... ok
[INFO] [stdout] test link_budget::tests::measured_links_resolve_to_ladder_rungs ... ok
[INFO] [stdout] test link_budget::tests::required_byte_rate_is_four_bytes_a_sample ... ok
[INFO] [stdout] test link_budget::tests::required_byte_rate_refuses_nonsense_rates ... ok
[INFO] [stdout] test link_budget::tests::the_connect_burst_does_not_inflate_the_measurement ... ok
[INFO] [stdout] test link_budget::tests::the_device_anchored_remedy_stays_on_the_device_ladder ... ok
[INFO] [stdout] test link_budget::tests::the_header_sniff_finds_the_rate_and_skips_degenerate_headers ... ok
[INFO] [stdout] test link_budget::tests::max_sustainable_bandwidth_round_trips_through_the_ladder ... ok
[INFO] [stdout] test link_budget::tests::the_observation_that_closes_the_window_is_not_counted ... ok
[INFO] [stdout] test link_budget::tests::the_span_that_fits_gigabit_is_the_one_measured_to_work ... ok
[INFO] [stdout] test link_budget::tests::without_a_settle_window_the_same_trace_measures_several_times_too_fast ... ok
[INFO] [stdout] test stream_break::tests::a_recording_sink_keeps_order ... ok
[INFO] [stdout] test stream_break::tests::an_arc_forwards_to_its_target ... ok
[INFO] [stdout] test unified_source::tests::a_derived_rate_wobble_does_not_split_a_read ... ok
[INFO] [stdout] test unified_source::tests::a_gap_on_the_first_chunk_is_reported_immediately ... ok
[INFO] [stdout] test unified_source::tests::a_read_stops_at_a_capture_frequency_boundary ... ok
[INFO] [stdout] test unified_source::tests::a_stream_gap_ends_the_block_it_precedes ... ok
[INFO] [stdout] test unified_source::tests::file_setters_do_not_rewrite_recording_metadata ... ok
[INFO] [stdout] test unified_source::tests::file_source_propagates_center_and_rate_from_metadata ... FAILED
[INFO] [stdout] test unified_source::tests::queued_samples_keep_their_rate_and_reads_stop_at_rate_changes ... ok
[INFO] [stdout] test http_streaming::tests::timestamp_rounding_at_61_44_msps_is_not_a_drop ... ok
[INFO] [stdout] test unified_source::tests::take_overrun_reflects_a_dropped_http_chunk ... ok
[INFO] [stdout] test unified_source::tests::test_builder_immutable_vs_mutable ... ok
[INFO] [stdout] test unified_source::tests::test_clone_and_debug_traits ... ok
[INFO] [stdout] test unified_source::tests::test_complex_configuration_scenarios ... ok
[INFO] [stdout] test unified_source::tests::test_configuration_chaining ... ok
[INFO] [stdout] test unified_source::tests::test_configuration_validation_boundaries ... ok
[INFO] [stdout] test unified_source::tests::test_detect_best_source_type_file_exists ... ok
[INFO] [stdout] test unified_source::tests::test_detect_best_source_type_file_not_found ... ok
[INFO] [stdout] test unified_source::tests::test_detect_best_source_type_http ... ok
[INFO] [stdout] test unified_source::tests::test_detect_best_source_type_localhost_fallback ... ok
[INFO] [stdout] test unified_source::tests::test_edge_case_configurations ... ok
[INFO] [stdout] test unified_source::tests::test_pathbuf_file_source ... ok
[INFO] [stdout] test unified_source::tests::test_source_info_creation ... ok
[INFO] [stdout] test unified_source::tests::test_source_info_display ... ok
[INFO] [stdout] test unified_source::tests::test_source_type_enum ... ok
[INFO] [stdout] test unified_source::tests::test_source_type_priority_logic ... ok
[INFO] [stdout] test unified_source::tests::test_spectran_config_builder_methods ... ok
[INFO] [stdout] test unified_source::tests::test_spectran_config_default ... ok
[INFO] [stdout] test unified_source::tests::test_spectran_config_from_file ... ok
[INFO] [stdout] test unified_source::tests::test_spectran_config_from_http ... ok
[INFO] [stdout] test unified_source::tests::test_spectran_config_receiver_channel_builder ... ok
[INFO] [stdout] test unified_source::tests::test_spectran_source_builder_configuration ... ok
[INFO] [stdout] test unified_source::tests::test_spectran_source_builder_creation ... ok
[INFO] [stdout] test unified_source::tests::test_spectran_source_builder_file_source ... ok
[INFO] [stdout] test utils::ladder_tests::decimation_index_maps_to_the_ladder_rung ... ok
[INFO] [stdout] test utils::ladder_tests::decimation_index_matches_rate_for_bandwidth ... ok
[INFO] [stdout] test utils::ladder_tests::faster_clock_raises_the_ceiling ... ok
[INFO] [stdout] test utils::ladder_tests::index_for_rate_is_the_inverse ... ok
[INFO] [stdout] test utils::ladder_tests::ladder_matches_the_device ... ok
[INFO] [stdout] test utils::ladder_tests::nearest_rate_snaps_to_the_ladder ... ok
[INFO] [stdout] test utils::ladder_tests::rate_for_bandwidth_covers_the_request ... ok
[INFO] [stdout] test utils::ladder_tests::usable_bandwidth_is_four_fifths_of_the_rate ... ok
[INFO] [stdout] test utils::tests::a_device_reading_survives_the_round_trip_to_nanos_and_back ... ok
[INFO] [stdout] test utils::tests::a_measured_native_rate_snaps_to_its_exact_rung ... ok
[INFO] [stdout] test utils::tests::a_nonsense_rate_snaps_to_nothing ... ok
[INFO] [stdout] test utils::tests::an_unrecognised_rate_snaps_to_nothing ... ok
[INFO] [stdout] test utils::tests::default_receiver_clock_matches_92mhz_label ... ok
[INFO] [stdout] test utils::tests::epoch_nanos_to_seconds_rounds_the_way_an_exact_division_would ... ok
[INFO] [stdout] test utils::tests::every_documented_clock_has_a_reachable_top_rung ... ok
[INFO] [stdout] test utils::tests::gps_nanos_are_exact_for_a_binary_fraction ... ok
[INFO] [stdout] test utils::tests::gps_nanos_beat_a_naive_multiply ... ok
[INFO] [stdout] test utils::tests::gps_nanos_refuse_the_final_partial_second ... ok
[INFO] [stdout] test utils::tests::gps_nanos_reject_the_unrepresentable ... ok
[INFO] [stdout] test utils::tests::gps_nanos_round_trip_whole_seconds ... ok
[INFO] [stdout] test utils::tests::receiver_clock_for_label_documented_values ... ok
[INFO] [stdout] test utils::tests::receiver_clock_for_label_unknown_falls_back_to_integer_parse ... ok
[INFO] [stdout] test utils::tests::test_db_conversions ... ok
[INFO] [stdout] test utils::tests::test_deinterleave_dual_iq_empty ... ok
[INFO] [stdout] test unified_source::tests::read_timeout_is_a_budget_for_the_whole_block ... ok
[INFO] [stdout] test utils::tests::test_deinterleave_dual_iq_padded_stride ... ok
[INFO] [stdout] test utils::tests::test_deinterleave_dual_iq_rejects_narrow_stride ... ok
[INFO] [stdout] test utils::tests::test_deinterleave_dual_iq_rejects_short_buffer ... ok
[INFO] [stdout] test utils::tests::test_deinterleave_dual_iq_tight_stride ... ok
[INFO] [stdout] test utils::tests::test_format_frequency ... ok
[INFO] [stdout] test utils::tests::test_parse_frequency ... ok
[INFO] [stdout] test utils::tests::test_rx_channel_config_strings ... ok
[INFO] [stdout] test utils::tests::test_user_agent_default_and_override ... ok
[INFO] [stdout] test utils::tests::the_92mhz_label_is_the_default_receiver_clock ... ok
[INFO] [stdout] test utils::tests::the_clock_table_matches_the_label_table ... ok
[INFO] [stdout] test utils::tests::validate_iq_mode_accepts_at_boundary ... ok
[INFO] [stdout] test utils::tests::validate_iq_mode_rejects_above_boundary ... ok
[INFO] [stdout] test utils::tests::validate_iq_mode_rejects_non_finite ... ok
[INFO] [stdout] test utils::tests::validate_iq_mode_rejects_zero_or_negative ... ok
[INFO] [stdout] test utils::tests::validate_iq_mode_passes_dji_default ... ok
[INFO] [stdout] test file_source::tests::broad_search_terminates_when_signature_absent_and_bound_exceeds_file ... ok
[INFO] [stdout] test link_budget::tests::a_probe_with_rate_reduction_zero_is_refused ... ok
[INFO] [stdout] test http_endpoints::tests::a_trailing_slash_on_the_base_url_is_stripped ... ok
[INFO] [stdout] test file_source::tests::a_large_zeroed_region_is_resynced_across_quickly ... ok
[INFO] [stdout] test link_budget::tests::a_stream_that_ends_early_is_an_error_not_a_rate ... ok
[INFO] [stdout] test link_budget::tests::the_probe_measures_the_steady_rate_not_the_connect_backlog ... ok
[INFO] [stdout] 
[INFO] [stdout] failures:
[INFO] [stdout] 
[INFO] [stdout] ---- unified_source::tests::file_source_propagates_center_and_rate_from_metadata stdout ----
[INFO] [stdout] 
[INFO] [stdout] thread 'unified_source::tests::file_source_propagates_center_and_rate_from_metadata' (4271) panicked at src/unified_source.rs:2794:23:
[INFO] [stdout] CW fixture should open: Configuration error: File path provided but file not found: /opt/rustwide/workdir/tests/IQ-Sample-Data-CW-2410MHz-1MHzSampleRate.rtsa
[INFO] [stdout] stack backtrace:
[INFO] [stdout]    0:     0x5635a0c8ee91 - std[617be2ca0a6fd877]::backtrace_rs::backtrace::libunwind::trace
[INFO] [stdout]                                at /rustc/e3feeb59cd1bdd011a2bfcc0747b55125d9b8527/library/std/src/../../backtrace/src/backtrace/libunwind.rs:117:9
[INFO] [stdout]    1:     0x5635a0c8ee91 - std[617be2ca0a6fd877]::backtrace_rs::backtrace::trace_unsynchronized::<std[617be2ca0a6fd877]::sys::backtrace::_print_fmt::{closure#1}>
[INFO] [stdout]                                at /rustc/e3feeb59cd1bdd011a2bfcc0747b55125d9b8527/library/std/src/../../backtrace/src/backtrace/mod.rs:66:14
[INFO] [stdout]    2:     0x5635a0c8ee91 - std[617be2ca0a6fd877]::sys::backtrace::_print_fmt
[INFO] [stdout]                                at /rustc/e3feeb59cd1bdd011a2bfcc0747b55125d9b8527/library/std/src/sys/backtrace.rs:74:9
[INFO] [stdout]    3:     0x5635a0c8ee91 - <<std[617be2ca0a6fd877]::sys::backtrace::BacktraceLock>::print::DisplayBacktrace as core[a373ad73a504971]::fmt::Display>::fmt
[INFO] [stdout]                                at /rustc/e3feeb59cd1bdd011a2bfcc0747b55125d9b8527/library/std/src/sys/backtrace.rs:44:26
[INFO] [stdout]    4:     0x5635a0ca8eca - <core[a373ad73a504971]::fmt::rt::Argument>::fmt
[INFO] [stdout]                                at /rustc/e3feeb59cd1bdd011a2bfcc0747b55125d9b8527/library/core/src/fmt/rt.rs:152:76
[INFO] [stdout]    5:     0x5635a0ca8eca - core[a373ad73a504971]::fmt::write
[INFO] [stdout]    6:     0x5635a0c941ec - core[a373ad73a504971]::io::write::default_write_fmt::<alloc[2e1b2a31b91974c5]::vec::Vec<u8>>
[INFO] [stdout]                                at /rustc/e3feeb59cd1bdd011a2bfcc0747b55125d9b8527/library/core/src/io/write.rs:402:11
[INFO] [stdout]    7:     0x5635a0c941ec - <alloc[2e1b2a31b91974c5]::vec::Vec<u8> as core[a373ad73a504971]::io::write::Write>::write_fmt
[INFO] [stdout]                                at /rustc/e3feeb59cd1bdd011a2bfcc0747b55125d9b8527/library/core/src/io/write.rs:335:13
[INFO] [stdout]    8:     0x5635a0c679b6 - <std[617be2ca0a6fd877]::sys::backtrace::BacktraceLock>::print
[INFO] [stdout]                                at /rustc/e3feeb59cd1bdd011a2bfcc0747b55125d9b8527/library/std/src/sys/backtrace.rs:47:9
[INFO] [stdout]    9:     0x5635a0c679b6 - std[617be2ca0a6fd877]::panicking::default_hook::{closure#0}
[INFO] [stdout]                                at /rustc/e3feeb59cd1bdd011a2bfcc0747b55125d9b8527/library/std/src/panicking.rs:289:27
[INFO] [stdout]   10:     0x5635a0c85aa9 - std[617be2ca0a6fd877]::panicking::default_hook
[INFO] [stdout]                                at /rustc/e3feeb59cd1bdd011a2bfcc0747b55125d9b8527/library/std/src/panicking.rs:313:9
[INFO] [stdout]   11:     0x5635a043cfc0 - <alloc[2e1b2a31b91974c5]::boxed::Box<dyn for<'a, 'b> core[a373ad73a504971]::ops::function::Fn<(&'a std[617be2ca0a6fd877]::panic::PanicHookInfo<'b>,), Output = ()> + core[a373ad73a504971]::marker::Sync + core[a373ad73a504971]::marker::Send> as core[a373ad73a504971]::ops::function::Fn<(&std[617be2ca0a6fd877]::panic::PanicHookInfo,)>>::call
[INFO] [stdout]                                at /rustc/e3feeb59cd1bdd011a2bfcc0747b55125d9b8527/library/alloc/src/boxed.rs:2328:9
[INFO] [stdout]   12:     0x5635a043cfc0 - test[aada8e7e76ba119b]::test_main_inner::{closure#0}
[INFO] [stdout]                                at /rustc/e3feeb59cd1bdd011a2bfcc0747b55125d9b8527/library/test/src/lib.rs:137:21
[INFO] [stdout]   13:     0x5635a0c85dd2 - <alloc[2e1b2a31b91974c5]::boxed::Box<dyn for<'a, 'b> core[a373ad73a504971]::ops::function::Fn<(&'a std[617be2ca0a6fd877]::panic::PanicHookInfo<'b>,), Output = ()> + core[a373ad73a504971]::marker::Sync + core[a373ad73a504971]::marker::Send> as core[a373ad73a504971]::ops::function::Fn<(&std[617be2ca0a6fd877]::panic::PanicHookInfo,)>>::call
[INFO] [stdout]                                at /rustc/e3feeb59cd1bdd011a2bfcc0747b55125d9b8527/library/alloc/src/boxed.rs:2328:9
[INFO] [stdout]   14:     0x5635a0c85dd2 - std[617be2ca0a6fd877]::panicking::panic_with_hook
[INFO] [stdout]                                at /rustc/e3feeb59cd1bdd011a2bfcc0747b55125d9b8527/library/std/src/panicking.rs:819:13
[INFO] [stdout]   15:     0x5635a0c67a62 - std[617be2ca0a6fd877]::panicking::panic_handler::{closure#0}
[INFO] [stdout]                                at /rustc/e3feeb59cd1bdd011a2bfcc0747b55125d9b8527/library/std/src/panicking.rs:685:13
[INFO] [stdout]   16:     0x5635a0c60349 - std[617be2ca0a6fd877]::sys::backtrace::__rust_end_short_backtrace::<std[617be2ca0a6fd877]::panicking::panic_handler::{closure#0}, !>
[INFO] [stdout]                                at /rustc/e3feeb59cd1bdd011a2bfcc0747b55125d9b8527/library/std/src/sys/backtrace.rs:182:18
[INFO] [stdout]   17:     0x5635a0c68a7d - __rustc[ea4f61d10b84890b]::rust_begin_unwind
[INFO] [stdout]                                at /rustc/e3feeb59cd1bdd011a2bfcc0747b55125d9b8527/library/std/src/panicking.rs:676:5
[INFO] [stdout]   18:     0x5635a0ca971c - core[a373ad73a504971]::panicking::panic_fmt
[INFO] [stdout]                                at /rustc/e3feeb59cd1bdd011a2bfcc0747b55125d9b8527/library/core/src/panicking.rs:80:14
[INFO] [stdout]   19:     0x5635a038c9e9 - sdr_aaronia_rs[70ac64cb67f28082]::unified_source::tests::file_source_propagates_center_and_rate_from_metadata::{closure#0}
[INFO] [stdout]                                at /opt/rustwide/workdir/src/unified_source.rs:2794:23
[INFO] [stdout]   20:     0x5635a022a432 - <core[a373ad73a504971]::pin::Pin<&mut dyn core[a373ad73a504971]::future::future::Future<Output = ()>> as core[a373ad73a504971]::future::future::Future>::poll
[INFO] [stdout]                                at /rustc/e3feeb59cd1bdd011a2bfcc0747b55125d9b8527/library/core/src/future/future.rs:133:9
[INFO] [stdout]   21:     0x5635a022a7ad - <core[a373ad73a504971]::pin::Pin<&mut core[a373ad73a504971]::pin::Pin<&mut dyn core[a373ad73a504971]::future::future::Future<Output = ()>>> as core[a373ad73a504971]::future::future::Future>::poll
[INFO] [stdout]                                at /rustc/e3feeb59cd1bdd011a2bfcc0747b55125d9b8527/library/core/src/future/future.rs:133:9
[INFO] [stdout]   22:     0x5635a0195ced - <tokio[fb11731ab01afd34]::runtime::scheduler::current_thread::CoreGuard>::block_on::<core[a373ad73a504971]::pin::Pin<&mut core[a373ad73a504971]::pin::Pin<&mut dyn core[a373ad73a504971]::future::future::Future<Output = ()>>>>::{closure#0}::{closure#0}::{closure#0}
[INFO] [stdout]                                at /opt/rustwide/cargo-home/registry/src/index.crates.io-1949cf8c6b5b557f/tokio-1.53.1/src/runtime/scheduler/current_thread/mod.rs:830:70
[INFO] [stdout]   23:     0x5635a01951a5 - tokio[fb11731ab01afd34]::task::coop::with_budget::<core[a373ad73a504971]::task::poll::Poll<()>, <tokio[fb11731ab01afd34]::runtime::scheduler::current_thread::CoreGuard>::block_on<core[a373ad73a504971]::pin::Pin<&mut core[a373ad73a504971]::pin::Pin<&mut dyn core[a373ad73a504971]::future::future::Future<Output = ()>>>>::{closure#0}::{closure#0}::{closure#0}>
[INFO] [stdout]                                at /opt/rustwide/cargo-home/registry/src/index.crates.io-1949cf8c6b5b557f/tokio-1.53.1/src/task/coop/mod.rs:167:5
[INFO] [stdout]   24:     0x5635a01951a5 - tokio[fb11731ab01afd34]::task::coop::budget::<core[a373ad73a504971]::task::poll::Poll<()>, <tokio[fb11731ab01afd34]::runtime::scheduler::current_thread::CoreGuard>::block_on<core[a373ad73a504971]::pin::Pin<&mut core[a373ad73a504971]::pin::Pin<&mut dyn core[a373ad73a504971]::future::future::Future<Output = ()>>>>::{closure#0}::{closure#0}::{closure#0}>
[INFO] [stdout]                                at /opt/rustwide/cargo-home/registry/src/index.crates.io-1949cf8c6b5b557f/tokio-1.53.1/src/task/coop/mod.rs:133:5
[INFO] [stdout]   25:     0x5635a01951a5 - <tokio[fb11731ab01afd34]::runtime::scheduler::current_thread::CoreGuard>::block_on::<core[a373ad73a504971]::pin::Pin<&mut core[a373ad73a504971]::pin::Pin<&mut dyn core[a373ad73a504971]::future::future::Future<Output = ()>>>>::{closure#0}::{closure#0}
[INFO] [stdout]                                at /opt/rustwide/cargo-home/registry/src/index.crates.io-1949cf8c6b5b557f/tokio-1.53.1/src/runtime/scheduler/current_thread/mod.rs:830:25
[INFO] [stdout]   26:     0x5635a017b732 - <tokio[fb11731ab01afd34]::runtime::scheduler::current_thread::Context>::enter::<core[a373ad73a504971]::task::poll::Poll<()>, <tokio[fb11731ab01afd34]::runtime::scheduler::current_thread::CoreGuard>::block_on<core[a373ad73a504971]::pin::Pin<&mut core[a373ad73a504971]::pin::Pin<&mut dyn core[a373ad73a504971]::future::future::Future<Output = ()>>>>::{closure#0}::{closure#0}>
[INFO] [stdout]                                at /opt/rustwide/cargo-home/registry/src/index.crates.io-1949cf8c6b5b557f/tokio-1.53.1/src/runtime/scheduler/current_thread/mod.rs:488:19
[INFO] [stdout]   27:     0x5635a018cf5d - <tokio[fb11731ab01afd34]::runtime::scheduler::current_thread::CoreGuard>::block_on::<core[a373ad73a504971]::pin::Pin<&mut core[a373ad73a504971]::pin::Pin<&mut dyn core[a373ad73a504971]::future::future::Future<Output = ()>>>>::{closure#0}
[INFO] [stdout]                                at /opt/rustwide/cargo-home/registry/src/index.crates.io-1949cf8c6b5b557f/tokio-1.53.1/src/runtime/scheduler/current_thread/mod.rs:829:44
[INFO] [stdout]   28:     0x5635a0186454 - <tokio[fb11731ab01afd34]::runtime::scheduler::current_thread::CoreGuard>::enter::<<tokio[fb11731ab01afd34]::runtime::scheduler::current_thread::CoreGuard>::block_on<core[a373ad73a504971]::pin::Pin<&mut core[a373ad73a504971]::pin::Pin<&mut dyn core[a373ad73a504971]::future::future::Future<Output = ()>>>>::{closure#0}, core[a373ad73a504971]::option::Option<()>>::{closure#0}
[INFO] [stdout]                                at /opt/rustwide/cargo-home/registry/src/index.crates.io-1949cf8c6b5b557f/tokio-1.53.1/src/runtime/scheduler/current_thread/mod.rs:906:68
[INFO] [stdout]   29:     0x5635a028b1eb - <tokio[fb11731ab01afd34]::runtime::context::scoped::Scoped<tokio[fb11731ab01afd34]::runtime::scheduler::Context>>::set::<<tokio[fb11731ab01afd34]::runtime::scheduler::current_thread::CoreGuard>::enter<<tokio[fb11731ab01afd34]::runtime::scheduler::current_thread::CoreGuard>::block_on<core[a373ad73a504971]::pin::Pin<&mut core[a373ad73a504971]::pin::Pin<&mut dyn core[a373ad73a504971]::future::future::Future<Output = ()>>>>::{closure#0}, core[a373ad73a504971]::option::Option<()>>::{closure#0}, (alloc[2e1b2a31b91974c5]::boxed::Box<tokio[fb11731ab01afd34]::runtime::scheduler::current_thread::Core>, core[a373ad73a504971]::option::Option<()>)>
[INFO] [stdout]                                at /opt/rustwide/cargo-home/registry/src/index.crates.io-1949cf8c6b5b557f/tokio-1.53.1/src/runtime/context/scoped.rs:40:9
[INFO] [stdout]   30:     0x5635a0334dc9 - tokio[fb11731ab01afd34]::runtime::context::set_scheduler::<(alloc[2e1b2a31b91974c5]::boxed::Box<tokio[fb11731ab01afd34]::runtime::scheduler::current_thread::Core>, core[a373ad73a504971]::option::Option<()>), <tokio[fb11731ab01afd34]::runtime::scheduler::current_thread::CoreGuard>::enter<<tokio[fb11731ab01afd34]::runtime::scheduler::current_thread::CoreGuard>::block_on<core[a373ad73a504971]::pin::Pin<&mut core[a373ad73a504971]::pin::Pin<&mut dyn core[a373ad73a504971]::future::future::Future<Output = ()>>>>::{closure#0}, core[a373ad73a504971]::option::Option<()>>::{closure#0}>::{closure#0}
[INFO] [stdout]                                at /opt/rustwide/cargo-home/registry/src/index.crates.io-1949cf8c6b5b557f/tokio-1.53.1/src/runtime/context.rs:187:38
[INFO] [stdout]   31:     0x5635a03157af - <std[617be2ca0a6fd877]::thread::local::LocalKey<tokio[fb11731ab01afd34]::runtime::context::Context>>::try_with::<tokio[fb11731ab01afd34]::runtime::context::set_scheduler<(alloc[2e1b2a31b91974c5]::boxed::Box<tokio[fb11731ab01afd34]::runtime::scheduler::current_thread::Core>, core[a373ad73a504971]::option::Option<()>), <tokio[fb11731ab01afd34]::runtime::scheduler::current_thread::CoreGuard>::enter<<tokio[fb11731ab01afd34]::runtime::scheduler::current_thread::CoreGuard>::block_on<core[a373ad73a504971]::pin::Pin<&mut core[a373ad73a504971]::pin::Pin<&mut dyn core[a373ad73a504971]::future::future::Future<Output = ()>>>>::{closure#0}, core[a373ad73a504971]::option::Option<()>>::{closure#0}>::{closure#0}, (alloc[2e1b2a31b91974c5]::boxed::Box<tokio[fb11731ab01afd34]::runtime::scheduler::current_thread::Core>, core[a373ad73a504971]::option::Option<()>)>
[INFO] [stdout]                                at /rustc/e3feeb59cd1bdd011a2bfcc0747b55125d9b8527/library/std/src/thread/local.rs:463:12
[INFO] [stdout]   32:     0x5635a03123de - <std[617be2ca0a6fd877]::thread::local::LocalKey<tokio[fb11731ab01afd34]::runtime::context::Context>>::with::<tokio[fb11731ab01afd34]::runtime::context::set_scheduler<(alloc[2e1b2a31b91974c5]::boxed::Box<tokio[fb11731ab01afd34]::runtime::scheduler::current_thread::Core>, core[a373ad73a504971]::option::Option<()>), <tokio[fb11731ab01afd34]::runtime::scheduler::current_thread::CoreGuard>::enter<<tokio[fb11731ab01afd34]::runtime::scheduler::current_thread::CoreGuard>::block_on<core[a373ad73a504971]::pin::Pin<&mut core[a373ad73a504971]::pin::Pin<&mut dyn core[a373ad73a504971]::future::future::Future<Output = ()>>>>::{closure#0}, core[a373ad73a504971]::option::Option<()>>::{closure#0}>::{closure#0}, (alloc[2e1b2a31b91974c5]::boxed::Box<tokio[fb11731ab01afd34]::runtime::scheduler::current_thread::Core>, core[a373ad73a504971]::option::Option<()>)>
[INFO] [stdout]                                at /rustc/e3feeb59cd1bdd011a2bfcc0747b55125d9b8527/library/std/src/thread/local.rs:427:20
[INFO] [stdout]   33:     0x5635a032bdfd - tokio[fb11731ab01afd34]::runtime::context::set_scheduler::<(alloc[2e1b2a31b91974c5]::boxed::Box<tokio[fb11731ab01afd34]::runtime::scheduler::current_thread::Core>, core[a373ad73a504971]::option::Option<()>), <tokio[fb11731ab01afd34]::runtime::scheduler::current_thread::CoreGuard>::enter<<tokio[fb11731ab01afd34]::runtime::scheduler::current_thread::CoreGuard>::block_on<core[a373ad73a504971]::pin::Pin<&mut core[a373ad73a504971]::pin::Pin<&mut dyn core[a373ad73a504971]::future::future::Future<Output = ()>>>>::{closure#0}, core[a373ad73a504971]::option::Option<()>>::{closure#0}>
[INFO] [stdout]                                at /opt/rustwide/cargo-home/registry/src/index.crates.io-1949cf8c6b5b557f/tokio-1.53.1/src/runtime/context.rs:187:17
[INFO] [stdout]   34:     0x5635a017f140 - <tokio[fb11731ab01afd34]::runtime::scheduler::current_thread::CoreGuard>::enter::<<tokio[fb11731ab01afd34]::runtime::scheduler::current_thread::CoreGuard>::block_on<core[a373ad73a504971]::pin::Pin<&mut core[a373ad73a504971]::pin::Pin<&mut dyn core[a373ad73a504971]::future::future::Future<Output = ()>>>>::{closure#0}, core[a373ad73a504971]::option::Option<()>>
[INFO] [stdout]                                at /opt/rustwide/cargo-home/registry/src/index.crates.io-1949cf8c6b5b557f/tokio-1.53.1/src/runtime/scheduler/current_thread/mod.rs:906:27
[INFO] [stdout]   35:     0x5635a0181c86 - <tokio[fb11731ab01afd34]::runtime::scheduler::current_thread::CoreGuard>::block_on::<core[a373ad73a504971]::pin::Pin<&mut core[a373ad73a504971]::pin::Pin<&mut dyn core[a373ad73a504971]::future::future::Future<Output = ()>>>>
[INFO] [stdout]                                at /opt/rustwide/cargo-home/registry/src/index.crates.io-1949cf8c6b5b557f/tokio-1.53.1/src/runtime/scheduler/current_thread/mod.rs:817:24
[INFO] [stdout]   36:     0x5635a0184480 - <tokio[fb11731ab01afd34]::runtime::scheduler::current_thread::CurrentThread>::block_on::<core[a373ad73a504971]::pin::Pin<&mut dyn core[a373ad73a504971]::future::future::Future<Output = ()>>>::{closure#0}
[INFO] [stdout]                                at /opt/rustwide/cargo-home/registry/src/index.crates.io-1949cf8c6b5b557f/tokio-1.53.1/src/runtime/scheduler/current_thread/mod.rs:218:33
[INFO] [stdout]   37:     0x5635a03c0f68 - tokio[fb11731ab01afd34]::runtime::context::runtime::enter_runtime::<<tokio[fb11731ab01afd34]::runtime::scheduler::current_thread::CurrentThread>::block_on<core[a373ad73a504971]::pin::Pin<&mut dyn core[a373ad73a504971]::future::future::Future<Output = ()>>>::{closure#0}, ()>
[INFO] [stdout]                                at /opt/rustwide/cargo-home/registry/src/index.crates.io-1949cf8c6b5b557f/tokio-1.53.1/src/runtime/context/runtime.rs:65:16
[INFO] [stdout]   38:     0x5635a0177554 - <tokio[fb11731ab01afd34]::runtime::scheduler::current_thread::CurrentThread>::block_on::<core[a373ad73a504971]::pin::Pin<&mut dyn core[a373ad73a504971]::future::future::Future<Output = ()>>>
[INFO] [stdout]                                at /opt/rustwide/cargo-home/registry/src/index.crates.io-1949cf8c6b5b557f/tokio-1.53.1/src/runtime/scheduler/current_thread/mod.rs:206:9
[INFO] [stdout]   39:     0x5635a02880ff - <tokio[fb11731ab01afd34]::runtime::runtime::Runtime>::block_on_inner::<core[a373ad73a504971]::pin::Pin<&mut dyn core[a373ad73a504971]::future::future::Future<Output = ()>>>
[INFO] [stdout]                                at /opt/rustwide/cargo-home/registry/src/index.crates.io-1949cf8c6b5b557f/tokio-1.53.1/src/runtime/runtime.rs:374:52
[INFO] [stdout]   40:     0x5635a028904b - <tokio[fb11731ab01afd34]::runtime::runtime::Runtime>::block_on::<core[a373ad73a504971]::pin::Pin<&mut dyn core[a373ad73a504971]::future::future::Future<Output = ()>>>
[INFO] [stdout]                                at /opt/rustwide/cargo-home/registry/src/index.crates.io-1949cf8c6b5b557f/tokio-1.53.1/src/runtime/runtime.rs:343:18
[INFO] [stdout]   41:     0x5635a0397884 - sdr_aaronia_rs[70ac64cb67f28082]::unified_source::tests::file_source_propagates_center_and_rate_from_metadata
[INFO] [stdout]                                at /opt/rustwide/workdir/src/unified_source.rs:2808:10
[INFO] [stdout]   42:     0x5635a03846c7 - sdr_aaronia_rs[70ac64cb67f28082]::unified_source::tests::file_source_propagates_center_and_rate_from_metadata::{closure#0}
[INFO] [stdout]                                at /opt/rustwide/workdir/src/unified_source.rs:2766:68
[INFO] [stdout]   43:     0x5635a02865a6 - <sdr_aaronia_rs[70ac64cb67f28082]::unified_source::tests::file_source_propagates_center_and_rate_from_metadata::{closure#0} as core[a373ad73a504971]::ops::function::FnOnce<()>>::call_once
[INFO] [stdout]                                at /rustc/e3feeb59cd1bdd011a2bfcc0747b55125d9b8527/library/core/src/ops/function.rs:250:5
[INFO] [stdout]   44:     0x5635a043040b - <fn() -> core[a373ad73a504971]::result::Result<(), alloc[2e1b2a31b91974c5]::string::String> as core[a373ad73a504971]::ops::function::FnOnce<()>>::call_once
[INFO] [stdout]                                at /rustc/e3feeb59cd1bdd011a2bfcc0747b55125d9b8527/library/core/src/ops/function.rs:250:5
[INFO] [stdout]   45:     0x5635a043040b - test[aada8e7e76ba119b]::__rust_begin_short_backtrace::<core[a373ad73a504971]::result::Result<(), alloc[2e1b2a31b91974c5]::string::String>, fn() -> core[a373ad73a504971]::result::Result<(), alloc[2e1b2a31b91974c5]::string::String>>
[INFO] [stdout]                                at /rustc/e3feeb59cd1bdd011a2bfcc0747b55125d9b8527/library/test/src/lib.rs:701:18
[INFO] [stdout]   46:     0x5635a043d5e5 - test[aada8e7e76ba119b]::run_test_in_process::{closure#0}
[INFO] [stdout]                                at /rustc/e3feeb59cd1bdd011a2bfcc0747b55125d9b8527/library/test/src/lib.rs:724:74
[INFO] [stdout]   47:     0x5635a043d5e5 - <core[a373ad73a504971]::panic::unwind_safe::AssertUnwindSafe<test[aada8e7e76ba119b]::run_test_in_process::{closure#0}> as core[a373ad73a504971]::ops::function::FnOnce<()>>::call_once
[INFO] [stdout]                                at /rustc/e3feeb59cd1bdd011a2bfcc0747b55125d9b8527/library/core/src/panic/unwind_safe.rs:275:9
[INFO] [stdout]   48:     0x5635a043d5e5 - std[617be2ca0a6fd877]::panicking::catch_unwind::do_call::<core[a373ad73a504971]::panic::unwind_safe::AssertUnwindSafe<test[aada8e7e76ba119b]::run_test_in_process::{closure#0}>, core[a373ad73a504971]::result::Result<(), alloc[2e1b2a31b91974c5]::string::String>>
[INFO] [stdout]                                at /rustc/e3feeb59cd1bdd011a2bfcc0747b55125d9b8527/library/std/src/panicking.rs:573:43
[INFO] [stdout]   49:     0x5635a043d5e5 - std[617be2ca0a6fd877]::panicking::catch_unwind::<core[a373ad73a504971]::result::Result<(), alloc[2e1b2a31b91974c5]::string::String>, core[a373ad73a504971]::panic::unwind_safe::AssertUnwindSafe<test[aada8e7e76ba119b]::run_test_in_process::{closure#0}>>
[INFO] [stdout]                                at /rustc/e3feeb59cd1bdd011a2bfcc0747b55125d9b8527/library/std/src/panicking.rs:541:19
[INFO] [stdout]   50:     0x5635a043d5e5 - std[617be2ca0a6fd877]::panic::catch_unwind::<core[a373ad73a504971]::panic::unwind_safe::AssertUnwindSafe<test[aada8e7e76ba119b]::run_test_in_process::{closure#0}>, core[a373ad73a504971]::result::Result<(), alloc[2e1b2a31b91974c5]::string::String>>
[INFO] [stdout]                                at /rustc/e3feeb59cd1bdd011a2bfcc0747b55125d9b8527/library/std/src/panic.rs:359:14
[INFO] [stdout]   51:     0x5635a043d5e5 - test[aada8e7e76ba119b]::run_test_in_process
[INFO] [stdout]                                at /rustc/e3feeb59cd1bdd011a2bfcc0747b55125d9b8527/library/test/src/lib.rs:724:27
[INFO] [stdout]   52:     0x5635a043d5e5 - test[aada8e7e76ba119b]::run_test::{closure#0}
[INFO] [stdout]                                at /rustc/e3feeb59cd1bdd011a2bfcc0747b55125d9b8527/library/test/src/lib.rs:645:43
[INFO] [stdout]   53:     0x5635a0436ed4 - test[aada8e7e76ba119b]::run_test::{closure#1}
[INFO] [stdout]                                at /rustc/e3feeb59cd1bdd011a2bfcc0747b55125d9b8527/library/test/src/lib.rs:675:41
[INFO] [stdout]   54:     0x5635a0436ed4 - std[617be2ca0a6fd877]::sys::backtrace::__rust_begin_short_backtrace::<test[aada8e7e76ba119b]::run_test::{closure#1}, ()>
[INFO] [stdout]                                at /rustc/e3feeb59cd1bdd011a2bfcc0747b55125d9b8527/library/std/src/sys/backtrace.rs:166:18
[INFO] [stdout]   55:     0x5635a0440672 - std[617be2ca0a6fd877]::thread::lifecycle::spawn_unchecked::<test[aada8e7e76ba119b]::run_test::{closure#1}, ()>::{closure#1}::{closure#0}
[INFO] [stdout]                                at /rustc/e3feeb59cd1bdd011a2bfcc0747b55125d9b8527/library/std/src/thread/lifecycle.rs:70:13
[INFO] [stdout]   56:     0x5635a0440672 - <core[a373ad73a504971]::panic::unwind_safe::AssertUnwindSafe<std[617be2ca0a6fd877]::thread::lifecycle::spawn_unchecked<test[aada8e7e76ba119b]::run_test::{closure#1}, ()>::{closure#1}::{closure#0}> as core[a373ad73a504971]::ops::function::FnOnce<()>>::call_once
[INFO] [stdout]                                at /rustc/e3feeb59cd1bdd011a2bfcc0747b55125d9b8527/library/core/src/panic/unwind_safe.rs:275:9
[INFO] [stdout]   57:     0x5635a0440672 - std[617be2ca0a6fd877]::panicking::catch_unwind::do_call::<core[a373ad73a504971]::panic::unwind_safe::AssertUnwindSafe<std[617be2ca0a6fd877]::thread::lifecycle::spawn_unchecked<test[aada8e7e76ba119b]::run_test::{closure#1}, ()>::{closure#1}::{closure#0}>, ()>
[INFO] [stdout]                                at /rustc/e3feeb59cd1bdd011a2bfcc0747b55125d9b8527/library/std/src/panicking.rs:573:43
[INFO] [stdout]   58:     0x5635a0440672 - std[617be2ca0a6fd877]::panicking::catch_unwind::<(), core[a373ad73a504971]::panic::unwind_safe::AssertUnwindSafe<std[617be2ca0a6fd877]::thread::lifecycle::spawn_unchecked<test[aada8e7e76ba119b]::run_test::{closure#1}, ()>::{closure#1}::{closure#0}>>
[INFO] [stdout]                                at /rustc/e3feeb59cd1bdd011a2bfcc0747b55125d9b8527/library/std/src/panicking.rs:541:19
[INFO] [stdout]   59:     0x5635a0440672 - std[617be2ca0a6fd877]::panic::catch_unwind::<core[a373ad73a504971]::panic::unwind_safe::AssertUnwindSafe<std[617be2ca0a6fd877]::thread::lifecycle::spawn_unchecked<test[aada8e7e76ba119b]::run_test::{closure#1}, ()>::{closure#1}::{closure#0}>, ()>
[INFO] [stdout]                                at /rustc/e3feeb59cd1bdd011a2bfcc0747b55125d9b8527/library/std/src/panic.rs:359:14
[INFO] [stdout]   60:     0x5635a0440672 - std[617be2ca0a6fd877]::thread::lifecycle::spawn_unchecked::<test[aada8e7e76ba119b]::run_test::{closure#1}, ()>::{closure#1}
[INFO] [stdout]                                at /rustc/e3feeb59cd1bdd011a2bfcc0747b55125d9b8527/library/std/src/thread/lifecycle.rs:68:26
[INFO] [stdout]   61:     0x5635a0440672 - <std[617be2ca0a6fd877]::thread::lifecycle::spawn_unchecked<test[aada8e7e76ba119b]::run_test::{closure#1}, ()>::{closure#1} as core[a373ad73a504971]::ops::function::FnOnce<()>>::call_once::{shim:vtable#0}
[INFO] [stdout]                                at /rustc/e3feeb59cd1bdd011a2bfcc0747b55125d9b8527/library/core/src/ops/function.rs:250:5
[INFO] [stdout]   62:     0x5635a0c8e15f - <alloc[2e1b2a31b91974c5]::boxed::Box<dyn core[a373ad73a504971]::ops::function::FnOnce<(), Output = ()> + core[a373ad73a504971]::marker::Send> as core[a373ad73a504971]::ops::function::FnOnce<()>>::call_once
[INFO] [stdout]                                at /rustc/e3feeb59cd1bdd011a2bfcc0747b55125d9b8527/library/alloc/src/boxed.rs:2314:9
[INFO] [stdout]   63:     0x5635a0c8e15f - <std[617be2ca0a6fd877]::sys::thread::unix::Thread>::new::thread_start
[INFO] [stdout]                                at /rustc/e3feeb59cd1bdd011a2bfcc0747b55125d9b8527/library/std/src/sys/thread/unix.rs:127:17
[INFO] [stdout]   64:     0x7cc15bd79dfa - <unknown>
[INFO] [stdout]   65:     0x7cc15be0d3d4 - clone
[INFO] [stdout]   66:                0x0 - <unknown>
[INFO] [stdout] 
[INFO] [stdout] 
[INFO] [stdout] failures:
[INFO] [stdout]     unified_source::tests::file_source_propagates_center_and_rate_from_metadata
[INFO] [stdout] 
[INFO] [stdout] test result: FAILED. 258 passed; 1 failed; 5 ignored; 0 measured; 0 filtered out; finished in 4.42s
[INFO] [stdout] 
[INFO] [stderr] error: test failed, to rerun pass `--lib`
[INFO] running `Command { std: "docker" "inspect" "8af9db68db8e171fd7fb7210310329b86d1864a1c4637b9d6607ba780c5711c4", kill_on_drop: false }`
[INFO] running `Command { std: "docker" "rm" "-f" "8af9db68db8e171fd7fb7210310329b86d1864a1c4637b9d6607ba780c5711c4", kill_on_drop: false }`
[INFO] [stdout] 8af9db68db8e171fd7fb7210310329b86d1864a1c4637b9d6607ba780c5711c4
