[INFO] fetching crate scryer-modular-bitfield 0.11.4...
[INFO] testing scryer-modular-bitfield-0.11.4 against 1.99.0-beta.8 for beta-1.100-2
[INFO] extracting crate scryer-modular-bitfield 0.11.4 into /workspace/builds/worker-3-tc1/source
[INFO] started tweaking crates.io crate scryer-modular-bitfield 0.11.4
[INFO] removed 0 missing tests
[INFO] finished tweaking crates.io crate scryer-modular-bitfield 0.11.4
[INFO] tweaked toml for crates.io crate scryer-modular-bitfield 0.11.4 written to /workspace/builds/worker-3-tc1/source/Cargo.toml
[INFO] validating manifest of crates.io crate scryer-modular-bitfield 0.11.4 on toolchain 1.99.0-beta.8
[INFO] running `Command { std: CARGO_HOME="/workspace/cargo-home" RUSTUP_HOME="/workspace/rustup-home" "/workspace/cargo-home/bin/cargo" "+1.99.0-beta.8" "metadata" "--manifest-path" "Cargo.toml" "--no-deps", kill_on_drop: false }`
[INFO] crate crates.io crate scryer-modular-bitfield 0.11.4 already has a lockfile, it will not be regenerated
[INFO] running `Command { std: CARGO_HOME="/workspace/cargo-home" RUSTUP_HOME="/workspace/rustup-home" "/workspace/cargo-home/bin/cargo" "+1.99.0-beta.8" "fetch" "--manifest-path" "Cargo.toml", kill_on_drop: false }`
[INFO] [stderr]     Blocking waiting for file lock on package cache
[INFO] [stderr]     Updating crates.io index
[INFO] [stderr]  Downloading crates ...
[INFO] [stderr]   Downloaded serde_json v1.0.114
[INFO] [stderr]   Downloaded winapi-util v0.1.6
[INFO] [stderr]   Downloaded wasm-bindgen-macro v0.2.91
[INFO] [stderr]   Downloaded oorandom v11.1.3
[INFO] [stderr]   Downloaded itoa v1.0.10
[INFO] [stderr]   Downloaded plotters-backend v0.3.5
[INFO] [stderr]   Downloaded wasm-bindgen-shared v0.2.91
[INFO] [stderr]   Downloaded plotters-svg v0.3.5
[INFO] [stderr]   Downloaded scryer-modular-bitfield-impl v0.11.2
[INFO] [stderr]   Downloaded glob v0.3.1
[INFO] [stderr]   Downloaded walkdir v2.4.0
[INFO] [stderr]   Downloaded wasm-bindgen-macro-support v0.2.91
[INFO] [stderr]   Downloaded quote v1.0.35
[INFO] [stderr]   Downloaded crossbeam-deque v0.8.5
[INFO] [stderr]   Downloaded either v1.10.0
[INFO] [stderr]   Downloaded wasm-bindgen-backend v0.2.91
[INFO] [stderr]   Downloaded csv-core v0.1.11
[INFO] [stderr]   Downloaded unicode-width v0.1.11
[INFO] [stderr]   Downloaded bitfield v0.13.2
[INFO] [stderr]   Downloaded trybuild v1.0.89
[INFO] [stderr]   Downloaded serde_cbor v0.11.2
[INFO] [stderr]   Downloaded criterion-plot v0.4.5
[INFO] [stderr]   Downloaded proc-macro2 v1.0.78
[INFO] [stderr]   Downloaded crossbeam-utils v0.8.19
[INFO] [stderr]   Downloaded half v1.8.3
[INFO] [stderr]   Downloaded num-traits v0.2.18
[INFO] [stderr]   Downloaded serde v1.0.197
[INFO] [stderr]   Downloaded serde_derive v1.0.197
[INFO] [stderr]   Downloaded basic-toml v0.1.8
[INFO] [stderr]   Downloaded js-sys v0.3.68
[INFO] [stderr]   Downloaded ryu v1.0.17
[INFO] [stderr]   Downloaded bumpalo v3.15.3
[INFO] [stderr]   Downloaded memchr v2.7.1
[INFO] [stderr]   Downloaded criterion v0.3.6
[INFO] [stderr]   Downloaded plotters v0.3.5
[INFO] [stderr]   Downloaded aho-corasick v1.1.2
[INFO] [stderr]   Downloaded rayon v1.9.0
[INFO] [stderr]   Downloaded wasm-bindgen v0.2.91
[INFO] [stderr]   Downloaded regex v1.10.3
[INFO] [stderr]   Downloaded syn v2.0.52
[INFO] [stderr]   Downloaded regex-syntax v0.8.2
[INFO] [stderr]   Downloaded regex-automata v0.4.5
[INFO] [stderr]   Downloaded web-sys v0.3.68
[INFO] [stderr]   Downloaded libc v0.2.153
[INFO] [stderr]   Downloaded csv v1.3.0
[INFO] running `Command { std: "docker" "create" "-v" "/var/lib/crater-agent-workspace/builds/worker-3-tc1/source:/opt/rustwide/workdir:ro,Z" "-v" "/var/lib/crater-agent-workspace/builds/worker-3-tc1/target:/opt/rustwide/target:rw,Z" "-v" "/var/lib/crater-agent-workspace/cargo-home:/opt/rustwide/cargo-home:ro,Z" "-v" "/var/lib/crater-agent-workspace/rustup-home:/opt/rustwide/rustup-home:ro,Z" "-m" "1610612736" "--network" "none" "ghcr.io/rust-lang/crates-build-env/linux@sha256:3111399a4047eeb3a02b7a90e478d715f38a8c6669b5c4b49d30a17385265909" "sleep" "infinity", kill_on_drop: false }`
[INFO] [stdout] ab471e823117e1097d176461d946233b3b6d05a68697518d6e33e437034e2ec7
[INFO] running `Command { std: "docker" "start" "ab471e823117e1097d176461d946233b3b6d05a68697518d6e33e437034e2ec7", kill_on_drop: false }`
[INFO] running `Command { std: "docker" "inspect" "ab471e823117e1097d176461d946233b3b6d05a68697518d6e33e437034e2ec7", kill_on_drop: false }`
[INFO] running `Command { std: "docker" "exec" "-e" "SOURCE_DIR=/opt/rustwide/workdir" "-e" "CARGO_HOME=/opt/rustwide/cargo-home" "-e" "RUSTUP_HOME=/opt/rustwide/rustup-home" "-e" "CARGO_TARGET_DIR=/opt/rustwide/target" "-w" "/opt/rustwide/workdir" "--user" "0:0" "ab471e823117e1097d176461d946233b3b6d05a68697518d6e33e437034e2ec7" "/opt/rustwide/cargo-home/bin/cargo" "+1.99.0-beta.8" "metadata" "--no-deps" "--format-version=1", kill_on_drop: false }`
[INFO] running `Command { std: "docker" "inspect" "ab471e823117e1097d176461d946233b3b6d05a68697518d6e33e437034e2ec7", kill_on_drop: false }`
[INFO] running `Command { std: "docker" "exec" "-e" "SOURCE_DIR=/opt/rustwide/workdir" "-e" "CARGO_HOME=/opt/rustwide/cargo-home" "-e" "RUSTUP_HOME=/opt/rustwide/rustup-home" "-e" "CARGO_TARGET_DIR=/opt/rustwide/target" "-e" "CARGO_INCREMENTAL=0" "-e" "RUST_BACKTRACE=full" "-e" "RUSTFLAGS=--cap-lints=warn" "-e" "RUSTDOCFLAGS=--cap-lints=warn" "-w" "/opt/rustwide/workdir" "--user" "0:0" "ab471e823117e1097d176461d946233b3b6d05a68697518d6e33e437034e2ec7" "/opt/rustwide/cargo-home/bin/cargo" "+1.99.0-beta.8" "build" "--frozen" "--message-format=json", kill_on_drop: false }`
[INFO] [stderr]    Compiling proc-macro2 v1.0.78
[INFO] [stderr]    Compiling unicode-ident v1.0.12
[INFO] [stderr]    Compiling syn v1.0.109
[INFO] [stderr]    Compiling static_assertions v1.1.0
[INFO] [stderr]    Compiling quote v1.0.35
[INFO] [stderr]    Compiling scryer-modular-bitfield-impl v0.11.2
[INFO] [stderr]    Compiling scryer-modular-bitfield v0.11.4 (/opt/rustwide/workdir)
[INFO] [stderr]     Finished `dev` profile [unoptimized + debuginfo] target(s) in 6.37s
[INFO] running `Command { std: "docker" "inspect" "ab471e823117e1097d176461d946233b3b6d05a68697518d6e33e437034e2ec7", kill_on_drop: false }`
[INFO] running `Command { std: "docker" "exec" "-e" "SOURCE_DIR=/opt/rustwide/workdir" "-e" "CARGO_HOME=/opt/rustwide/cargo-home" "-e" "RUSTUP_HOME=/opt/rustwide/rustup-home" "-e" "CARGO_TARGET_DIR=/opt/rustwide/target" "-e" "CARGO_INCREMENTAL=0" "-e" "RUST_BACKTRACE=full" "-e" "RUSTFLAGS=--cap-lints=warn" "-e" "RUSTDOCFLAGS=--cap-lints=warn" "-w" "/opt/rustwide/workdir" "--user" "0:0" "ab471e823117e1097d176461d946233b3b6d05a68697518d6e33e437034e2ec7" "/opt/rustwide/cargo-home/bin/cargo" "+1.99.0-beta.8" "test" "--frozen" "--no-run" "--message-format=json", kill_on_drop: false }`
[INFO] [stderr]    Compiling serde v1.0.197
[INFO] [stderr]    Compiling crossbeam-utils v0.8.19
[INFO] [stderr]    Compiling itoa v1.0.10
[INFO] [stderr]    Compiling serde_json v1.0.114
[INFO] [stderr]    Compiling autocfg v1.1.0
[INFO] [stderr]    Compiling ryu v1.0.17
[INFO] [stderr]    Compiling either v1.10.0
[INFO] [stderr]    Compiling libc v0.2.153
[INFO] [stderr]    Compiling rayon-core v1.12.1
[INFO] [stderr]    Compiling memchr v2.7.1
[INFO] [stderr]    Compiling regex-syntax v0.8.2
[INFO] [stderr]    Compiling unicode-width v0.1.11
[INFO] [stderr]    Compiling plotters-backend v0.3.5
[INFO] [stderr]    Compiling syn v2.0.52
[INFO] [stderr]    Compiling cast v0.3.0
[INFO] [stderr]    Compiling half v1.8.3
[INFO] [stderr]    Compiling trybuild v1.0.89
[INFO] [stderr]    Compiling textwrap v0.11.0
[INFO] [stderr]    Compiling walkdir v2.4.0
[INFO] [stderr]    Compiling once_cell v1.19.0
[INFO] [stderr]    Compiling termcolor v1.4.1
[INFO] [stderr]    Compiling glob v0.3.1
[INFO] [stderr]    Compiling lazy_static v1.4.0
[INFO] [stderr]    Compiling itertools v0.10.5
[INFO] [stderr]    Compiling oorandom v11.1.3
[INFO] [stderr]    Compiling clap v2.34.0
[INFO] [stderr]    Compiling plotters-svg v0.3.5
[INFO] [stderr]    Compiling num-traits v0.2.18
[INFO] [stderr]    Compiling bitfield v0.13.2
[INFO] [stderr]    Compiling csv-core v0.1.11
[INFO] [stderr]    Compiling crossbeam-epoch v0.9.18
[INFO] [stderr]    Compiling crossbeam-deque v0.8.5
[INFO] [stderr]    Compiling atty v0.2.14
[INFO] [stderr]    Compiling regex-automata v0.4.5
[INFO] [stderr]    Compiling plotters v0.3.5
[INFO] [stderr]    Compiling rayon v1.9.0
[INFO] [stderr]    Compiling criterion-plot v0.4.5
[INFO] [stderr]    Compiling serde_derive v1.0.197
[INFO] [stderr]    Compiling regex v1.10.3
[INFO] [stderr]    Compiling csv v1.3.0
[INFO] [stderr]    Compiling basic-toml v0.1.8
[INFO] [stderr]    Compiling serde_cbor v0.11.2
[INFO] [stderr]    Compiling tinytemplate v1.2.1
[INFO] [stderr]    Compiling criterion v0.3.6
[INFO] [stderr]    Compiling scryer-modular-bitfield v0.11.4 (/opt/rustwide/workdir)
[INFO] [stderr]     Finished `test` profile [unoptimized + debuginfo] target(s) in 28.33s
[INFO] running `Command { std: "docker" "inspect" "ab471e823117e1097d176461d946233b3b6d05a68697518d6e33e437034e2ec7", kill_on_drop: false }`
[INFO] running `Command { std: "docker" "exec" "-e" "SOURCE_DIR=/opt/rustwide/workdir" "-e" "CARGO_HOME=/opt/rustwide/cargo-home" "-e" "RUSTUP_HOME=/opt/rustwide/rustup-home" "-e" "CARGO_TARGET_DIR=/opt/rustwide/target" "-e" "CARGO_INCREMENTAL=0" "-e" "RUST_BACKTRACE=full" "-e" "RUSTFLAGS=--cap-lints=warn" "-e" "RUSTDOCFLAGS=--cap-lints=warn" "-w" "/opt/rustwide/workdir" "--user" "0:0" "ab471e823117e1097d176461d946233b3b6d05a68697518d6e33e437034e2ec7" "/opt/rustwide/cargo-home/bin/cargo" "+1.99.0-beta.8" "test" "--frozen", kill_on_drop: false }`
[INFO] [stderr]     Finished `test` profile [unoptimized + debuginfo] target(s) in 0.74s
[INFO] [stderr]      Running unittests src/lib.rs (/opt/rustwide/target/debug/deps/scryer_modular_bitfield-81531de4e248fc09)
[INFO] [stderr]      Running unittests playground.rs (/opt/rustwide/target/debug/deps/playground-e8a3f5668d395595)
[INFO] [stdout] 
[INFO] [stdout] running 0 tests
[INFO] [stdout] 
[INFO] [stdout] test result: ok. 0 passed; 0 failed; 0 ignored; 0 measured; 0 filtered out; finished in 0.00s
[INFO] [stdout] 
[INFO] [stderr]      Running tests/progress.rs (/opt/rustwide/target/debug/deps/tests-deff9ef20fec0756)
[INFO] [stdout] 
[INFO] [stdout] running 0 tests
[INFO] [stdout] 
[INFO] [stdout] test result: ok. 0 passed; 0 failed; 0 ignored; 0 measured; 0 filtered out; finished in 0.00s
[INFO] [stdout] 
[INFO] [stdout] 
[INFO] [stdout] running 5 tests
[INFO] [stdout] test panic_tests::invalid_access_d - should panic ... ok
[INFO] [stdout] test panic_tests::invalid_access_a - should panic ... ok
[INFO] [stdout] test panic_tests::invalid_access_b - should panic ... ok
[INFO] [stdout] test panic_tests::invalid_access_c - should panic ... ok
[INFO] [stderr]    Compiling proc-macro2 v1.0.78
[INFO] [stderr]    Compiling unicode-ident v1.0.12
[INFO] [stderr]    Compiling serde v1.0.197
[INFO] [stderr]    Compiling crossbeam-utils v0.8.19
[INFO] [stderr]    Compiling autocfg v1.1.0
[INFO] [stderr]    Compiling syn v1.0.109
[INFO] [stderr]    Compiling serde_json v1.0.114
[INFO] [stderr]    Compiling rayon-core v1.12.1
[INFO] [stderr]    Compiling ryu v1.0.17
[INFO] [stderr]    Compiling itoa v1.0.10
[INFO] [stderr]    Compiling libc v0.2.153
[INFO] [stderr]    Compiling either v1.10.0
[INFO] [stderr]    Compiling regex-syntax v0.8.2
[INFO] [stderr]    Compiling unicode-width v0.1.11
[INFO] [stderr]    Compiling plotters-backend v0.3.5
[INFO] [stderr]    Compiling memchr v2.7.1
[INFO] [stderr]    Compiling itertools v0.10.5
[INFO] [stderr]    Compiling textwrap v0.11.0
[INFO] [stderr]    Compiling same-file v1.0.6
[INFO] [stderr]    Compiling cast v0.3.0
[INFO] [stderr]    Compiling bitflags v1.3.2
[INFO] [stderr]    Compiling half v1.8.3
[INFO] [stderr]    Compiling walkdir v2.4.0
[INFO] [stderr]    Compiling lazy_static v1.4.0
[INFO] [stderr]    Compiling clap v2.34.0
[INFO] [stderr]    Compiling oorandom v11.1.3
[INFO] [stderr]    Compiling plotters-svg v0.3.5
[INFO] [stderr]    Compiling static_assertions v1.1.0
[INFO] [stderr]    Compiling bitfield v0.13.2
[INFO] [stderr]    Compiling num-traits v0.2.18
[INFO] [stderr]    Compiling csv-core v0.1.11
[INFO] [stderr]    Compiling crossbeam-epoch v0.9.18
[INFO] [stderr]    Compiling quote v1.0.35
[INFO] [stderr]    Compiling atty v0.2.14
[INFO] [stderr]    Compiling syn v2.0.52
[INFO] [stderr]    Compiling crossbeam-deque v0.8.5
[INFO] [stderr]    Compiling regex-automata v0.4.5
[INFO] [stderr]    Compiling criterion-plot v0.4.5
[INFO] [stderr]    Compiling rayon v1.9.0
[INFO] [stderr]    Compiling plotters v0.3.5
[INFO] [stderr]    Compiling regex v1.10.3
[INFO] [stderr]    Compiling serde_derive v1.0.197
[INFO] [stderr]    Compiling csv v1.3.0
[INFO] [stderr]    Compiling serde_cbor v0.11.2
[INFO] [stderr]    Compiling tinytemplate v1.2.1
[INFO] [stderr]    Compiling scryer-modular-bitfield-impl v0.11.2
[INFO] [stderr]    Compiling criterion v0.3.6
[INFO] [stderr]    Compiling scryer-modular-bitfield v0.11.4 (/opt/rustwide/workdir)
[INFO] [stderr]    Compiling scryer-modular-bitfield-tests v0.0.0 (/opt/rustwide/target/tests/trybuild/scryer-modular-bitfield)
[INFO] [stderr]     Finished `dev` profile [unoptimized + debuginfo] target(s) in 26.68s
[INFO] [stderr] 
[INFO] [stderr] 
[INFO] [stderr] test tests/01-specifier-types.rs [should pass] ... ok
[INFO] [stderr] test tests/02-storage.rs [should pass] ... ok
[INFO] [stderr] test tests/03-accessors.rs [should pass] ... ok
[INFO] [stderr] test tests/04-multiple-of-8bits.rs [should fail to compile] ... mismatch
[INFO] [stderr] 
[INFO] [stderr] EXPECTED:
[INFO] [stderr] ┈┈┈┈┈┈┈┈┈┈┈┈┈┈┈┈┈┈┈┈┈┈┈┈┈┈┈┈┈┈┈┈┈┈┈┈┈┈┈┈┈┈┈┈┈┈┈┈┈┈┈┈┈┈┈┈┈┈┈┈
[INFO] [stderr] error[E0277]: the trait bound `modular_bitfield::private::checks::SevenMod8: modular_bitfield::private::checks::TotalSizeIsMultipleOfEightBits` is not satisfied
[INFO] [stderr]   --> $DIR/04-multiple-of-8bits.rs:54:1
[INFO] [stderr]    |
[INFO] [stderr] 54 | pub struct NotQuiteFourBytes {
[INFO] [stderr]    | ^^^ the trait `modular_bitfield::private::checks::TotalSizeIsMultipleOfEightBits` is not implemented for `modular_bitfield::private::checks::SevenMod8`
[INFO] [stderr]    |
[INFO] [stderr]   ::: $WORKSPACE/src/private/checks.rs
[INFO] [stderr]    |
[INFO] [stderr]    |     <Self::Size as RenameSizeType>::CheckType: TotalSizeIsMultipleOfEightBits,
[INFO] [stderr]    |                                                ------------------------------ required by this bound in `modular_bitfield::private::checks::CheckTotalSizeMultipleOf8`
[INFO] [stderr] ┈┈┈┈┈┈┈┈┈┈┈┈┈┈┈┈┈┈┈┈┈┈┈┈┈┈┈┈┈┈┈┈┈┈┈┈┈┈┈┈┈┈┈┈┈┈┈┈┈┈┈┈┈┈┈┈┈┈┈┈
[INFO] [stderr] 
[INFO] [stderr] ACTUAL OUTPUT:
[INFO] [stderr] ┈┈┈┈┈┈┈┈┈┈┈┈┈┈┈┈┈┈┈┈┈┈┈┈┈┈┈┈┈┈┈┈┈┈┈┈┈┈┈┈┈┈┈┈┈┈┈┈┈┈┈┈┈┈┈┈┈┈┈┈
[INFO] [stderr] error[E0277]: the trait bound `SevenMod8: TotalSizeIsMultipleOfEightBits` is not satisfied
[INFO] [stderr]   --> tests/04-multiple-of-8bits.rs:54:1
[INFO] [stderr]    |
[INFO] [stderr] 54 | pub struct NotQuiteFourBytes {
[INFO] [stderr]    | ^^^ unsatisfied trait bound
[INFO] [stderr]    |
[INFO] [stderr]    = help: the trait `scryer_modular_bitfield::private::checks::TotalSizeIsMultipleOfEightBits` is not implemented for `scryer_modular_bitfield::private::checks::SevenMod8`
[INFO] [stderr] note: required by a bound in `scryer_modular_bitfield::private::checks::CheckTotalSizeMultipleOf8::Size`
[INFO] [stderr]   --> src/private/checks.rs
[INFO] [stderr]    |
[INFO] [stderr]    |     <Self::Size as RenameSizeType>::CheckType: TotalSizeIsMultipleOfEightBits,
[INFO] [stderr]    |                                                ^^^^^^^^^^^^^^^^^^^^^^^^^^^^^^ required by this bound in `CheckTotalSizeMultipleOf8::Size`
[INFO] [stderr]    | {
[INFO] [stderr]    |     type Size: RenameSizeType;
[INFO] [stderr]    |          ---- required by a bound in this associated type
[INFO] [stderr]    = note: the full name for the type has been written to '/opt/rustwide/target/tests/trybuild/x86_64-unknown-linux-gnu/debug/deps/$CRATE-d92ee64d69bcfa21.long-type-1908480021536110678.txt'
[INFO] [stderr]    = note: consider using `--verbose` to print the full type name to the console
[INFO] [stderr] 
[INFO] [stderr] error[E0277]: the trait bound `SevenMod8: TotalSizeIsMultipleOfEightBits` is not satisfied
[INFO] [stderr]   --> tests/04-multiple-of-8bits.rs:54:1
[INFO] [stderr]    |
[INFO] [stderr] 54 | pub struct NotQuiteFourBytes {
[INFO] [stderr]    | ^^^ unsatisfied trait bound
[INFO] [stderr]    |
[INFO] [stderr]    = help: the trait `scryer_modular_bitfield::private::checks::TotalSizeIsMultipleOfEightBits` is not implemented for `scryer_modular_bitfield::private::checks::SevenMod8`
[INFO] [stderr] note: required by a bound in `scryer_modular_bitfield::private::checks::CheckTotalSizeMultipleOf8`
[INFO] [stderr]   --> src/private/checks.rs
[INFO] [stderr]    |
[INFO] [stderr]    | pub trait CheckTotalSizeMultipleOf8
[INFO] [stderr]    |           ------------------------- required by a bound in this trait
[INFO] [stderr]    | where
[INFO] [stderr]    |     <Self::Size as RenameSizeType>::CheckType: TotalSizeIsMultipleOfEightBits,
[INFO] [stderr]    |                                                ^^^^^^^^^^^^^^^^^^^^^^^^^^^^^^ required by this bound in `CheckTotalSizeMultipleOf8`
[INFO] [stderr]    = note: the full name for the type has been written to '/opt/rustwide/target/tests/trybuild/x86_64-unknown-linux-gnu/debug/deps/$CRATE-d92ee64d69bcfa21.long-type-1908480021536110678.txt'
[INFO] [stderr]    = note: consider using `--verbose` to print the full type name to the console
[INFO] [stderr] ┈┈┈┈┈┈┈┈┈┈┈┈┈┈┈┈┈┈┈┈┈┈┈┈┈┈┈┈┈┈┈┈┈┈┈┈┈┈┈┈┈┈┈┈┈┈┈┈┈┈┈┈┈┈┈┈┈┈┈┈
[INFO] [stderr] note: If the actual output is the correct output you can bless it by rerunning
[INFO] [stderr]       your test with the environment variable TRYBUILD=overwrite
[INFO] [stderr] 
[INFO] [stderr] test tests/05-accessor-signatures.rs [should pass] ... ok
[INFO] [stderr] test tests/10-bits-attribute.rs [should pass] ... ok
[INFO] [stderr] test tests/11-bits-attribute-wrong.rs [should fail to compile] ... mismatch
[INFO] [stderr] 
[INFO] [stderr] EXPECTED:
[INFO] [stderr] ┈┈┈┈┈┈┈┈┈┈┈┈┈┈┈┈┈┈┈┈┈┈┈┈┈┈┈┈┈┈┈┈┈┈┈┈┈┈┈┈┈┈┈┈┈┈┈┈┈┈┈┈┈┈┈┈┈┈┈┈
[INFO] [stderr] error[E0308]: mismatched types
[INFO] [stderr]   --> $DIR/11-bits-attribute-wrong.rs:11:7
[INFO] [stderr]    |
[INFO] [stderr] 11 |     #[bits = 9]
[INFO] [stderr]    |       ^^^^ expected an array with a fixed size of 9 elements, found one with 1 element
[INFO] [stderr] ┈┈┈┈┈┈┈┈┈┈┈┈┈┈┈┈┈┈┈┈┈┈┈┈┈┈┈┈┈┈┈┈┈┈┈┈┈┈┈┈┈┈┈┈┈┈┈┈┈┈┈┈┈┈┈┈┈┈┈┈
[INFO] [stderr] 
[INFO] [stderr] ACTUAL OUTPUT:
[INFO] [stderr] ┈┈┈┈┈┈┈┈┈┈┈┈┈┈┈┈┈┈┈┈┈┈┈┈┈┈┈┈┈┈┈┈┈┈┈┈┈┈┈┈┈┈┈┈┈┈┈┈┈┈┈┈┈┈┈┈┈┈┈┈
[INFO] [stderr] error[E0308]: mismatched types
[INFO] [stderr]   --> tests/11-bits-attribute-wrong.rs:11:7
[INFO] [stderr]    |
[INFO] [stderr] 11 |     #[bits = 9]
[INFO] [stderr]    |       ^^^^ expected an array with a size of 9, found one with a size of 1
[INFO] [stderr] ┈┈┈┈┈┈┈┈┈┈┈┈┈┈┈┈┈┈┈┈┈┈┈┈┈┈┈┈┈┈┈┈┈┈┈┈┈┈┈┈┈┈┈┈┈┈┈┈┈┈┈┈┈┈┈┈┈┈┈┈
[INFO] [stderr] note: If the actual output is the correct output you can bless it by rerunning
[INFO] [stderr]       your test with the environment variable TRYBUILD=overwrite
[INFO] [stderr] 
[INFO] [stderr] test tests/12-accessors-edge.rs [should pass] ... ok
[INFO] [stderr] test tests/13-tuple-structs.rs [should pass] ... ok
[INFO] [stderr] test tests/14-checked-setters.rs [should pass] ... ok
[INFO] [stderr] test tests/15-manual-reset.rs [should pass] ... ok
[INFO] [stderr] test tests/16-u128-specifier.rs [should pass] ... ok
[INFO] [stderr] test tests/17-byte-conversions.rs [should pass] ... ok
[INFO] [stderr] test tests/18-within-single-byte.rs [should pass] ... ok
[INFO] [stderr] test tests/19-get-spanning-data.rs [should pass] ... ok
[INFO] [stderr] 
[INFO] [stderr] WARNINGS:
[INFO] [stderr] ┈┈┈┈┈┈┈┈┈┈┈┈┈┈┈┈┈┈┈┈┈┈┈┈┈┈┈┈┈┈┈┈┈┈┈┈┈┈┈┈┈┈┈┈┈┈┈┈┈┈┈┈┈┈┈┈┈┈┈┈
[INFO] [stderr] warning: use of deprecated constant `std::u16::MAX`: replaced by the `MAX` associated constant on this type
[INFO] [stderr]   --> tests/19-get-spanning-data.rs:13:28
[INFO] [stderr]    |
[INFO] [stderr] 13 |     for i in 0..=std::u16::MAX {
[INFO] [stderr]    |                            ^^^
[INFO] [stderr]    |
[INFO] [stderr]    = note: `#[warn(deprecated)]` on by default
[INFO] [stderr] ┈┈┈┈┈┈┈┈┈┈┈┈┈┈┈┈┈┈┈┈┈┈┈┈┈┈┈┈┈┈┈┈┈┈┈┈┈┈┈┈┈┈┈┈┈┈┈┈┈┈┈┈┈┈┈┈┈┈┈┈
[INFO] [stderr] 
[INFO] [stderr] STDERR:
[INFO] [stderr] ┈┈┈┈┈┈┈┈┈┈┈┈┈┈┈┈┈┈┈┈┈┈┈┈┈┈┈┈┈┈┈┈┈┈┈┈┈┈┈┈┈┈┈┈┈┈┈┈┈┈┈┈┈┈┈┈┈┈┈┈
[INFO] [stderr] warning: use of deprecated constant `std::u16::MAX`: replaced by the `MAX` associated constant on this type
[INFO] [stderr]   --> /opt/rustwide/workdir/tests/19-get-spanning-data.rs:13:28
[INFO] [stderr]    |
[INFO] [stderr] 13 |     for i in 0..=std::u16::MAX {
[INFO] [stderr]    |                            ^^^
[INFO] [stderr]    |
[INFO] [stderr]    = note: `#[warn(deprecated)]` on by default
[INFO] [stderr] ┈┈┈┈┈┈┈┈┈┈┈┈┈┈┈┈┈┈┈┈┈┈┈┈┈┈┈┈┈┈┈┈┈┈┈┈┈┈┈┈┈┈┈┈┈┈┈┈┈┈┈┈┈┈┈┈┈┈┈┈
[INFO] [stderr] 
[INFO] [stderr] test tests/20-access-test.rs [should fail to compile] ... mismatch
[INFO] [stderr] 
[INFO] [stderr] EXPECTED:
[INFO] [stderr] ┈┈┈┈┈┈┈┈┈┈┈┈┈┈┈┈┈┈┈┈┈┈┈┈┈┈┈┈┈┈┈┈┈┈┈┈┈┈┈┈┈┈┈┈┈┈┈┈┈┈┈┈┈┈┈┈┈┈┈┈
[INFO] [stderr] error[E0624]: associated function `a` is private
[INFO] [stderr]   --> $DIR/20-access-test.rs:14:15
[INFO] [stderr]    |
[INFO] [stderr] 14 |     let _ = c.a();
[INFO] [stderr]    |               ^ private associated function
[INFO] [stderr] ┈┈┈┈┈┈┈┈┈┈┈┈┈┈┈┈┈┈┈┈┈┈┈┈┈┈┈┈┈┈┈┈┈┈┈┈┈┈┈┈┈┈┈┈┈┈┈┈┈┈┈┈┈┈┈┈┈┈┈┈
[INFO] [stderr] 
[INFO] [stderr] ACTUAL OUTPUT:
[INFO] [stderr] ┈┈┈┈┈┈┈┈┈┈┈┈┈┈┈┈┈┈┈┈┈┈┈┈┈┈┈┈┈┈┈┈┈┈┈┈┈┈┈┈┈┈┈┈┈┈┈┈┈┈┈┈┈┈┈┈┈┈┈┈
[INFO] [stderr] error[E0624]: method `a` is private
[INFO] [stderr]  --> tests/20-access-test.rs:14:15
[INFO] [stderr]   |
[INFO] [stderr]  6 |         a: B5,
[INFO] [stderr]    |         - private method defined here
[INFO] [stderr] ...
[INFO] [stderr] 14 |     let _ = c.a();
[INFO] [stderr]    |               ^ private method
[INFO] [stderr] ┈┈┈┈┈┈┈┈┈┈┈┈┈┈┈┈┈┈┈┈┈┈┈┈┈┈┈┈┈┈┈┈┈┈┈┈┈┈┈┈┈┈┈┈┈┈┈┈┈┈┈┈┈┈┈┈┈┈┈┈
[INFO] [stderr] note: If the actual output is the correct output you can bless it by rerunning
[INFO] [stderr]       your test with the environment variable TRYBUILD=overwrite
[INFO] [stderr] 
[INFO] [stderr] test tests/21-raw-identifiers.rs [should pass] ... ok
[INFO] [stderr] test tests/22-with-setter.rs [should pass] ... ok
[INFO] [stderr] test tests/24-primitives-as-specifiers.rs [should pass] ... ok
[INFO] [stderr] test tests/26-invalid-struct-specifier.rs [should fail to compile] ... ok
[INFO] [stderr] test tests/27-invalid-union-specifier.rs [should fail to compile] ... ok
[INFO] [stderr] test tests/28-single-bit-enum.rs [should pass] ... ok
[INFO] [stderr] test tests/derive-bitfield-specifier/06-enums.rs [should pass] ... ok
[INFO] [stderr] test tests/derive-bitfield-specifier/07-optional-discriminant.rs [should pass] ... ok
[INFO] [stderr] test tests/derive-bitfield-specifier/08-non-power-of-two.rs [should fail to compile] ... ok
[INFO] [stderr] test tests/derive-bitfield-specifier/09-variant-out-of-range.rs [should fail to compile] ... mismatch
[INFO] [stderr] 
[INFO] [stderr] EXPECTED:
[INFO] [stderr] ┈┈┈┈┈┈┈┈┈┈┈┈┈┈┈┈┈┈┈┈┈┈┈┈┈┈┈┈┈┈┈┈┈┈┈┈┈┈┈┈┈┈┈┈┈┈┈┈┈┈┈┈┈┈┈┈┈┈┈┈
[INFO] [stderr] error[E0277]: the trait bound `modular_bitfield::private::checks::False: modular_bitfield::private::checks::DiscriminantInRange` is not satisfied
[INFO] [stderr]    --> $DIR/09-variant-out-of-range.rs:17:5
[INFO] [stderr]     |
[INFO] [stderr] 17  |     External,
[INFO] [stderr]     |     ^^^^^^^^ the trait `modular_bitfield::private::checks::DiscriminantInRange` is not implemented for `modular_bitfield::private::checks::False`
[INFO] [stderr]     |
[INFO] [stderr]    ::: $WORKSPACE/src/private/checks.rs
[INFO] [stderr]     |
[INFO] [stderr]     |     <Self::CheckType as DispatchTrueFalse>::Out: DiscriminantInRange,
[INFO] [stderr]     |                                                  ------------------- required by this bound in `modular_bitfield::private::checks::CheckDiscriminantInRange`
[INFO] [stderr] ┈┈┈┈┈┈┈┈┈┈┈┈┈┈┈┈┈┈┈┈┈┈┈┈┈┈┈┈┈┈┈┈┈┈┈┈┈┈┈┈┈┈┈┈┈┈┈┈┈┈┈┈┈┈┈┈┈┈┈┈
[INFO] [stderr] 
[INFO] [stderr] ACTUAL OUTPUT:
[INFO] [stderr] ┈┈┈┈┈┈┈┈┈┈┈┈┈┈┈┈┈┈┈┈┈┈┈┈┈┈┈┈┈┈┈┈┈┈┈┈┈┈┈┈┈┈┈┈┈┈┈┈┈┈┈┈┈┈┈┈┈┈┈┈
[INFO] [stderr] error[E0277]: the trait bound `False: DiscriminantInRange` is not satisfied
[INFO] [stderr]  --> tests/derive-bitfield-specifier/09-variant-out-of-range.rs:17:5
[INFO] [stderr]   |
[INFO] [stderr]  17 |     External,
[INFO] [stderr]     |     ^^^^^^^^ unsatisfied trait bound
[INFO] [stderr]     |
[INFO] [stderr]     = help: the trait `scryer_modular_bitfield::private::checks::DiscriminantInRange` is not implemented for `scryer_modular_bitfield::private::checks::False`
[INFO] [stderr] note: required by a bound in `scryer_modular_bitfield::private::checks::CheckDiscriminantInRange::CheckType`
[INFO] [stderr]    --> src/private/checks.rs
[INFO] [stderr]     |
[INFO] [stderr]     |     <Self::CheckType as DispatchTrueFalse>::Out: DiscriminantInRange,
[INFO] [stderr]     |                                                  ^^^^^^^^^^^^^^^^^^^ required by this bound in `CheckDiscriminantInRange::CheckType`
[INFO] [stderr]     | {
[INFO] [stderr]     |     type CheckType: DispatchTrueFalse;
[INFO] [stderr]     |          --------- required by a bound in this associated type
[INFO] [stderr]     = note: the full name for the type has been written to '/opt/rustwide/target/tests/trybuild/x86_64-unknown-linux-gnu/debug/deps/$CRATE-20c1998b1a929f15.long-type-12456008303327761268.txt'
[INFO] [stderr]     = note: consider using `--verbose` to print the full type name to the console
[INFO] [stderr] 
[INFO] [stderr] error[E0277]: the trait bound `False: DiscriminantInRange` is not satisfied
[INFO] [stderr]  --> tests/derive-bitfield-specifier/09-variant-out-of-range.rs:17:5
[INFO] [stderr]   |
[INFO] [stderr]  17 |     External,
[INFO] [stderr]     |     ^^^^^^^^ unsatisfied trait bound
[INFO] [stderr]     |
[INFO] [stderr]     = help: the trait `scryer_modular_bitfield::private::checks::DiscriminantInRange` is not implemented for `scryer_modular_bitfield::private::checks::False`
[INFO] [stderr] note: required by a bound in `scryer_modular_bitfield::private::checks::CheckDiscriminantInRange`
[INFO] [stderr]    --> src/private/checks.rs
[INFO] [stderr]     |
[INFO] [stderr]     | pub trait CheckDiscriminantInRange<A>
[INFO] [stderr]     |           ------------------------ required by a bound in this trait
[INFO] [stderr]     | where
[INFO] [stderr]     |     <Self::CheckType as DispatchTrueFalse>::Out: DiscriminantInRange,
[INFO] [stderr]     |                                                  ^^^^^^^^^^^^^^^^^^^ required by this bound in `CheckDiscriminantInRange`
[INFO] [stderr]     = note: the full name for the type has been written to '/opt/rustwide/target/tests/trybuild/x86_64-unknown-linux-gnu/debug/deps/$CRATE-20c1998b1a929f15.long-type-12456008303327761268.txt'
[INFO] [stderr]     = note: consider using `--verbose` to print the full type name to the console
[INFO] [stderr] ┈┈┈┈┈┈┈┈┈┈┈┈┈┈┈┈┈┈┈┈┈┈┈┈┈┈┈┈┈┈┈┈┈┈┈┈┈┈┈┈┈┈┈┈┈┈┈┈┈┈┈┈┈┈┈┈┈┈┈┈
[INFO] [stderr] note: If the actual output is the correct output you can bless it by rerunning
[INFO] [stderr]       your test with the environment variable TRYBUILD=overwrite
[INFO] [stderr] 
[INFO] [stderr] test tests/regressions/no-implicit-prelude.rs [should pass] ... ok
[INFO] [stderr] test tests/regressions/no-implicit-prelude-2.rs [should pass] ... ok
[INFO] [stderr] test tests/regressions/regression-issue-8.rs [should pass] ... ok
[INFO] [stderr] test tests/regressions/deny_elided_lifetime.rs [should pass] ... ok
[INFO] [stderr] test tests/regressions/regression-v0.11.rs [should pass] ... ok
[INFO] [stderr] test tests/regressions/invalid_bits_field_attr.rs [should fail to compile] ... ok
[INFO] [stderr] test tests/bytes-param/valid-bitfield.rs [should pass] ... ok
[INFO] [stderr] 
[INFO] [stderr] WARNINGS:
[INFO] [stderr] ┈┈┈┈┈┈┈┈┈┈┈┈┈┈┈┈┈┈┈┈┈┈┈┈┈┈┈┈┈┈┈┈┈┈┈┈┈┈┈┈┈┈┈┈┈┈┈┈┈┈┈┈┈┈┈┈┈┈┈┈
[INFO] [stderr] warning: unnecessary trailing semicolon
[INFO] [stderr]  --> tests/bytes-param/valid-bitfield.rs:4:12
[INFO] [stderr]   |
[INFO] [stderr] 4 | #[bitfield(bytes = 4)]
[INFO] [stderr]   |            ^^^^^ help: remove this semicolon
[INFO] [stderr]   |
[INFO] [stderr]   = note: `#[warn(redundant_semicolons)]` (part of `#[warn(unused)]`) on by default
[INFO] [stderr] ┈┈┈┈┈┈┈┈┈┈┈┈┈┈┈┈┈┈┈┈┈┈┈┈┈┈┈┈┈┈┈┈┈┈┈┈┈┈┈┈┈┈┈┈┈┈┈┈┈┈┈┈┈┈┈┈┈┈┈┈
[INFO] [stderr] 
[INFO] [stderr] STDERR:
[INFO] [stderr] ┈┈┈┈┈┈┈┈┈┈┈┈┈┈┈┈┈┈┈┈┈┈┈┈┈┈┈┈┈┈┈┈┈┈┈┈┈┈┈┈┈┈┈┈┈┈┈┈┈┈┈┈┈┈┈┈┈┈┈┈
[INFO] [stderr] warning: unnecessary trailing semicolon
[INFO] [stderr]  --> /opt/rustwide/workdir/tests/bytes-param/valid-bitfield.rs:4:12
[INFO] [stderr]   |
[INFO] [stderr] 4 | #[bitfield(bytes = 4)]
[INFO] [stderr]   |            ^^^^^ help: remove this semicolon
[INFO] [stderr]   |
[INFO] [stderr]   = note: `#[warn(redundant_semicolons)]` (part of `#[warn(unused)]`) on by default
[INFO] [stderr] ┈┈┈┈┈┈┈┈┈┈┈┈┈┈┈┈┈┈┈┈┈┈┈┈┈┈┈┈┈┈┈┈┈┈┈┈┈┈┈┈┈┈┈┈┈┈┈┈┈┈┈┈┈┈┈┈┈┈┈┈
[INFO] [stderr] 
[INFO] [stderr] test tests/bytes-param/valid-specifier-bitfield.rs [should pass] ... ok
[INFO] [stderr] 
[INFO] [stderr] WARNINGS:
[INFO] [stderr] ┈┈┈┈┈┈┈┈┈┈┈┈┈┈┈┈┈┈┈┈┈┈┈┈┈┈┈┈┈┈┈┈┈┈┈┈┈┈┈┈┈┈┈┈┈┈┈┈┈┈┈┈┈┈┈┈┈┈┈┈
[INFO] [stderr] warning: unnecessary trailing semicolon
[INFO] [stderr]  --> tests/bytes-param/valid-specifier-bitfield.rs:4:12
[INFO] [stderr]   |
[INFO] [stderr] 4 | #[bitfield(bytes = 2, filled = false)]
[INFO] [stderr]   |            ^^^^^ help: remove this semicolon
[INFO] [stderr]   |
[INFO] [stderr]   = note: `#[warn(redundant_semicolons)]` (part of `#[warn(unused)]`) on by default
[INFO] [stderr] ┈┈┈┈┈┈┈┈┈┈┈┈┈┈┈┈┈┈┈┈┈┈┈┈┈┈┈┈┈┈┈┈┈┈┈┈┈┈┈┈┈┈┈┈┈┈┈┈┈┈┈┈┈┈┈┈┈┈┈┈
[INFO] [stderr] 
[INFO] [stderr] STDERR:
[INFO] [stderr] ┈┈┈┈┈┈┈┈┈┈┈┈┈┈┈┈┈┈┈┈┈┈┈┈┈┈┈┈┈┈┈┈┈┈┈┈┈┈┈┈┈┈┈┈┈┈┈┈┈┈┈┈┈┈┈┈┈┈┈┈
[INFO] [stderr] warning: unnecessary trailing semicolon
[INFO] [stderr]  --> /opt/rustwide/workdir/tests/bytes-param/valid-specifier-bitfield.rs:4:12
[INFO] [stderr]   |
[INFO] [stderr] 4 | #[bitfield(bytes = 2, filled = false)]
[INFO] [stderr]   |            ^^^^^ help: remove this semicolon
[INFO] [stderr]   |
[INFO] [stderr]   = note: `#[warn(redundant_semicolons)]` (part of `#[warn(unused)]`) on by default
[INFO] [stderr] ┈┈┈┈┈┈┈┈┈┈┈┈┈┈┈┈┈┈┈┈┈┈┈┈┈┈┈┈┈┈┈┈┈┈┈┈┈┈┈┈┈┈┈┈┈┈┈┈┈┈┈┈┈┈┈┈┈┈┈┈
[INFO] [stderr] 
[INFO] [stderr] test tests/bytes-param/duplicate-parameters.rs [should fail to compile] ... ok
[INFO] [stderr] test tests/bytes-param/fewer-bytes-than-expected.rs [should fail to compile] ... mismatch
[INFO] [stderr] 
[INFO] [stderr] EXPECTED:
[INFO] [stderr] ┈┈┈┈┈┈┈┈┈┈┈┈┈┈┈┈┈┈┈┈┈┈┈┈┈┈┈┈┈┈┈┈┈┈┈┈┈┈┈┈┈┈┈┈┈┈┈┈┈┈┈┈┈┈┈┈┈┈┈┈
[INFO] [stderr] error[E0512]: cannot transmute between types of different sizes, or dependently-sized types
[INFO] [stderr]  --> $DIR/fewer-bytes-than-expected.rs:4:12
[INFO] [stderr]   |
[INFO] [stderr] 4 | #[bitfield(bytes = 4)]
[INFO] [stderr]   |            ^^^^^
[INFO] [stderr]   |
[INFO] [stderr]   = note: source type: `_::ExpectedBytes` (32 bits)
[INFO] [stderr]   = note: target type: `Base` (24 bits)
[INFO] [stderr]   = note: this error originates in a macro (in Nightly builds, run with -Z macro-backtrace for more info)
[INFO] [stderr] ┈┈┈┈┈┈┈┈┈┈┈┈┈┈┈┈┈┈┈┈┈┈┈┈┈┈┈┈┈┈┈┈┈┈┈┈┈┈┈┈┈┈┈┈┈┈┈┈┈┈┈┈┈┈┈┈┈┈┈┈
[INFO] [stderr] 
[INFO] [stderr] ACTUAL OUTPUT:
[INFO] [stderr] ┈┈┈┈┈┈┈┈┈┈┈┈┈┈┈┈┈┈┈┈┈┈┈┈┈┈┈┈┈┈┈┈┈┈┈┈┈┈┈┈┈┈┈┈┈┈┈┈┈┈┈┈┈┈┈┈┈┈┈┈
[INFO] [stderr] warning: unnecessary trailing semicolon
[INFO] [stderr]  --> tests/bytes-param/fewer-bytes-than-expected.rs:4:12
[INFO] [stderr]   |
[INFO] [stderr] 4 | #[bitfield(bytes = 4)]
[INFO] [stderr]   |            ^^^^^ help: remove this semicolon
[INFO] [stderr]   |
[INFO] [stderr]   = note: `#[warn(redundant_semicolons)]` (part of `#[warn(unused)]`) on by default
[INFO] [stderr] 
[INFO] [stderr] error[E0512]: cannot transmute between types of different sizes, or dependently-sized types
[INFO] [stderr]  --> tests/bytes-param/fewer-bytes-than-expected.rs:4:12
[INFO] [stderr]   |
[INFO] [stderr] 4 | #[bitfield(bytes = 4)]
[INFO] [stderr]   |            ^^^^^
[INFO] [stderr]   |
[INFO] [stderr]   = note: source type: `ExpectedBytes` (32 bits)
[INFO] [stderr]   = note: target type: `Base` (24 bits)
[INFO] [stderr]   = note: this error originates in the macro `::scryer_modular_bitfield::private::static_assertions::assert_eq_size` (in Nightly builds, run with -Z macro-backtrace for more info)
[INFO] [stderr] ┈┈┈┈┈┈┈┈┈┈┈┈┈┈┈┈┈┈┈┈┈┈┈┈┈┈┈┈┈┈┈┈┈┈┈┈┈┈┈┈┈┈┈┈┈┈┈┈┈┈┈┈┈┈┈┈┈┈┈┈
[INFO] [stderr] note: If the actual output is the correct output you can bless it by rerunning
[INFO] [stderr]       your test with the environment variable TRYBUILD=overwrite
[INFO] [stderr] 
[INFO] [stderr] test tests/bytes-param/more-bytes-than-expected.rs [should fail to compile] ... mismatch
[INFO] [stderr] 
[INFO] [stderr] EXPECTED:
[INFO] [stderr] ┈┈┈┈┈┈┈┈┈┈┈┈┈┈┈┈┈┈┈┈┈┈┈┈┈┈┈┈┈┈┈┈┈┈┈┈┈┈┈┈┈┈┈┈┈┈┈┈┈┈┈┈┈┈┈┈┈┈┈┈
[INFO] [stderr] error[E0512]: cannot transmute between types of different sizes, or dependently-sized types
[INFO] [stderr]  --> $DIR/more-bytes-than-expected.rs:4:12
[INFO] [stderr]   |
[INFO] [stderr] 4 | #[bitfield(bytes = 4)]
[INFO] [stderr]   |            ^^^^^
[INFO] [stderr]   |
[INFO] [stderr]   = note: source type: `_::ExpectedBytes` (32 bits)
[INFO] [stderr]   = note: target type: `Base` (48 bits)
[INFO] [stderr]   = note: this error originates in a macro (in Nightly builds, run with -Z macro-backtrace for more info)
[INFO] [stderr] ┈┈┈┈┈┈┈┈┈┈┈┈┈┈┈┈┈┈┈┈┈┈┈┈┈┈┈┈┈┈┈┈┈┈┈┈┈┈┈┈┈┈┈┈┈┈┈┈┈┈┈┈┈┈┈┈┈┈┈┈
[INFO] [stderr] 
[INFO] [stderr] ACTUAL OUTPUT:
[INFO] [stderr] ┈┈┈┈┈┈┈┈┈┈┈┈┈┈┈┈┈┈┈┈┈┈┈┈┈┈┈┈┈┈┈┈┈┈┈┈┈┈┈┈┈┈┈┈┈┈┈┈┈┈┈┈┈┈┈┈┈┈┈┈
[INFO] [stderr] warning: unnecessary trailing semicolon
[INFO] [stderr]  --> tests/bytes-param/more-bytes-than-expected.rs:4:12
[INFO] [stderr]   |
[INFO] [stderr] 4 | #[bitfield(bytes = 4)]
[INFO] [stderr]   |            ^^^^^ help: remove this semicolon
[INFO] [stderr]   |
[INFO] [stderr]   = note: `#[warn(redundant_semicolons)]` (part of `#[warn(unused)]`) on by default
[INFO] [stderr] 
[INFO] [stderr] error[E0512]: cannot transmute between types of different sizes, or dependently-sized types
[INFO] [stderr]  --> tests/bytes-param/more-bytes-than-expected.rs:4:12
[INFO] [stderr]   |
[INFO] [stderr] 4 | #[bitfield(bytes = 4)]
[INFO] [stderr]   |            ^^^^^
[INFO] [stderr]   |
[INFO] [stderr]   = note: source type: `ExpectedBytes` (32 bits)
[INFO] [stderr]   = note: target type: `Base` (48 bits)
[INFO] [stderr]   = note: this error originates in the macro `::scryer_modular_bitfield::private::static_assertions::assert_eq_size` (in Nightly builds, run with -Z macro-backtrace for more info)
[INFO] [stderr] ┈┈┈┈┈┈┈┈┈┈┈┈┈┈┈┈┈┈┈┈┈┈┈┈┈┈┈┈┈┈┈┈┈┈┈┈┈┈┈┈┈┈┈┈┈┈┈┈┈┈┈┈┈┈┈┈┈┈┈┈
[INFO] [stderr] note: If the actual output is the correct output you can bless it by rerunning
[INFO] [stderr]       your test with the environment variable TRYBUILD=overwrite
[INFO] [stderr] 
[INFO] [stderr] test tests/bytes-param/invalid-int-value.rs [should fail to compile] ... ok
[INFO] [stderr] test tests/bytes-param/invalid-type.rs [should fail to compile] ... ok
[INFO] [stderr] test tests/filled-param/valid-bitfield-1.rs [should pass] ... ok
[INFO] [stderr] test tests/filled-param/valid-bitfield-2.rs [should pass] ... ok
[INFO] [stderr] test tests/filled-param/valid-bitfield-specifier-1.rs [should pass] ... ok
[INFO] [stderr] test tests/filled-param/valid-bitfield-specifier-2.rs [should pass] ... ok
[INFO] [stderr] test tests/filled-param/duplicate-parameters.rs [should fail to compile] ... ok
[INFO] [stderr] test tests/filled-param/invalid-bool-value.rs [should fail to compile] ... ok
[INFO] [stderr] test tests/filled-param/invalid-specified-as-filled.rs [should fail to compile] ... mismatch
[INFO] [stderr] 
[INFO] [stderr] EXPECTED:
[INFO] [stderr] ┈┈┈┈┈┈┈┈┈┈┈┈┈┈┈┈┈┈┈┈┈┈┈┈┈┈┈┈┈┈┈┈┈┈┈┈┈┈┈┈┈┈┈┈┈┈┈┈┈┈┈┈┈┈┈┈┈┈┈┈
[INFO] [stderr] error[E0277]: the trait bound `modular_bitfield::private::checks::SevenMod8: modular_bitfield::private::checks::TotalSizeIsMultipleOfEightBits` is not satisfied
[INFO] [stderr]   --> $DIR/invalid-specified-as-filled.rs:5:1
[INFO] [stderr]    |
[INFO] [stderr] 5  | pub struct UnfilledBitfield {
[INFO] [stderr]    | ^^^ the trait `modular_bitfield::private::checks::TotalSizeIsMultipleOfEightBits` is not implemented for `modular_bitfield::private::checks::SevenMod8`
[INFO] [stderr]    |
[INFO] [stderr]   ::: $WORKSPACE/src/private/checks.rs
[INFO] [stderr]    |
[INFO] [stderr]    |     <Self::Size as RenameSizeType>::CheckType: TotalSizeIsMultipleOfEightBits,
[INFO] [stderr]    |                                                ------------------------------ required by this bound in `modular_bitfield::private::checks::CheckTotalSizeMultipleOf8`
[INFO] [stderr] ┈┈┈┈┈┈┈┈┈┈┈┈┈┈┈┈┈┈┈┈┈┈┈┈┈┈┈┈┈┈┈┈┈┈┈┈┈┈┈┈┈┈┈┈┈┈┈┈┈┈┈┈┈┈┈┈┈┈┈┈
[INFO] [stderr] 
[INFO] [stderr] ACTUAL OUTPUT:
[INFO] [stderr] ┈┈┈┈┈┈┈┈┈┈┈┈┈┈┈┈┈┈┈┈┈┈┈┈┈┈┈┈┈┈┈┈┈┈┈┈┈┈┈┈┈┈┈┈┈┈┈┈┈┈┈┈┈┈┈┈┈┈┈┈
[INFO] [stderr] error[E0277]: the trait bound `SevenMod8: TotalSizeIsMultipleOfEightBits` is not satisfied
[INFO] [stderr]  --> tests/filled-param/invalid-specified-as-filled.rs:5:1
[INFO] [stderr]   |
[INFO] [stderr]  5 | pub struct UnfilledBitfield {
[INFO] [stderr]    | ^^^ unsatisfied trait bound
[INFO] [stderr]    |
[INFO] [stderr]    = help: the trait `scryer_modular_bitfield::private::checks::TotalSizeIsMultipleOfEightBits` is not implemented for `scryer_modular_bitfield::private::checks::SevenMod8`
[INFO] [stderr] note: required by a bound in `scryer_modular_bitfield::private::checks::CheckTotalSizeMultipleOf8::Size`
[INFO] [stderr]   --> src/private/checks.rs
[INFO] [stderr]    |
[INFO] [stderr]    |     <Self::Size as RenameSizeType>::CheckType: TotalSizeIsMultipleOfEightBits,
[INFO] [stderr]    |                                                ^^^^^^^^^^^^^^^^^^^^^^^^^^^^^^ required by this bound in `CheckTotalSizeMultipleOf8::Size`
[INFO] [stderr]    | {
[INFO] [stderr]    |     type Size: RenameSizeType;
[INFO] [stderr]    |          ---- required by a bound in this associated type
[INFO] [stderr]    = note: the full name for the type has been written to '/opt/rustwide/target/tests/trybuild/x86_64-unknown-linux-gnu/debug/deps/$CRATE-220ad7f5f90ad209.long-type-6056109421889489618.txt'
[INFO] [stderr]    = note: consider using `--verbose` to print the full type name to the console
[INFO] [stderr] 
[INFO] [stderr] error[E0277]: the trait bound `SevenMod8: TotalSizeIsMultipleOfEightBits` is not satisfied
[INFO] [stderr]  --> tests/filled-param/invalid-specified-as-filled.rs:5:1
[INFO] [stderr]   |
[INFO] [stderr]  5 | pub struct UnfilledBitfield {
[INFO] [stderr]    | ^^^ unsatisfied trait bound
[INFO] [stderr]    |
[INFO] [stderr]    = help: the trait `scryer_modular_bitfield::private::checks::TotalSizeIsMultipleOfEightBits` is not implemented for `scryer_modular_bitfield::private::checks::SevenMod8`
[INFO] [stderr] note: required by a bound in `scryer_modular_bitfield::private::checks::CheckTotalSizeMultipleOf8`
[INFO] [stderr]   --> src/private/checks.rs
[INFO] [stderr]    |
[INFO] [stderr]    | pub trait CheckTotalSizeMultipleOf8
[INFO] [stderr]    |           ------------------------- required by a bound in this trait
[INFO] [stderr]    | where
[INFO] [stderr]    |     <Self::Size as RenameSizeType>::CheckType: TotalSizeIsMultipleOfEightBits,
[INFO] [stderr]    |                                                ^^^^^^^^^^^^^^^^^^^^^^^^^^^^^^ required by this bound in `CheckTotalSizeMultipleOf8`
[INFO] [stderr]    = note: the full name for the type has been written to '/opt/rustwide/target/tests/trybuild/x86_64-unknown-linux-gnu/debug/deps/$CRATE-220ad7f5f90ad209.long-type-6056109421889489618.txt'
[INFO] [stderr]    = note: consider using `--verbose` to print the full type name to the console
[INFO] [stderr] ┈┈┈┈┈┈┈┈┈┈┈┈┈┈┈┈┈┈┈┈┈┈┈┈┈┈┈┈┈┈┈┈┈┈┈┈┈┈┈┈┈┈┈┈┈┈┈┈┈┈┈┈┈┈┈┈┈┈┈┈
[INFO] [stderr] note: If the actual output is the correct output you can bless it by rerunning
[INFO] [stderr]       your test with the environment variable TRYBUILD=overwrite
[INFO] [stderr] 
[INFO] [stderr] test tests/filled-param/invalid-specified-as-unfilled.rs [should fail to compile] ... mismatch
[INFO] [stderr] 
[INFO] [stderr] EXPECTED:
[INFO] [stderr] ┈┈┈┈┈┈┈┈┈┈┈┈┈┈┈┈┈┈┈┈┈┈┈┈┈┈┈┈┈┈┈┈┈┈┈┈┈┈┈┈┈┈┈┈┈┈┈┈┈┈┈┈┈┈┈┈┈┈┈┈
[INFO] [stderr] error[E0277]: the trait bound `modular_bitfield::private::checks::ZeroMod8: modular_bitfield::private::checks::TotalSizeIsNotMultipleOfEightBits` is not satisfied
[INFO] [stderr]   --> $DIR/invalid-specified-as-unfilled.rs:5:1
[INFO] [stderr]    |
[INFO] [stderr] 5  | pub struct UnfilledBitfield {
[INFO] [stderr]    | ^^^ the trait `modular_bitfield::private::checks::TotalSizeIsNotMultipleOfEightBits` is not implemented for `modular_bitfield::private::checks::ZeroMod8`
[INFO] [stderr]    |
[INFO] [stderr]   ::: $WORKSPACE/src/private/checks.rs
[INFO] [stderr]    |
[INFO] [stderr]    |     <Self::Size as RenameSizeType>::CheckType: TotalSizeIsNotMultipleOfEightBits,
[INFO] [stderr]    |                                                --------------------------------- required by this bound in `modular_bitfield::private::checks::CheckTotalSizeIsNotMultipleOf8`
[INFO] [stderr] ┈┈┈┈┈┈┈┈┈┈┈┈┈┈┈┈┈┈┈┈┈┈┈┈┈┈┈┈┈┈┈┈┈┈┈┈┈┈┈┈┈┈┈┈┈┈┈┈┈┈┈┈┈┈┈┈┈┈┈┈
[INFO] [stderr] 
[INFO] [stderr] ACTUAL OUTPUT:
[INFO] [stderr] ┈┈┈┈┈┈┈┈┈┈┈┈┈┈┈┈┈┈┈┈┈┈┈┈┈┈┈┈┈┈┈┈┈┈┈┈┈┈┈┈┈┈┈┈┈┈┈┈┈┈┈┈┈┈┈┈┈┈┈┈
[INFO] [stderr] error[E0277]: the trait bound `ZeroMod8: TotalSizeIsNotMultipleOfEightBits` is not satisfied
[INFO] [stderr]  --> tests/filled-param/invalid-specified-as-unfilled.rs:5:1
[INFO] [stderr]   |
[INFO] [stderr]  5 | pub struct UnfilledBitfield {
[INFO] [stderr]    | ^^^ unsatisfied trait bound
[INFO] [stderr]    |
[INFO] [stderr]    = help: the trait `scryer_modular_bitfield::private::checks::TotalSizeIsNotMultipleOfEightBits` is not implemented for `scryer_modular_bitfield::private::checks::ZeroMod8`
[INFO] [stderr] note: required by a bound in `scryer_modular_bitfield::private::checks::CheckTotalSizeIsNotMultipleOf8::Size`
[INFO] [stderr]   --> src/private/checks.rs
[INFO] [stderr]    |
[INFO] [stderr]    |     <Self::Size as RenameSizeType>::CheckType: TotalSizeIsNotMultipleOfEightBits,
[INFO] [stderr]    |                                                ^^^^^^^^^^^^^^^^^^^^^^^^^^^^^^^^^ required by this bound in `CheckTotalSizeIsNotMultipleOf8::Size`
[INFO] [stderr]    | {
[INFO] [stderr]    |     type Size: RenameSizeType;
[INFO] [stderr]    |          ---- required by a bound in this associated type
[INFO] [stderr]    = note: the full name for the type has been written to '/opt/rustwide/target/tests/trybuild/x86_64-unknown-linux-gnu/debug/deps/$CRATE-d9187d29e4bdffac.long-type-14543839394246755198.txt'
[INFO] [stderr]    = note: consider using `--verbose` to print the full type name to the console
[INFO] [stderr] 
[INFO] [stderr] error[E0277]: the trait bound `ZeroMod8: TotalSizeIsNotMultipleOfEightBits` is not satisfied
[INFO] [stderr]  --> tests/filled-param/invalid-specified-as-unfilled.rs:5:1
[INFO] [stderr]   |
[INFO] [stderr]  5 | pub struct UnfilledBitfield {
[INFO] [stderr]    | ^^^ unsatisfied trait bound
[INFO] [stderr]    |
[INFO] [stderr]    = help: the trait `scryer_modular_bitfield::private::checks::TotalSizeIsNotMultipleOfEightBits` is not implemented for `scryer_modular_bitfield::private::checks::ZeroMod8`
[INFO] [stderr] note: required by a bound in `scryer_modular_bitfield::private::checks::CheckTotalSizeIsNotMultipleOf8`
[INFO] [stderr]   --> src/private/checks.rs
[INFO] [stderr]    |
[INFO] [stderr]    | pub trait CheckTotalSizeIsNotMultipleOf8
[INFO] [stderr]    |           ------------------------------ required by a bound in this trait
[INFO] [stderr]    | where
[INFO] [stderr]    |     <Self::Size as RenameSizeType>::CheckType: TotalSizeIsNotMultipleOfEightBits,
[INFO] [stderr]    |                                                ^^^^^^^^^^^^^^^^^^^^^^^^^^^^^^^^^ required by this bound in `CheckTotalSizeIsNotMultipleOf8`
[INFO] [stderr]    = note: the full name for the type has been written to '/opt/rustwide/target/tests/trybuild/x86_64-unknown-linux-gnu/debug/deps/$CRATE-d9187d29e4bdffac.long-type-14543839394246755198.txt'
[INFO] [stderr]    = note: consider using `--verbose` to print the full type name to the console
[INFO] [stderr] 
[INFO] [stderr] warning: this arithmetic operation will overflow
[INFO] [stderr]  --> tests/filled-param/invalid-specified-as-unfilled.rs:5:1
[INFO] [stderr]   |
[INFO] [stderr] 5 | pub struct UnfilledBitfield {
[INFO] [stderr]   | ^^^ attempt to shift left by `8_usize`, which would overflow
[INFO] [stderr]   |
[INFO] [stderr]   = note: `#[warn(arithmetic_overflow)]` on by default
[INFO] [stderr] ┈┈┈┈┈┈┈┈┈┈┈┈┈┈┈┈┈┈┈┈┈┈┈┈┈┈┈┈┈┈┈┈┈┈┈┈┈┈┈┈┈┈┈┈┈┈┈┈┈┈┈┈┈┈┈┈┈┈┈┈
[INFO] [stderr] note: If the actual output is the correct output you can bless it by rerunning
[INFO] [stderr]       your test with the environment variable TRYBUILD=overwrite
[INFO] [stderr] 
[INFO] [stderr] test tests/repr/valid-use.rs [should pass] ... ok
[INFO] [stderr] test tests/repr/valid-cond-use.rs [should pass] ... ok
[INFO] [stderr] 
[INFO] [stderr] WARNINGS:
[INFO] [stderr] ┈┈┈┈┈┈┈┈┈┈┈┈┈┈┈┈┈┈┈┈┈┈┈┈┈┈┈┈┈┈┈┈┈┈┈┈┈┈┈┈┈┈┈┈┈┈┈┈┈┈┈┈┈┈┈┈┈┈┈┈
[INFO] [stderr] warning: unexpected `cfg` condition value: `unknown`
[INFO] [stderr]  --> tests/repr/valid-cond-use.rs:4:16
[INFO] [stderr]   |
[INFO] [stderr] 4 | #[cfg_attr(not(feature = "unknown"), repr(u32))]
[INFO] [stderr]   |                ^^^^^^^^^^^^^^^^^^^ help: remove the condition
[INFO] [stderr]   |
[INFO] [stderr]   = note: no expected values for `feature`
[INFO] [stderr]   = help: consider adding `unknown` as a feature in `Cargo.toml`
[INFO] [stderr]   = note: see <https://doc.rust-lang.org/nightly/rustc/check-cfg/cargo-specifics.html> for more information about checking conditional configuration
[INFO] [stderr]   = note: `#[warn(unexpected_cfgs)]` on by default
[INFO] [stderr] ┈┈┈┈┈┈┈┈┈┈┈┈┈┈┈┈┈┈┈┈┈┈┈┈┈┈┈┈┈┈┈┈┈┈┈┈┈┈┈┈┈┈┈┈┈┈┈┈┈┈┈┈┈┈┈┈┈┈┈┈
[INFO] [stderr] 
[INFO] [stderr] STDERR:
[INFO] [stderr] ┈┈┈┈┈┈┈┈┈┈┈┈┈┈┈┈┈┈┈┈┈┈┈┈┈┈┈┈┈┈┈┈┈┈┈┈┈┈┈┈┈┈┈┈┈┈┈┈┈┈┈┈┈┈┈┈┈┈┈┈
[INFO] [stderr] warning: unexpected `cfg` condition value: `unknown`
[INFO] [stderr]  --> /opt/rustwide/workdir/tests/repr/valid-cond-use.rs:4:16
[INFO] [stderr]   |
[INFO] [stderr] 4 | #[cfg_attr(not(feature = "unknown"), repr(u32))]
[INFO] [stderr]   |                ^^^^^^^^^^^^^^^^^^^ help: remove the condition
[INFO] [stderr]   |
[INFO] [stderr]   = note: no expected values for `feature`
[INFO] [stderr]   = help: consider adding `unknown` as a feature in `Cargo.toml`
[INFO] [stderr]   = note: see <https://doc.rust-lang.org/nightly/rustc/check-cfg/cargo-specifics.html> for more information about checking conditional configuration
[INFO] [stderr]   = note: `#[warn(unexpected_cfgs)]` on by default
[INFO] [stderr] ┈┈┈┈┈┈┈┈┈┈┈┈┈┈┈┈┈┈┈┈┈┈┈┈┈┈┈┈┈┈┈┈┈┈┈┈┈┈┈┈┈┈┈┈┈┈┈┈┈┈┈┈┈┈┈┈┈┈┈┈
[INFO] [stderr] 
[INFO] [stderr] test tests/repr/complex-use.rs [should pass] ... ok
[INFO] [stderr] test tests/repr/multiple-valid-reprs-1.rs [should pass] ... ok
[INFO] [stderr] test tests/repr/multiple-valid-reprs-2.rs [should pass] ... ok
[INFO] [stderr] test tests/repr/duplicate-repr-1.rs [should fail to compile] ... ok
[INFO] [stderr] test tests/repr/duplicate-repr-2.rs [should fail to compile] ... ok
[INFO] [stderr] test tests/repr/duplicate-repr-3.rs [should fail to compile] ... ok
[INFO] [stderr] test tests/repr/invalid-repr-1.rs [should fail to compile] ... mismatch
[INFO] [stderr] 
[INFO] [stderr] EXPECTED:
[INFO] [stderr] ┈┈┈┈┈┈┈┈┈┈┈┈┈┈┈┈┈┈┈┈┈┈┈┈┈┈┈┈┈┈┈┈┈┈┈┈┈┈┈┈┈┈┈┈┈┈┈┈┈┈┈┈┈┈┈┈┈┈┈┈
[INFO] [stderr] error[E0552]: unrecognized representation hint
[INFO] [stderr]  --> $DIR/invalid-repr-1.rs:4:8
[INFO] [stderr]   |
[INFO] [stderr] 4 | #[repr(invalid)]
[INFO] [stderr]   |        ^^^^^^^
[INFO] [stderr] ┈┈┈┈┈┈┈┈┈┈┈┈┈┈┈┈┈┈┈┈┈┈┈┈┈┈┈┈┈┈┈┈┈┈┈┈┈┈┈┈┈┈┈┈┈┈┈┈┈┈┈┈┈┈┈┈┈┈┈┈
[INFO] [stderr] 
[INFO] [stderr] ACTUAL OUTPUT:
[INFO] [stderr] ┈┈┈┈┈┈┈┈┈┈┈┈┈┈┈┈┈┈┈┈┈┈┈┈┈┈┈┈┈┈┈┈┈┈┈┈┈┈┈┈┈┈┈┈┈┈┈┈┈┈┈┈┈┈┈┈┈┈┈┈
[INFO] [stderr] error[E0539]: malformed `repr` attribute input
[INFO] [stderr]  --> tests/repr/invalid-repr-1.rs:3:1
[INFO] [stderr]   |
[INFO] [stderr] 3 | #[bitfield]
[INFO] [stderr]   | ^^^^^^^^^^^
[INFO] [stderr] 4 | #[repr(invalid)]
[INFO] [stderr]   |        ------- valid arguments are `align`, `packed`, `Rust`, `C`, `simd`, `transparent`, `i8`, `u8`, `i16`, `u16`, `i32`, `u32`, `i64`, `u64`, `i128`, `u128`, `isize` or `usize`
[INFO] [stderr]   |
[INFO] [stderr]   = note: for more information, visit <https://doc.rust-lang.org/reference/type-layout.html#representations>
[INFO] [stderr]   = note: this error originates in the attribute macro `bitfield` (in Nightly builds, run with -Z macro-backtrace for more info)
[INFO] [stderr] ┈┈┈┈┈┈┈┈┈┈┈┈┈┈┈┈┈┈┈┈┈┈┈┈┈┈┈┈┈┈┈┈┈┈┈┈┈┈┈┈┈┈┈┈┈┈┈┈┈┈┈┈┈┈┈┈┈┈┈┈
[INFO] [stderr] note: If the actual output is the correct output you can bless it by rerunning
[INFO] [stderr]       your test with the environment variable TRYBUILD=overwrite
[INFO] [stderr] 
[INFO] [stderr] test tests/repr/invalid-repr-2.rs [should fail to compile] ... mismatch
[INFO] [stderr] 
[INFO] [stderr] EXPECTED:
[INFO] [stderr] ┈┈┈┈┈┈┈┈┈┈┈┈┈┈┈┈┈┈┈┈┈┈┈┈┈┈┈┈┈┈┈┈┈┈┈┈┈┈┈┈┈┈┈┈┈┈┈┈┈┈┈┈┈┈┈┈┈┈┈┈
[INFO] [stderr] error[E0552]: unrecognized representation hint
[INFO] [stderr]  --> $DIR/invalid-repr-2.rs:4:43
[INFO] [stderr]   |
[INFO] [stderr] 4 | #[cfg_attr(not(feature = "unknown"), repr(invalid))]
[INFO] [stderr]   |                                           ^^^^^^^
[INFO] [stderr] ┈┈┈┈┈┈┈┈┈┈┈┈┈┈┈┈┈┈┈┈┈┈┈┈┈┈┈┈┈┈┈┈┈┈┈┈┈┈┈┈┈┈┈┈┈┈┈┈┈┈┈┈┈┈┈┈┈┈┈┈
[INFO] [stderr] 
[INFO] [stderr] ACTUAL OUTPUT:
[INFO] [stderr] ┈┈┈┈┈┈┈┈┈┈┈┈┈┈┈┈┈┈┈┈┈┈┈┈┈┈┈┈┈┈┈┈┈┈┈┈┈┈┈┈┈┈┈┈┈┈┈┈┈┈┈┈┈┈┈┈┈┈┈┈
[INFO] [stderr] warning: unexpected `cfg` condition value: `unknown`
[INFO] [stderr]  --> tests/repr/invalid-repr-2.rs:4:16
[INFO] [stderr]   |
[INFO] [stderr] 4 | #[cfg_attr(not(feature = "unknown"), repr(invalid))]
[INFO] [stderr]   |                ^^^^^^^^^^^^^^^^^^^ help: remove the condition
[INFO] [stderr]   |
[INFO] [stderr]   = note: no expected values for `feature`
[INFO] [stderr]   = help: consider adding `unknown` as a feature in `Cargo.toml`
[INFO] [stderr]   = note: see <https://doc.rust-lang.org/nightly/rustc/check-cfg/cargo-specifics.html> for more information about checking conditional configuration
[INFO] [stderr]   = note: `#[warn(unexpected_cfgs)]` on by default
[INFO] [stderr] 
[INFO] [stderr] error[E0539]: malformed `repr` attribute input
[INFO] [stderr]  --> tests/repr/invalid-repr-2.rs:3:1
[INFO] [stderr]   |
[INFO] [stderr] 3 | #[bitfield]
[INFO] [stderr]   | ^^^^^^^^^^^
[INFO] [stderr] 4 | #[cfg_attr(not(feature = "unknown"), repr(invalid))]
[INFO] [stderr]   |                                           ------- valid arguments are `align`, `packed`, `Rust`, `C`, `simd`, `transparent`, `i8`, `u8`, `i16`, `u16`, `i32`, `u32`, `i64`, `u64`, `i128`, `u128`, `isize` or `usize`
[INFO] [stderr]   |
[INFO] [stderr]   = note: for more information, visit <https://doc.rust-lang.org/reference/type-layout.html#representations>
[INFO] [stderr]   = note: this error originates in the attribute macro `bitfield` (in Nightly builds, run with -Z macro-backtrace for more info)
[INFO] [stderr] ┈┈┈┈┈┈┈┈┈┈┈┈┈┈┈┈┈┈┈┈┈┈┈┈┈┈┈┈┈┈┈┈┈┈┈┈┈┈┈┈┈┈┈┈┈┈┈┈┈┈┈┈┈┈┈┈┈┈┈┈
[INFO] [stderr] note: If the actual output is the correct output you can bless it by rerunning
[INFO] [stderr]       your test with the environment variable TRYBUILD=overwrite
[INFO] [stderr] 
[INFO] [stderr] test tests/repr/invalid-repr-width-1.rs [should fail to compile] ... mismatch
[INFO] [stderr] 
[INFO] [stderr] EXPECTED:
[INFO] [stderr] ┈┈┈┈┈┈┈┈┈┈┈┈┈┈┈┈┈┈┈┈┈┈┈┈┈┈┈┈┈┈┈┈┈┈┈┈┈┈┈┈┈┈┈┈┈┈┈┈┈┈┈┈┈┈┈┈┈┈┈┈
[INFO] [stderr] error[E0277]: the trait bound `[(); 32]: modular_bitfield::private::IsU16Compatible` is not satisfied
[INFO] [stderr]  --> $DIR/invalid-repr-width-1.rs:4:8
[INFO] [stderr]   |
[INFO] [stderr] 4 | #[repr(u16)] // Too few bits!
[INFO] [stderr]   |        ^^^ the trait `modular_bitfield::private::IsU16Compatible` is not implemented for `[(); 32]`
[INFO] [stderr]   |
[INFO] [stderr]   = help: the following implementations were found:
[INFO] [stderr]             <[(); 16] as modular_bitfield::private::IsU16Compatible>
[INFO] [stderr]   = help: see issue #48214
[INFO] [stderr] ┈┈┈┈┈┈┈┈┈┈┈┈┈┈┈┈┈┈┈┈┈┈┈┈┈┈┈┈┈┈┈┈┈┈┈┈┈┈┈┈┈┈┈┈┈┈┈┈┈┈┈┈┈┈┈┈┈┈┈┈
[INFO] [stderr] 
[INFO] [stderr] ACTUAL OUTPUT:
[INFO] [stderr] ┈┈┈┈┈┈┈┈┈┈┈┈┈┈┈┈┈┈┈┈┈┈┈┈┈┈┈┈┈┈┈┈┈┈┈┈┈┈┈┈┈┈┈┈┈┈┈┈┈┈┈┈┈┈┈┈┈┈┈┈
[INFO] [stderr] error[E0277]: the trait bound `[(); 32]: scryer_modular_bitfield::private::IsU16Compatible` is not satisfied
[INFO] [stderr]  --> tests/repr/invalid-repr-width-1.rs:3:1
[INFO] [stderr]   |
[INFO] [stderr]  3 | #[bitfield]
[INFO] [stderr]    | ^^^^^^^^^^^ the trait `scryer_modular_bitfield::private::IsU16Compatible` is not implemented for `[(); 32]`
[INFO] [stderr]    |
[INFO] [stderr] help: the trait `scryer_modular_bitfield::private::IsU16Compatible` is implemented for `[(); 16]`
[INFO] [stderr]   --> src/private/traits.rs
[INFO] [stderr]    |
[INFO] [stderr]    | impl IsU16Compatible for [(); 16] {}
[INFO] [stderr]    | ^^^^^^^^^^^^^^^^^^^^^^^^^^^^^^^^^
[INFO] [stderr]    = note: this error originates in the attribute macro `bitfield` (in Nightly builds, run with -Z macro-backtrace for more info)
[INFO] [stderr] 
[INFO] [stderr] error[E0308]: mismatched types
[INFO] [stderr]  --> tests/repr/invalid-repr-width-1.rs:4:8
[INFO] [stderr]   |
[INFO] [stderr] 4 | #[repr(u16)] // Too few bits!
[INFO] [stderr]   |        ^^^ expected an array with a size of 4, found one with a size of 2
[INFO] [stderr] 
[INFO] [stderr] error[E0308]: mismatched types
[INFO] [stderr]  --> tests/repr/invalid-repr-width-1.rs:4:8
[INFO] [stderr]   |
[INFO] [stderr] 4 | #[repr(u16)] // Too few bits!
[INFO] [stderr]   |        ^^^
[INFO] [stderr]   |        |
[INFO] [stderr]   |        expected an array with a size of 2, found one with a size of 4
[INFO] [stderr]   |        arguments to this function are incorrect
[INFO] [stderr]   |
[INFO] [stderr] note: associated function defined here
[INFO] [stderr]  --> $RUST/core/src/num/uint_macros.rs
[INFO] [stderr]  --> $RUST/core/src/num/mod.rs
[INFO] [stderr]  ::: $RUST/core/src/num/mod.rs
[INFO] [stderr]   |
[INFO] [stderr]   = note: in this macro invocation
[INFO] [stderr]   = note: this error originates in the macro `uint_impl` (in Nightly builds, run with -Z macro-backtrace for more info)
[INFO] [stderr] ┈┈┈┈┈┈┈┈┈┈┈┈┈┈┈┈┈┈┈┈┈┈┈┈┈┈┈┈┈┈┈┈┈┈┈┈┈┈┈┈┈┈┈┈┈┈┈┈┈┈┈┈┈┈┈┈┈┈┈┈
[INFO] [stderr] note: If the actual output is the correct output you can bless it by rerunning
[INFO] [stderr]       your test with the environment variable TRYBUILD=overwrite
[INFO] [stderr] 
[INFO] [stderr] test tests/repr/invalid-repr-width-2.rs [should fail to compile] ... mismatch
[INFO] [stderr] 
[INFO] [stderr] EXPECTED:
[INFO] [stderr] ┈┈┈┈┈┈┈┈┈┈┈┈┈┈┈┈┈┈┈┈┈┈┈┈┈┈┈┈┈┈┈┈┈┈┈┈┈┈┈┈┈┈┈┈┈┈┈┈┈┈┈┈┈┈┈┈┈┈┈┈
[INFO] [stderr] error[E0277]: the trait bound `[(); 32]: modular_bitfield::private::IsU64Compatible` is not satisfied
[INFO] [stderr]  --> $DIR/invalid-repr-width-2.rs:4:8
[INFO] [stderr]   |
[INFO] [stderr] 4 | #[repr(u64)] // Too many bits!
[INFO] [stderr]   |        ^^^ the trait `modular_bitfield::private::IsU64Compatible` is not implemented for `[(); 32]`
[INFO] [stderr]   |
[INFO] [stderr]   = help: the following implementations were found:
[INFO] [stderr]             <[(); 64] as modular_bitfield::private::IsU64Compatible>
[INFO] [stderr]   = help: see issue #48214
[INFO] [stderr] ┈┈┈┈┈┈┈┈┈┈┈┈┈┈┈┈┈┈┈┈┈┈┈┈┈┈┈┈┈┈┈┈┈┈┈┈┈┈┈┈┈┈┈┈┈┈┈┈┈┈┈┈┈┈┈┈┈┈┈┈
[INFO] [stderr] 
[INFO] [stderr] ACTUAL OUTPUT:
[INFO] [stderr] ┈┈┈┈┈┈┈┈┈┈┈┈┈┈┈┈┈┈┈┈┈┈┈┈┈┈┈┈┈┈┈┈┈┈┈┈┈┈┈┈┈┈┈┈┈┈┈┈┈┈┈┈┈┈┈┈┈┈┈┈
[INFO] [stderr] error[E0277]: the trait bound `[(); 32]: scryer_modular_bitfield::private::IsU64Compatible` is not satisfied
[INFO] [stderr]  --> tests/repr/invalid-repr-width-2.rs:3:1
[INFO] [stderr]   |
[INFO] [stderr]  3 | #[bitfield]
[INFO] [stderr]    | ^^^^^^^^^^^ the trait `scryer_modular_bitfield::private::IsU64Compatible` is not implemented for `[(); 32]`
[INFO] [stderr]    |
[INFO] [stderr] help: the trait `scryer_modular_bitfield::private::IsU64Compatible` is implemented for `[(); 64]`
[INFO] [stderr]   --> src/private/traits.rs
[INFO] [stderr]    |
[INFO] [stderr]    | impl IsU64Compatible for [(); 64] {}
[INFO] [stderr]    | ^^^^^^^^^^^^^^^^^^^^^^^^^^^^^^^^^
[INFO] [stderr]    = note: this error originates in the attribute macro `bitfield` (in Nightly builds, run with -Z macro-backtrace for more info)
[INFO] [stderr] 
[INFO] [stderr] error[E0308]: mismatched types
[INFO] [stderr]  --> tests/repr/invalid-repr-width-2.rs:4:8
[INFO] [stderr]   |
[INFO] [stderr] 4 | #[repr(u64)] // Too many bits!
[INFO] [stderr]   |        ^^^ expected an array with a size of 4, found one with a size of 8
[INFO] [stderr] 
[INFO] [stderr] error[E0308]: mismatched types
[INFO] [stderr]  --> tests/repr/invalid-repr-width-2.rs:4:8
[INFO] [stderr]   |
[INFO] [stderr] 4 | #[repr(u64)] // Too many bits!
[INFO] [stderr]   |        ^^^
[INFO] [stderr]   |        |
[INFO] [stderr]   |        expected an array with a size of 8, found one with a size of 4
[INFO] [stderr]   |        arguments to this function are incorrect
[INFO] [stderr]   |
[INFO] [stderr] note: associated function defined here
[INFO] [stderr]  --> $RUST/core/src/num/uint_macros.rs
[INFO] [stderr]  --> $RUST/core/src/num/mod.rs
[INFO] [stderr]  ::: $RUST/core/src/num/mod.rs
[INFO] [stderr]   |
[INFO] [stderr]   = note: in this macro invocation
[INFO] [stderr]   = note: this error originates in the macro `uint_impl` (in Nightly builds, run with -Z macro-backtrace for more info)
[INFO] [stderr] ┈┈┈┈┈┈┈┈┈┈┈┈┈┈┈┈┈┈┈┈┈┈┈┈┈┈┈┈┈┈┈┈┈┈┈┈┈┈┈┈┈┈┈┈┈┈┈┈┈┈┈┈┈┈┈┈┈┈┈┈
[INFO] [stderr] note: If the actual output is the correct output you can bless it by rerunning
[INFO] [stderr]       your test with the environment variable TRYBUILD=overwrite
[INFO] [stderr] 
[INFO] [stderr] test tests/repr/conflicting-ignored-reprs.rs [should fail to compile] ... ok
[INFO] [stderr] test tests/repr/invalid-repr-unfilled.rs [should fail to compile] ... mismatch
[INFO] [stderr] 
[INFO] [stderr] EXPECTED:
[INFO] [stderr] ┈┈┈┈┈┈┈┈┈┈┈┈┈┈┈┈┈┈┈┈┈┈┈┈┈┈┈┈┈┈┈┈┈┈┈┈┈┈┈┈┈┈┈┈┈┈┈┈┈┈┈┈┈┈┈┈┈┈┈┈
[INFO] [stderr] error: encountered conflicting `#[repr(u32)]` and `filled = false` parameters
[INFO] [stderr]  --> $DIR/invalid-repr-unfilled.rs:3:1
[INFO] [stderr]   |
[INFO] [stderr] 3 | #[bitfield(filled = false)]
[INFO] [stderr]   | ^^^^^^^^^^^^^^^^^^^^^^^^^^^
[INFO] [stderr]   |
[INFO] [stderr]   = note: this error originates in an attribute macro (in Nightly builds, run with -Z macro-backtrace for more info)
[INFO] [stderr] 
[INFO] [stderr] error: conflicting `#[repr(u32)]` here
[INFO] [stderr]  --> $DIR/invalid-repr-unfilled.rs:4:8
[INFO] [stderr]   |
[INFO] [stderr] 4 | #[repr(u32)]
[INFO] [stderr]   |        ^^^
[INFO] [stderr] 
[INFO] [stderr] error: conflicting `filled = false` here
[INFO] [stderr]  --> $DIR/invalid-repr-unfilled.rs:3:12
[INFO] [stderr]   |
[INFO] [stderr] 3 | #[bitfield(filled = false)]
[INFO] [stderr]   |            ^^^^^^
[INFO] [stderr] ┈┈┈┈┈┈┈┈┈┈┈┈┈┈┈┈┈┈┈┈┈┈┈┈┈┈┈┈┈┈┈┈┈┈┈┈┈┈┈┈┈┈┈┈┈┈┈┈┈┈┈┈┈┈┈┈┈┈┈┈
[INFO] [stderr] 
[INFO] [stderr] ACTUAL OUTPUT:
[INFO] [stderr] ┈┈┈┈┈┈┈┈┈┈┈┈┈┈┈┈┈┈┈┈┈┈┈┈┈┈┈┈┈┈┈┈┈┈┈┈┈┈┈┈┈┈┈┈┈┈┈┈┈┈┈┈┈┈┈┈┈┈┈┈
[INFO] [stderr] error: encountered conflicting `#[repr(u32)]` and `filled = false` parameters
[INFO] [stderr]  --> tests/repr/invalid-repr-unfilled.rs:3:1
[INFO] [stderr]   |
[INFO] [stderr] 3 | #[bitfield(filled = false)]
[INFO] [stderr]   | ^^^^^^^^^^^^^^^^^^^^^^^^^^^
[INFO] [stderr]   |
[INFO] [stderr]   = note: this error originates in the attribute macro `bitfield` (in Nightly builds, run with -Z macro-backtrace for more info)
[INFO] [stderr] 
[INFO] [stderr] error: conflicting `#[repr(u32)]` here
[INFO] [stderr]  --> tests/repr/invalid-repr-unfilled.rs:4:8
[INFO] [stderr]   |
[INFO] [stderr] 4 | #[repr(u32)]
[INFO] [stderr]   |        ^^^
[INFO] [stderr] 
[INFO] [stderr] error: conflicting `filled = false` here
[INFO] [stderr]  --> tests/repr/invalid-repr-unfilled.rs:3:12
[INFO] [stderr]   |
[INFO] [stderr] 3 | #[bitfield(filled = false)]
[INFO] [stderr]   |            ^^^^^^
[INFO] [stderr] ┈┈┈┈┈┈┈┈┈┈┈┈┈┈┈┈┈┈┈┈┈┈┈┈┈┈┈┈┈┈┈┈┈┈┈┈┈┈┈┈┈┈┈┈┈┈┈┈┈┈┈┈┈┈┈┈┈┈┈┈
[INFO] [stderr] note: If the actual output is the correct output you can bless it by rerunning
[INFO] [stderr]       your test with the environment variable TRYBUILD=overwrite
[INFO] [stderr] 
[INFO] [stderr] test tests/derive-debug/valid-use.rs [should pass] ... ok
[INFO] [stderr] test tests/derive-debug/valid-use-2.rs [should pass] ... ok
[INFO] [stderr] test tests/derive-debug/valid-use-specifier.rs [should pass] ... ok
[INFO] [stderr] test tests/derive-debug/print-invalid-bits.rs [should pass] ... ok
[INFO] [stderr] test tests/derive-debug/respects-other-derives.rs [should pass] ... ok
[INFO] [stderr] test tests/derive-debug/duplicate-derive-debug.rs [should fail to compile] ... ok
[INFO] [stderr] test tests/derive-debug/duplicate-derive-debug-2.rs [should fail to compile] ... ok
[INFO] [stderr] test tests/skip/skip-default.rs [should pass] ... ok
[INFO] [stderr] test tests/skip/skip-getters-and-setters-1.rs [should pass] ... ok
[INFO] [stderr] test tests/skip/skip-getters-and-setters-2.rs [should pass] ... ok
[INFO] [stderr] test tests/skip/skip-with-debug.rs [should pass] ... ok
[INFO] [stderr] test tests/skip/double_wildcards-1.rs [should pass] ... ok
[INFO] [stderr] test tests/skip/double_wildcards-2.rs [should pass] ... ok
[INFO] [stderr] test tests/skip/skip-getters.rs [should pass] ... ok
[INFO] [stderr] test tests/skip/skip-setters.rs [should pass] ... ok
[INFO] [stderr] test tests/skip/invalid-specifier.rs [should fail to compile] ... ok
[INFO] [stderr] test tests/skip/duplicate-attr.rs [should fail to compile] ... ok
[INFO] [stderr] test tests/skip/duplicate-specifier.rs [should fail to compile] ... ok
[INFO] [stderr] test tests/skip/use-skipped-getter-1.rs [should fail to compile] ... mismatch
[INFO] [stderr] 
[INFO] [stderr] EXPECTED:
[INFO] [stderr] ┈┈┈┈┈┈┈┈┈┈┈┈┈┈┈┈┈┈┈┈┈┈┈┈┈┈┈┈┈┈┈┈┈┈┈┈┈┈┈┈┈┈┈┈┈┈┈┈┈┈┈┈┈┈┈┈┈┈┈┈
[INFO] [stderr] error[E0599]: no method named `unused_1` found for struct `Sparse` in the current scope
[INFO] [stderr]   --> $DIR/use-skipped-getter-1.rs:14:23
[INFO] [stderr]    |
[INFO] [stderr] 4  | / #[derive(Debug)]
[INFO] [stderr] 5  | | pub struct Sparse {
[INFO] [stderr]    | |___- method `unused_1` not found for this
[INFO] [stderr] ...
[INFO] [stderr] 14 |       assert_eq!(sparse.unused_1(), 0); // ERROR!
[INFO] [stderr]    |                         ^^^^^^^^ method not found in `Sparse`
[INFO] [stderr] ┈┈┈┈┈┈┈┈┈┈┈┈┈┈┈┈┈┈┈┈┈┈┈┈┈┈┈┈┈┈┈┈┈┈┈┈┈┈┈┈┈┈┈┈┈┈┈┈┈┈┈┈┈┈┈┈┈┈┈┈
[INFO] [stderr] 
[INFO] [stderr] ACTUAL OUTPUT:
[INFO] [stderr] ┈┈┈┈┈┈┈┈┈┈┈┈┈┈┈┈┈┈┈┈┈┈┈┈┈┈┈┈┈┈┈┈┈┈┈┈┈┈┈┈┈┈┈┈┈┈┈┈┈┈┈┈┈┈┈┈┈┈┈┈
[INFO] [stderr] error[E0599]: no method named `unused_1` found for struct `Sparse` in the current scope
[INFO] [stderr]  --> tests/skip/use-skipped-getter-1.rs:14:23
[INFO] [stderr]   |
[INFO] [stderr]  4 | / #[derive(Debug)]
[INFO] [stderr]  5 | | pub struct Sparse {
[INFO] [stderr]    | |___- method `unused_1` not found for this struct
[INFO] [stderr] ...
[INFO] [stderr] 14 |       assert_eq!(sparse.unused_1(), 0); // ERROR!
[INFO] [stderr]    |                         ^^^^^^^^
[INFO] [stderr]    |
[INFO] [stderr] help: there is a method `set_unused_1` with a similar name, but with different arguments
[INFO] [stderr]   --> tests/skip/use-skipped-getter-1.rs:6:5
[INFO] [stderr]    |
[INFO] [stderr]  6 |     #[skip(getters)]
[INFO] [stderr]    |     ^
[INFO] [stderr] ┈┈┈┈┈┈┈┈┈┈┈┈┈┈┈┈┈┈┈┈┈┈┈┈┈┈┈┈┈┈┈┈┈┈┈┈┈┈┈┈┈┈┈┈┈┈┈┈┈┈┈┈┈┈┈┈┈┈┈┈
[INFO] [stderr] note: If the actual output is the correct output you can bless it by rerunning
[INFO] [stderr]       your test with the environment variable TRYBUILD=overwrite
[INFO] [stderr] 
[INFO] [stderr] test tests/skip/use-skipped-getter-2.rs [should fail to compile] ... mismatch
[INFO] [stderr] 
[INFO] [stderr] EXPECTED:
[INFO] [stderr] ┈┈┈┈┈┈┈┈┈┈┈┈┈┈┈┈┈┈┈┈┈┈┈┈┈┈┈┈┈┈┈┈┈┈┈┈┈┈┈┈┈┈┈┈┈┈┈┈┈┈┈┈┈┈┈┈┈┈┈┈
[INFO] [stderr] error[E0599]: no method named `unused_1` found for struct `Sparse` in the current scope
[INFO] [stderr]   --> $DIR/use-skipped-getter-2.rs:13:23
[INFO] [stderr]    |
[INFO] [stderr] 4  | / #[derive(Debug)]
[INFO] [stderr] 5  | | pub struct Sparse {
[INFO] [stderr]    | |___- method `unused_1` not found for this
[INFO] [stderr] ...
[INFO] [stderr] 13 |       assert_eq!(sparse.unused_1(), 0xFE); // ERROR!
[INFO] [stderr]    |                         ^^^^^^^^ method not found in `Sparse`
[INFO] [stderr] ┈┈┈┈┈┈┈┈┈┈┈┈┈┈┈┈┈┈┈┈┈┈┈┈┈┈┈┈┈┈┈┈┈┈┈┈┈┈┈┈┈┈┈┈┈┈┈┈┈┈┈┈┈┈┈┈┈┈┈┈
[INFO] [stderr] 
[INFO] [stderr] ACTUAL OUTPUT:
[INFO] [stderr] ┈┈┈┈┈┈┈┈┈┈┈┈┈┈┈┈┈┈┈┈┈┈┈┈┈┈┈┈┈┈┈┈┈┈┈┈┈┈┈┈┈┈┈┈┈┈┈┈┈┈┈┈┈┈┈┈┈┈┈┈
[INFO] [stderr] error[E0599]: no method named `unused_1` found for struct `Sparse` in the current scope
[INFO] [stderr]  --> tests/skip/use-skipped-getter-2.rs:13:23
[INFO] [stderr]   |
[INFO] [stderr]  4 | / #[derive(Debug)]
[INFO] [stderr]  5 | | pub struct Sparse {
[INFO] [stderr]    | |___- method `unused_1` not found for this struct
[INFO] [stderr] ...
[INFO] [stderr] 13 |       assert_eq!(sparse.unused_1(), 0xFE); // ERROR!
[INFO] [stderr]    |                         ^^^^^^^^ method not found in `Sparse`
[INFO] [stderr] ┈┈┈┈┈┈┈┈┈┈┈┈┈┈┈┈┈┈┈┈┈┈┈┈┈┈┈┈┈┈┈┈┈┈┈┈┈┈┈┈┈┈┈┈┈┈┈┈┈┈┈┈┈┈┈┈┈┈┈┈
[INFO] [stderr] note: If the actual output is the correct output you can bless it by rerunning
[INFO] [stderr]       your test with the environment variable TRYBUILD=overwrite
[INFO] [stderr] 
[INFO] [stderr] test tests/skip/use-skipped-getter-3.rs [should fail to compile] ... mismatch
[INFO] [stderr] 
[INFO] [stderr] EXPECTED:
[INFO] [stderr] ┈┈┈┈┈┈┈┈┈┈┈┈┈┈┈┈┈┈┈┈┈┈┈┈┈┈┈┈┈┈┈┈┈┈┈┈┈┈┈┈┈┈┈┈┈┈┈┈┈┈┈┈┈┈┈┈┈┈┈┈
[INFO] [stderr] error[E0599]: no method named `unused_1` found for struct `Sparse` in the current scope
[INFO] [stderr]   --> $DIR/use-skipped-getter-3.rs:13:23
[INFO] [stderr]    |
[INFO] [stderr] 4  | / #[derive(Debug)]
[INFO] [stderr] 5  | | pub struct Sparse {
[INFO] [stderr]    | |___- method `unused_1` not found for this
[INFO] [stderr] ...
[INFO] [stderr] 13 |       assert_eq!(sparse.unused_1(), 0xFE); // ERROR!
[INFO] [stderr]    |                         ^^^^^^^^ method not found in `Sparse`
[INFO] [stderr] ┈┈┈┈┈┈┈┈┈┈┈┈┈┈┈┈┈┈┈┈┈┈┈┈┈┈┈┈┈┈┈┈┈┈┈┈┈┈┈┈┈┈┈┈┈┈┈┈┈┈┈┈┈┈┈┈┈┈┈┈
[INFO] [stderr] 
[INFO] [stderr] ACTUAL OUTPUT:
[INFO] [stderr] ┈┈┈┈┈┈┈┈┈┈┈┈┈┈┈┈┈┈┈┈┈┈┈┈┈┈┈┈┈┈┈┈┈┈┈┈┈┈┈┈┈┈┈┈┈┈┈┈┈┈┈┈┈┈┈┈┈┈┈┈
[INFO] [stderr] error[E0599]: no method named `unused_1` found for struct `Sparse` in the current scope
[INFO] [stderr]  --> tests/skip/use-skipped-getter-3.rs:13:23
[INFO] [stderr]   |
[INFO] [stderr]  4 | / #[derive(Debug)]
[INFO] [stderr]  5 | | pub struct Sparse {
[INFO] [stderr]    | |___- method `unused_1` not found for this struct
[INFO] [stderr] ...
[INFO] [stderr] 13 |       assert_eq!(sparse.unused_1(), 0xFE); // ERROR!
[INFO] [stderr]    |                         ^^^^^^^^ method not found in `Sparse`
[INFO] [stderr] ┈┈┈┈┈┈┈┈┈┈┈┈┈┈┈┈┈┈┈┈┈┈┈┈┈┈┈┈┈┈┈┈┈┈┈┈┈┈┈┈┈┈┈┈┈┈┈┈┈┈┈┈┈┈┈┈┈┈┈┈
[INFO] [stderr] note: If the actual output is the correct output you can bless it by rerunning
[INFO] [stderr]       your test with the environment variable TRYBUILD=overwrite
[INFO] [stderr] 
[INFO] [stdout] test tests has been running for over 60 seconds
[INFO] [stderr] test tests/skip/use-skipped-setter-1.rs [should fail to compile] ... mismatch
[INFO] [stderr] 
[INFO] [stderr] EXPECTED:
[INFO] [stderr] ┈┈┈┈┈┈┈┈┈┈┈┈┈┈┈┈┈┈┈┈┈┈┈┈┈┈┈┈┈┈┈┈┈┈┈┈┈┈┈┈┈┈┈┈┈┈┈┈┈┈┈┈┈┈┈┈┈┈┈┈
[INFO] [stderr] error[E0599]: no method named `set_unused_1` found for struct `Sparse` in the current scope
[INFO] [stderr]   --> $DIR/use-skipped-setter-1.rs:14:12
[INFO] [stderr]    |
[INFO] [stderr] 4  | / #[derive(Debug)]
[INFO] [stderr] 5  | | pub struct Sparse {
[INFO] [stderr]    | |___- method `set_unused_1` not found for this
[INFO] [stderr] ...
[INFO] [stderr] 14 |       sparse.set_unused_1(0b11_1111_1111); // ERROR!
[INFO] [stderr]    |              ^^^^^^^^^^^^ help: there is an associated function with a similar name: `unused_1`
[INFO] [stderr] ┈┈┈┈┈┈┈┈┈┈┈┈┈┈┈┈┈┈┈┈┈┈┈┈┈┈┈┈┈┈┈┈┈┈┈┈┈┈┈┈┈┈┈┈┈┈┈┈┈┈┈┈┈┈┈┈┈┈┈┈
[INFO] [stderr] 
[INFO] [stderr] ACTUAL OUTPUT:
[INFO] [stderr] ┈┈┈┈┈┈┈┈┈┈┈┈┈┈┈┈┈┈┈┈┈┈┈┈┈┈┈┈┈┈┈┈┈┈┈┈┈┈┈┈┈┈┈┈┈┈┈┈┈┈┈┈┈┈┈┈┈┈┈┈
[INFO] [stderr] error[E0599]: no method named `set_unused_1` found for struct `Sparse` in the current scope
[INFO] [stderr]  --> tests/skip/use-skipped-setter-1.rs:14:12
[INFO] [stderr]   |
[INFO] [stderr]  4 | / #[derive(Debug)]
[INFO] [stderr]  5 | | pub struct Sparse {
[INFO] [stderr]    | |___- method `set_unused_1` not found for this struct
[INFO] [stderr] ...
[INFO] [stderr] 14 |       sparse.set_unused_1(0b11_1111_1111); // ERROR!
[INFO] [stderr]    |              ^^^^^^^^^^^^
[INFO] [stderr]    |
[INFO] [stderr] help: there is a method `unused_1` with a similar name, but with different arguments
[INFO] [stderr]   --> tests/skip/use-skipped-setter-1.rs:6:5
[INFO] [stderr]    |
[INFO] [stderr]  6 |     #[skip(setters)]
[INFO] [stderr]    |     ^
[INFO] [stderr] ┈┈┈┈┈┈┈┈┈┈┈┈┈┈┈┈┈┈┈┈┈┈┈┈┈┈┈┈┈┈┈┈┈┈┈┈┈┈┈┈┈┈┈┈┈┈┈┈┈┈┈┈┈┈┈┈┈┈┈┈
[INFO] [stderr] note: If the actual output is the correct output you can bless it by rerunning
[INFO] [stderr]       your test with the environment variable TRYBUILD=overwrite
[INFO] [stderr] 
[INFO] [stderr] test tests/skip/use-skipped-setter-2.rs [should fail to compile] ... mismatch
[INFO] [stderr] 
[INFO] [stderr] EXPECTED:
[INFO] [stderr] ┈┈┈┈┈┈┈┈┈┈┈┈┈┈┈┈┈┈┈┈┈┈┈┈┈┈┈┈┈┈┈┈┈┈┈┈┈┈┈┈┈┈┈┈┈┈┈┈┈┈┈┈┈┈┈┈┈┈┈┈
[INFO] [stderr] error[E0599]: no method named `set_unused_1` found for struct `Sparse` in the current scope
[INFO] [stderr]   --> $DIR/use-skipped-setter-2.rs:13:12
[INFO] [stderr]    |
[INFO] [stderr] 4  | / #[derive(Debug)]
[INFO] [stderr] 5  | | pub struct Sparse {
[INFO] [stderr]    | |___- method `set_unused_1` not found for this
[INFO] [stderr] ...
[INFO] [stderr] 13 |       sparse.set_unused_1(0); // ERROR!
[INFO] [stderr]    |              ^^^^^^^^^^^^ method not found in `Sparse`
[INFO] [stderr] ┈┈┈┈┈┈┈┈┈┈┈┈┈┈┈┈┈┈┈┈┈┈┈┈┈┈┈┈┈┈┈┈┈┈┈┈┈┈┈┈┈┈┈┈┈┈┈┈┈┈┈┈┈┈┈┈┈┈┈┈
[INFO] [stderr] 
[INFO] [stderr] ACTUAL OUTPUT:
[INFO] [stderr] ┈┈┈┈┈┈┈┈┈┈┈┈┈┈┈┈┈┈┈┈┈┈┈┈┈┈┈┈┈┈┈┈┈┈┈┈┈┈┈┈┈┈┈┈┈┈┈┈┈┈┈┈┈┈┈┈┈┈┈┈
[INFO] [stderr] error[E0599]: no method named `set_unused_1` found for struct `Sparse` in the current scope
[INFO] [stderr]  --> tests/skip/use-skipped-setter-2.rs:13:12
[INFO] [stderr]   |
[INFO] [stderr]  4 | / #[derive(Debug)]
[INFO] [stderr]  5 | | pub struct Sparse {
[INFO] [stderr]    | |___- method `set_unused_1` not found for this struct
[INFO] [stderr] ...
[INFO] [stderr] 13 |       sparse.set_unused_1(0); // ERROR!
[INFO] [stderr]    |              ^^^^^^^^^^^^ method not found in `Sparse`
[INFO] [stderr] ┈┈┈┈┈┈┈┈┈┈┈┈┈┈┈┈┈┈┈┈┈┈┈┈┈┈┈┈┈┈┈┈┈┈┈┈┈┈┈┈┈┈┈┈┈┈┈┈┈┈┈┈┈┈┈┈┈┈┈┈
[INFO] [stderr] note: If the actual output is the correct output you can bless it by rerunning
[INFO] [stderr]       your test with the environment variable TRYBUILD=overwrite
[INFO] [stderr] 
[INFO] [stderr] test tests/skip/use-skipped-setter-3.rs [should fail to compile] ... mismatch
[INFO] [stderr] 
[INFO] [stderr] EXPECTED:
[INFO] [stderr] ┈┈┈┈┈┈┈┈┈┈┈┈┈┈┈┈┈┈┈┈┈┈┈┈┈┈┈┈┈┈┈┈┈┈┈┈┈┈┈┈┈┈┈┈┈┈┈┈┈┈┈┈┈┈┈┈┈┈┈┈
[INFO] [stderr] error[E0599]: no method named `set_unused_1` found for struct `Sparse` in the current scope
[INFO] [stderr]   --> $DIR/use-skipped-setter-3.rs:13:12
[INFO] [stderr]    |
[INFO] [stderr] 4  | / #[derive(Debug)]
[INFO] [stderr] 5  | | pub struct Sparse {
[INFO] [stderr]    | |___- method `set_unused_1` not found for this
[INFO] [stderr] ...
[INFO] [stderr] 13 |       sparse.set_unused_1(0); // ERROR!
[INFO] [stderr]    |              ^^^^^^^^^^^^ method not found in `Sparse`
[INFO] [stderr] ┈┈┈┈┈┈┈┈┈┈┈┈┈┈┈┈┈┈┈┈┈┈┈┈┈┈┈┈┈┈┈┈┈┈┈┈┈┈┈┈┈┈┈┈┈┈┈┈┈┈┈┈┈┈┈┈┈┈┈┈
[INFO] [stderr] 
[INFO] [stderr] ACTUAL OUTPUT:
[INFO] [stderr] ┈┈┈┈┈┈┈┈┈┈┈┈┈┈┈┈┈┈┈┈┈┈┈┈┈┈┈┈┈┈┈┈┈┈┈┈┈┈┈┈┈┈┈┈┈┈┈┈┈┈┈┈┈┈┈┈┈┈┈┈
[INFO] [stderr] error[E0599]: no method named `set_unused_1` found for struct `Sparse` in the current scope
[INFO] [stderr]  --> tests/skip/use-skipped-setter-3.rs:13:12
[INFO] [stderr]   |
[INFO] [stderr]  4 | / #[derive(Debug)]
[INFO] [stderr]  5 | | pub struct Sparse {
[INFO] [stderr]    | |___- method `set_unused_1` not found for this struct
[INFO] [stderr] ...
[INFO] [stderr] 13 |       sparse.set_unused_1(0); // ERROR!
[INFO] [stderr]    |              ^^^^^^^^^^^^ method not found in `Sparse`
[INFO] [stderr] ┈┈┈┈┈┈┈┈┈┈┈┈┈┈┈┈┈┈┈┈┈┈┈┈┈┈┈┈┈┈┈┈┈┈┈┈┈┈┈┈┈┈┈┈┈┈┈┈┈┈┈┈┈┈┈┈┈┈┈┈
[INFO] [stderr] note: If the actual output is the correct output you can bless it by rerunning
[INFO] [stderr]       your test with the environment variable TRYBUILD=overwrite
[INFO] [stderr] 
[INFO] [stderr] test tests/skip/duplicate-getters-1.rs [should fail to compile] ... ok
[INFO] [stderr] test tests/skip/duplicate-getters-2.rs [should fail to compile] ... ok
[INFO] [stderr] test tests/skip/duplicate-getters-3.rs [should fail to compile] ... ok
[INFO] [stderr] test tests/skip/duplicate-setters-1.rs [should fail to compile] ... ok
[INFO] [stderr] test tests/skip/duplicate-setters-2.rs [should fail to compile] ... ok
[INFO] [stderr] test tests/skip/duplicate-setters-3.rs [should fail to compile] ... ok
[INFO] [stderr] test tests/derive-specifier/valid-use.rs [should pass] ... ok
[INFO] [stderr] test tests/derive-specifier/struct-in-struct.rs [should pass] ... ok
[INFO] [stderr] test tests/derive-specifier/unfilled-from-bytes.rs [should pass] ... ok
[INFO] [stderr] test tests/derive-specifier/out-of-bounds.rs [should fail to compile] ... mismatch
[INFO] [stderr] 
[INFO] [stderr] EXPECTED:
[INFO] [stderr] ┈┈┈┈┈┈┈┈┈┈┈┈┈┈┈┈┈┈┈┈┈┈┈┈┈┈┈┈┈┈┈┈┈┈┈┈┈┈┈┈┈┈┈┈┈┈┈┈┈┈┈┈┈┈┈┈┈┈┈┈
[INFO] [stderr] error[E0277]: the trait bound `modular_bitfield::private::checks::False: modular_bitfield::private::checks::SpecifierHasAtMost128Bits` is not satisfied
[INFO] [stderr]    --> $DIR/out-of-bounds.rs:4:1
[INFO] [stderr]     |
[INFO] [stderr] 4   | #[derive(BitfieldSpecifier, Debug)]
[INFO] [stderr]     | ^^^^^^^^^^^^^^^^^^^^^^^^^^^^^^^^^^^ the trait `modular_bitfield::private::checks::SpecifierHasAtMost128Bits` is not implemented for `modular_bitfield::private::checks::False`
[INFO] [stderr]     |
[INFO] [stderr]    ::: $WORKSPACE/src/private/checks.rs
[INFO] [stderr]     |
[INFO] [stderr]     |     <Self::CheckType as DispatchTrueFalse>::Out: SpecifierHasAtMost128Bits,
[INFO] [stderr]     |                                                  ------------------------- required by this bound in `modular_bitfield::private::checks::CheckSpecifierHasAtMost128Bits`
[INFO] [stderr] ┈┈┈┈┈┈┈┈┈┈┈┈┈┈┈┈┈┈┈┈┈┈┈┈┈┈┈┈┈┈┈┈┈┈┈┈┈┈┈┈┈┈┈┈┈┈┈┈┈┈┈┈┈┈┈┈┈┈┈┈
[INFO] [stderr] 
[INFO] [stderr] ACTUAL OUTPUT:
[INFO] [stderr] ┈┈┈┈┈┈┈┈┈┈┈┈┈┈┈┈┈┈┈┈┈┈┈┈┈┈┈┈┈┈┈┈┈┈┈┈┈┈┈┈┈┈┈┈┈┈┈┈┈┈┈┈┈┈┈┈┈┈┈┈
[INFO] [stderr] error[E0277]: the trait bound `False: SpecifierHasAtMost128Bits` is not satisfied
[INFO] [stderr]  --> tests/derive-specifier/out-of-bounds.rs:4:1
[INFO] [stderr]   |
[INFO] [stderr]   4 | #[derive(BitfieldSpecifier, Debug)]
[INFO] [stderr]     | ^ unsatisfied trait bound
[INFO] [stderr]     |
[INFO] [stderr]     = help: the trait `scryer_modular_bitfield::private::checks::SpecifierHasAtMost128Bits` is not implemented for `scryer_modular_bitfield::private::checks::False`
[INFO] [stderr] note: required by a bound in `scryer_modular_bitfield::private::checks::CheckSpecifierHasAtMost128Bits::CheckType`
[INFO] [stderr]    --> src/private/checks.rs
[INFO] [stderr]     |
[INFO] [stderr]     |     <Self::CheckType as DispatchTrueFalse>::Out: SpecifierHasAtMost128Bits,
[INFO] [stderr]     |                                                  ^^^^^^^^^^^^^^^^^^^^^^^^^ required by this bound in `CheckSpecifierHasAtMost128Bits::CheckType`
[INFO] [stderr]     | {
[INFO] [stderr]     |     type CheckType: DispatchTrueFalse;
[INFO] [stderr]     |          --------- required by a bound in this associated type
[INFO] [stderr]     = note: the full name for the type has been written to '/opt/rustwide/target/tests/trybuild/x86_64-unknown-linux-gnu/debug/deps/$CRATE-ae0efb695690da0a.long-type-11208117738080546187.txt'
[INFO] [stderr]     = note: consider using `--verbose` to print the full type name to the console
[INFO] [stderr] 
[INFO] [stderr] error[E0277]: the trait bound `False: SpecifierHasAtMost128Bits` is not satisfied
[INFO] [stderr]  --> tests/derive-specifier/out-of-bounds.rs:4:1
[INFO] [stderr]   |
[INFO] [stderr]   4 | #[derive(BitfieldSpecifier, Debug)]
[INFO] [stderr]     | ^ unsatisfied trait bound
[INFO] [stderr]     |
[INFO] [stderr]     = help: the trait `scryer_modular_bitfield::private::checks::SpecifierHasAtMost128Bits` is not implemented for `scryer_modular_bitfield::private::checks::False`
[INFO] [stderr] note: required by a bound in `scryer_modular_bitfield::private::checks::CheckSpecifierHasAtMost128Bits`
[INFO] [stderr]    --> src/private/checks.rs
[INFO] [stderr]     |
[INFO] [stderr]     | pub trait CheckSpecifierHasAtMost128Bits
[INFO] [stderr]     |           ------------------------------ required by a bound in this trait
[INFO] [stderr]     | where
[INFO] [stderr]     |     <Self::CheckType as DispatchTrueFalse>::Out: SpecifierHasAtMost128Bits,
[INFO] [stderr]     |                                                  ^^^^^^^^^^^^^^^^^^^^^^^^^ required by this bound in `CheckSpecifierHasAtMost128Bits`
[INFO] [stderr]     = note: the full name for the type has been written to '/opt/rustwide/target/tests/trybuild/x86_64-unknown-linux-gnu/debug/deps/$CRATE-ae0efb695690da0a.long-type-11208117738080546187.txt'
[INFO] [stderr]     = note: consider using `--verbose` to print the full type name to the console
[INFO] [stderr] 
[INFO] [stderr] error[E0277]: the trait bound `[(); 136]: scryer_modular_bitfield::private::ArrayBytesConversion` is not satisfied
[INFO] [stderr]  --> tests/derive-specifier/out-of-bounds.rs:4:1
[INFO] [stderr]   |
[INFO] [stderr] 4 | #[derive(BitfieldSpecifier, Debug)]
[INFO] [stderr]   | ^ the trait `scryer_modular_bitfield::private::ArrayBytesConversion` is not implemented for `[(); 136]`
[INFO] [stderr]   |
[INFO] [stderr]   = help: the following other types implement trait `scryer_modular_bitfield::private::ArrayBytesConversion`:
[INFO] [stderr]             [(); 8]
[INFO] [stderr]             [(); 16]
[INFO] [stderr]             [(); 24]
[INFO] [stderr]             [(); 32]
[INFO] [stderr]             [(); 40]
[INFO] [stderr]             [(); 48]
[INFO] [stderr]             [(); 56]
[INFO] [stderr]             [(); 64]
[INFO] [stderr]           and $N others
[INFO] [stderr] ┈┈┈┈┈┈┈┈┈┈┈┈┈┈┈┈┈┈┈┈┈┈┈┈┈┈┈┈┈┈┈┈┈┈┈┈┈┈┈┈┈┈┈┈┈┈┈┈┈┈┈┈┈┈┈┈┈┈┈┈
[INFO] [stderr] note: If the actual output is the correct output you can bless it by rerunning
[INFO] [stderr]       your test with the environment variable TRYBUILD=overwrite
[INFO] [stderr] 
[INFO] [stderr] test tests/derive-specifier/duplicate-derive-1.rs [should fail to compile] ... ok
[INFO] [stderr] test tests/derive-specifier/duplicate-derive-2.rs [should fail to compile] ... ok
[INFO] [stderr] test tests/bits-param/valid-use-1.rs [should pass] ... ok
[INFO] [stderr] test tests/bits-param/valid-use-2.rs [should pass] ... ok
[INFO] [stderr] test tests/bits-param/valid-use-3.rs [should pass] ... ok
[INFO] [stderr] 
[INFO] [stderr] WARNINGS:
[INFO] [stderr] ┈┈┈┈┈┈┈┈┈┈┈┈┈┈┈┈┈┈┈┈┈┈┈┈┈┈┈┈┈┈┈┈┈┈┈┈┈┈┈┈┈┈┈┈┈┈┈┈┈┈┈┈┈┈┈┈┈┈┈┈
[INFO] [stderr] warning: unnecessary trailing semicolon
[INFO] [stderr]  --> tests/bits-param/valid-use-3.rs:3:23
[INFO] [stderr]   |
[INFO] [stderr] 3 | #[bitfield(bits = 32, bytes = 4)]
[INFO] [stderr]   |                       ^^^^^ help: remove this semicolon
[INFO] [stderr]   |
[INFO] [stderr]   = note: `#[warn(redundant_semicolons)]` (part of `#[warn(unused)]`) on by default
[INFO] [stderr] ┈┈┈┈┈┈┈┈┈┈┈┈┈┈┈┈┈┈┈┈┈┈┈┈┈┈┈┈┈┈┈┈┈┈┈┈┈┈┈┈┈┈┈┈┈┈┈┈┈┈┈┈┈┈┈┈┈┈┈┈
[INFO] [stderr] 
[INFO] [stderr] STDERR:
[INFO] [stderr] ┈┈┈┈┈┈┈┈┈┈┈┈┈┈┈┈┈┈┈┈┈┈┈┈┈┈┈┈┈┈┈┈┈┈┈┈┈┈┈┈┈┈┈┈┈┈┈┈┈┈┈┈┈┈┈┈┈┈┈┈
[INFO] [stderr] warning: unnecessary trailing semicolon
[INFO] [stderr]  --> /opt/rustwide/workdir/tests/bits-param/valid-use-3.rs:3:23
[INFO] [stderr]   |
[INFO] [stderr] 3 | #[bitfield(bits = 32, bytes = 4)]
[INFO] [stderr]   |                       ^^^^^ help: remove this semicolon
[INFO] [stderr]   |
[INFO] [stderr]   = note: `#[warn(redundant_semicolons)]` (part of `#[warn(unused)]`) on by default
[INFO] [stderr] ┈┈┈┈┈┈┈┈┈┈┈┈┈┈┈┈┈┈┈┈┈┈┈┈┈┈┈┈┈┈┈┈┈┈┈┈┈┈┈┈┈┈┈┈┈┈┈┈┈┈┈┈┈┈┈┈┈┈┈┈
[INFO] [stderr] 
[INFO] [stderr] test tests/bits-param/valid-use-4.rs [should pass] ... ok
[INFO] [stderr] 
[INFO] [stderr] WARNINGS:
[INFO] [stderr] ┈┈┈┈┈┈┈┈┈┈┈┈┈┈┈┈┈┈┈┈┈┈┈┈┈┈┈┈┈┈┈┈┈┈┈┈┈┈┈┈┈┈┈┈┈┈┈┈┈┈┈┈┈┈┈┈┈┈┈┈
[INFO] [stderr] warning: unnecessary trailing semicolon
[INFO] [stderr]  --> tests/bits-param/valid-use-4.rs:3:23
[INFO] [stderr]   |
[INFO] [stderr] 3 | #[bitfield(bits = 32, bytes = 4)]
[INFO] [stderr]   |                       ^^^^^ help: remove this semicolon
[INFO] [stderr]   |
[INFO] [stderr]   = note: `#[warn(redundant_semicolons)]` (part of `#[warn(unused)]`) on by default
[INFO] [stderr] ┈┈┈┈┈┈┈┈┈┈┈┈┈┈┈┈┈┈┈┈┈┈┈┈┈┈┈┈┈┈┈┈┈┈┈┈┈┈┈┈┈┈┈┈┈┈┈┈┈┈┈┈┈┈┈┈┈┈┈┈
[INFO] [stderr] 
[INFO] [stderr] STDERR:
[INFO] [stderr] ┈┈┈┈┈┈┈┈┈┈┈┈┈┈┈┈┈┈┈┈┈┈┈┈┈┈┈┈┈┈┈┈┈┈┈┈┈┈┈┈┈┈┈┈┈┈┈┈┈┈┈┈┈┈┈┈┈┈┈┈
[INFO] [stderr] warning: unnecessary trailing semicolon
[INFO] [stderr]  --> /opt/rustwide/workdir/tests/bits-param/valid-use-4.rs:3:23
[INFO] [stderr]   |
[INFO] [stderr] 3 | #[bitfield(bits = 32, bytes = 4)]
[INFO] [stderr]   |                       ^^^^^ help: remove this semicolon
[INFO] [stderr]   |
[INFO] [stderr]   = note: `#[warn(redundant_semicolons)]` (part of `#[warn(unused)]`) on by default
[INFO] [stderr] ┈┈┈┈┈┈┈┈┈┈┈┈┈┈┈┈┈┈┈┈┈┈┈┈┈┈┈┈┈┈┈┈┈┈┈┈┈┈┈┈┈┈┈┈┈┈┈┈┈┈┈┈┈┈┈┈┈┈┈┈
[INFO] [stderr] 
[INFO] [stderr] test tests/bits-param/bits-non-filled-1.rs [should pass] ... ok
[INFO] [stderr] 
[INFO] [stderr] WARNINGS:
[INFO] [stderr] ┈┈┈┈┈┈┈┈┈┈┈┈┈┈┈┈┈┈┈┈┈┈┈┈┈┈┈┈┈┈┈┈┈┈┈┈┈┈┈┈┈┈┈┈┈┈┈┈┈┈┈┈┈┈┈┈┈┈┈┈
[INFO] [stderr] warning: this arithmetic operation will overflow
[INFO] [stderr]  --> tests/bits-param/bits-non-filled-1.rs:4:1
[INFO] [stderr]   |
[INFO] [stderr] 4 | #[derive(BitfieldSpecifier)]
[INFO] [stderr]   | ^ attempt to shift left by `8_usize`, which would overflow
[INFO] [stderr]   |
[INFO] [stderr]   = note: `#[warn(arithmetic_overflow)]` on by default
[INFO] [stderr] ┈┈┈┈┈┈┈┈┈┈┈┈┈┈┈┈┈┈┈┈┈┈┈┈┈┈┈┈┈┈┈┈┈┈┈┈┈┈┈┈┈┈┈┈┈┈┈┈┈┈┈┈┈┈┈┈┈┈┈┈
[INFO] [stderr] 
[INFO] [stderr] STDERR:
[INFO] [stderr] ┈┈┈┈┈┈┈┈┈┈┈┈┈┈┈┈┈┈┈┈┈┈┈┈┈┈┈┈┈┈┈┈┈┈┈┈┈┈┈┈┈┈┈┈┈┈┈┈┈┈┈┈┈┈┈┈┈┈┈┈
[INFO] [stderr] warning: this arithmetic operation will overflow
[INFO] [stderr]  --> /opt/rustwide/workdir/tests/bits-param/bits-non-filled-1.rs:4:1
[INFO] [stderr]   |
[INFO] [stderr] 4 | #[derive(BitfieldSpecifier)]
[INFO] [stderr]   | ^ attempt to shift left by `8_usize`, which would overflow
[INFO] [stderr]   |
[INFO] [stderr]   = note: `#[warn(arithmetic_overflow)]` on by default
[INFO] [stderr] ┈┈┈┈┈┈┈┈┈┈┈┈┈┈┈┈┈┈┈┈┈┈┈┈┈┈┈┈┈┈┈┈┈┈┈┈┈┈┈┈┈┈┈┈┈┈┈┈┈┈┈┈┈┈┈┈┈┈┈┈
[INFO] [stderr] 
[INFO] [stderr] test tests/bits-param/bits-non-filled-2.rs [should pass] ... ok
[INFO] [stderr] 
[INFO] [stderr] WARNINGS:
[INFO] [stderr] ┈┈┈┈┈┈┈┈┈┈┈┈┈┈┈┈┈┈┈┈┈┈┈┈┈┈┈┈┈┈┈┈┈┈┈┈┈┈┈┈┈┈┈┈┈┈┈┈┈┈┈┈┈┈┈┈┈┈┈┈
[INFO] [stderr] warning: this arithmetic operation will overflow
[INFO] [stderr]  --> tests/bits-param/bits-non-filled-2.rs:4:1
[INFO] [stderr]   |
[INFO] [stderr] 4 | #[derive(BitfieldSpecifier)]
[INFO] [stderr]   | ^ attempt to shift left by `8_usize`, which would overflow
[INFO] [stderr]   |
[INFO] [stderr]   = note: `#[warn(arithmetic_overflow)]` on by default
[INFO] [stderr] ┈┈┈┈┈┈┈┈┈┈┈┈┈┈┈┈┈┈┈┈┈┈┈┈┈┈┈┈┈┈┈┈┈┈┈┈┈┈┈┈┈┈┈┈┈┈┈┈┈┈┈┈┈┈┈┈┈┈┈┈
[INFO] [stderr] 
[INFO] [stderr] STDERR:
[INFO] [stderr] ┈┈┈┈┈┈┈┈┈┈┈┈┈┈┈┈┈┈┈┈┈┈┈┈┈┈┈┈┈┈┈┈┈┈┈┈┈┈┈┈┈┈┈┈┈┈┈┈┈┈┈┈┈┈┈┈┈┈┈┈
[INFO] [stderr] warning: this arithmetic operation will overflow
[INFO] [stderr]  --> /opt/rustwide/workdir/tests/bits-param/bits-non-filled-2.rs:4:1
[INFO] [stderr]   |
[INFO] [stderr] 4 | #[derive(BitfieldSpecifier)]
[INFO] [stderr]   | ^ attempt to shift left by `8_usize`, which would overflow
[INFO] [stderr]   |
[INFO] [stderr]   = note: `#[warn(arithmetic_overflow)]` on by default
[INFO] [stderr] ┈┈┈┈┈┈┈┈┈┈┈┈┈┈┈┈┈┈┈┈┈┈┈┈┈┈┈┈┈┈┈┈┈┈┈┈┈┈┈┈┈┈┈┈┈┈┈┈┈┈┈┈┈┈┈┈┈┈┈┈
[INFO] [stderr] 
[INFO] [stderr] test tests/bits-param/low-bits-filled.rs [should pass] ... ok
[INFO] [stderr] test tests/bits-param/complex-use-case.rs [should pass] ... ok
[INFO] [stderr] 
[INFO] [stderr] WARNINGS:
[INFO] [stderr] ┈┈┈┈┈┈┈┈┈┈┈┈┈┈┈┈┈┈┈┈┈┈┈┈┈┈┈┈┈┈┈┈┈┈┈┈┈┈┈┈┈┈┈┈┈┈┈┈┈┈┈┈┈┈┈┈┈┈┈┈
[INFO] [stderr] warning: unnecessary trailing semicolon
[INFO] [stderr]   --> tests/bits-param/complex-use-case.rs:20:23
[INFO] [stderr]    |
[INFO] [stderr] 20 | #[bitfield(bits = 16, bytes = 2, filled = false)]
[INFO] [stderr]    |                       ^^^^^ help: remove this semicolon
[INFO] [stderr]    |
[INFO] [stderr]    = note: `#[warn(redundant_semicolons)]` (part of `#[warn(unused)]`) on by default
[INFO] [stderr] 
[INFO] [stderr] warning: this arithmetic operation will overflow
[INFO] [stderr]   --> tests/bits-param/complex-use-case.rs:21:1
[INFO] [stderr]    |
[INFO] [stderr] 21 | #[derive(BitfieldSpecifier)]
[INFO] [stderr]    | ^ attempt to shift left by `8_usize`, which would overflow
[INFO] [stderr]    |
[INFO] [stderr]    = note: `#[warn(arithmetic_overflow)]` on by default
[INFO] [stderr] ┈┈┈┈┈┈┈┈┈┈┈┈┈┈┈┈┈┈┈┈┈┈┈┈┈┈┈┈┈┈┈┈┈┈┈┈┈┈┈┈┈┈┈┈┈┈┈┈┈┈┈┈┈┈┈┈┈┈┈┈
[INFO] [stderr] 
[INFO] [stderr] STDERR:
[INFO] [stderr] ┈┈┈┈┈┈┈┈┈┈┈┈┈┈┈┈┈┈┈┈┈┈┈┈┈┈┈┈┈┈┈┈┈┈┈┈┈┈┈┈┈┈┈┈┈┈┈┈┈┈┈┈┈┈┈┈┈┈┈┈
[INFO] [stderr] warning: unnecessary trailing semicolon
[INFO] [stderr]   --> /opt/rustwide/workdir/tests/bits-param/complex-use-case.rs:20:23
[INFO] [stderr]    |
[INFO] [stderr] 20 | #[bitfield(bits = 16, bytes = 2, filled = false)]
[INFO] [stderr]    |                       ^^^^^ help: remove this semicolon
[INFO] [stderr]    |
[INFO] [stderr]    = note: `#[warn(redundant_semicolons)]` (part of `#[warn(unused)]`) on by default
[INFO] [stderr] 
[INFO] [stderr] warning: this arithmetic operation will overflow
[INFO] [stderr]   --> /opt/rustwide/workdir/tests/bits-param/complex-use-case.rs:21:1
[INFO] [stderr]    |
[INFO] [stderr] 21 | #[derive(BitfieldSpecifier)]
[INFO] [stderr]    | ^ attempt to shift left by `8_usize`, which would overflow
[INFO] [stderr]    |
[INFO] [stderr]    = note: `#[warn(arithmetic_overflow)]` on by default
[INFO] [stderr] ┈┈┈┈┈┈┈┈┈┈┈┈┈┈┈┈┈┈┈┈┈┈┈┈┈┈┈┈┈┈┈┈┈┈┈┈┈┈┈┈┈┈┈┈┈┈┈┈┈┈┈┈┈┈┈┈┈┈┈┈
[INFO] [stderr] 
[INFO] [stderr] test tests/bits-param/conflicting-params.rs [should fail to compile] ... mismatch
[INFO] [stderr] 
[INFO] [stderr] EXPECTED:
[INFO] [stderr] ┈┈┈┈┈┈┈┈┈┈┈┈┈┈┈┈┈┈┈┈┈┈┈┈┈┈┈┈┈┈┈┈┈┈┈┈┈┈┈┈┈┈┈┈┈┈┈┈┈┈┈┈┈┈┈┈┈┈┈┈
[INFO] [stderr] error: encountered conflicting `bits = 16` and `bytes = 4` parameters
[INFO] [stderr]  --> $DIR/conflicting-params.rs:3:1
[INFO] [stderr]   |
[INFO] [stderr] 3 | #[bitfield(bits = 16, bytes = 4)]
[INFO] [stderr]   | ^^^^^^^^^^^^^^^^^^^^^^^^^^^^^^^^^
[INFO] [stderr]   |
[INFO] [stderr]   = note: this error originates in an attribute macro (in Nightly builds, run with -Z macro-backtrace for more info)
[INFO] [stderr] 
[INFO] [stderr] error: conflicting `bits = 16` here
[INFO] [stderr]  --> $DIR/conflicting-params.rs:3:12
[INFO] [stderr]   |
[INFO] [stderr] 3 | #[bitfield(bits = 16, bytes = 4)]
[INFO] [stderr]   |            ^^^^
[INFO] [stderr] 
[INFO] [stderr] error: conflicting `bytes = 4` here
[INFO] [stderr]  --> $DIR/conflicting-params.rs:3:23
[INFO] [stderr]   |
[INFO] [stderr] 3 | #[bitfield(bits = 16, bytes = 4)]
[INFO] [stderr]   |                       ^^^^^
[INFO] [stderr] ┈┈┈┈┈┈┈┈┈┈┈┈┈┈┈┈┈┈┈┈┈┈┈┈┈┈┈┈┈┈┈┈┈┈┈┈┈┈┈┈┈┈┈┈┈┈┈┈┈┈┈┈┈┈┈┈┈┈┈┈
[INFO] [stderr] 
[INFO] [stderr] ACTUAL OUTPUT:
[INFO] [stderr] ┈┈┈┈┈┈┈┈┈┈┈┈┈┈┈┈┈┈┈┈┈┈┈┈┈┈┈┈┈┈┈┈┈┈┈┈┈┈┈┈┈┈┈┈┈┈┈┈┈┈┈┈┈┈┈┈┈┈┈┈
[INFO] [stderr] error: encountered conflicting `bits = 16` and `bytes = 4` parameters
[INFO] [stderr]  --> tests/bits-param/conflicting-params.rs:3:1
[INFO] [stderr]   |
[INFO] [stderr] 3 | #[bitfield(bits = 16, bytes = 4)]
[INFO] [stderr]   | ^^^^^^^^^^^^^^^^^^^^^^^^^^^^^^^^^
[INFO] [stderr]   |
[INFO] [stderr]   = note: this error originates in the attribute macro `bitfield` (in Nightly builds, run with -Z macro-backtrace for more info)
[INFO] [stderr] 
[INFO] [stderr] error: conflicting `bits = 16` here
[INFO] [stderr]  --> tests/bits-param/conflicting-params.rs:3:12
[INFO] [stderr]   |
[INFO] [stderr] 3 | #[bitfield(bits = 16, bytes = 4)]
[INFO] [stderr]   |            ^^^^
[INFO] [stderr] 
[INFO] [stderr] error: conflicting `bytes = 4` here
[INFO] [stderr]  --> tests/bits-param/conflicting-params.rs:3:23
[INFO] [stderr]   |
[INFO] [stderr] 3 | #[bitfield(bits = 16, bytes = 4)]
[INFO] [stderr]   |                       ^^^^^
[INFO] [stderr] ┈┈┈┈┈┈┈┈┈┈┈┈┈┈┈┈┈┈┈┈┈┈┈┈┈┈┈┈┈┈┈┈┈┈┈┈┈┈┈┈┈┈┈┈┈┈┈┈┈┈┈┈┈┈┈┈┈┈┈┈
[INFO] [stderr] note: If the actual output is the correct output you can bless it by rerunning
[INFO] [stderr]       your test with the environment variable TRYBUILD=overwrite
[INFO] [stderr] 
[INFO] [stderr] test tests/bits-param/conflicting-repr.rs [should fail to compile] ... mismatch
[INFO] [stderr] 
[INFO] [stderr] EXPECTED:
[INFO] [stderr] ┈┈┈┈┈┈┈┈┈┈┈┈┈┈┈┈┈┈┈┈┈┈┈┈┈┈┈┈┈┈┈┈┈┈┈┈┈┈┈┈┈┈┈┈┈┈┈┈┈┈┈┈┈┈┈┈┈┈┈┈
[INFO] [stderr] error: encountered conflicting `bits = 16` and #[repr(u32)] parameters
[INFO] [stderr]  --> $DIR/conflicting-repr.rs:3:1
[INFO] [stderr]   |
[INFO] [stderr] 3 | #[bitfield(bits = 16)]
[INFO] [stderr]   | ^^^^^^^^^^^^^^^^^^^^^^
[INFO] [stderr]   |
[INFO] [stderr]   = note: this error originates in an attribute macro (in Nightly builds, run with -Z macro-backtrace for more info)
[INFO] [stderr] 
[INFO] [stderr] error: conflicting `bits = 16` here
[INFO] [stderr]  --> $DIR/conflicting-repr.rs:3:12
[INFO] [stderr]   |
[INFO] [stderr] 3 | #[bitfield(bits = 16)]
[INFO] [stderr]   |            ^^^^
[INFO] [stderr] 
[INFO] [stderr] error: conflicting #[repr(u32)] here
[INFO] [stderr]  --> $DIR/conflicting-repr.rs:4:8
[INFO] [stderr]   |
[INFO] [stderr] 4 | #[repr(u32)]
[INFO] [stderr]   |        ^^^
[INFO] [stderr] ┈┈┈┈┈┈┈┈┈┈┈┈┈┈┈┈┈┈┈┈┈┈┈┈┈┈┈┈┈┈┈┈┈┈┈┈┈┈┈┈┈┈┈┈┈┈┈┈┈┈┈┈┈┈┈┈┈┈┈┈
[INFO] [stderr] 
[INFO] [stderr] ACTUAL OUTPUT:
[INFO] [stderr] ┈┈┈┈┈┈┈┈┈┈┈┈┈┈┈┈┈┈┈┈┈┈┈┈┈┈┈┈┈┈┈┈┈┈┈┈┈┈┈┈┈┈┈┈┈┈┈┈┈┈┈┈┈┈┈┈┈┈┈┈
[INFO] [stderr] error: encountered conflicting `bits = 16` and #[repr(u32)] parameters
[INFO] [stderr]  --> tests/bits-param/conflicting-repr.rs:3:1
[INFO] [stderr]   |
[INFO] [stderr] 3 | #[bitfield(bits = 16)]
[INFO] [stderr]   | ^^^^^^^^^^^^^^^^^^^^^^
[INFO] [stderr]   |
[INFO] [stderr]   = note: this error originates in the attribute macro `bitfield` (in Nightly builds, run with -Z macro-backtrace for more info)
[INFO] [stderr] 
[INFO] [stderr] error: conflicting `bits = 16` here
[INFO] [stderr]  --> tests/bits-param/conflicting-repr.rs:3:12
[INFO] [stderr]   |
[INFO] [stderr] 3 | #[bitfield(bits = 16)]
[INFO] [stderr]   |            ^^^^
[INFO] [stderr] 
[INFO] [stderr] error: conflicting #[repr(u32)] here
[INFO] [stderr]  --> tests/bits-param/conflicting-repr.rs:4:8
[INFO] [stderr]   |
[INFO] [stderr] 4 | #[repr(u32)]
[INFO] [stderr]   |        ^^^
[INFO] [stderr] ┈┈┈┈┈┈┈┈┈┈┈┈┈┈┈┈┈┈┈┈┈┈┈┈┈┈┈┈┈┈┈┈┈┈┈┈┈┈┈┈┈┈┈┈┈┈┈┈┈┈┈┈┈┈┈┈┈┈┈┈
[INFO] [stderr] note: If the actual output is the correct output you can bless it by rerunning
[INFO] [stderr]       your test with the environment variable TRYBUILD=overwrite
[INFO] [stderr] 
[INFO] [stderr] test tests/bits-param/duplicate-param-1.rs [should fail to compile] ... ok
[INFO] [stderr] test tests/bits-param/duplicate-param-2.rs [should fail to compile] ... ok
[INFO] [stderr] test tests/bits-param/invalid-param-value-1.rs [should fail to compile] ... ok
[INFO] [stderr] test tests/bits-param/invalid-param-value-2.rs [should fail to compile] ... ok
[INFO] [stderr] test tests/bits-param/missing-param-value.rs [should fail to compile] ... ok
[INFO] [stderr] test tests/bits-param/too-few-bits.rs [should fail to compile] ... mismatch
[INFO] [stderr] 
[INFO] [stderr] EXPECTED:
[INFO] [stderr] ┈┈┈┈┈┈┈┈┈┈┈┈┈┈┈┈┈┈┈┈┈┈┈┈┈┈┈┈┈┈┈┈┈┈┈┈┈┈┈┈┈┈┈┈┈┈┈┈┈┈┈┈┈┈┈┈┈┈┈┈
[INFO] [stderr] error[E0277]: the trait bound `modular_bitfield::private::checks::False: modular_bitfield::private::checks::FillsUnalignedBits` is not satisfied
[INFO] [stderr]    --> $DIR/too-few-bits.rs:4:1
[INFO] [stderr]     |
[INFO] [stderr] 4   | pub struct SignInteger {
[INFO] [stderr]     | ^^^ the trait `modular_bitfield::private::checks::FillsUnalignedBits` is not implemented for `modular_bitfield::private::checks::False`
[INFO] [stderr]     |
[INFO] [stderr]    ::: $WORKSPACE/src/private/checks.rs
[INFO] [stderr]     |
[INFO] [stderr]     |     <Self::CheckType as DispatchTrueFalse>::Out: FillsUnalignedBits,
[INFO] [stderr]     |                                                  ------------------ required by this bound in `modular_bitfield::private::checks::CheckFillsUnalignedBits`
[INFO] [stderr] ┈┈┈┈┈┈┈┈┈┈┈┈┈┈┈┈┈┈┈┈┈┈┈┈┈┈┈┈┈┈┈┈┈┈┈┈┈┈┈┈┈┈┈┈┈┈┈┈┈┈┈┈┈┈┈┈┈┈┈┈
[INFO] [stderr] 
[INFO] [stderr] ACTUAL OUTPUT:
[INFO] [stderr] ┈┈┈┈┈┈┈┈┈┈┈┈┈┈┈┈┈┈┈┈┈┈┈┈┈┈┈┈┈┈┈┈┈┈┈┈┈┈┈┈┈┈┈┈┈┈┈┈┈┈┈┈┈┈┈┈┈┈┈┈
[INFO] [stderr] error[E0277]: the trait bound `False: FillsUnalignedBits` is not satisfied
[INFO] [stderr]  --> tests/bits-param/too-few-bits.rs:4:1
[INFO] [stderr]   |
[INFO] [stderr]   4 | pub struct SignInteger {
[INFO] [stderr]     | ^^^ unsatisfied trait bound
[INFO] [stderr]     |
[INFO] [stderr]     = help: the trait `scryer_modular_bitfield::private::checks::FillsUnalignedBits` is not implemented for `scryer_modular_bitfield::private::checks::False`
[INFO] [stderr] note: required by a bound in `scryer_modular_bitfield::private::checks::CheckFillsUnalignedBits::CheckType`
[INFO] [stderr]    --> src/private/checks.rs
[INFO] [stderr]     |
[INFO] [stderr]     |     <Self::CheckType as DispatchTrueFalse>::Out: FillsUnalignedBits,
[INFO] [stderr]     |                                                  ^^^^^^^^^^^^^^^^^^ required by this bound in `CheckFillsUnalignedBits::CheckType`
[INFO] [stderr]     | {
[INFO] [stderr]     |     type CheckType: DispatchTrueFalse;
[INFO] [stderr]     |          --------- required by a bound in this associated type
[INFO] [stderr]     = note: the full name for the type has been written to '/opt/rustwide/target/tests/trybuild/x86_64-unknown-linux-gnu/debug/deps/$CRATE-7738265521732697.long-type-2532931927907983.txt'
[INFO] [stderr]     = note: consider using `--verbose` to print the full type name to the console
[INFO] [stderr] 
[INFO] [stderr] error[E0277]: the trait bound `False: FillsUnalignedBits` is not satisfied
[INFO] [stderr]  --> tests/bits-param/too-few-bits.rs:4:1
[INFO] [stderr]   |
[INFO] [stderr]   4 | pub struct SignInteger {
[INFO] [stderr]     | ^^^ unsatisfied trait bound
[INFO] [stderr]     |
[INFO] [stderr]     = help: the trait `scryer_modular_bitfield::private::checks::FillsUnalignedBits` is not implemented for `scryer_modular_bitfield::private::checks::False`
[INFO] [stderr] note: required by a bound in `scryer_modular_bitfield::private::checks::CheckFillsUnalignedBits`
[INFO] [stderr]    --> src/private/checks.rs
[INFO] [stderr]     |
[INFO] [stderr]     | pub trait CheckFillsUnalignedBits
[INFO] [stderr]     |           ----------------------- required by a bound in this trait
[INFO] [stderr]     | where
[INFO] [stderr]     |     <Self::CheckType as DispatchTrueFalse>::Out: FillsUnalignedBits,
[INFO] [stderr]     |                                                  ^^^^^^^^^^^^^^^^^^ required by this bound in `CheckFillsUnalignedBits`
[INFO] [stderr]     = note: the full name for the type has been written to '/opt/rustwide/target/tests/trybuild/x86_64-unknown-linux-gnu/debug/deps/$CRATE-7738265521732697.long-type-2532931927907983.txt'
[INFO] [stderr]     = note: consider using `--verbose` to print the full type name to the console
[INFO] [stderr] ┈┈┈┈┈┈┈┈┈┈┈┈┈┈┈┈┈┈┈┈┈┈┈┈┈┈┈┈┈┈┈┈┈┈┈┈┈┈┈┈┈┈┈┈┈┈┈┈┈┈┈┈┈┈┈┈┈┈┈┈
[INFO] [stderr] note: If the actual output is the correct output you can bless it by rerunning
[INFO] [stderr]       your test with the environment variable TRYBUILD=overwrite
[INFO] [stderr] 
[INFO] [stderr] test tests/bits-param/too-many-bits.rs [should fail to compile] ... mismatch
[INFO] [stderr] 
[INFO] [stderr] EXPECTED:
[INFO] [stderr] ┈┈┈┈┈┈┈┈┈┈┈┈┈┈┈┈┈┈┈┈┈┈┈┈┈┈┈┈┈┈┈┈┈┈┈┈┈┈┈┈┈┈┈┈┈┈┈┈┈┈┈┈┈┈┈┈┈┈┈┈
[INFO] [stderr] error[E0277]: the trait bound `modular_bitfield::private::checks::False: modular_bitfield::private::checks::FillsUnalignedBits` is not satisfied
[INFO] [stderr]    --> $DIR/too-many-bits.rs:4:1
[INFO] [stderr]     |
[INFO] [stderr] 4   | pub struct SignInteger {
[INFO] [stderr]     | ^^^ the trait `modular_bitfield::private::checks::FillsUnalignedBits` is not implemented for `modular_bitfield::private::checks::False`
[INFO] [stderr]     |
[INFO] [stderr]    ::: $WORKSPACE/src/private/checks.rs
[INFO] [stderr]     |
[INFO] [stderr]     |     <Self::CheckType as DispatchTrueFalse>::Out: FillsUnalignedBits,
[INFO] [stderr]     |                                                  ------------------ required by this bound in `modular_bitfield::private::checks::CheckFillsUnalignedBits`
[INFO] [stderr] ┈┈┈┈┈┈┈┈┈┈┈┈┈┈┈┈┈┈┈┈┈┈┈┈┈┈┈┈┈┈┈┈┈┈┈┈┈┈┈┈┈┈┈┈┈┈┈┈┈┈┈┈┈┈┈┈┈┈┈┈
[INFO] [stderr] 
[INFO] [stderr] ACTUAL OUTPUT:
[INFO] [stderr] ┈┈┈┈┈┈┈┈┈┈┈┈┈┈┈┈┈┈┈┈┈┈┈┈┈┈┈┈┈┈┈┈┈┈┈┈┈┈┈┈┈┈┈┈┈┈┈┈┈┈┈┈┈┈┈┈┈┈┈┈
[INFO] [stderr] error[E0277]: the trait bound `False: FillsUnalignedBits` is not satisfied
[INFO] [stderr]  --> tests/bits-param/too-many-bits.rs:4:1
[INFO] [stderr]   |
[INFO] [stderr]   4 | pub struct SignInteger {
[INFO] [stderr]     | ^^^ unsatisfied trait bound
[INFO] [stderr]     |
[INFO] [stderr]     = help: the trait `scryer_modular_bitfield::private::checks::FillsUnalignedBits` is not implemented for `scryer_modular_bitfield::private::checks::False`
[INFO] [stderr] note: required by a bound in `scryer_modular_bitfield::private::checks::CheckFillsUnalignedBits::CheckType`
[INFO] [stderr]    --> src/private/checks.rs
[INFO] [stderr]     |
[INFO] [stderr]     |     <Self::CheckType as DispatchTrueFalse>::Out: FillsUnalignedBits,
[INFO] [stderr]     |                                                  ^^^^^^^^^^^^^^^^^^ required by this bound in `CheckFillsUnalignedBits::CheckType`
[INFO] [stderr]     | {
[INFO] [stderr]     |     type CheckType: DispatchTrueFalse;
[INFO] [stderr]     |          --------- required by a bound in this associated type
[INFO] [stderr]     = note: the full name for the type has been written to '/opt/rustwide/target/tests/trybuild/x86_64-unknown-linux-gnu/debug/deps/$CRATE-db9f65f57c4721ac.long-type-16424805918300120116.txt'
[INFO] [stderr]     = note: consider using `--verbose` to print the full type name to the console
[INFO] [stderr] 
[INFO] [stderr] error[E0277]: the trait bound `False: FillsUnalignedBits` is not satisfied
[INFO] [stderr]  --> tests/bits-param/too-many-bits.rs:4:1
[INFO] [stderr]   |
[INFO] [stderr]   4 | pub struct SignInteger {
[INFO] [stderr]     | ^^^ unsatisfied trait bound
[INFO] [stderr]     |
[INFO] [stderr]     = help: the trait `scryer_modular_bitfield::private::checks::FillsUnalignedBits` is not implemented for `scryer_modular_bitfield::private::checks::False`
[INFO] [stderr] note: required by a bound in `scryer_modular_bitfield::private::checks::CheckFillsUnalignedBits`
[INFO] [stderr]    --> src/private/checks.rs
[INFO] [stderr]     |
[INFO] [stderr]     | pub trait CheckFillsUnalignedBits
[INFO] [stderr]     |           ----------------------- required by a bound in this trait
[INFO] [stderr]     | where
[INFO] [stderr]     |     <Self::CheckType as DispatchTrueFalse>::Out: FillsUnalignedBits,
[INFO] [stderr]     |                                                  ^^^^^^^^^^^^^^^^^^ required by this bound in `CheckFillsUnalignedBits`
[INFO] [stderr]     = note: the full name for the type has been written to '/opt/rustwide/target/tests/trybuild/x86_64-unknown-linux-gnu/debug/deps/$CRATE-db9f65f57c4721ac.long-type-16424805918300120116.txt'
[INFO] [stderr]     = note: consider using `--verbose` to print the full type name to the console
[INFO] [stderr] ┈┈┈┈┈┈┈┈┈┈┈┈┈┈┈┈┈┈┈┈┈┈┈┈┈┈┈┈┈┈┈┈┈┈┈┈┈┈┈┈┈┈┈┈┈┈┈┈┈┈┈┈┈┈┈┈┈┈┈┈
[INFO] [stderr] note: If the actual output is the correct output you can bless it by rerunning
[INFO] [stderr]       your test with the environment variable TRYBUILD=overwrite
[INFO] [stderr] 
[INFO] [stderr] 
[INFO] [stderr] 
[INFO] [stdout] test tests ... FAILED
[INFO] [stdout] 
[INFO] [stdout] failures:
[INFO] [stdout] 
[INFO] [stdout] ---- tests stdout ----
[INFO] [stdout] 
[INFO] [stdout] thread 'tests' (1092) panicked at /opt/rustwide/cargo-home/registry/src/index.crates.io-1949cf8c6b5b557f/trybuild-1.0.89/src/run.rs:101:13:
[INFO] [stdout] 24 of 114 tests failed
[INFO] [stdout] stack backtrace:
[INFO] [stdout]    0:     0x555cf4777b91 - std[70759c8f55707aa4]::backtrace_rs::backtrace::libunwind::trace
[INFO] [stdout]                                at /rustc/dfb0accb7f508ae8be965d8629557221c889dd98/library/std/src/../../backtrace/src/backtrace/libunwind.rs:117:9
[INFO] [stdout]    1:     0x555cf4777b91 - std[70759c8f55707aa4]::backtrace_rs::backtrace::trace_unsynchronized::<std[70759c8f55707aa4]::sys::backtrace::_print_fmt::{closure#1}>
[INFO] [stdout]                                at /rustc/dfb0accb7f508ae8be965d8629557221c889dd98/library/std/src/../../backtrace/src/backtrace/mod.rs:66:14
[INFO] [stdout]    2:     0x555cf4777b91 - std[70759c8f55707aa4]::sys::backtrace::_print_fmt
[INFO] [stdout]                                at /rustc/dfb0accb7f508ae8be965d8629557221c889dd98/library/std/src/sys/backtrace.rs:74:9
[INFO] [stdout]    3:     0x555cf4777b91 - <<std[70759c8f55707aa4]::sys::backtrace::BacktraceLock>::print::DisplayBacktrace as core[df12db4294e9bfd3]::fmt::Display>::fmt
[INFO] [stdout]                                at /rustc/dfb0accb7f508ae8be965d8629557221c889dd98/library/std/src/sys/backtrace.rs:44:26
[INFO] [stdout]    4:     0x555cf478d5fa - <core[df12db4294e9bfd3]::fmt::rt::Argument>::fmt
[INFO] [stdout]                                at /rustc/dfb0accb7f508ae8be965d8629557221c889dd98/library/core/src/fmt/rt.rs:152:76
[INFO] [stdout]    5:     0x555cf478d5fa - core[df12db4294e9bfd3]::fmt::write
[INFO] [stdout]    6:     0x555cf477c6dc - core[df12db4294e9bfd3]::io::write::default_write_fmt::<alloc[2182bb758b4b3781]::vec::Vec<u8>>
[INFO] [stdout]                                at /rustc/dfb0accb7f508ae8be965d8629557221c889dd98/library/core/src/io/write.rs:402:11
[INFO] [stdout]    7:     0x555cf477c6dc - <alloc[2182bb758b4b3781]::vec::Vec<u8> as core[df12db4294e9bfd3]::io::write::Write>::write_fmt
[INFO] [stdout]                                at /rustc/dfb0accb7f508ae8be965d8629557221c889dd98/library/core/src/io/write.rs:335:13
[INFO] [stdout]    8:     0x555cf4750f16 - <std[70759c8f55707aa4]::sys::backtrace::BacktraceLock>::print
[INFO] [stdout]                                at /rustc/dfb0accb7f508ae8be965d8629557221c889dd98/library/std/src/sys/backtrace.rs:47:9
[INFO] [stdout]    9:     0x555cf4750f16 - std[70759c8f55707aa4]::panicking::default_hook::{closure#0}
[INFO] [stdout]                                at /rustc/dfb0accb7f508ae8be965d8629557221c889dd98/library/std/src/panicking.rs:292:27
[INFO] [stdout]   10:     0x555cf476eae9 - std[70759c8f55707aa4]::panicking::default_hook
[INFO] [stdout]                                at /rustc/dfb0accb7f508ae8be965d8629557221c889dd98/library/std/src/panicking.rs:316:9
[INFO] [stdout]   11:     0x555cf4708c90 - <alloc[2182bb758b4b3781]::boxed::Box<dyn for<'a, 'b> core[df12db4294e9bfd3]::ops::function::Fn<(&'a std[70759c8f55707aa4]::panic::PanicHookInfo<'b>,), Output = ()> + core[df12db4294e9bfd3]::marker::Send + core[df12db4294e9bfd3]::marker::Sync> as core[df12db4294e9bfd3]::ops::function::Fn<(&std[70759c8f55707aa4]::panic::PanicHookInfo,)>>::call
[INFO] [stdout]                                at /rustc/dfb0accb7f508ae8be965d8629557221c889dd98/library/alloc/src/boxed.rs:2334:9
[INFO] [stdout]   12:     0x555cf4708c90 - test[9d35eded1c95d3be]::test_main_inner::<test[9d35eded1c95d3be]::test_main_static::{closure#0}>::{closure#0}
[INFO] [stdout]                                at /rustc/dfb0accb7f508ae8be965d8629557221c889dd98/library/test/src/lib.rs:155:21
[INFO] [stdout]   13:     0x555cf476eca2 - <alloc[2182bb758b4b3781]::boxed::Box<dyn for<'a, 'b> core[df12db4294e9bfd3]::ops::function::Fn<(&'a std[70759c8f55707aa4]::panic::PanicHookInfo<'b>,), Output = ()> + core[df12db4294e9bfd3]::marker::Send + core[df12db4294e9bfd3]::marker::Sync> as core[df12db4294e9bfd3]::ops::function::Fn<(&std[70759c8f55707aa4]::panic::PanicHookInfo,)>>::call
[INFO] [stdout]                                at /rustc/dfb0accb7f508ae8be965d8629557221c889dd98/library/alloc/src/boxed.rs:2334:9
[INFO] [stdout]   14:     0x555cf476eca2 - std[70759c8f55707aa4]::panicking::panic_with_hook
[INFO] [stdout]                                at /rustc/dfb0accb7f508ae8be965d8629557221c889dd98/library/std/src/panicking.rs:823:13
[INFO] [stdout]   15:     0x555cf4750fc2 - std[70759c8f55707aa4]::panicking::panic_handler::{closure#0}
[INFO] [stdout]                                at /rustc/dfb0accb7f508ae8be965d8629557221c889dd98/library/std/src/panicking.rs:688:13
[INFO] [stdout]   16:     0x555cf47499c9 - std[70759c8f55707aa4]::sys::backtrace::__rust_end_short_backtrace::<std[70759c8f55707aa4]::panicking::panic_handler::{closure#0}, !>
[INFO] [stdout]                                at /rustc/dfb0accb7f508ae8be965d8629557221c889dd98/library/std/src/sys/backtrace.rs:182:18
[INFO] [stdout]   17:     0x555cf4751bbd - __rustc[8fa7c3cbc660c2b3]::rust_begin_unwind
[INFO] [stdout]                                at /rustc/dfb0accb7f508ae8be965d8629557221c889dd98/library/std/src/panicking.rs:679:5
[INFO] [stdout]   18:     0x555cf478ddec - core[df12db4294e9bfd3]::panicking::panic_fmt
[INFO] [stdout]                                at /rustc/dfb0accb7f508ae8be965d8629557221c889dd98/library/core/src/panicking.rs:80:14
[INFO] [stdout]   19:     0x555cf46242b1 - <trybuild[f1ed9516507bf4a4]::Runner>::run
[INFO] [stdout]                                at /opt/rustwide/cargo-home/registry/src/index.crates.io-1949cf8c6b5b557f/trybuild-1.0.89/src/run.rs:101:13
[INFO] [stdout]   20:     0x555cf462e988 - <trybuild[f1ed9516507bf4a4]::TestCases as core[df12db4294e9bfd3]::ops::drop::Drop>::drop
[INFO] [stdout]                                at /opt/rustwide/cargo-home/registry/src/index.crates.io-1949cf8c6b5b557f/trybuild-1.0.89/src/lib.rs:317:38
[INFO] [stdout]   21:     0x555cf454c017 - core[df12db4294e9bfd3]::ptr::drop_glue::<trybuild[f1ed9516507bf4a4]::TestCases>
[INFO] [stdout]                                at /rustc/dfb0accb7f508ae8be965d8629557221c889dd98/library/core/src/ptr/mod.rs:847:1
[INFO] [stdout]   22:     0x555cf454ef3e - tests[bdf62dff9c6a364f]::tests
[INFO] [stdout]                                at /opt/rustwide/workdir/tests/progress.rs:140:1
[INFO] [stdout]   23:     0x555cf454e337 - tests[bdf62dff9c6a364f]::tests::{closure#0}
[INFO] [stdout]                                at /opt/rustwide/workdir/tests/progress.rs:5:11
[INFO] [stdout]   24:     0x555cf4550416 - <tests[bdf62dff9c6a364f]::tests::{closure#0} as core[df12db4294e9bfd3]::ops::function::FnOnce<()>>::call_once
[INFO] [stdout]                                at /rustc/dfb0accb7f508ae8be965d8629557221c889dd98/library/core/src/ops/function.rs:250:5
[INFO] [stdout]   25:     0x555cf46fbf7b - <fn() -> core[df12db4294e9bfd3]::result::Result<(), alloc[2182bb758b4b3781]::string::String> as core[df12db4294e9bfd3]::ops::function::FnOnce<()>>::call_once
[INFO] [stdout]                                at /rustc/dfb0accb7f508ae8be965d8629557221c889dd98/library/core/src/ops/function.rs:250:5
[INFO] [stdout]   26:     0x555cf46fbf7b - test[9d35eded1c95d3be]::__rust_begin_short_backtrace::<core[df12db4294e9bfd3]::result::Result<(), alloc[2182bb758b4b3781]::string::String>, fn() -> core[df12db4294e9bfd3]::result::Result<(), alloc[2182bb758b4b3781]::string::String>>
[INFO] [stdout]                                at /rustc/dfb0accb7f508ae8be965d8629557221c889dd98/library/test/src/lib.rs:733:18
[INFO] [stdout]   27:     0x555cf47095e5 - test[9d35eded1c95d3be]::run_test_in_process::{closure#0}
[INFO] [stdout]                                at /rustc/dfb0accb7f508ae8be965d8629557221c889dd98/library/test/src/lib.rs:756:74
[INFO] [stdout]   28:     0x555cf47095e5 - <core[df12db4294e9bfd3]::panic::unwind_safe::AssertUnwindSafe<test[9d35eded1c95d3be]::run_test_in_process::{closure#0}> as core[df12db4294e9bfd3]::ops::function::FnOnce<()>>::call_once
[INFO] [stdout]                                at /rustc/dfb0accb7f508ae8be965d8629557221c889dd98/library/core/src/panic/unwind_safe.rs:275:9
[INFO] [stdout]   29:     0x555cf47095e5 - std[70759c8f55707aa4]::panicking::catch_unwind::do_call::<core[df12db4294e9bfd3]::panic::unwind_safe::AssertUnwindSafe<test[9d35eded1c95d3be]::run_test_in_process::{closure#0}>, core[df12db4294e9bfd3]::result::Result<(), alloc[2182bb758b4b3781]::string::String>>
[INFO] [stdout]                                at /rustc/dfb0accb7f508ae8be965d8629557221c889dd98/library/std/src/panicking.rs:576:43
[INFO] [stdout]   30:     0x555cf47095e5 - std[70759c8f55707aa4]::panicking::catch_unwind::<core[df12db4294e9bfd3]::result::Result<(), alloc[2182bb758b4b3781]::string::String>, core[df12db4294e9bfd3]::panic::unwind_safe::AssertUnwindSafe<test[9d35eded1c95d3be]::run_test_in_process::{closure#0}>>
[INFO] [stdout]                                at /rustc/dfb0accb7f508ae8be965d8629557221c889dd98/library/std/src/panicking.rs:544:19
[INFO] [stdout]   31:     0x555cf47095e5 - std[70759c8f55707aa4]::panic::catch_unwind::<core[df12db4294e9bfd3]::panic::unwind_safe::AssertUnwindSafe<test[9d35eded1c95d3be]::run_test_in_process::{closure#0}>, core[df12db4294e9bfd3]::result::Result<(), alloc[2182bb758b4b3781]::string::String>>
[INFO] [stdout]                                at /rustc/dfb0accb7f508ae8be965d8629557221c889dd98/library/std/src/panic.rs:359:14
[INFO] [stdout]   32:     0x555cf47095e5 - test[9d35eded1c95d3be]::run_test_in_process
[INFO] [stdout]                                at /rustc/dfb0accb7f508ae8be965d8629557221c889dd98/library/test/src/lib.rs:756:27
[INFO] [stdout]   33:     0x555cf47095e5 - test[9d35eded1c95d3be]::run_test::{closure#0}
[INFO] [stdout]                                at /rustc/dfb0accb7f508ae8be965d8629557221c889dd98/library/test/src/lib.rs:677:43
[INFO] [stdout]   34:     0x555cf4702ea4 - test[9d35eded1c95d3be]::run_test::{closure#1}
[INFO] [stdout]                                at /rustc/dfb0accb7f508ae8be965d8629557221c889dd98/library/test/src/lib.rs:707:41
[INFO] [stdout]   35:     0x555cf4702ea4 - std[70759c8f55707aa4]::sys::backtrace::__rust_begin_short_backtrace::<test[9d35eded1c95d3be]::run_test::{closure#1}, ()>
[INFO] [stdout]                                at /rustc/dfb0accb7f508ae8be965d8629557221c889dd98/library/std/src/sys/backtrace.rs:166:18
[INFO] [stdout]   36:     0x555cf470c742 - std[70759c8f55707aa4]::thread::lifecycle::spawn_unchecked::<test[9d35eded1c95d3be]::run_test::{closure#1}, ()>::{closure#1}::{closure#0}
[INFO] [stdout]                                at /rustc/dfb0accb7f508ae8be965d8629557221c889dd98/library/std/src/thread/lifecycle.rs:70:13
[INFO] [stdout]   37:     0x555cf470c742 - <core[df12db4294e9bfd3]::panic::unwind_safe::AssertUnwindSafe<std[70759c8f55707aa4]::thread::lifecycle::spawn_unchecked<test[9d35eded1c95d3be]::run_test::{closure#1}, ()>::{closure#1}::{closure#0}> as core[df12db4294e9bfd3]::ops::function::FnOnce<()>>::call_once
[INFO] [stdout]                                at /rustc/dfb0accb7f508ae8be965d8629557221c889dd98/library/core/src/panic/unwind_safe.rs:275:9
[INFO] [stdout]   38:     0x555cf470c742 - std[70759c8f55707aa4]::panicking::catch_unwind::do_call::<core[df12db4294e9bfd3]::panic::unwind_safe::AssertUnwindSafe<std[70759c8f55707aa4]::thread::lifecycle::spawn_unchecked<test[9d35eded1c95d3be]::run_test::{closure#1}, ()>::{closure#1}::{closure#0}>, ()>
[INFO] [stdout]                                at /rustc/dfb0accb7f508ae8be965d8629557221c889dd98/library/std/src/panicking.rs:576:43
[INFO] [stdout]   39:     0x555cf470c742 - std[70759c8f55707aa4]::panicking::catch_unwind::<(), core[df12db4294e9bfd3]::panic::unwind_safe::AssertUnwindSafe<std[70759c8f55707aa4]::thread::lifecycle::spawn_unchecked<test[9d35eded1c95d3be]::run_test::{closure#1}, ()>::{closure#1}::{closure#0}>>
[INFO] [stdout]                                at /rustc/dfb0accb7f508ae8be965d8629557221c889dd98/library/std/src/panicking.rs:544:19
[INFO] [stdout]   40:     0x555cf470c742 - std[70759c8f55707aa4]::panic::catch_unwind::<core[df12db4294e9bfd3]::panic::unwind_safe::AssertUnwindSafe<std[70759c8f55707aa4]::thread::lifecycle::spawn_unchecked<test[9d35eded1c95d3be]::run_test::{closure#1}, ()>::{closure#1}::{closure#0}>, ()>
[INFO] [stdout]                                at /rustc/dfb0accb7f508ae8be965d8629557221c889dd98/library/std/src/panic.rs:359:14
[INFO] [stdout]   41:     0x555cf470c742 - std[70759c8f55707aa4]::thread::lifecycle::spawn_unchecked::<test[9d35eded1c95d3be]::run_test::{closure#1}, ()>::{closure#1}
[INFO] [stdout]                                at /rustc/dfb0accb7f508ae8be965d8629557221c889dd98/library/std/src/thread/lifecycle.rs:68:26
[INFO] [stdout]   42:     0x555cf470c742 - <std[70759c8f55707aa4]::thread::lifecycle::spawn_unchecked<test[9d35eded1c95d3be]::run_test::{closure#1}, ()>::{closure#1} as core[df12db4294e9bfd3]::ops::function::FnOnce<()>>::call_once::{shim:vtable#0}
[INFO] [stdout]                                at /rustc/dfb0accb7f508ae8be965d8629557221c889dd98/library/core/src/ops/function.rs:250:5
[INFO] [stdout]   43:     0x555cf4776e19 - <alloc[2182bb758b4b3781]::boxed::Box<dyn core[df12db4294e9bfd3]::ops::function::FnOnce<(), Output = ()> + core[df12db4294e9bfd3]::marker::Send> as core[df12db4294e9bfd3]::ops::function::FnOnce<()>>::call_once
[INFO] [stdout]                                at /rustc/dfb0accb7f508ae8be965d8629557221c889dd98/library/alloc/src/boxed.rs:2320:9
[INFO] [stdout]   44:     0x555cf4776e19 - <std[70759c8f55707aa4]::sys::thread::unix::Thread>::new::thread_start
[INFO] [stdout]                                at /rustc/dfb0accb7f508ae8be965d8629557221c889dd98/library/std/src/sys/thread/unix.rs:123:17
[INFO] [stdout]   45:     0x73b8d6ee4dfa - <unknown>
[INFO] [stdout]   46:     0x73b8d6f783d4 - clone
[INFO] [stdout]   47:                0x0 - <unknown>
[INFO] [stdout] 
[INFO] [stdout] 
[INFO] [stdout] failures:
[INFO] [stdout]     tests
[INFO] [stdout] 
[INFO] [stdout] test result: FAILED. 4 passed; 1 failed; 0 ignored; 0 measured; 0 filtered out; finished in 69.76s
[INFO] [stdout] 
[INFO] [stderr] error: test failed, to rerun pass `--test tests`
[INFO] running `Command { std: "docker" "inspect" "ab471e823117e1097d176461d946233b3b6d05a68697518d6e33e437034e2ec7", kill_on_drop: false }`
[INFO] running `Command { std: "docker" "rm" "-f" "ab471e823117e1097d176461d946233b3b6d05a68697518d6e33e437034e2ec7", kill_on_drop: false }`
[INFO] [stdout] ab471e823117e1097d176461d946233b3b6d05a68697518d6e33e437034e2ec7
