[INFO] fetching crate scribe-scanner 0.5.1...
[INFO] testing scribe-scanner-0.5.1 against 1.99.0-beta.8 for beta-1.100-2
[INFO] extracting crate scribe-scanner 0.5.1 into /workspace/builds/worker-3-tc1/source
[INFO] started tweaking crates.io crate scribe-scanner 0.5.1
[INFO] finished tweaking crates.io crate scribe-scanner 0.5.1
[INFO] tweaked toml for crates.io crate scribe-scanner 0.5.1 written to /workspace/builds/worker-3-tc1/source/Cargo.toml
[INFO] validating manifest of crates.io crate scribe-scanner 0.5.1 on toolchain 1.99.0-beta.8
[INFO] running `Command { std: CARGO_HOME="/workspace/cargo-home" RUSTUP_HOME="/workspace/rustup-home" "/workspace/cargo-home/bin/cargo" "+1.99.0-beta.8" "metadata" "--manifest-path" "Cargo.toml" "--no-deps", kill_on_drop: false }`
[INFO] crate crates.io crate scribe-scanner 0.5.1 already has a lockfile, it will not be regenerated
[INFO] running `Command { std: CARGO_HOME="/workspace/cargo-home" RUSTUP_HOME="/workspace/rustup-home" "/workspace/cargo-home/bin/cargo" "+1.99.0-beta.8" "fetch" "--manifest-path" "Cargo.toml", kill_on_drop: false }`
[INFO] [stderr]     Blocking waiting for file lock on package cache
[INFO] [stderr]     Updating crates.io index
[INFO] [stderr]     Blocking waiting for file lock on package cache
[INFO] [stderr]  Downloading crates ...
[INFO] [stderr]   Downloaded tree-sitter-html v0.19.0
[INFO] [stderr]   Downloaded tree_magic_mini v3.2.0
[INFO] [stderr]   Downloaded windows-result v0.4.0
[INFO] [stderr]   Downloaded wasm-bindgen-shared v0.2.101
[INFO] [stderr]   Downloaded wasi v0.14.6+wasi-0.2.4
[INFO] [stderr]   Downloaded wasm-bindgen-macro v0.2.101
[INFO] [stderr]   Downloaded windows-strings v0.5.0
[INFO] [stderr]   Downloaded string-interner v0.17.0
[INFO] [stderr]   Downloaded serde v1.0.224
[INFO] [stderr]   Downloaded tempfile v3.22.0
[INFO] [stderr]   Downloaded wasm-bindgen-macro-support v0.2.101
[INFO] [stderr]   Downloaded scribe-core v0.5.1
[INFO] [stderr]   Downloaded scribe-analysis v0.5.1
[INFO] [stderr]   Downloaded wasm-bindgen v0.2.101
[INFO] [stderr]   Downloaded wasm-bindgen-backend v0.2.101
[INFO] [stderr]   Downloaded serde_derive v1.0.224
[INFO] [stderr]   Downloaded scribe-selection v0.5.1
[INFO] [stderr]   Downloaded ignore v0.4.23
[INFO] [stderr]   Downloaded js-sys v0.3.78
[INFO] [stderr]   Downloaded windows-core v0.62.0
[INFO] [stderr]   Downloaded serde_core v1.0.224
[INFO] [stderr]   Downloaded scribe-graph v0.5.1
[INFO] [stderr]   Downloaded tree-sitter-go v0.20.0
[INFO] [stderr]   Downloaded indexmap v2.11.1
[INFO] [stderr]   Downloaded clap v4.5.47
[INFO] [stderr]   Downloaded tree-sitter v0.20.10
[INFO] [stderr]   Downloaded tree-sitter-python v0.20.4
[INFO] [stderr]   Downloaded tree-sitter-javascript v0.20.4
[INFO] [stderr]   Downloaded clap_builder v4.5.47
[INFO] [stderr]   Downloaded tree-sitter-rust v0.20.4
[INFO] [stderr]   Downloaded web-sys v0.3.78
[INFO] [stderr]   Downloaded libz-sys v1.1.22
[INFO] [stderr]   Downloaded tree-sitter-typescript v0.20.5
[INFO] [stderr]   Downloaded windows-sys v0.61.0
[INFO] [stderr]   Downloaded tiktoken-rs v0.7.0
[INFO] running `Command { std: "docker" "create" "-v" "/var/lib/crater-agent-workspace/builds/worker-3-tc1/source:/opt/rustwide/workdir:ro,Z" "-v" "/var/lib/crater-agent-workspace/builds/worker-3-tc1/target:/opt/rustwide/target:rw,Z" "-v" "/var/lib/crater-agent-workspace/cargo-home:/opt/rustwide/cargo-home:ro,Z" "-v" "/var/lib/crater-agent-workspace/rustup-home:/opt/rustwide/rustup-home:ro,Z" "-m" "1610612736" "--network" "none" "ghcr.io/rust-lang/crates-build-env/linux@sha256:3111399a4047eeb3a02b7a90e478d715f38a8c6669b5c4b49d30a17385265909" "sleep" "infinity", kill_on_drop: false }`
[INFO] [stdout] 94a5242ac813370beb009e98a620cff1be0ad560d55fba904ef5a755f46b8594
[INFO] running `Command { std: "docker" "start" "94a5242ac813370beb009e98a620cff1be0ad560d55fba904ef5a755f46b8594", kill_on_drop: false }`
[INFO] running `Command { std: "docker" "inspect" "94a5242ac813370beb009e98a620cff1be0ad560d55fba904ef5a755f46b8594", kill_on_drop: false }`
[INFO] running `Command { std: "docker" "exec" "-e" "SOURCE_DIR=/opt/rustwide/workdir" "-e" "CARGO_HOME=/opt/rustwide/cargo-home" "-e" "RUSTUP_HOME=/opt/rustwide/rustup-home" "-e" "CARGO_TARGET_DIR=/opt/rustwide/target" "-w" "/opt/rustwide/workdir" "--user" "0:0" "94a5242ac813370beb009e98a620cff1be0ad560d55fba904ef5a755f46b8594" "/opt/rustwide/cargo-home/bin/cargo" "+1.99.0-beta.8" "metadata" "--no-deps" "--format-version=1", kill_on_drop: false }`
[INFO] running `Command { std: "docker" "inspect" "94a5242ac813370beb009e98a620cff1be0ad560d55fba904ef5a755f46b8594", kill_on_drop: false }`
[INFO] running `Command { std: "docker" "exec" "-e" "SOURCE_DIR=/opt/rustwide/workdir" "-e" "CARGO_HOME=/opt/rustwide/cargo-home" "-e" "RUSTUP_HOME=/opt/rustwide/rustup-home" "-e" "CARGO_TARGET_DIR=/opt/rustwide/target" "-e" "CARGO_INCREMENTAL=0" "-e" "RUST_BACKTRACE=full" "-e" "RUSTFLAGS=--cap-lints=warn" "-e" "RUSTDOCFLAGS=--cap-lints=warn" "-w" "/opt/rustwide/workdir" "--user" "0:0" "94a5242ac813370beb009e98a620cff1be0ad560d55fba904ef5a755f46b8594" "/opt/rustwide/cargo-home/bin/cargo" "+1.99.0-beta.8" "build" "--frozen" "--message-format=json", kill_on_drop: false }`
[INFO] [stderr]    Compiling libc v0.2.175
[INFO] [stderr]    Compiling unicode-ident v1.0.19
[INFO] [stderr]    Compiling regex-syntax v0.8.6
[INFO] [stderr]    Compiling stable_deref_trait v1.2.0
[INFO] [stderr]    Compiling aho-corasick v1.1.3
[INFO] [stderr]    Compiling serde_core v1.0.224
[INFO] [stderr]    Compiling serde v1.0.224
[INFO] [stderr]    Compiling zerocopy v0.8.27
[INFO] [stderr]    Compiling proc-macro2 v1.0.101
[INFO] [stderr]    Compiling lock_api v0.4.13
[INFO] [stderr]    Compiling parking_lot_core v0.9.11
[INFO] [stderr]    Compiling writeable v0.6.1
[INFO] [stderr]    Compiling litemap v0.8.0
[INFO] [stderr]    Compiling quote v1.0.40
[INFO] [stderr]    Compiling syn v2.0.106
[INFO] [stderr]    Compiling icu_properties_data v2.0.1
[INFO] [stderr]    Compiling log v0.4.28
[INFO] [stderr]    Compiling futures-core v0.3.31
[INFO] [stderr]    Compiling jobserver v0.1.34
[INFO] [stderr]    Compiling anyhow v1.0.99
[INFO] [stderr]    Compiling cc v1.0.106
[INFO] [stderr]    Compiling icu_normalizer_data v2.0.0
[INFO] [stderr]    Compiling futures-channel v0.3.31
[INFO] [stderr]    Compiling indexmap v2.11.1
[INFO] [stderr]    Compiling nom v7.1.3
[INFO] [stderr]    Compiling regex-automata v0.4.10
[INFO] [stderr]    Compiling ahash v0.8.12
[INFO] [stderr]    Compiling hashbrown v0.14.5
[INFO] [stderr]    Compiling petgraph v0.6.5
[INFO] [stderr]    Compiling tree-sitter v0.20.10
[INFO] [stderr]    Compiling libz-sys v1.1.22
[INFO] [stderr]    Compiling openssl-sys v0.9.109
[INFO] [stderr]    Compiling tree-sitter-python v0.20.4
[INFO] [stderr]    Compiling tree-sitter-go v0.20.0
[INFO] [stderr]    Compiling tree-sitter-javascript v0.20.4
[INFO] [stderr]    Compiling tree-sitter-typescript v0.20.5
[INFO] [stderr]    Compiling libssh2-sys v0.3.1
[INFO] [stderr]    Compiling tree-sitter-rust v0.20.4
[INFO] [stderr]    Compiling tree-sitter-html v0.19.0
[INFO] [stderr]    Compiling parking_lot v0.12.4
[INFO] [stderr]    Compiling signal-hook-registry v1.4.6
[INFO] [stderr]    Compiling socket2 v0.6.0
[INFO] [stderr]    Compiling mio v1.0.4
[INFO] [stderr]    Compiling num-traits v0.2.19
[INFO] [stderr]    Compiling serde_json v1.0.145
[INFO] [stderr]    Compiling tree_magic_mini v3.2.0
[INFO] [stderr]    Compiling synstructure v0.13.2
[INFO] [stderr]    Compiling regex v1.11.2
[INFO] [stderr]    Compiling bstr v1.12.0
[INFO] [stderr]    Compiling fancy-regex v0.13.0
[INFO] [stderr]    Compiling globset v0.4.16
[INFO] [stderr]    Compiling tiktoken-rs v0.7.0
[INFO] [stderr]    Compiling dashmap v5.5.3
[INFO] [stderr]    Compiling zerofrom-derive v0.1.6
[INFO] [stderr]    Compiling yoke-derive v0.8.0
[INFO] [stderr]    Compiling zerovec-derive v0.11.1
[INFO] [stderr]    Compiling displaydoc v0.2.5
[INFO] [stderr]    Compiling serde_derive v1.0.224
[INFO] [stderr]    Compiling futures-macro v0.3.31
[INFO] [stderr]    Compiling tokio-macros v2.5.0
[INFO] [stderr]    Compiling zerofrom v0.1.6
[INFO] [stderr]    Compiling thiserror-impl v1.0.69
[INFO] [stderr]    Compiling yoke v0.8.0
[INFO] [stderr]    Compiling zerovec v0.11.4
[INFO] [stderr]    Compiling zerotrie v0.2.2
[INFO] [stderr]    Compiling tokio v1.47.1
[INFO] [stderr]    Compiling futures-util v0.3.31
[INFO] [stderr]    Compiling ignore v0.4.23
[INFO] [stderr]    Compiling thiserror v1.0.69
[INFO] [stderr]    Compiling async-trait v0.1.89
[INFO] [stderr]    Compiling tinystr v0.8.1
[INFO] [stderr]    Compiling icu_locale_core v2.0.0
[INFO] [stderr]    Compiling potential_utf v0.1.3
[INFO] [stderr]    Compiling icu_collections v2.0.0
[INFO] [stderr]    Compiling icu_provider v2.0.0
[INFO] [stderr]    Compiling icu_normalizer v2.0.0
[INFO] [stderr]    Compiling icu_properties v2.0.1
[INFO] [stderr]    Compiling libgit2-sys v0.16.2+1.7.2
[INFO] [stderr]    Compiling openssl-probe v0.1.6
[INFO] [stderr]    Compiling bitflags v2.9.4
[INFO] [stderr]    Compiling idna_adapter v1.2.1
[INFO] [stderr]    Compiling idna v1.1.0
[INFO] [stderr]    Compiling chrono v0.4.42
[INFO] [stderr]    Compiling futures-executor v0.3.31
[INFO] [stderr]    Compiling string-interner v0.17.0
[INFO] [stderr]    Compiling bincode v1.3.3
[INFO] [stderr]    Compiling futures v0.3.31
[INFO] [stderr]    Compiling url v2.5.7
[INFO] [stderr]    Compiling num_cpus v1.17.0
[INFO] [stderr]    Compiling scribe-core v0.5.1
[INFO] [stderr]    Compiling scribe-analysis v0.5.1
[INFO] [stderr]    Compiling scribe-graph v0.5.1
[INFO] [stderr]    Compiling git2 v0.18.3
[INFO] [stderr]    Compiling scribe-selection v0.5.1
[INFO] [stderr]    Compiling scribe-scanner v0.5.1 (/opt/rustwide/workdir)
[INFO] [stdout] warning: unused import: `GitStatus`
[INFO] [stdout]   --> src/git_integration.rs:10:34
[INFO] [stdout]    |
[INFO] [stdout] 10 | use scribe_core::{GitFileStatus, GitStatus, Result, ScribeError};
[INFO] [stdout]    |                                  ^^^^^^^^^
[INFO] [stdout]    |
[INFO] [stdout]    = note: `#[warn(unused_imports)]` (part of `#[warn(unused)]`) on by default
[INFO] [stdout] 
[INFO] [stdout] 
[INFO] [stdout] warning: unused import: `regex::Regex`
[INFO] [stdout]   --> src/language_detection.rs:11:5
[INFO] [stdout]    |
[INFO] [stdout] 11 | use regex::Regex;
[INFO] [stdout]    |     ^^^^^^^^^^^^
[INFO] [stdout] 
[INFO] [stdout] 
[INFO] [stdout] warning: unused imports: `DirEntry as IgnoreDirEntry` and `WalkState`
[INFO] [stdout]   --> src/scanner.rs:17:14
[INFO] [stdout]    |
[INFO] [stdout] 17 | use ignore::{DirEntry as IgnoreDirEntry, WalkBuilder, WalkState};
[INFO] [stdout]    |              ^^^^^^^^^^^^^^^^^^^^^^^^^^               ^^^^^^^^^
[INFO] [stdout] 
[INFO] [stdout] 
[INFO] [stdout] warning: unused imports: `DirEntry` and `WalkDir`
[INFO] [stdout]   --> src/scanner.rs:20:15
[INFO] [stdout]    |
[INFO] [stdout] 20 | use walkdir::{DirEntry, WalkDir};
[INFO] [stdout]    |               ^^^^^^^^  ^^^^^^^
[INFO] [stdout] 
[INFO] [stdout] 
[INFO] [stdout] warning: unused import: `memchr::memmem`
[INFO] [stdout]  --> src/filtering.rs:8:5
[INFO] [stdout]   |
[INFO] [stdout] 8 | use memchr::memmem;
[INFO] [stdout]   |     ^^^^^^^^^^^^^^
[INFO] [stdout] 
[INFO] [stdout] 
[INFO] [stdout] warning: unused import: `std::collections::HashSet`
[INFO] [stdout]   --> src/filtering.rs:11:5
[INFO] [stdout]    |
[INFO] [stdout] 11 | use std::collections::HashSet;
[INFO] [stdout]    |     ^^^^^^^^^^^^^^^^^^^^^^^^^
[INFO] [stdout] 
[INFO] [stdout] 
[INFO] [stdout] warning: unused import: `PathBuf`
[INFO] [stdout]   --> src/filtering.rs:12:23
[INFO] [stdout]    |
[INFO] [stdout] 12 | use std::path::{Path, PathBuf};
[INFO] [stdout]    |                       ^^^^^^^
[INFO] [stdout] 
[INFO] [stdout] 
[INFO] [stdout] warning: unused import: `futures::future::try_join_all`
[INFO] [stdout]  --> src/parallel.rs:7:5
[INFO] [stdout]   |
[INFO] [stdout] 7 | use futures::future::try_join_all;
[INFO] [stdout]   |     ^^^^^^^^^^^^^^^^^^^^^^^^^^^^^
[INFO] [stdout] 
[INFO] [stdout] 
[INFO] [stdout] warning: unused import: `self`
[INFO] [stdout]  --> src/parallel.rs:8:23
[INFO] [stdout]   |
[INFO] [stdout] 8 | use futures::stream::{self, FuturesUnordered, StreamExt};
[INFO] [stdout]   |                       ^^^^
[INFO] [stdout] 
[INFO] [stdout] 
[INFO] [stdout] warning: unused import: `fxhash::FxHashMap`
[INFO] [stdout]  --> src/parallel.rs:9:5
[INFO] [stdout]   |
[INFO] [stdout] 9 | use fxhash::FxHashMap;
[INFO] [stdout]   |     ^^^^^^^^^^^^^^^^^
[INFO] [stdout] 
[INFO] [stdout] 
[INFO] [stdout] warning: unused imports: `PathBuf` and `Path`
[INFO] [stdout]   --> src/parallel.rs:11:17
[INFO] [stdout]    |
[INFO] [stdout] 11 | use std::path::{Path, PathBuf};
[INFO] [stdout]    |                 ^^^^  ^^^^^^^
[INFO] [stdout] 
[INFO] [stdout] 
[INFO] [stdout] warning: unused import: `SystemTime`
[INFO] [stdout]   --> src/parallel.rs:14:36
[INFO] [stdout]    |
[INFO] [stdout] 14 | use std::time::{Duration, Instant, SystemTime};
[INFO] [stdout]    |                                    ^^^^^^^^^^
[INFO] [stdout] 
[INFO] [stdout] 
[INFO] [stdout] warning: unused import: `mpsc`
[INFO] [stdout]   --> src/parallel.rs:15:19
[INFO] [stdout]    |
[INFO] [stdout] 15 | use tokio::sync::{mpsc, RwLock, Semaphore};
[INFO] [stdout]    |                   ^^^^
[INFO] [stdout] 
[INFO] [stdout] 
[INFO] [stdout] warning: unused import: `tokio::task::JoinHandle`
[INFO] [stdout]   --> src/parallel.rs:16:5
[INFO] [stdout]    |
[INFO] [stdout] 16 | use tokio::task::JoinHandle;
[INFO] [stdout]    |     ^^^^^^^^^^^^^^^^^^^^^^^
[INFO] [stdout] 
[INFO] [stdout] 
[INFO] [stdout] warning: variable does not need to be mutable
[INFO] [stdout]    --> src/git_integration.rs:245:13
[INFO] [stdout]     |
[INFO] [stdout] 245 |         let mut status_map: HashMap<String, Vec<char>> = HashMap::new();
[INFO] [stdout]     |             ----^^^^^^^^^^
[INFO] [stdout]     |             |
[INFO] [stdout]     |             help: remove this `mut`
[INFO] [stdout]     |
[INFO] [stdout]     = note: `#[warn(unused_mut)]` (part of `#[warn(unused)]`) on by default
[INFO] [stdout] 
[INFO] [stdout] 
[INFO] [stdout] warning: variable does not need to be mutable
[INFO] [stdout]    --> src/parallel.rs:233:13
[INFO] [stdout]     |
[INFO] [stdout] 233 |         let mut futures = FuturesUnordered::new();
[INFO] [stdout]     |             ----^^^^^^^
[INFO] [stdout]     |             |
[INFO] [stdout]     |             help: remove this `mut`
[INFO] [stdout] 
[INFO] [stdout] 
[INFO] [stdout] warning: unused import: `rayon::prelude`
[INFO] [stdout]   --> src/scanner.rs:18:5
[INFO] [stdout]    |
[INFO] [stdout] 18 | use rayon::prelude::*;
[INFO] [stdout]    |     ^^^^^^^^^^^^^^
[INFO] [stdout] 
[INFO] [stdout] 
[INFO] [stdout] warning: unused variable: `status_map`
[INFO] [stdout]    --> src/git_integration.rs:245:13
[INFO] [stdout]     |
[INFO] [stdout] 245 |         let mut status_map: HashMap<String, Vec<char>> = HashMap::new();
[INFO] [stdout]     |             ^^^^^^^^^^^^^^ help: if this is intentional, prefix it with an underscore: `_status_map`
[INFO] [stdout]     |
[INFO] [stdout]     = note: `#[warn(unused_variables)]` (part of `#[warn(unused)]`) on by default
[INFO] [stdout] 
[INFO] [stdout] 
[INFO] [stdout] warning: unused variable: `config`
[INFO] [stdout]     --> src/git_integration.rs:1067:42
[INFO] [stdout]      |
[INFO] [stdout] 1067 |     async fn extract_staged_diffs(&self, config: &DiffAnalysisConfig) -> Result<Vec<GitDiffEntry>> {
[INFO] [stdout]      |                                          ^^^^^^ help: if this is intentional, prefix it with an underscore: `_config`
[INFO] [stdout] 
[INFO] [stdout] 
[INFO] [stdout] warning: unused variable: `source`
[INFO] [stdout]     --> src/git_integration.rs:1435:9
[INFO] [stdout]      |
[INFO] [stdout] 1435 |         source: &DiffSource,
[INFO] [stdout]      |         ^^^^^^ help: if this is intentional, prefix it with an underscore: `_source`
[INFO] [stdout] 
[INFO] [stdout] 
[INFO] [stdout] warning: unused variable: `config`
[INFO] [stdout]     --> src/git_integration.rs:1088:9
[INFO] [stdout]      |
[INFO] [stdout] 1088 |         config: &DiffAnalysisConfig,
[INFO] [stdout]      |         ^^^^^^ help: if this is intentional, prefix it with an underscore: `_config`
[INFO] [stdout] 
[INFO] [stdout] 
[INFO] [stdout] warning: unused variable: `config`
[INFO] [stdout]     --> src/git_integration.rs:1111:9
[INFO] [stdout]      |
[INFO] [stdout] 1111 |         config: &DiffAnalysisConfig,
[INFO] [stdout]      |         ^^^^^^ help: if this is intentional, prefix it with an underscore: `_config`
[INFO] [stdout] 
[INFO] [stdout] 
[INFO] [stdout] warning: unused variable: `config`
[INFO] [stdout]     --> src/git_integration.rs:1162:9
[INFO] [stdout]      |
[INFO] [stdout] 1162 |         config: &DiffAnalysisConfig,
[INFO] [stdout]      |         ^^^^^^ help: if this is intentional, prefix it with an underscore: `_config`
[INFO] [stdout] 
[INFO] [stdout] 
[INFO] [stdout] warning: variable does not need to be mutable
[INFO] [stdout]     --> src/language_detection.rs:1111:13
[INFO] [stdout]      |
[INFO] [stdout] 1111 |         let mut methods_used: Vec<DetectionMethod> = Vec::new();
[INFO] [stdout]      |             ----^^^^^^^^^^^^
[INFO] [stdout]      |             |
[INFO] [stdout]      |             help: remove this `mut`
[INFO] [stdout] 
[INFO] [stdout] 
[INFO] [stdout] warning: unused variable: `methods_used`
[INFO] [stdout]     --> src/language_detection.rs:1111:13
[INFO] [stdout]      |
[INFO] [stdout] 1111 |         let mut methods_used: Vec<DetectionMethod> = Vec::new();
[INFO] [stdout]      |             ^^^^^^^^^^^^^^^^ help: if this is intentional, prefix it with an underscore: `_methods_used`
[INFO] [stdout] 
[INFO] [stdout] 
[INFO] [stdout] warning: variable does not need to be mutable
[INFO] [stdout]    --> src/metadata.rs:430:13
[INFO] [stdout]     |
[INFO] [stdout] 430 |         let mut extractor = MetadataExtractor::new();
[INFO] [stdout]     |             ----^^^^^^^^^
[INFO] [stdout]     |             |
[INFO] [stdout]     |             help: remove this `mut`
[INFO] [stdout] 
[INFO] [stdout] 
[INFO] [stdout] warning: unused variable: `file_id`
[INFO] [stdout]    --> src/aho_corasick_reference_index.rs:352:39
[INFO] [stdout]     |
[INFO] [stdout] 352 |     pub fn get_reference_count(&self, file_id: usize) -> usize {
[INFO] [stdout]     |                                       ^^^^^^^ help: if this is intentional, prefix it with an underscore: `_file_id`
[INFO] [stdout] 
[INFO] [stdout] 
[INFO] [stdout] warning: fields `metadata_extractor` and `language_detector` are never read
[INFO] [stdout]   --> src/lib.rs:68:5
[INFO] [stdout]    |
[INFO] [stdout] 66 | pub struct FileScanner {
[INFO] [stdout]    |            ----------- fields in this struct
[INFO] [stdout] 67 |     scanner: Scanner,
[INFO] [stdout] 68 |     metadata_extractor: MetadataExtractor,
[INFO] [stdout]    |     ^^^^^^^^^^^^^^^^^^
[INFO] [stdout] 69 |     git_integrator: Option<GitIntegrator>,
[INFO] [stdout] 70 |     language_detector: LanguageDetector,
[INFO] [stdout]    |     ^^^^^^^^^^^^^^^^^
[INFO] [stdout]    |
[INFO] [stdout]    = note: `#[warn(dead_code)]` (part of `#[warn(unused)]`) on by default
[INFO] [stdout] 
[INFO] [stdout] 
[INFO] [stdout] warning: fields `language` and `keywords` are never read
[INFO] [stdout]    --> src/language_detection.rs:141:5
[INFO] [stdout]     |
[INFO] [stdout] 140 | struct SyntaxAnalyzer {
[INFO] [stdout]     |        -------------- fields in this struct
[INFO] [stdout] 141 |     language: Language,
[INFO] [stdout]     |     ^^^^^^^^
[INFO] [stdout] 142 |     keywords: Vec<String>,
[INFO] [stdout]     |     ^^^^^^^^
[INFO] [stdout]     |
[INFO] [stdout]     = note: `SyntaxAnalyzer` has derived impls for the traits `Clone` and `Debug`, but these are intentionally ignored during dead code analysis
[INFO] [stdout] 
[INFO] [stdout] 
[INFO] [stdout] warning: method `analyze_content_signatures` is never used
[INFO] [stdout]    --> src/language_detection.rs:915:8
[INFO] [stdout]     |
[INFO] [stdout] 188 | impl LanguageDetector {
[INFO] [stdout]     | --------------------- method in this implementation
[INFO] [stdout] ...
[INFO] [stdout] 915 |     fn analyze_content_signatures(&self, content: &str) -> Vec<(Language, f32)> {
[INFO] [stdout]     |        ^^^^^^^^^^^^^^^^^^^^^^^^^^
[INFO] [stdout] 
[INFO] [stdout] 
[INFO] [stdout] warning: field `semaphore` is never read
[INFO] [stdout]   --> src/scanner.rs:26:5
[INFO] [stdout]    |
[INFO] [stdout] 24 | pub struct Scanner {
[INFO] [stdout]    |            ------- field in this struct
[INFO] [stdout] 25 |     stats: Arc<ScannerStats>,
[INFO] [stdout] 26 |     semaphore: Arc<Semaphore>,
[INFO] [stdout]    |     ^^^^^^^^^
[INFO] [stdout]    |
[INFO] [stdout]    = note: `Scanner` has a derived impl for the trait `Debug`, but this is intentionally ignored during dead code analysis
[INFO] [stdout] 
[INFO] [stdout] 
[INFO] [stdout] warning: field `io_stats` is never read
[INFO] [stdout]    --> src/performance.rs:125:5
[INFO] [stdout]     |
[INFO] [stdout] 119 | struct SystemResourceTracker {
[INFO] [stdout]     |        --------------------- field in this struct
[INFO] [stdout] ...
[INFO] [stdout] 125 |     io_stats: IoStats,
[INFO] [stdout]     |     ^^^^^^^^
[INFO] [stdout]     |
[INFO] [stdout]     = note: `SystemResourceTracker` has a derived impl for the trait `Debug`, but this is intentionally ignored during dead code analysis
[INFO] [stdout] 
[INFO] [stdout] 
[INFO] [stdout] warning: field `timestamp` is never read
[INFO] [stdout]    --> src/performance.rs:133:5
[INFO] [stdout]     |
[INFO] [stdout] 132 | struct CpuSample {
[INFO] [stdout]     |        --------- field in this struct
[INFO] [stdout] 133 |     timestamp: Instant,
[INFO] [stdout]     |     ^^^^^^^^^
[INFO] [stdout]     |
[INFO] [stdout]     = note: `CpuSample` has derived impls for the traits `Clone` and `Debug`, but these are intentionally ignored during dead code analysis
[INFO] [stdout] 
[INFO] [stdout] 
[INFO] [stdout] warning: fields `timestamp`, `rss_bytes`, `vms_bytes`, `heap_bytes`, and `available_bytes` are never read
[INFO] [stdout]    --> src/performance.rs:142:5
[INFO] [stdout]     |
[INFO] [stdout] 141 | struct MemorySample {
[INFO] [stdout]     |        ------------ fields in this struct
[INFO] [stdout] 142 |     timestamp: Instant,
[INFO] [stdout]     |     ^^^^^^^^^
[INFO] [stdout] 143 |     rss_bytes: u64,       // Resident Set Size
[INFO] [stdout]     |     ^^^^^^^^^
[INFO] [stdout] 144 |     vms_bytes: u64,       // Virtual Memory Size
[INFO] [stdout]     |     ^^^^^^^^^
[INFO] [stdout] 145 |     heap_bytes: u64,      // Heap usage
[INFO] [stdout]     |     ^^^^^^^^^^
[INFO] [stdout] 146 |     available_bytes: u64, // Available system memory
[INFO] [stdout]     |     ^^^^^^^^^^^^^^^
[INFO] [stdout]     |
[INFO] [stdout]     = note: `MemorySample` has derived impls for the traits `Clone` and `Debug`, but these are intentionally ignored during dead code analysis
[INFO] [stdout] 
[INFO] [stdout] 
[INFO] [stdout] warning: fields `reads_completed`, `writes_completed`, `bytes_read`, `bytes_written`, `read_time_ms`, and `write_time_ms` are never read
[INFO] [stdout]    --> src/performance.rs:152:9
[INFO] [stdout]     |
[INFO] [stdout] 151 | struct IoStats {
[INFO] [stdout]     |        ------- fields in this struct
[INFO] [stdout] 152 |     pub reads_completed: u64,
[INFO] [stdout]     |         ^^^^^^^^^^^^^^^
[INFO] [stdout] 153 |     pub writes_completed: u64,
[INFO] [stdout]     |         ^^^^^^^^^^^^^^^^
[INFO] [stdout] 154 |     pub bytes_read: u64,
[INFO] [stdout]     |         ^^^^^^^^^^
[INFO] [stdout] 155 |     pub bytes_written: u64,
[INFO] [stdout]     |         ^^^^^^^^^^^^^
[INFO] [stdout] 156 |     pub read_time_ms: u64,
[INFO] [stdout]     |         ^^^^^^^^^^^^
[INFO] [stdout] 157 |     pub write_time_ms: u64,
[INFO] [stdout]     |         ^^^^^^^^^^^^^
[INFO] [stdout]     |
[INFO] [stdout]     = note: `IoStats` has a derived impl for the trait `Debug`, but this is intentionally ignored during dead code analysis
[INFO] [stdout] 
[INFO] [stdout] 
[INFO] [stderr]     Finished `dev` profile [unoptimized + debuginfo] target(s) in 2m 27s
[INFO] running `Command { std: "docker" "inspect" "94a5242ac813370beb009e98a620cff1be0ad560d55fba904ef5a755f46b8594", kill_on_drop: false }`
[INFO] running `Command { std: "docker" "exec" "-e" "SOURCE_DIR=/opt/rustwide/workdir" "-e" "CARGO_HOME=/opt/rustwide/cargo-home" "-e" "RUSTUP_HOME=/opt/rustwide/rustup-home" "-e" "CARGO_TARGET_DIR=/opt/rustwide/target" "-e" "CARGO_INCREMENTAL=0" "-e" "RUST_BACKTRACE=full" "-e" "RUSTFLAGS=--cap-lints=warn" "-e" "RUSTDOCFLAGS=--cap-lints=warn" "-w" "/opt/rustwide/workdir" "--user" "0:0" "94a5242ac813370beb009e98a620cff1be0ad560d55fba904ef5a755f46b8594" "/opt/rustwide/cargo-home/bin/cargo" "+1.99.0-beta.8" "test" "--frozen" "--no-run" "--message-format=json", kill_on_drop: false }`
[INFO] [stderr]    Compiling num-traits v0.2.19
[INFO] [stderr]    Compiling bitflags v2.9.4
[INFO] [stderr]    Compiling scribe-analysis v0.5.1
[INFO] [stderr]    Compiling half v2.6.0
[INFO] [stderr]    Compiling anstyle v1.0.11
[INFO] [stderr]    Compiling rustix v1.1.2
[INFO] [stderr]    Compiling clap_lex v0.7.5
[INFO] [stderr]    Compiling getrandom v0.3.3
[INFO] [stderr]    Compiling clap_builder v4.5.47
[INFO] [stderr]    Compiling git2 v0.18.3
[INFO] [stderr]    Compiling tinytemplate v1.2.1
[INFO] [stderr]    Compiling is-terminal v0.4.16
[INFO] [stderr]    Compiling ciborium-ll v0.2.2
[INFO] [stderr]    Compiling ciborium v0.2.2
[INFO] [stderr]    Compiling chrono v0.4.42
[INFO] [stderr]    Compiling plotters v0.3.7
[INFO] [stderr]    Compiling clap v4.5.47
[INFO] [stderr]    Compiling criterion v0.5.1
[INFO] [stderr]    Compiling tempfile v3.22.0
[INFO] [stderr]    Compiling scribe-graph v0.5.1
[INFO] [stderr]    Compiling scribe-selection v0.5.1
[INFO] [stderr]    Compiling scribe-scanner v0.5.1 (/opt/rustwide/workdir)
[INFO] [stdout] warning: unused import: `GitStatus`
[INFO] [stdout]   --> src/git_integration.rs:10:34
[INFO] [stdout]    |
[INFO] [stdout] 10 | use scribe_core::{GitFileStatus, GitStatus, Result, ScribeError};
[INFO] [stdout]    |                                  ^^^^^^^^^
[INFO] [stdout]    |
[INFO] [stdout]    = note: `#[warn(unused_imports)]` (part of `#[warn(unused)]`) on by default
[INFO] [stdout] 
[INFO] [stdout] 
[INFO] [stdout] warning: unused import: `regex::Regex`
[INFO] [stdout]   --> src/language_detection.rs:11:5
[INFO] [stdout]    |
[INFO] [stdout] 11 | use regex::Regex;
[INFO] [stdout]    |     ^^^^^^^^^^^^
[INFO] [stdout] 
[INFO] [stdout] 
[INFO] [stdout] warning: unused imports: `DirEntry as IgnoreDirEntry` and `WalkState`
[INFO] [stdout]   --> src/scanner.rs:17:14
[INFO] [stdout]    |
[INFO] [stdout] 17 | use ignore::{DirEntry as IgnoreDirEntry, WalkBuilder, WalkState};
[INFO] [stdout]    |              ^^^^^^^^^^^^^^^^^^^^^^^^^^               ^^^^^^^^^
[INFO] [stdout] 
[INFO] [stdout] 
[INFO] [stdout] warning: unused imports: `DirEntry` and `WalkDir`
[INFO] [stdout]   --> src/scanner.rs:20:15
[INFO] [stdout]    |
[INFO] [stdout] 20 | use walkdir::{DirEntry, WalkDir};
[INFO] [stdout]    |               ^^^^^^^^  ^^^^^^^
[INFO] [stdout] 
[INFO] [stdout] 
[INFO] [stdout] warning: unused import: `memchr::memmem`
[INFO] [stdout]  --> src/filtering.rs:8:5
[INFO] [stdout]   |
[INFO] [stdout] 8 | use memchr::memmem;
[INFO] [stdout]   |     ^^^^^^^^^^^^^^
[INFO] [stdout] 
[INFO] [stdout] 
[INFO] [stdout] warning: unused import: `std::collections::HashSet`
[INFO] [stdout]   --> src/filtering.rs:11:5
[INFO] [stdout]    |
[INFO] [stdout] 11 | use std::collections::HashSet;
[INFO] [stdout]    |     ^^^^^^^^^^^^^^^^^^^^^^^^^
[INFO] [stdout] 
[INFO] [stdout] 
[INFO] [stdout] warning: unused import: `PathBuf`
[INFO] [stdout]   --> src/filtering.rs:12:23
[INFO] [stdout]    |
[INFO] [stdout] 12 | use std::path::{Path, PathBuf};
[INFO] [stdout]    |                       ^^^^^^^
[INFO] [stdout] 
[INFO] [stdout] 
[INFO] [stdout] warning: unused import: `futures::future::try_join_all`
[INFO] [stdout]  --> src/parallel.rs:7:5
[INFO] [stdout]   |
[INFO] [stdout] 7 | use futures::future::try_join_all;
[INFO] [stdout]   |     ^^^^^^^^^^^^^^^^^^^^^^^^^^^^^
[INFO] [stdout] 
[INFO] [stdout] 
[INFO] [stdout] warning: unused import: `self`
[INFO] [stdout]  --> src/parallel.rs:8:23
[INFO] [stdout]   |
[INFO] [stdout] 8 | use futures::stream::{self, FuturesUnordered, StreamExt};
[INFO] [stdout]   |                       ^^^^
[INFO] [stdout] 
[INFO] [stdout] 
[INFO] [stdout] warning: unused import: `fxhash::FxHashMap`
[INFO] [stdout]  --> src/parallel.rs:9:5
[INFO] [stdout]   |
[INFO] [stdout] 9 | use fxhash::FxHashMap;
[INFO] [stdout]   |     ^^^^^^^^^^^^^^^^^
[INFO] [stdout] 
[INFO] [stdout] 
[INFO] [stdout] warning: unused imports: `PathBuf` and `Path`
[INFO] [stdout]   --> src/parallel.rs:11:17
[INFO] [stdout]    |
[INFO] [stdout] 11 | use std::path::{Path, PathBuf};
[INFO] [stdout]    |                 ^^^^  ^^^^^^^
[INFO] [stdout] 
[INFO] [stdout] 
[INFO] [stdout] warning: unused import: `SystemTime`
[INFO] [stdout]   --> src/parallel.rs:14:36
[INFO] [stdout]    |
[INFO] [stdout] 14 | use std::time::{Duration, Instant, SystemTime};
[INFO] [stdout]    |                                    ^^^^^^^^^^
[INFO] [stdout] 
[INFO] [stdout] 
[INFO] [stdout] warning: unused import: `mpsc`
[INFO] [stdout]   --> src/parallel.rs:15:19
[INFO] [stdout]    |
[INFO] [stdout] 15 | use tokio::sync::{mpsc, RwLock, Semaphore};
[INFO] [stdout]    |                   ^^^^
[INFO] [stdout] 
[INFO] [stdout] 
[INFO] [stdout] warning: unused import: `tokio::task::JoinHandle`
[INFO] [stdout]   --> src/parallel.rs:16:5
[INFO] [stdout]    |
[INFO] [stdout] 16 | use tokio::task::JoinHandle;
[INFO] [stdout]    |     ^^^^^^^^^^^^^^^^^^^^^^^
[INFO] [stdout] 
[INFO] [stdout] 
[INFO] [stdout] warning: variable does not need to be mutable
[INFO] [stdout]    --> src/git_integration.rs:245:13
[INFO] [stdout]     |
[INFO] [stdout] 245 |         let mut status_map: HashMap<String, Vec<char>> = HashMap::new();
[INFO] [stdout]     |             ----^^^^^^^^^^
[INFO] [stdout]     |             |
[INFO] [stdout]     |             help: remove this `mut`
[INFO] [stdout]     |
[INFO] [stdout]     = note: `#[warn(unused_mut)]` (part of `#[warn(unused)]`) on by default
[INFO] [stdout] 
[INFO] [stdout] 
[INFO] [stdout] warning: variable does not need to be mutable
[INFO] [stdout]    --> src/parallel.rs:233:13
[INFO] [stdout]     |
[INFO] [stdout] 233 |         let mut futures = FuturesUnordered::new();
[INFO] [stdout]     |             ----^^^^^^^
[INFO] [stdout]     |             |
[INFO] [stdout]     |             help: remove this `mut`
[INFO] [stdout] 
[INFO] [stdout] 
[INFO] [stdout] warning: unused import: `rayon::prelude`
[INFO] [stdout]   --> src/scanner.rs:18:5
[INFO] [stdout]    |
[INFO] [stdout] 18 | use rayon::prelude::*;
[INFO] [stdout]    |     ^^^^^^^^^^^^^^
[INFO] [stdout] 
[INFO] [stdout] 
[INFO] [stdout] warning: unused variable: `status_map`
[INFO] [stdout]    --> src/git_integration.rs:245:13
[INFO] [stdout]     |
[INFO] [stdout] 245 |         let mut status_map: HashMap<String, Vec<char>> = HashMap::new();
[INFO] [stdout]     |             ^^^^^^^^^^^^^^ help: if this is intentional, prefix it with an underscore: `_status_map`
[INFO] [stdout]     |
[INFO] [stdout]     = note: `#[warn(unused_variables)]` (part of `#[warn(unused)]`) on by default
[INFO] [stdout] 
[INFO] [stdout] 
[INFO] [stdout] warning: unused variable: `config`
[INFO] [stdout]     --> src/git_integration.rs:1067:42
[INFO] [stdout]      |
[INFO] [stdout] 1067 |     async fn extract_staged_diffs(&self, config: &DiffAnalysisConfig) -> Result<Vec<GitDiffEntry>> {
[INFO] [stdout]      |                                          ^^^^^^ help: if this is intentional, prefix it with an underscore: `_config`
[INFO] [stdout] 
[INFO] [stdout] 
[INFO] [stdout] warning: unused variable: `source`
[INFO] [stdout]     --> src/git_integration.rs:1435:9
[INFO] [stdout]      |
[INFO] [stdout] 1435 |         source: &DiffSource,
[INFO] [stdout]      |         ^^^^^^ help: if this is intentional, prefix it with an underscore: `_source`
[INFO] [stdout] 
[INFO] [stdout] 
[INFO] [stdout] warning: unused variable: `config`
[INFO] [stdout]     --> src/git_integration.rs:1088:9
[INFO] [stdout]      |
[INFO] [stdout] 1088 |         config: &DiffAnalysisConfig,
[INFO] [stdout]      |         ^^^^^^ help: if this is intentional, prefix it with an underscore: `_config`
[INFO] [stdout] 
[INFO] [stdout] 
[INFO] [stdout] warning: unused variable: `config`
[INFO] [stdout]     --> src/git_integration.rs:1111:9
[INFO] [stdout]      |
[INFO] [stdout] 1111 |         config: &DiffAnalysisConfig,
[INFO] [stdout]      |         ^^^^^^ help: if this is intentional, prefix it with an underscore: `_config`
[INFO] [stdout] 
[INFO] [stdout] 
[INFO] [stdout] warning: unused variable: `config`
[INFO] [stdout]     --> src/git_integration.rs:1162:9
[INFO] [stdout]      |
[INFO] [stdout] 1162 |         config: &DiffAnalysisConfig,
[INFO] [stdout]      |         ^^^^^^ help: if this is intentional, prefix it with an underscore: `_config`
[INFO] [stdout] 
[INFO] [stdout] 
[INFO] [stdout] warning: variable does not need to be mutable
[INFO] [stdout]     --> src/language_detection.rs:1111:13
[INFO] [stdout]      |
[INFO] [stdout] 1111 |         let mut methods_used: Vec<DetectionMethod> = Vec::new();
[INFO] [stdout]      |             ----^^^^^^^^^^^^
[INFO] [stdout]      |             |
[INFO] [stdout]      |             help: remove this `mut`
[INFO] [stdout] 
[INFO] [stdout] 
[INFO] [stdout] warning: unused variable: `methods_used`
[INFO] [stdout]     --> src/language_detection.rs:1111:13
[INFO] [stdout]      |
[INFO] [stdout] 1111 |         let mut methods_used: Vec<DetectionMethod> = Vec::new();
[INFO] [stdout]      |             ^^^^^^^^^^^^^^^^ help: if this is intentional, prefix it with an underscore: `_methods_used`
[INFO] [stdout] 
[INFO] [stdout] 
[INFO] [stdout] warning: variable does not need to be mutable
[INFO] [stdout]    --> src/metadata.rs:430:13
[INFO] [stdout]     |
[INFO] [stdout] 430 |         let mut extractor = MetadataExtractor::new();
[INFO] [stdout]     |             ----^^^^^^^^^
[INFO] [stdout]     |             |
[INFO] [stdout]     |             help: remove this `mut`
[INFO] [stdout] 
[INFO] [stdout] 
[INFO] [stdout] warning: unused variable: `file_id`
[INFO] [stdout]    --> src/aho_corasick_reference_index.rs:352:39
[INFO] [stdout]     |
[INFO] [stdout] 352 |     pub fn get_reference_count(&self, file_id: usize) -> usize {
[INFO] [stdout]     |                                       ^^^^^^^ help: if this is intentional, prefix it with an underscore: `_file_id`
[INFO] [stdout] 
[INFO] [stdout] 
[INFO] [stdout] warning: unused import: `GitStatus`
[INFO] [stdout]   --> src/git_integration.rs:10:34
[INFO] [stdout]    |
[INFO] [stdout] 10 | use scribe_core::{GitFileStatus, GitStatus, Result, ScribeError};
[INFO] [stdout]    |                                  ^^^^^^^^^
[INFO] [stdout]    |
[INFO] [stdout]    = note: `#[warn(unused_imports)]` (part of `#[warn(unused)]`) on by default
[INFO] [stdout] 
[INFO] [stdout] 
[INFO] [stdout] warning: unused import: `regex::Regex`
[INFO] [stdout]   --> src/language_detection.rs:11:5
[INFO] [stdout]    |
[INFO] [stdout] 11 | use regex::Regex;
[INFO] [stdout]    |     ^^^^^^^^^^^^
[INFO] [stdout] 
[INFO] [stdout] 
[INFO] [stdout] warning: unused import: `std::path::PathBuf`
[INFO] [stdout]     --> src/language_detection.rs:1272:9
[INFO] [stdout]      |
[INFO] [stdout] 1272 |     use std::path::PathBuf;
[INFO] [stdout]      |         ^^^^^^^^^^^^^^^^^^
[INFO] [stdout] 
[INFO] [stdout] 
[INFO] [stdout] warning: unused import: `tokio::fs as async_fs`
[INFO] [stdout]    --> src/metadata.rs:475:9
[INFO] [stdout]     |
[INFO] [stdout] 475 |     use tokio::fs as async_fs;
[INFO] [stdout]     |         ^^^^^^^^^^^^^^^^^^^^^
[INFO] [stdout] 
[INFO] [stdout] 
[INFO] [stdout] warning: unused imports: `DirEntry as IgnoreDirEntry` and `WalkState`
[INFO] [stdout]   --> src/scanner.rs:17:14
[INFO] [stdout]    |
[INFO] [stdout] 17 | use ignore::{DirEntry as IgnoreDirEntry, WalkBuilder, WalkState};
[INFO] [stdout]    |              ^^^^^^^^^^^^^^^^^^^^^^^^^^               ^^^^^^^^^
[INFO] [stdout] 
[INFO] [stdout] 
[INFO] [stdout] warning: unused imports: `DirEntry` and `WalkDir`
[INFO] [stdout]   --> src/scanner.rs:20:15
[INFO] [stdout]    |
[INFO] [stdout] 20 | use walkdir::{DirEntry, WalkDir};
[INFO] [stdout]    |               ^^^^^^^^  ^^^^^^^
[INFO] [stdout] 
[INFO] [stdout] 
[INFO] [stdout] warning: unused import: `tokio::fs as async_fs`
[INFO] [stdout]    --> src/scanner.rs:564:9
[INFO] [stdout]     |
[INFO] [stdout] 564 |     use tokio::fs as async_fs;
[INFO] [stdout]     |         ^^^^^^^^^^^^^^^^^^^^^
[INFO] [stdout] 
[INFO] [stdout] 
[INFO] [stdout] warning: unused import: `memchr::memmem`
[INFO] [stdout]  --> src/filtering.rs:8:5
[INFO] [stdout]   |
[INFO] [stdout] 8 | use memchr::memmem;
[INFO] [stdout]   |     ^^^^^^^^^^^^^^
[INFO] [stdout] 
[INFO] [stdout] 
[INFO] [stdout] warning: unused import: `std::collections::HashSet`
[INFO] [stdout]   --> src/filtering.rs:11:5
[INFO] [stdout]    |
[INFO] [stdout] 11 | use std::collections::HashSet;
[INFO] [stdout]    |     ^^^^^^^^^^^^^^^^^^^^^^^^^
[INFO] [stdout] 
[INFO] [stdout] 
[INFO] [stdout] warning: unused import: `PathBuf`
[INFO] [stdout]   --> src/filtering.rs:12:23
[INFO] [stdout]    |
[INFO] [stdout] 12 | use std::path::{Path, PathBuf};
[INFO] [stdout]    |                       ^^^^^^^
[INFO] [stdout] 
[INFO] [stdout] 
[INFO] [stdout] warning: unused import: `futures::future::try_join_all`
[INFO] [stdout]  --> src/parallel.rs:7:5
[INFO] [stdout]   |
[INFO] [stdout] 7 | use futures::future::try_join_all;
[INFO] [stdout]   |     ^^^^^^^^^^^^^^^^^^^^^^^^^^^^^
[INFO] [stdout] 
[INFO] [stdout] 
[INFO] [stdout] warning: unused import: `self`
[INFO] [stdout]  --> src/parallel.rs:8:23
[INFO] [stdout]   |
[INFO] [stdout] 8 | use futures::stream::{self, FuturesUnordered, StreamExt};
[INFO] [stdout]   |                       ^^^^
[INFO] [stdout] 
[INFO] [stdout] 
[INFO] [stdout] warning: unused import: `fxhash::FxHashMap`
[INFO] [stdout]  --> src/parallel.rs:9:5
[INFO] [stdout]   |
[INFO] [stdout] 9 | use fxhash::FxHashMap;
[INFO] [stdout]   |     ^^^^^^^^^^^^^^^^^
[INFO] [stdout] 
[INFO] [stdout] 
[INFO] [stdout] warning: unused imports: `PathBuf` and `Path`
[INFO] [stdout]   --> src/parallel.rs:11:17
[INFO] [stdout]    |
[INFO] [stdout] 11 | use std::path::{Path, PathBuf};
[INFO] [stdout]    |                 ^^^^  ^^^^^^^
[INFO] [stdout] 
[INFO] [stdout] 
[INFO] [stdout] warning: unused import: `SystemTime`
[INFO] [stdout]   --> src/parallel.rs:14:36
[INFO] [stdout]    |
[INFO] [stdout] 14 | use std::time::{Duration, Instant, SystemTime};
[INFO] [stdout]    |                                    ^^^^^^^^^^
[INFO] [stdout] 
[INFO] [stdout] 
[INFO] [stdout] warning: unused import: `mpsc`
[INFO] [stdout]   --> src/parallel.rs:15:19
[INFO] [stdout]    |
[INFO] [stdout] 15 | use tokio::sync::{mpsc, RwLock, Semaphore};
[INFO] [stdout]    |                   ^^^^
[INFO] [stdout] 
[INFO] [stdout] 
[INFO] [stdout] warning: unused import: `tokio::task::JoinHandle`
[INFO] [stdout]   --> src/parallel.rs:16:5
[INFO] [stdout]    |
[INFO] [stdout] 16 | use tokio::task::JoinHandle;
[INFO] [stdout]    |     ^^^^^^^^^^^^^^^^^^^^^^^
[INFO] [stdout] 
[INFO] [stdout] 
[INFO] [stdout] warning: unused import: `std::sync::atomic::AtomicUsize`
[INFO] [stdout]    --> src/parallel.rs:513:9
[INFO] [stdout]     |
[INFO] [stdout] 513 |     use std::sync::atomic::AtomicUsize;
[INFO] [stdout]     |         ^^^^^^^^^^^^^^^^^^^^^^^^^^^^^^
[INFO] [stdout] 
[INFO] [stdout] 
[INFO] [stdout] warning: fields `metadata_extractor` and `language_detector` are never read
[INFO] [stdout]   --> src/lib.rs:68:5
[INFO] [stdout]    |
[INFO] [stdout] 66 | pub struct FileScanner {
[INFO] [stdout]    |            ----------- fields in this struct
[INFO] [stdout] 67 |     scanner: Scanner,
[INFO] [stdout] 68 |     metadata_extractor: MetadataExtractor,
[INFO] [stdout]    |     ^^^^^^^^^^^^^^^^^^
[INFO] [stdout] 69 |     git_integrator: Option<GitIntegrator>,
[INFO] [stdout] 70 |     language_detector: LanguageDetector,
[INFO] [stdout]    |     ^^^^^^^^^^^^^^^^^
[INFO] [stdout]    |
[INFO] [stdout]    = note: `#[warn(dead_code)]` (part of `#[warn(unused)]`) on by default
[INFO] [stdout] 
[INFO] [stdout] 
[INFO] [stdout] warning: fields `language` and `keywords` are never read
[INFO] [stdout]    --> src/language_detection.rs:141:5
[INFO] [stdout]     |
[INFO] [stdout] 140 | struct SyntaxAnalyzer {
[INFO] [stdout]     |        -------------- fields in this struct
[INFO] [stdout] 141 |     language: Language,
[INFO] [stdout]     |     ^^^^^^^^
[INFO] [stdout] 142 |     keywords: Vec<String>,
[INFO] [stdout]     |     ^^^^^^^^
[INFO] [stdout]     |
[INFO] [stdout]     = note: `SyntaxAnalyzer` has derived impls for the traits `Clone` and `Debug`, but these are intentionally ignored during dead code analysis
[INFO] [stdout] 
[INFO] [stdout] 
[INFO] [stdout] warning: method `analyze_content_signatures` is never used
[INFO] [stdout]    --> src/language_detection.rs:915:8
[INFO] [stdout]     |
[INFO] [stdout] 188 | impl LanguageDetector {
[INFO] [stdout]     | --------------------- method in this implementation
[INFO] [stdout] ...
[INFO] [stdout] 915 |     fn analyze_content_signatures(&self, content: &str) -> Vec<(Language, f32)> {
[INFO] [stdout]     |        ^^^^^^^^^^^^^^^^^^^^^^^^^^
[INFO] [stdout] 
[INFO] [stdout] 
[INFO] [stdout] warning: field `semaphore` is never read
[INFO] [stdout]   --> src/scanner.rs:26:5
[INFO] [stdout]    |
[INFO] [stdout] 24 | pub struct Scanner {
[INFO] [stdout]    |            ------- field in this struct
[INFO] [stdout] 25 |     stats: Arc<ScannerStats>,
[INFO] [stdout] 26 |     semaphore: Arc<Semaphore>,
[INFO] [stdout]    |     ^^^^^^^^^
[INFO] [stdout]    |
[INFO] [stdout]    = note: `Scanner` has a derived impl for the trait `Debug`, but this is intentionally ignored during dead code analysis
[INFO] [stdout] 
[INFO] [stdout] 
[INFO] [stdout] warning: field `io_stats` is never read
[INFO] [stdout]    --> src/performance.rs:125:5
[INFO] [stdout]     |
[INFO] [stdout] 119 | struct SystemResourceTracker {
[INFO] [stdout]     |        --------------------- field in this struct
[INFO] [stdout] ...
[INFO] [stdout] 125 |     io_stats: IoStats,
[INFO] [stdout]     |     ^^^^^^^^
[INFO] [stdout]     |
[INFO] [stdout]     = note: `SystemResourceTracker` has a derived impl for the trait `Debug`, but this is intentionally ignored during dead code analysis
[INFO] [stdout] 
[INFO] [stdout] 
[INFO] [stdout] warning: field `timestamp` is never read
[INFO] [stdout]    --> src/performance.rs:133:5
[INFO] [stdout]     |
[INFO] [stdout] 132 | struct CpuSample {
[INFO] [stdout]     |        --------- field in this struct
[INFO] [stdout] 133 |     timestamp: Instant,
[INFO] [stdout]     |     ^^^^^^^^^
[INFO] [stdout]     |
[INFO] [stdout]     = note: `CpuSample` has derived impls for the traits `Clone` and `Debug`, but these are intentionally ignored during dead code analysis
[INFO] [stdout] 
[INFO] [stdout] 
[INFO] [stdout] warning: fields `timestamp`, `rss_bytes`, `vms_bytes`, `heap_bytes`, and `available_bytes` are never read
[INFO] [stdout]    --> src/performance.rs:142:5
[INFO] [stdout]     |
[INFO] [stdout] 141 | struct MemorySample {
[INFO] [stdout]     |        ------------ fields in this struct
[INFO] [stdout] 142 |     timestamp: Instant,
[INFO] [stdout]     |     ^^^^^^^^^
[INFO] [stdout] 143 |     rss_bytes: u64,       // Resident Set Size
[INFO] [stdout]     |     ^^^^^^^^^
[INFO] [stdout] 144 |     vms_bytes: u64,       // Virtual Memory Size
[INFO] [stdout]     |     ^^^^^^^^^
[INFO] [stdout] 145 |     heap_bytes: u64,      // Heap usage
[INFO] [stdout]     |     ^^^^^^^^^^
[INFO] [stdout] 146 |     available_bytes: u64, // Available system memory
[INFO] [stdout]     |     ^^^^^^^^^^^^^^^
[INFO] [stdout]     |
[INFO] [stdout]     = note: `MemorySample` has derived impls for the traits `Clone` and `Debug`, but these are intentionally ignored during dead code analysis
[INFO] [stdout] 
[INFO] [stdout] 
[INFO] [stdout] warning: fields `reads_completed`, `writes_completed`, `bytes_read`, `bytes_written`, `read_time_ms`, and `write_time_ms` are never read
[INFO] [stdout]    --> src/performance.rs:152:9
[INFO] [stdout]     |
[INFO] [stdout] 151 | struct IoStats {
[INFO] [stdout]     |        ------- fields in this struct
[INFO] [stdout] 152 |     pub reads_completed: u64,
[INFO] [stdout]     |         ^^^^^^^^^^^^^^^
[INFO] [stdout] 153 |     pub writes_completed: u64,
[INFO] [stdout]     |         ^^^^^^^^^^^^^^^^
[INFO] [stdout] 154 |     pub bytes_read: u64,
[INFO] [stdout]     |         ^^^^^^^^^^
[INFO] [stdout] 155 |     pub bytes_written: u64,
[INFO] [stdout]     |         ^^^^^^^^^^^^^
[INFO] [stdout] 156 |     pub read_time_ms: u64,
[INFO] [stdout]     |         ^^^^^^^^^^^^
[INFO] [stdout] 157 |     pub write_time_ms: u64,
[INFO] [stdout]     |         ^^^^^^^^^^^^^
[INFO] [stdout]     |
[INFO] [stdout]     = note: `IoStats` has a derived impl for the trait `Debug`, but this is intentionally ignored during dead code analysis
[INFO] [stdout] 
[INFO] [stdout] 
[INFO] [stdout] warning: variable does not need to be mutable
[INFO] [stdout]    --> src/git_integration.rs:245:13
[INFO] [stdout]     |
[INFO] [stdout] 245 |         let mut status_map: HashMap<String, Vec<char>> = HashMap::new();
[INFO] [stdout]     |             ----^^^^^^^^^^
[INFO] [stdout]     |             |
[INFO] [stdout]     |             help: remove this `mut`
[INFO] [stdout]     |
[INFO] [stdout]     = note: `#[warn(unused_mut)]` (part of `#[warn(unused)]`) on by default
[INFO] [stdout] 
[INFO] [stdout] 
[INFO] [stdout] warning: variable does not need to be mutable
[INFO] [stdout]    --> src/parallel.rs:233:13
[INFO] [stdout]     |
[INFO] [stdout] 233 |         let mut futures = FuturesUnordered::new();
[INFO] [stdout]     |             ----^^^^^^^
[INFO] [stdout]     |             |
[INFO] [stdout]     |             help: remove this `mut`
[INFO] [stdout] 
[INFO] [stdout] 
[INFO] [stdout] warning: unused import: `rayon::prelude`
[INFO] [stdout]   --> src/scanner.rs:18:5
[INFO] [stdout]    |
[INFO] [stdout] 18 | use rayon::prelude::*;
[INFO] [stdout]    |     ^^^^^^^^^^^^^^
[INFO] [stdout] 
[INFO] [stdout] 
[INFO] [stdout] warning: unused variable: `status_map`
[INFO] [stdout]    --> src/git_integration.rs:245:13
[INFO] [stdout]     |
[INFO] [stdout] 245 |         let mut status_map: HashMap<String, Vec<char>> = HashMap::new();
[INFO] [stdout]     |             ^^^^^^^^^^^^^^ help: if this is intentional, prefix it with an underscore: `_status_map`
[INFO] [stdout]     |
[INFO] [stdout]     = note: `#[warn(unused_variables)]` (part of `#[warn(unused)]`) on by default
[INFO] [stdout] 
[INFO] [stdout] 
[INFO] [stdout] warning: unused variable: `config`
[INFO] [stdout]     --> src/git_integration.rs:1067:42
[INFO] [stdout]      |
[INFO] [stdout] 1067 |     async fn extract_staged_diffs(&self, config: &DiffAnalysisConfig) -> Result<Vec<GitDiffEntry>> {
[INFO] [stdout]      |                                          ^^^^^^ help: if this is intentional, prefix it with an underscore: `_config`
[INFO] [stdout] 
[INFO] [stdout] 
[INFO] [stdout] warning: unused variable: `source`
[INFO] [stdout]     --> src/git_integration.rs:1435:9
[INFO] [stdout]      |
[INFO] [stdout] 1435 |         source: &DiffSource,
[INFO] [stdout]      |         ^^^^^^ help: if this is intentional, prefix it with an underscore: `_source`
[INFO] [stdout] 
[INFO] [stdout] 
[INFO] [stdout] warning: unused variable: `config`
[INFO] [stdout]     --> src/git_integration.rs:1088:9
[INFO] [stdout]      |
[INFO] [stdout] 1088 |         config: &DiffAnalysisConfig,
[INFO] [stdout]      |         ^^^^^^ help: if this is intentional, prefix it with an underscore: `_config`
[INFO] [stdout] 
[INFO] [stdout] 
[INFO] [stdout] warning: unused variable: `config`
[INFO] [stdout]     --> src/git_integration.rs:1111:9
[INFO] [stdout]      |
[INFO] [stdout] 1111 |         config: &DiffAnalysisConfig,
[INFO] [stdout]      |         ^^^^^^ help: if this is intentional, prefix it with an underscore: `_config`
[INFO] [stdout] 
[INFO] [stdout] 
[INFO] [stdout] warning: unused variable: `config`
[INFO] [stdout]     --> src/git_integration.rs:1162:9
[INFO] [stdout]      |
[INFO] [stdout] 1162 |         config: &DiffAnalysisConfig,
[INFO] [stdout]      |         ^^^^^^ help: if this is intentional, prefix it with an underscore: `_config`
[INFO] [stdout] 
[INFO] [stdout] 
[INFO] [stdout] warning: variable does not need to be mutable
[INFO] [stdout]     --> src/git_integration.rs:1778:17
[INFO] [stdout]      |
[INFO] [stdout] 1778 |             let mut integrator = GitIntegrator::new(temp_dir.path()).unwrap();
[INFO] [stdout]      |                 ----^^^^^^^^^^
[INFO] [stdout]      |                 |
[INFO] [stdout]      |                 help: remove this `mut`
[INFO] [stdout] 
[INFO] [stdout] 
[INFO] [stdout] warning: variable does not need to be mutable
[INFO] [stdout]     --> src/language_detection.rs:1111:13
[INFO] [stdout]      |
[INFO] [stdout] 1111 |         let mut methods_used: Vec<DetectionMethod> = Vec::new();
[INFO] [stdout]      |             ----^^^^^^^^^^^^
[INFO] [stdout]      |             |
[INFO] [stdout]      |             help: remove this `mut`
[INFO] [stdout] 
[INFO] [stdout] 
[INFO] [stdout] warning: unused variable: `methods_used`
[INFO] [stdout]     --> src/language_detection.rs:1111:13
[INFO] [stdout]      |
[INFO] [stdout] 1111 |         let mut methods_used: Vec<DetectionMethod> = Vec::new();
[INFO] [stdout]      |             ^^^^^^^^^^^^^^^^ help: if this is intentional, prefix it with an underscore: `_methods_used`
[INFO] [stdout] 
[INFO] [stdout] 
[INFO] [stdout] warning: variable does not need to be mutable
[INFO] [stdout]     --> src/language_detection.rs:1332:13
[INFO] [stdout]      |
[INFO] [stdout] 1332 |         let mut detector = LanguageDetector::new();
[INFO] [stdout]      |             ----^^^^^^^^
[INFO] [stdout]      |             |
[INFO] [stdout]      |             help: remove this `mut`
[INFO] [stdout] 
[INFO] [stdout] 
[INFO] [stdout] warning: variable does not need to be mutable
[INFO] [stdout]    --> src/metadata.rs:430:13
[INFO] [stdout]     |
[INFO] [stdout] 430 |         let mut extractor = MetadataExtractor::new();
[INFO] [stdout]     |             ----^^^^^^^^^
[INFO] [stdout]     |             |
[INFO] [stdout]     |             help: remove this `mut`
[INFO] [stdout] 
[INFO] [stdout] 
[INFO] [stdout] warning: variable does not need to be mutable
[INFO] [stdout]    --> src/metadata.rs:485:13
[INFO] [stdout]     |
[INFO] [stdout] 485 |         let mut extractor = MetadataExtractor::new();
[INFO] [stdout]     |             ----^^^^^^^^^
[INFO] [stdout]     |             |
[INFO] [stdout]     |             help: remove this `mut`
[INFO] [stdout] 
[INFO] [stdout] 
[INFO] [stdout] warning: variable does not need to be mutable
[INFO] [stdout]    --> src/metadata.rs:508:17
[INFO] [stdout]     |
[INFO] [stdout] 508 |             let mut extractor = MetadataExtractor::new();
[INFO] [stdout]     |                 ----^^^^^^^^^
[INFO] [stdout]     |                 |
[INFO] [stdout]     |                 help: remove this `mut`
[INFO] [stdout] 
[INFO] [stdout] 
[INFO] [stdout] warning: variable does not need to be mutable
[INFO] [stdout]    --> src/metadata.rs:528:13
[INFO] [stdout]     |
[INFO] [stdout] 528 |         let mut extractor = MetadataExtractor::new();
[INFO] [stdout]     |             ----^^^^^^^^^
[INFO] [stdout]     |             |
[INFO] [stdout]     |             help: remove this `mut`
[INFO] [stdout] 
[INFO] [stdout] 
[INFO] [stdout] warning: variable does not need to be mutable
[INFO] [stdout]    --> src/metadata.rs:552:17
[INFO] [stdout]     |
[INFO] [stdout] 552 |             let mut extractor = MetadataExtractor::new();
[INFO] [stdout]     |                 ----^^^^^^^^^
[INFO] [stdout]     |                 |
[INFO] [stdout]     |                 help: remove this `mut`
[INFO] [stdout] 
[INFO] [stdout] 
[INFO] [stdout] warning: variable does not need to be mutable
[INFO] [stdout]    --> src/metadata.rs:610:13
[INFO] [stdout]     |
[INFO] [stdout] 610 |         let mut extractor = MetadataExtractor::new();
[INFO] [stdout]     |             ----^^^^^^^^^
[INFO] [stdout]     |             |
[INFO] [stdout]     |             help: remove this `mut`
[INFO] [stdout] 
[INFO] [stdout] 
[INFO] [stdout] warning: variable does not need to be mutable
[INFO] [stdout]    --> src/metadata.rs:634:13
[INFO] [stdout]     |
[INFO] [stdout] 634 |         let mut extractor = MetadataExtractor::new();
[INFO] [stdout]     |             ----^^^^^^^^^
[INFO] [stdout]     |             |
[INFO] [stdout]     |             help: remove this `mut`
[INFO] [stdout] 
[INFO] [stdout] 
[INFO] [stdout] warning: unused variable: `file_id`
[INFO] [stdout]    --> src/aho_corasick_reference_index.rs:352:39
[INFO] [stdout]     |
[INFO] [stdout] 352 |     pub fn get_reference_count(&self, file_id: usize) -> usize {
[INFO] [stdout]     |                                       ^^^^^^^ help: if this is intentional, prefix it with an underscore: `_file_id`
[INFO] [stdout] 
[INFO] [stdout] 
[INFO] [stdout] warning: variable does not need to be mutable
[INFO] [stdout]    --> src/aho_corasick_reference_index.rs:414:13
[INFO] [stdout]     |
[INFO] [stdout] 414 |         let mut index = AhoCorasickReferenceIndex {
[INFO] [stdout]     |             ----^^^^^
[INFO] [stdout]     |             |
[INFO] [stdout]     |             help: remove this `mut`
[INFO] [stdout] 
[INFO] [stdout] 
[INFO] [stdout] warning: fields `metadata_extractor` and `language_detector` are never read
[INFO] [stdout]   --> src/lib.rs:68:5
[INFO] [stdout]    |
[INFO] [stdout] 66 | pub struct FileScanner {
[INFO] [stdout]    |            ----------- fields in this struct
[INFO] [stdout] 67 |     scanner: Scanner,
[INFO] [stdout] 68 |     metadata_extractor: MetadataExtractor,
[INFO] [stdout]    |     ^^^^^^^^^^^^^^^^^^
[INFO] [stdout] 69 |     git_integrator: Option<GitIntegrator>,
[INFO] [stdout] 70 |     language_detector: LanguageDetector,
[INFO] [stdout]    |     ^^^^^^^^^^^^^^^^^
[INFO] [stdout]    |
[INFO] [stdout]    = note: `#[warn(dead_code)]` (part of `#[warn(unused)]`) on by default
[INFO] [stdout] 
[INFO] [stdout] 
[INFO] [stdout] warning: fields `language` and `keywords` are never read
[INFO] [stdout]    --> src/language_detection.rs:141:5
[INFO] [stdout]     |
[INFO] [stdout] 140 | struct SyntaxAnalyzer {
[INFO] [stdout]     |        -------------- fields in this struct
[INFO] [stdout] 141 |     language: Language,
[INFO] [stdout]     |     ^^^^^^^^
[INFO] [stdout] 142 |     keywords: Vec<String>,
[INFO] [stdout]     |     ^^^^^^^^
[INFO] [stdout]     |
[INFO] [stdout]     = note: `SyntaxAnalyzer` has derived impls for the traits `Clone` and `Debug`, but these are intentionally ignored during dead code analysis
[INFO] [stdout] 
[INFO] [stdout] 
[INFO] [stdout] warning: method `analyze_content_signatures` is never used
[INFO] [stdout]    --> src/language_detection.rs:915:8
[INFO] [stdout]     |
[INFO] [stdout] 188 | impl LanguageDetector {
[INFO] [stdout]     | --------------------- method in this implementation
[INFO] [stdout] ...
[INFO] [stdout] 915 |     fn analyze_content_signatures(&self, content: &str) -> Vec<(Language, f32)> {
[INFO] [stdout]     |        ^^^^^^^^^^^^^^^^^^^^^^^^^^
[INFO] [stdout] 
[INFO] [stdout] 
[INFO] [stdout] warning: field `semaphore` is never read
[INFO] [stdout]   --> src/scanner.rs:26:5
[INFO] [stdout]    |
[INFO] [stdout] 24 | pub struct Scanner {
[INFO] [stdout]    |            ------- field in this struct
[INFO] [stdout] 25 |     stats: Arc<ScannerStats>,
[INFO] [stdout] 26 |     semaphore: Arc<Semaphore>,
[INFO] [stdout]    |     ^^^^^^^^^
[INFO] [stdout]    |
[INFO] [stdout]    = note: `Scanner` has a derived impl for the trait `Debug`, but this is intentionally ignored during dead code analysis
[INFO] [stdout] 
[INFO] [stdout] 
[INFO] [stdout] warning: field `io_stats` is never read
[INFO] [stdout]    --> src/performance.rs:125:5
[INFO] [stdout]     |
[INFO] [stdout] 119 | struct SystemResourceTracker {
[INFO] [stdout]     |        --------------------- field in this struct
[INFO] [stdout] ...
[INFO] [stdout] 125 |     io_stats: IoStats,
[INFO] [stdout]     |     ^^^^^^^^
[INFO] [stdout]     |
[INFO] [stdout]     = note: `SystemResourceTracker` has a derived impl for the trait `Debug`, but this is intentionally ignored during dead code analysis
[INFO] [stdout] 
[INFO] [stdout] 
[INFO] [stdout] warning: field `timestamp` is never read
[INFO] [stdout]    --> src/performance.rs:133:5
[INFO] [stdout]     |
[INFO] [stdout] 132 | struct CpuSample {
[INFO] [stdout]     |        --------- field in this struct
[INFO] [stdout] 133 |     timestamp: Instant,
[INFO] [stdout]     |     ^^^^^^^^^
[INFO] [stdout]     |
[INFO] [stdout]     = note: `CpuSample` has derived impls for the traits `Clone` and `Debug`, but these are intentionally ignored during dead code analysis
[INFO] [stdout] 
[INFO] [stdout] 
[INFO] [stdout] warning: fields `timestamp`, `rss_bytes`, `vms_bytes`, `heap_bytes`, and `available_bytes` are never read
[INFO] [stdout]    --> src/performance.rs:142:5
[INFO] [stdout]     |
[INFO] [stdout] 141 | struct MemorySample {
[INFO] [stdout]     |        ------------ fields in this struct
[INFO] [stdout] 142 |     timestamp: Instant,
[INFO] [stdout]     |     ^^^^^^^^^
[INFO] [stdout] 143 |     rss_bytes: u64,       // Resident Set Size
[INFO] [stdout]     |     ^^^^^^^^^
[INFO] [stdout] 144 |     vms_bytes: u64,       // Virtual Memory Size
[INFO] [stdout]     |     ^^^^^^^^^
[INFO] [stdout] 145 |     heap_bytes: u64,      // Heap usage
[INFO] [stdout]     |     ^^^^^^^^^^
[INFO] [stdout] 146 |     available_bytes: u64, // Available system memory
[INFO] [stdout]     |     ^^^^^^^^^^^^^^^
[INFO] [stdout]     |
[INFO] [stdout]     = note: `MemorySample` has derived impls for the traits `Clone` and `Debug`, but these are intentionally ignored during dead code analysis
[INFO] [stdout] 
[INFO] [stdout] 
[INFO] [stdout] warning: fields `reads_completed`, `writes_completed`, `bytes_read`, `bytes_written`, `read_time_ms`, and `write_time_ms` are never read
[INFO] [stdout]    --> src/performance.rs:152:9
[INFO] [stdout]     |
[INFO] [stdout] 151 | struct IoStats {
[INFO] [stdout]     |        ------- fields in this struct
[INFO] [stdout] 152 |     pub reads_completed: u64,
[INFO] [stdout]     |         ^^^^^^^^^^^^^^^
[INFO] [stdout] 153 |     pub writes_completed: u64,
[INFO] [stdout]     |         ^^^^^^^^^^^^^^^^
[INFO] [stdout] 154 |     pub bytes_read: u64,
[INFO] [stdout]     |         ^^^^^^^^^^
[INFO] [stdout] 155 |     pub bytes_written: u64,
[INFO] [stdout]     |         ^^^^^^^^^^^^^
[INFO] [stdout] 156 |     pub read_time_ms: u64,
[INFO] [stdout]     |         ^^^^^^^^^^^^
[INFO] [stdout] 157 |     pub write_time_ms: u64,
[INFO] [stdout]     |         ^^^^^^^^^^^^^
[INFO] [stdout]     |
[INFO] [stdout]     = note: `IoStats` has a derived impl for the trait `Debug`, but this is intentionally ignored during dead code analysis
[INFO] [stdout] 
[INFO] [stdout] 
[INFO] [stderr]     Finished `test` profile [unoptimized + debuginfo] target(s) in 42.05s
[INFO] running `Command { std: "docker" "inspect" "94a5242ac813370beb009e98a620cff1be0ad560d55fba904ef5a755f46b8594", kill_on_drop: false }`
[INFO] running `Command { std: "docker" "exec" "-e" "SOURCE_DIR=/opt/rustwide/workdir" "-e" "CARGO_HOME=/opt/rustwide/cargo-home" "-e" "RUSTUP_HOME=/opt/rustwide/rustup-home" "-e" "CARGO_TARGET_DIR=/opt/rustwide/target" "-e" "CARGO_INCREMENTAL=0" "-e" "RUST_BACKTRACE=full" "-e" "RUSTFLAGS=--cap-lints=warn" "-e" "RUSTDOCFLAGS=--cap-lints=warn" "-w" "/opt/rustwide/workdir" "--user" "0:0" "94a5242ac813370beb009e98a620cff1be0ad560d55fba904ef5a755f46b8594" "/opt/rustwide/cargo-home/bin/cargo" "+1.99.0-beta.8" "test" "--frozen", kill_on_drop: false }`
[INFO] [stderr] warning: unused import: `GitStatus`
[INFO] [stderr]   --> src/git_integration.rs:10:34
[INFO] [stderr]    |
[INFO] [stderr] 10 | use scribe_core::{GitFileStatus, GitStatus, Result, ScribeError};
[INFO] [stderr]    |                                  ^^^^^^^^^
[INFO] [stderr]    |
[INFO] [stderr]    = note: `#[warn(unused_imports)]` (part of `#[warn(unused)]`) on by default
[INFO] [stderr] 
[INFO] [stderr] warning: unused import: `regex::Regex`
[INFO] [stderr]   --> src/language_detection.rs:11:5
[INFO] [stderr]    |
[INFO] [stderr] 11 | use regex::Regex;
[INFO] [stderr]    |     ^^^^^^^^^^^^
[INFO] [stderr] 
[INFO] [stderr] warning: unused imports: `DirEntry as IgnoreDirEntry` and `WalkState`
[INFO] [stderr]   --> src/scanner.rs:17:14
[INFO] [stderr]    |
[INFO] [stderr] 17 | use ignore::{DirEntry as IgnoreDirEntry, WalkBuilder, WalkState};
[INFO] [stderr]    |              ^^^^^^^^^^^^^^^^^^^^^^^^^^               ^^^^^^^^^
[INFO] [stderr] 
[INFO] [stderr] warning: unused imports: `DirEntry` and `WalkDir`
[INFO] [stderr]   --> src/scanner.rs:20:15
[INFO] [stderr]    |
[INFO] [stderr] 20 | use walkdir::{DirEntry, WalkDir};
[INFO] [stderr]    |               ^^^^^^^^  ^^^^^^^
[INFO] [stderr] 
[INFO] [stderr] warning: unused import: `memchr::memmem`
[INFO] [stderr]  --> src/filtering.rs:8:5
[INFO] [stderr]   |
[INFO] [stderr] 8 | use memchr::memmem;
[INFO] [stderr]   |     ^^^^^^^^^^^^^^
[INFO] [stderr] 
[INFO] [stderr] warning: unused import: `std::collections::HashSet`
[INFO] [stderr]   --> src/filtering.rs:11:5
[INFO] [stderr]    |
[INFO] [stderr] 11 | use std::collections::HashSet;
[INFO] [stderr]    |     ^^^^^^^^^^^^^^^^^^^^^^^^^
[INFO] [stderr] 
[INFO] [stderr] warning: unused import: `PathBuf`
[INFO] [stderr]   --> src/filtering.rs:12:23
[INFO] [stderr]    |
[INFO] [stderr] 12 | use std::path::{Path, PathBuf};
[INFO] [stderr]    |                       ^^^^^^^
[INFO] [stderr] 
[INFO] [stderr] warning: unused import: `futures::future::try_join_all`
[INFO] [stderr]  --> src/parallel.rs:7:5
[INFO] [stderr]   |
[INFO] [stderr] 7 | use futures::future::try_join_all;
[INFO] [stderr]   |     ^^^^^^^^^^^^^^^^^^^^^^^^^^^^^
[INFO] [stderr] 
[INFO] [stderr] warning: unused import: `self`
[INFO] [stderr]  --> src/parallel.rs:8:23
[INFO] [stderr]   |
[INFO] [stderr] 8 | use futures::stream::{self, FuturesUnordered, StreamExt};
[INFO] [stderr]   |                       ^^^^
[INFO] [stderr] 
[INFO] [stderr] warning: unused import: `fxhash::FxHashMap`
[INFO] [stderr]  --> src/parallel.rs:9:5
[INFO] [stderr]   |
[INFO] [stderr] 9 | use fxhash::FxHashMap;
[INFO] [stderr]   |     ^^^^^^^^^^^^^^^^^
[INFO] [stderr] 
[INFO] [stderr] warning: unused imports: `PathBuf` and `Path`
[INFO] [stderr]   --> src/parallel.rs:11:17
[INFO] [stderr]    |
[INFO] [stderr] 11 | use std::path::{Path, PathBuf};
[INFO] [stderr]    |                 ^^^^  ^^^^^^^
[INFO] [stderr] 
[INFO] [stderr] warning: unused import: `SystemTime`
[INFO] [stderr]   --> src/parallel.rs:14:36
[INFO] [stderr]    |
[INFO] [stderr] 14 | use std::time::{Duration, Instant, SystemTime};
[INFO] [stderr]    |                                    ^^^^^^^^^^
[INFO] [stderr] 
[INFO] [stderr] warning: unused import: `mpsc`
[INFO] [stderr]   --> src/parallel.rs:15:19
[INFO] [stderr]    |
[INFO] [stderr] 15 | use tokio::sync::{mpsc, RwLock, Semaphore};
[INFO] [stderr]    |                   ^^^^
[INFO] [stderr] 
[INFO] [stderr] warning: unused import: `tokio::task::JoinHandle`
[INFO] [stderr]   --> src/parallel.rs:16:5
[INFO] [stderr]    |
[INFO] [stderr] 16 | use tokio::task::JoinHandle;
[INFO] [stderr]    |     ^^^^^^^^^^^^^^^^^^^^^^^
[INFO] [stderr] 
[INFO] [stderr] warning: variable does not need to be mutable
[INFO] [stderr]    --> src/git_integration.rs:245:13
[INFO] [stderr]     |
[INFO] [stderr] 245 |         let mut status_map: HashMap<String, Vec<char>> = HashMap::new();
[INFO] [stderr]     |             ----^^^^^^^^^^
[INFO] [stderr]     |             |
[INFO] [stderr]     |             help: remove this `mut`
[INFO] [stderr]     |
[INFO] [stderr]     = note: `#[warn(unused_mut)]` (part of `#[warn(unused)]`) on by default
[INFO] [stderr] 
[INFO] [stderr] warning: variable does not need to be mutable
[INFO] [stderr]    --> src/parallel.rs:233:13
[INFO] [stderr]     |
[INFO] [stderr] 233 |         let mut futures = FuturesUnordered::new();
[INFO] [stderr]     |             ----^^^^^^^
[INFO] [stderr]     |             |
[INFO] [stderr]     |             help: remove this `mut`
[INFO] [stderr] 
[INFO] [stderr] warning: unused import: `rayon::prelude`
[INFO] [stderr]   --> src/scanner.rs:18:5
[INFO] [stderr]    |
[INFO] [stderr] 18 | use rayon::prelude::*;
[INFO] [stderr]    |     ^^^^^^^^^^^^^^
[INFO] [stderr] 
[INFO] [stderr] warning: unused variable: `status_map`
[INFO] [stderr]    --> src/git_integration.rs:245:13
[INFO] [stderr]     |
[INFO] [stderr] 245 |         let mut status_map: HashMap<String, Vec<char>> = HashMap::new();
[INFO] [stderr]     |             ^^^^^^^^^^^^^^ help: if this is intentional, prefix it with an underscore: `_status_map`
[INFO] [stderr]     |
[INFO] [stderr]     = note: `#[warn(unused_variables)]` (part of `#[warn(unused)]`) on by default
[INFO] [stderr] 
[INFO] [stderr] warning: unused variable: `config`
[INFO] [stderr]     --> src/git_integration.rs:1067:42
[INFO] [stderr]      |
[INFO] [stderr] 1067 |     async fn extract_staged_diffs(&self, config: &DiffAnalysisConfig) -> Result<Vec<GitDiffEntry>> {
[INFO] [stderr]      |                                          ^^^^^^ help: if this is intentional, prefix it with an underscore: `_config`
[INFO] [stderr] 
[INFO] [stderr] warning: unused variable: `source`
[INFO] [stderr]     --> src/git_integration.rs:1435:9
[INFO] [stderr]      |
[INFO] [stderr] 1435 |         source: &DiffSource,
[INFO] [stderr]      |         ^^^^^^ help: if this is intentional, prefix it with an underscore: `_source`
[INFO] [stderr] 
[INFO] [stderr] warning: unused variable: `config`
[INFO] [stderr]     --> src/git_integration.rs:1088:9
[INFO] [stderr]      |
[INFO] [stderr] 1088 |         config: &DiffAnalysisConfig,
[INFO] [stderr]      |         ^^^^^^ help: if this is intentional, prefix it with an underscore: `_config`
[INFO] [stderr] 
[INFO] [stderr] warning: unused variable: `config`
[INFO] [stderr]     --> src/git_integration.rs:1111:9
[INFO] [stderr]      |
[INFO] [stderr] 1111 |         config: &DiffAnalysisConfig,
[INFO] [stderr]      |         ^^^^^^ help: if this is intentional, prefix it with an underscore: `_config`
[INFO] [stderr] 
[INFO] [stderr] warning: unused variable: `config`
[INFO] [stderr]     --> src/git_integration.rs:1162:9
[INFO] [stderr]      |
[INFO] [stderr] 1162 |         config: &DiffAnalysisConfig,
[INFO] [stderr]      |         ^^^^^^ help: if this is intentional, prefix it with an underscore: `_config`
[INFO] [stderr] 
[INFO] [stderr] warning: variable does not need to be mutable
[INFO] [stderr]     --> src/language_detection.rs:1111:13
[INFO] [stderr]      |
[INFO] [stderr] 1111 |         let mut methods_used: Vec<DetectionMethod> = Vec::new();
[INFO] [stderr]      |             ----^^^^^^^^^^^^
[INFO] [stderr]      |             |
[INFO] [stderr]      |             help: remove this `mut`
[INFO] [stderr] 
[INFO] [stderr] warning: unused variable: `methods_used`
[INFO] [stderr]     --> src/language_detection.rs:1111:13
[INFO] [stderr]      |
[INFO] [stderr] 1111 |         let mut methods_used: Vec<DetectionMethod> = Vec::new();
[INFO] [stderr]      |             ^^^^^^^^^^^^^^^^ help: if this is intentional, prefix it with an underscore: `_methods_used`
[INFO] [stderr] 
[INFO] [stderr] warning: variable does not need to be mutable
[INFO] [stderr]    --> src/metadata.rs:430:13
[INFO] [stderr]     |
[INFO] [stderr] 430 |         let mut extractor = MetadataExtractor::new();
[INFO] [stderr]     |             ----^^^^^^^^^
[INFO] [stderr]     |             |
[INFO] [stderr]     |             help: remove this `mut`
[INFO] [stderr] 
[INFO] [stderr] warning: unused variable: `file_id`
[INFO] [stderr]    --> src/aho_corasick_reference_index.rs:352:39
[INFO] [stderr]     |
[INFO] [stderr] 352 |     pub fn get_reference_count(&self, file_id: usize) -> usize {
[INFO] [stderr]     |                                       ^^^^^^^ help: if this is intentional, prefix it with an underscore: `_file_id`
[INFO] [stderr] 
[INFO] [stderr] warning: fields `metadata_extractor` and `language_detector` are never read
[INFO] [stderr]   --> src/lib.rs:68:5
[INFO] [stderr]    |
[INFO] [stderr] 66 | pub struct FileScanner {
[INFO] [stderr]    |            ----------- fields in this struct
[INFO] [stderr] 67 |     scanner: Scanner,
[INFO] [stderr] 68 |     metadata_extractor: MetadataExtractor,
[INFO] [stderr]    |     ^^^^^^^^^^^^^^^^^^
[INFO] [stderr] 69 |     git_integrator: Option<GitIntegrator>,
[INFO] [stderr] 70 |     language_detector: LanguageDetector,
[INFO] [stderr]    |     ^^^^^^^^^^^^^^^^^
[INFO] [stderr]    |
[INFO] [stderr]    = note: `#[warn(dead_code)]` (part of `#[warn(unused)]`) on by default
[INFO] [stderr] 
[INFO] [stderr] warning: fields `language` and `keywords` are never read
[INFO] [stderr]    --> src/language_detection.rs:141:5
[INFO] [stderr]     |
[INFO] [stderr] 140 | struct SyntaxAnalyzer {
[INFO] [stderr]     |        -------------- fields in this struct
[INFO] [stderr] 141 |     language: Language,
[INFO] [stderr]     |     ^^^^^^^^
[INFO] [stderr] 142 |     keywords: Vec<String>,
[INFO] [stderr]     |     ^^^^^^^^
[INFO] [stderr]     |
[INFO] [stderr]     = note: `SyntaxAnalyzer` has derived impls for the traits `Clone` and `Debug`, but these are intentionally ignored during dead code analysis
[INFO] [stderr] 
[INFO] [stderr] warning: method `analyze_content_signatures` is never used
[INFO] [stderr]    --> src/language_detection.rs:915:8
[INFO] [stderr]     |
[INFO] [stderr] 188 | impl LanguageDetector {
[INFO] [stderr]     | --------------------- method in this implementation
[INFO] [stderr] ...
[INFO] [stderr] 915 |     fn analyze_content_signatures(&self, content: &str) -> Vec<(Language, f32)> {
[INFO] [stderr]     |        ^^^^^^^^^^^^^^^^^^^^^^^^^^
[INFO] [stderr] 
[INFO] [stderr] warning: field `semaphore` is never read
[INFO] [stderr]   --> src/scanner.rs:26:5
[INFO] [stderr]    |
[INFO] [stderr] 24 | pub struct Scanner {
[INFO] [stderr]    |            ------- field in this struct
[INFO] [stderr] 25 |     stats: Arc<ScannerStats>,
[INFO] [stderr] 26 |     semaphore: Arc<Semaphore>,
[INFO] [stderr]    |     ^^^^^^^^^
[INFO] [stderr]    |
[INFO] [stderr]    = note: `Scanner` has a derived impl for the trait `Debug`, but this is intentionally ignored during dead code analysis
[INFO] [stderr] 
[INFO] [stderr] warning: field `io_stats` is never read
[INFO] [stderr]    --> src/performance.rs:125:5
[INFO] [stderr]     |
[INFO] [stderr] 119 | struct SystemResourceTracker {
[INFO] [stderr]     |        --------------------- field in this struct
[INFO] [stderr] ...
[INFO] [stderr] 125 |     io_stats: IoStats,
[INFO] [stderr]     |     ^^^^^^^^
[INFO] [stderr]     |
[INFO] [stderr]     = note: `SystemResourceTracker` has a derived impl for the trait `Debug`, but this is intentionally ignored during dead code analysis
[INFO] [stderr] 
[INFO] [stderr] warning: field `timestamp` is never read
[INFO] [stderr]    --> src/performance.rs:133:5
[INFO] [stderr]     |
[INFO] [stderr] 132 | struct CpuSample {
[INFO] [stderr]     |        --------- field in this struct
[INFO] [stderr] 133 |     timestamp: Instant,
[INFO] [stderr]     |     ^^^^^^^^^
[INFO] [stderr]     |
[INFO] [stderr]     = note: `CpuSample` has derived impls for the traits `Clone` and `Debug`, but these are intentionally ignored during dead code analysis
[INFO] [stderr] 
[INFO] [stderr] warning: fields `timestamp`, `rss_bytes`, `vms_bytes`, `heap_bytes`, and `available_bytes` are never read
[INFO] [stderr]    --> src/performance.rs:142:5
[INFO] [stderr]     |
[INFO] [stderr] 141 | struct MemorySample {
[INFO] [stderr]     |        ------------ fields in this struct
[INFO] [stderr] 142 |     timestamp: Instant,
[INFO] [stderr]     |     ^^^^^^^^^
[INFO] [stderr] 143 |     rss_bytes: u64,       // Resident Set Size
[INFO] [stderr]     |     ^^^^^^^^^
[INFO] [stderr] 144 |     vms_bytes: u64,       // Virtual Memory Size
[INFO] [stderr]     |     ^^^^^^^^^
[INFO] [stderr] 145 |     heap_bytes: u64,      // Heap usage
[INFO] [stderr]     |     ^^^^^^^^^^
[INFO] [stderr] 146 |     available_bytes: u64, // Available system memory
[INFO] [stderr]     |     ^^^^^^^^^^^^^^^
[INFO] [stderr]     |
[INFO] [stderr]     = note: `MemorySample` has derived impls for the traits `Clone` and `Debug`, but these are intentionally ignored during dead code analysis
[INFO] [stderr] 
[INFO] [stderr] warning: fields `reads_completed`, `writes_completed`, `bytes_read`, `bytes_written`, `read_time_ms`, and `write_time_ms` are never read
[INFO] [stderr]    --> src/performance.rs:152:9
[INFO] [stderr]     |
[INFO] [stderr] 151 | struct IoStats {
[INFO] [stderr]     |        ------- fields in this struct
[INFO] [stderr] 152 |     pub reads_completed: u64,
[INFO] [stderr]     |         ^^^^^^^^^^^^^^^
[INFO] [stderr] 153 |     pub writes_completed: u64,
[INFO] [stderr]     |         ^^^^^^^^^^^^^^^^
[INFO] [stderr] 154 |     pub bytes_read: u64,
[INFO] [stderr]     |         ^^^^^^^^^^
[INFO] [stderr] 155 |     pub bytes_written: u64,
[INFO] [stderr]     |         ^^^^^^^^^^^^^
[INFO] [stderr] 156 |     pub read_time_ms: u64,
[INFO] [stderr]     |         ^^^^^^^^^^^^
[INFO] [stderr] 157 |     pub write_time_ms: u64,
[INFO] [stderr]     |         ^^^^^^^^^^^^^
[INFO] [stderr]     |
[INFO] [stderr]     = note: `IoStats` has a derived impl for the trait `Debug`, but this is intentionally ignored during dead code analysis
[INFO] [stderr] 
[INFO] [stderr] warning: `scribe-scanner` (lib) generated 35 warnings (run `cargo fix --lib -p scribe-scanner` to apply 26 suggestions)
[INFO] [stderr] warning: unused import: `std::path::PathBuf`
[INFO] [stderr]     --> src/language_detection.rs:1272:9
[INFO] [stderr]      |
[INFO] [stderr] 1272 |     use std::path::PathBuf;
[INFO] [stderr]      |         ^^^^^^^^^^^^^^^^^^
[INFO] [stderr] 
[INFO] [stderr] warning: unused import: `tokio::fs as async_fs`
[INFO] [stderr]    --> src/metadata.rs:475:9
[INFO] [stderr]     |
[INFO] [stderr] 475 |     use tokio::fs as async_fs;
[INFO] [stderr]     |         ^^^^^^^^^^^^^^^^^^^^^
[INFO] [stderr] 
[INFO] [stderr] warning: unused import: `tokio::fs as async_fs`
[INFO] [stderr]    --> src/scanner.rs:564:9
[INFO] [stderr]     |
[INFO] [stderr] 564 |     use tokio::fs as async_fs;
[INFO] [stderr]     |         ^^^^^^^^^^^^^^^^^^^^^
[INFO] [stderr] 
[INFO] [stderr] warning: unused import: `std::sync::atomic::AtomicUsize`
[INFO] [stderr]    --> src/parallel.rs:513:9
[INFO] [stderr]     |
[INFO] [stderr] 513 |     use std::sync::atomic::AtomicUsize;
[INFO] [stderr]     |         ^^^^^^^^^^^^^^^^^^^^^^^^^^^^^^
[INFO] [stderr] 
[INFO] [stderr] warning: variable does not need to be mutable
[INFO] [stderr]     --> src/git_integration.rs:1778:17
[INFO] [stderr]      |
[INFO] [stderr] 1778 |             let mut integrator = GitIntegrator::new(temp_dir.path()).unwrap();
[INFO] [stderr]      |                 ----^^^^^^^^^^
[INFO] [stderr]      |                 |
[INFO] [stderr]      |                 help: remove this `mut`
[INFO] [stderr] 
[INFO] [stderr] warning: variable does not need to be mutable
[INFO] [stderr]     --> src/language_detection.rs:1332:13
[INFO] [stderr]      |
[INFO] [stderr] 1332 |         let mut detector = LanguageDetector::new();
[INFO] [stderr]      |             ----^^^^^^^^
[INFO] [stderr]      |             |
[INFO] [stderr]      |             help: remove this `mut`
[INFO] [stderr] 
[INFO] [stderr] warning: variable does not need to be mutable
[INFO] [stderr]    --> src/metadata.rs:485:13
[INFO] [stderr]     |
[INFO] [stderr] 485 |         let mut extractor = MetadataExtractor::new();
[INFO] [stderr]     |             ----^^^^^^^^^
[INFO] [stderr]     |             |
[INFO] [stderr]     |             help: remove this `mut`
[INFO] [stderr] 
[INFO] [stderr] warning: variable does not need to be mutable
[INFO] [stderr]    --> src/metadata.rs:508:17
[INFO] [stderr]     |
[INFO] [stderr] 508 |             let mut extractor = MetadataExtractor::new();
[INFO] [stderr]     |                 ----^^^^^^^^^
[INFO] [stderr]     |                 |
[INFO] [stderr]     |                 help: remove this `mut`
[INFO] [stderr] 
[INFO] [stderr] warning: variable does not need to be mutable
[INFO] [stderr]    --> src/metadata.rs:528:13
[INFO] [stderr]     |
[INFO] [stderr] 528 |         let mut extractor = MetadataExtractor::new();
[INFO] [stderr]     |             ----^^^^^^^^^
[INFO] [stderr]     |             |
[INFO] [stderr]     |             help: remove this `mut`
[INFO] [stderr] 
[INFO] [stderr] warning: variable does not need to be mutable
[INFO] [stderr]    --> src/metadata.rs:552:17
[INFO] [stderr]     |
[INFO] [stderr] 552 |             let mut extractor = MetadataExtractor::new();
[INFO] [stderr]     |                 ----^^^^^^^^^
[INFO] [stderr]     |                 |
[INFO] [stderr]     |                 help: remove this `mut`
[INFO] [stderr] 
[INFO] [stderr] warning: variable does not need to be mutable
[INFO] [stderr]    --> src/metadata.rs:610:13
[INFO] [stderr]     |
[INFO] [stderr] 610 |         let mut extractor = MetadataExtractor::new();
[INFO] [stderr]     |             ----^^^^^^^^^
[INFO] [stderr]     |             |
[INFO] [stderr]     |             help: remove this `mut`
[INFO] [stderr] 
[INFO] [stderr] warning: variable does not need to be mutable
[INFO] [stderr]    --> src/metadata.rs:634:13
[INFO] [stderr]     |
[INFO] [stderr] 634 |         let mut extractor = MetadataExtractor::new();
[INFO] [stderr]     |             ----^^^^^^^^^
[INFO] [stderr]     |             |
[INFO] [stderr]     |             help: remove this `mut`
[INFO] [stderr] 
[INFO] [stderr] warning: variable does not need to be mutable
[INFO] [stderr]    --> src/aho_corasick_reference_index.rs:414:13
[INFO] [stderr]     |
[INFO] [stderr] 414 |         let mut index = AhoCorasickReferenceIndex {
[INFO] [stderr]     |             ----^^^^^
[INFO] [stderr]     |             |
[INFO] [stderr]     |             help: remove this `mut`
[INFO] [stderr] 
[INFO] [stderr] warning: `scribe-scanner` (lib test) generated 48 warnings (35 duplicates) (run `cargo fix --lib -p scribe-scanner --tests` to apply 13 suggestions)
[INFO] [stderr]     Finished `test` profile [unoptimized + debuginfo] target(s) in 0.27s
[INFO] [stderr]      Running unittests src/lib.rs (/opt/rustwide/target/debug/deps/scribe_scanner-66c0bfd41b049d25)
[INFO] [stdout] 
[INFO] [stdout] running 77 tests
[INFO] [stdout] test aho_corasick_reference_index::tests::test_token_extraction ... ok
[INFO] [stdout] test filtering::tests::test_cold_extension_filtering ... ok
[INFO] [stdout] test filtering::tests::test_cold_directory_filtering ... ok
[INFO] [stdout] test aho_corasick_reference_index::tests::test_file_scanning ... ok
[INFO] [stdout] test aho_corasick_reference_index::tests::test_stoplist_filtering ... ok
[INFO] [stdout] test filtering::tests::test_binary_content_detection ... ok
[INFO] [stdout] test aho_corasick_reference_index::tests::test_boundary_detection ... ok
[INFO] [stdout] test filtering::tests::test_directory_filtering ... ok
[INFO] [stdout] test filtering::tests::test_hidden_file_filtering ... ok
[INFO] [stdout] test filtering::tests::test_filter_statistics ... ok
[INFO] [stdout] test git_integration::tests::test_age_distribution_calculation ... ok
[INFO] [stdout] test filtering::tests::test_custom_extension_filtering ... ok
[INFO] [stdout] test git_integration::tests::test_binary_file_detection ... ok
[INFO] [stdout] test git_integration::tests::test_diff_analysis_config_default ... ok
[INFO] [stdout] test filtering::tests::test_binary_detection ... ok
[INFO] [stdout] test git_integration::tests::test_blame_info ... ok
[INFO] [stdout] test git_integration::tests::test_generated_file_detection ... ok
[INFO] [stdout] test git_integration::tests::test_diff_analysis_unstaged_changes ... ok
[INFO] [stdout] test git_integration::tests::test_file_status_detection ... ok
[INFO] [stdout] test git_integration::tests::test_diff_filtering ... ok
[INFO] [stdout] test git_integration::tests::test_git_integrator_creation ... ok
[INFO] [stdout] test git_integration::tests::test_diff_analysis_staged_changes ... ok
[INFO] [stdout] test git_integration::tests::test_list_tracked_files ... ok
[INFO] [stdout] test git_integration::tests::test_get_repository_stats ... ok
[INFO] [stdout] test git_integration::tests::test_diff_analysis_commit_range ... ok
[INFO] [stdout] test git_integration::tests::test_get_file_info ... ok
[INFO] [stdout] test git_integration::tests::test_cache_functionality ... ok
[INFO] [stdout] test filtering::tests::test_file_size_filtering ... FAILED
[INFO] [stdout] test language_detection::tests::test_alternatives_ranking ... ok
[INFO] [stdout] test language_detection::tests::test_custom_detection_rules ... ok
[INFO] [stdout] test language_detection::tests::test_content_signature_detection ... ok
[INFO] [stdout] test language_detection::tests::test_confidence_scoring ... ok
[INFO] [stdout] test language_detection::tests::test_detection_with_hints ... ok
[INFO] [stdout] test language_detection::tests::test_extension_detection ... ok
[INFO] [stdout] test metadata::tests::test_batch_metadata_extraction ... ok
[INFO] [stdout] test language_detection::tests::test_filename_patterns ... ok
[INFO] [stdout] test metadata::tests::test_cache_functionality ... ok
[INFO] [stdout] test metadata::tests::test_file_type_classification ... ok
[INFO] [stdout] test metadata::tests::test_size_distribution ... ok
[INFO] [stdout] test metadata::tests::test_recently_modified ... ok
[INFO] [stdout] test metadata::tests::test_size_stats_from_sizes ... ok
[INFO] [stdout] test language_detection::tests::test_detection_evidence ... ok
[INFO] [stdout] test parallel::tests::test_batch_creation ... ok
[INFO] [stdout] test parallel::tests::test_error_handling ... ok
[INFO] [stdout] test metadata::tests::test_size_statistics ... ok
[INFO] [stdout] test parallel::tests::test_latency_tracking ... ok
[INFO] [stdout] test parallel::tests::test_memory_tracking ... ok
[INFO] [stdout] test parallel::tests::test_parallel_controller_creation ... ok
[INFO] [stdout] test metadata::tests::test_metadata_extraction ... ok
[INFO] [stdout] test parallel::tests::test_work_item_creation ... ok
[INFO] [stdout] test performance::tests::test_bottleneck_identification ... ok
[INFO] [stdout] test metadata::tests::test_symlink_detection ... ok
[INFO] [stdout] test performance::tests::test_error_recording ... ok
[INFO] [stdout] test performance::tests::test_metrics_reset ... ok
[INFO] [stdout] test performance::tests::test_operation_profile ... ok
[INFO] [stdout] test parallel::tests::test_metrics_updates ... ok
[INFO] [stdout] test performance::tests::test_memory_tracking ... ok
[INFO] [stdout] test performance::tests::test_performance_monitor_creation ... ok
[INFO] [stdout] test performance::tests::test_performance_report ... ok
[INFO] [stdout] test performance::tests::test_perf_timer ... ok
[INFO] [stdout] test performance::tests::test_real_time_metrics ... ok
[INFO] [stdout] test performance::tests::test_perf_timer_macro ... ok
[INFO] [stdout] test scanner::tests::test_binary_file_detection ... ok
[INFO] [stdout] test scanner::tests::test_scan_options_builder ... ok
[INFO] [stdout] test parallel::tests::test_parallel_processing ... ok
[INFO] [stdout] test scanner::tests::test_scan_options_extension_filtering ... ok
[INFO] [stdout] test scanner::tests::test_scanner_creation ... ok
[INFO] [stdout] test language_detection::tests::test_import_pattern_detection ... ok
[INFO] [stdout] test language_detection::tests::test_hybrid_detection ... ok
[INFO] [stdout] test language_detection::tests::test_rust_files_are_programming ... ok
[INFO] [stdout] test language_detection::tests::test_shebang_detection ... ok
[INFO] [stdout] test scanner::tests::test_scan_empty_directory ... ok
[INFO] [stdout] test scanner::tests::test_scan_with_files ... ok
[INFO] [stdout] test tests::test_scanner_stats ... ok
[INFO] [stdout] test tests::test_scanner_creation ... ok
[INFO] [stdout] test tests::test_fast_scan ... ok
[INFO] [stdout] test scanner::tests::test_parallel_processing ... ok
[INFO] [stdout] 
[INFO] [stdout] failures:
[INFO] [stdout] 
[INFO] [stdout] ---- filtering::tests::test_file_size_filtering stdout ----
[INFO] [stdout] 
[INFO] [stdout] thread 'filtering::tests::test_file_size_filtering' (2945) panicked at src/filtering.rs:523:48:
[INFO] [stdout] called `Result::unwrap()` on an `Err` value: Os { code: 30, kind: ReadOnlyFilesystem, message: "Read-only file system" }
[INFO] [stdout] stack backtrace:
[INFO] [stdout]    0:     0x60a674a63981 - std[70759c8f55707aa4]::backtrace_rs::backtrace::libunwind::trace
[INFO] [stdout]                                at /rustc/dfb0accb7f508ae8be965d8629557221c889dd98/library/std/src/../../backtrace/src/backtrace/libunwind.rs:117:9
[INFO] [stdout]    1:     0x60a674a63981 - std[70759c8f55707aa4]::backtrace_rs::backtrace::trace_unsynchronized::<std[70759c8f55707aa4]::sys::backtrace::_print_fmt::{closure#1}>
[INFO] [stdout]                                at /rustc/dfb0accb7f508ae8be965d8629557221c889dd98/library/std/src/../../backtrace/src/backtrace/mod.rs:66:14
[INFO] [stdout]    2:     0x60a674a63981 - std[70759c8f55707aa4]::sys::backtrace::_print_fmt
[INFO] [stdout]                                at /rustc/dfb0accb7f508ae8be965d8629557221c889dd98/library/std/src/sys/backtrace.rs:74:9
[INFO] [stdout]    3:     0x60a674a63981 - <<std[70759c8f55707aa4]::sys::backtrace::BacktraceLock>::print::DisplayBacktrace as core[df12db4294e9bfd3]::fmt::Display>::fmt
[INFO] [stdout]                                at /rustc/dfb0accb7f508ae8be965d8629557221c889dd98/library/std/src/sys/backtrace.rs:44:26
[INFO] [stdout]    4:     0x60a674a7b66a - <core[df12db4294e9bfd3]::fmt::rt::Argument>::fmt
[INFO] [stdout]                                at /rustc/dfb0accb7f508ae8be965d8629557221c889dd98/library/core/src/fmt/rt.rs:152:76
[INFO] [stdout]    5:     0x60a674a7b66a - core[df12db4294e9bfd3]::fmt::write
[INFO] [stdout]    6:     0x60a674a6843c - core[df12db4294e9bfd3]::io::write::default_write_fmt::<alloc[2182bb758b4b3781]::vec::Vec<u8>>
[INFO] [stdout]                                at /rustc/dfb0accb7f508ae8be965d8629557221c889dd98/library/core/src/io/write.rs:402:11
[INFO] [stdout]    7:     0x60a674a6843c - <alloc[2182bb758b4b3781]::vec::Vec<u8> as core[df12db4294e9bfd3]::io::write::Write>::write_fmt
[INFO] [stdout]                                at /rustc/dfb0accb7f508ae8be965d8629557221c889dd98/library/core/src/io/write.rs:335:13
[INFO] [stdout]    8:     0x60a674a3c7d6 - <std[70759c8f55707aa4]::sys::backtrace::BacktraceLock>::print
[INFO] [stdout]                                at /rustc/dfb0accb7f508ae8be965d8629557221c889dd98/library/std/src/sys/backtrace.rs:47:9
[INFO] [stdout]    9:     0x60a674a3c7d6 - std[70759c8f55707aa4]::panicking::default_hook::{closure#0}
[INFO] [stdout]                                at /rustc/dfb0accb7f508ae8be965d8629557221c889dd98/library/std/src/panicking.rs:292:27
[INFO] [stdout]   10:     0x60a674a5a599 - std[70759c8f55707aa4]::panicking::default_hook
[INFO] [stdout]                                at /rustc/dfb0accb7f508ae8be965d8629557221c889dd98/library/std/src/panicking.rs:316:9
[INFO] [stdout]   11:     0x60a674580d20 - <alloc[2182bb758b4b3781]::boxed::Box<dyn for<'a, 'b> core[df12db4294e9bfd3]::ops::function::Fn<(&'a std[70759c8f55707aa4]::panic::PanicHookInfo<'b>,), Output = ()> + core[df12db4294e9bfd3]::marker::Send + core[df12db4294e9bfd3]::marker::Sync> as core[df12db4294e9bfd3]::ops::function::Fn<(&std[70759c8f55707aa4]::panic::PanicHookInfo,)>>::call
[INFO] [stdout]                                at /rustc/dfb0accb7f508ae8be965d8629557221c889dd98/library/alloc/src/boxed.rs:2334:9
[INFO] [stdout]   12:     0x60a674580d20 - test[9d35eded1c95d3be]::test_main_inner::<test[9d35eded1c95d3be]::test_main_static::{closure#0}>::{closure#0}
[INFO] [stdout]                                at /rustc/dfb0accb7f508ae8be965d8629557221c889dd98/library/test/src/lib.rs:155:21
[INFO] [stdout]   13:     0x60a674a5a8c2 - <alloc[2182bb758b4b3781]::boxed::Box<dyn for<'a, 'b> core[df12db4294e9bfd3]::ops::function::Fn<(&'a std[70759c8f55707aa4]::panic::PanicHookInfo<'b>,), Output = ()> + core[df12db4294e9bfd3]::marker::Send + core[df12db4294e9bfd3]::marker::Sync> as core[df12db4294e9bfd3]::ops::function::Fn<(&std[70759c8f55707aa4]::panic::PanicHookInfo,)>>::call
[INFO] [stdout]                                at /rustc/dfb0accb7f508ae8be965d8629557221c889dd98/library/alloc/src/boxed.rs:2334:9
[INFO] [stdout]   14:     0x60a674a5a8c2 - std[70759c8f55707aa4]::panicking::panic_with_hook
[INFO] [stdout]                                at /rustc/dfb0accb7f508ae8be965d8629557221c889dd98/library/std/src/panicking.rs:823:13
[INFO] [stdout]   15:     0x60a674a3c882 - std[70759c8f55707aa4]::panicking::panic_handler::{closure#0}
[INFO] [stdout]                                at /rustc/dfb0accb7f508ae8be965d8629557221c889dd98/library/std/src/panicking.rs:688:13
[INFO] [stdout]   16:     0x60a674a35229 - std[70759c8f55707aa4]::sys::backtrace::__rust_end_short_backtrace::<std[70759c8f55707aa4]::panicking::panic_handler::{closure#0}, !>
[INFO] [stdout]                                at /rustc/dfb0accb7f508ae8be965d8629557221c889dd98/library/std/src/sys/backtrace.rs:182:18
[INFO] [stdout]   17:     0x60a674a3d56d - __rustc[8fa7c3cbc660c2b3]::rust_begin_unwind
[INFO] [stdout]                                at /rustc/dfb0accb7f508ae8be965d8629557221c889dd98/library/std/src/panicking.rs:679:5
[INFO] [stdout]   18:     0x60a674a7bf0c - core[df12db4294e9bfd3]::panicking::panic_fmt
[INFO] [stdout]                                at /rustc/dfb0accb7f508ae8be965d8629557221c889dd98/library/core/src/panicking.rs:80:14
[INFO] [stdout]   19:     0x60a674a7bc62 - core[df12db4294e9bfd3]::result::unwrap_failed
[INFO] [stdout]                                at /rustc/dfb0accb7f508ae8be965d8629557221c889dd98/library/core/src/result.rs:1871:5
[INFO] [stdout]   20:     0x60a6744affe2 - <core[df12db4294e9bfd3]::result::Result<(), core[df12db4294e9bfd3]::io::error::Error>>::unwrap
[INFO] [stdout]                                at /rustc/dfb0accb7f508ae8be965d8629557221c889dd98/library/core/src/result.rs:1232:23
[INFO] [stdout]   21:     0x60a6744affe2 - scribe_scanner[b2d5177bc4b6fed6]::filtering::tests::test_file_size_filtering::{closure#0}
[INFO] [stdout]                                at /opt/rustwide/workdir/src/filtering.rs:523:48
[INFO] [stdout]   22:     0x60a6743ad632 - <core[df12db4294e9bfd3]::pin::Pin<&mut dyn core[df12db4294e9bfd3]::future::future::Future<Output = ()>> as core[df12db4294e9bfd3]::future::future::Future>::poll
[INFO] [stdout]                                at /rustc/dfb0accb7f508ae8be965d8629557221c889dd98/library/core/src/future/future.rs:133:9
[INFO] [stdout]   23:     0x60a6743ad76d - <core[df12db4294e9bfd3]::pin::Pin<&mut core[df12db4294e9bfd3]::pin::Pin<&mut dyn core[df12db4294e9bfd3]::future::future::Future<Output = ()>>> as core[df12db4294e9bfd3]::future::future::Future>::poll
[INFO] [stdout]                                at /rustc/dfb0accb7f508ae8be965d8629557221c889dd98/library/core/src/future/future.rs:133:9
[INFO] [stdout]   24:     0x60a67441743d - <tokio[3f5b8463ff5146c4]::runtime::scheduler::current_thread::CoreGuard>::block_on::<core[df12db4294e9bfd3]::pin::Pin<&mut core[df12db4294e9bfd3]::pin::Pin<&mut dyn core[df12db4294e9bfd3]::future::future::Future<Output = ()>>>>::{closure#0}::{closure#0}::{closure#0}
[INFO] [stdout]                                at /opt/rustwide/cargo-home/registry/src/index.crates.io-1949cf8c6b5b557f/tokio-1.47.1/src/runtime/scheduler/current_thread/mod.rs:742:70
[INFO] [stdout]   25:     0x60a6744172a5 - tokio[3f5b8463ff5146c4]::task::coop::with_budget::<core[df12db4294e9bfd3]::task::poll::Poll<()>, <tokio[3f5b8463ff5146c4]::runtime::scheduler::current_thread::CoreGuard>::block_on<core[df12db4294e9bfd3]::pin::Pin<&mut core[df12db4294e9bfd3]::pin::Pin<&mut dyn core[df12db4294e9bfd3]::future::future::Future<Output = ()>>>>::{closure#0}::{closure#0}::{closure#0}>
[INFO] [stdout]                                at /opt/rustwide/cargo-home/registry/src/index.crates.io-1949cf8c6b5b557f/tokio-1.47.1/src/task/coop/mod.rs:167:5
[INFO] [stdout]   26:     0x60a6744172a5 - tokio[3f5b8463ff5146c4]::task::coop::budget::<core[df12db4294e9bfd3]::task::poll::Poll<()>, <tokio[3f5b8463ff5146c4]::runtime::scheduler::current_thread::CoreGuard>::block_on<core[df12db4294e9bfd3]::pin::Pin<&mut core[df12db4294e9bfd3]::pin::Pin<&mut dyn core[df12db4294e9bfd3]::future::future::Future<Output = ()>>>>::{closure#0}::{closure#0}::{closure#0}>
[INFO] [stdout]                                at /opt/rustwide/cargo-home/registry/src/index.crates.io-1949cf8c6b5b557f/tokio-1.47.1/src/task/coop/mod.rs:133:5
[INFO] [stdout]   27:     0x60a6744172a5 - <tokio[3f5b8463ff5146c4]::runtime::scheduler::current_thread::CoreGuard>::block_on::<core[df12db4294e9bfd3]::pin::Pin<&mut core[df12db4294e9bfd3]::pin::Pin<&mut dyn core[df12db4294e9bfd3]::future::future::Future<Output = ()>>>>::{closure#0}::{closure#0}
[INFO] [stdout]                                at /opt/rustwide/cargo-home/registry/src/index.crates.io-1949cf8c6b5b557f/tokio-1.47.1/src/runtime/scheduler/current_thread/mod.rs:742:25
[INFO] [stdout]   28:     0x60a674409dd2 - <tokio[3f5b8463ff5146c4]::runtime::scheduler::current_thread::Context>::enter::<core[df12db4294e9bfd3]::task::poll::Poll<()>, <tokio[3f5b8463ff5146c4]::runtime::scheduler::current_thread::CoreGuard>::block_on<core[df12db4294e9bfd3]::pin::Pin<&mut core[df12db4294e9bfd3]::pin::Pin<&mut dyn core[df12db4294e9bfd3]::future::future::Future<Output = ()>>>>::{closure#0}::{closure#0}>
[INFO] [stdout]                                at /opt/rustwide/cargo-home/registry/src/index.crates.io-1949cf8c6b5b557f/tokio-1.47.1/src/runtime/scheduler/current_thread/mod.rs:432:19
[INFO] [stdout]   29:     0x60a6744158ad - <tokio[3f5b8463ff5146c4]::runtime::scheduler::current_thread::CoreGuard>::block_on::<core[df12db4294e9bfd3]::pin::Pin<&mut core[df12db4294e9bfd3]::pin::Pin<&mut dyn core[df12db4294e9bfd3]::future::future::Future<Output = ()>>>>::{closure#0}
[INFO] [stdout]                                at /opt/rustwide/cargo-home/registry/src/index.crates.io-1949cf8c6b5b557f/tokio-1.47.1/src/runtime/scheduler/current_thread/mod.rs:741:44
[INFO] [stdout]   30:     0x60a674413544 - <tokio[3f5b8463ff5146c4]::runtime::scheduler::current_thread::CoreGuard>::enter::<<tokio[3f5b8463ff5146c4]::runtime::scheduler::current_thread::CoreGuard>::block_on<core[df12db4294e9bfd3]::pin::Pin<&mut core[df12db4294e9bfd3]::pin::Pin<&mut dyn core[df12db4294e9bfd3]::future::future::Future<Output = ()>>>>::{closure#0}, core[df12db4294e9bfd3]::option::Option<()>>::{closure#0}
[INFO] [stdout]                                at /opt/rustwide/cargo-home/registry/src/index.crates.io-1949cf8c6b5b557f/tokio-1.47.1/src/runtime/scheduler/current_thread/mod.rs:829:68
[INFO] [stdout]   31:     0x60a6744bcbab - <tokio[3f5b8463ff5146c4]::runtime::context::scoped::Scoped<tokio[3f5b8463ff5146c4]::runtime::scheduler::Context>>::set::<<tokio[3f5b8463ff5146c4]::runtime::scheduler::current_thread::CoreGuard>::enter<<tokio[3f5b8463ff5146c4]::runtime::scheduler::current_thread::CoreGuard>::block_on<core[df12db4294e9bfd3]::pin::Pin<&mut core[df12db4294e9bfd3]::pin::Pin<&mut dyn core[df12db4294e9bfd3]::future::future::Future<Output = ()>>>>::{closure#0}, core[df12db4294e9bfd3]::option::Option<()>>::{closure#0}, (alloc[2182bb758b4b3781]::boxed::Box<tokio[3f5b8463ff5146c4]::runtime::scheduler::current_thread::Core>, core[df12db4294e9bfd3]::option::Option<()>)>
[INFO] [stdout]                                at /opt/rustwide/cargo-home/registry/src/index.crates.io-1949cf8c6b5b557f/tokio-1.47.1/src/runtime/context/scoped.rs:40:9
[INFO] [stdout]   32:     0x60a6744168e9 - tokio[3f5b8463ff5146c4]::runtime::context::set_scheduler::<(alloc[2182bb758b4b3781]::boxed::Box<tokio[3f5b8463ff5146c4]::runtime::scheduler::current_thread::Core>, core[df12db4294e9bfd3]::option::Option<()>), <tokio[3f5b8463ff5146c4]::runtime::scheduler::current_thread::CoreGuard>::enter<<tokio[3f5b8463ff5146c4]::runtime::scheduler::current_thread::CoreGuard>::block_on<core[df12db4294e9bfd3]::pin::Pin<&mut core[df12db4294e9bfd3]::pin::Pin<&mut dyn core[df12db4294e9bfd3]::future::future::Future<Output = ()>>>>::{closure#0}, core[df12db4294e9bfd3]::option::Option<()>>::{closure#0}>::{closure#0}
[INFO] [stdout]                                at /opt/rustwide/cargo-home/registry/src/index.crates.io-1949cf8c6b5b557f/tokio-1.47.1/src/runtime/context.rs:176:38
[INFO] [stdout]   33:     0x60a6743e8e0f - <std[70759c8f55707aa4]::thread::local::LocalKey<tokio[3f5b8463ff5146c4]::runtime::context::Context>>::try_with::<tokio[3f5b8463ff5146c4]::runtime::context::set_scheduler<(alloc[2182bb758b4b3781]::boxed::Box<tokio[3f5b8463ff5146c4]::runtime::scheduler::current_thread::Core>, core[df12db4294e9bfd3]::option::Option<()>), <tokio[3f5b8463ff5146c4]::runtime::scheduler::current_thread::CoreGuard>::enter<<tokio[3f5b8463ff5146c4]::runtime::scheduler::current_thread::CoreGuard>::block_on<core[df12db4294e9bfd3]::pin::Pin<&mut core[df12db4294e9bfd3]::pin::Pin<&mut dyn core[df12db4294e9bfd3]::future::future::Future<Output = ()>>>>::{closure#0}, core[df12db4294e9bfd3]::option::Option<()>>::{closure#0}>::{closure#0}, (alloc[2182bb758b4b3781]::boxed::Box<tokio[3f5b8463ff5146c4]::runtime::scheduler::current_thread::Core>, core[df12db4294e9bfd3]::option::Option<()>)>
[INFO] [stdout]                                at /rustc/dfb0accb7f508ae8be965d8629557221c889dd98/library/std/src/thread/local.rs:463:12
[INFO] [stdout]   34:     0x60a6743e851e - <std[70759c8f55707aa4]::thread::local::LocalKey<tokio[3f5b8463ff5146c4]::runtime::context::Context>>::with::<tokio[3f5b8463ff5146c4]::runtime::context::set_scheduler<(alloc[2182bb758b4b3781]::boxed::Box<tokio[3f5b8463ff5146c4]::runtime::scheduler::current_thread::Core>, core[df12db4294e9bfd3]::option::Option<()>), <tokio[3f5b8463ff5146c4]::runtime::scheduler::current_thread::CoreGuard>::enter<<tokio[3f5b8463ff5146c4]::runtime::scheduler::current_thread::CoreGuard>::block_on<core[df12db4294e9bfd3]::pin::Pin<&mut core[df12db4294e9bfd3]::pin::Pin<&mut dyn core[df12db4294e9bfd3]::future::future::Future<Output = ()>>>>::{closure#0}, core[df12db4294e9bfd3]::option::Option<()>>::{closure#0}>::{closure#0}, (alloc[2182bb758b4b3781]::boxed::Box<tokio[3f5b8463ff5146c4]::runtime::scheduler::current_thread::Core>, core[df12db4294e9bfd3]::option::Option<()>)>
[INFO] [stdout]                                at /rustc/dfb0accb7f508ae8be965d8629557221c889dd98/library/std/src/thread/local.rs:427:20
[INFO] [stdout]   35:     0x60a67440e5cd - tokio[3f5b8463ff5146c4]::runtime::context::set_scheduler::<(alloc[2182bb758b4b3781]::boxed::Box<tokio[3f5b8463ff5146c4]::runtime::scheduler::current_thread::Core>, core[df12db4294e9bfd3]::option::Option<()>), <tokio[3f5b8463ff5146c4]::runtime::scheduler::current_thread::CoreGuard>::enter<<tokio[3f5b8463ff5146c4]::runtime::scheduler::current_thread::CoreGuard>::block_on<core[df12db4294e9bfd3]::pin::Pin<&mut core[df12db4294e9bfd3]::pin::Pin<&mut dyn core[df12db4294e9bfd3]::future::future::Future<Output = ()>>>>::{closure#0}, core[df12db4294e9bfd3]::option::Option<()>>::{closure#0}>
[INFO] [stdout]                                at /opt/rustwide/cargo-home/registry/src/index.crates.io-1949cf8c6b5b557f/tokio-1.47.1/src/runtime/context.rs:176:17
[INFO] [stdout]   36:     0x60a67440dc40 - <tokio[3f5b8463ff5146c4]::runtime::scheduler::current_thread::CoreGuard>::enter::<<tokio[3f5b8463ff5146c4]::runtime::scheduler::current_thread::CoreGuard>::block_on<core[df12db4294e9bfd3]::pin::Pin<&mut core[df12db4294e9bfd3]::pin::Pin<&mut dyn core[df12db4294e9bfd3]::future::future::Future<Output = ()>>>>::{closure#0}, core[df12db4294e9bfd3]::option::Option<()>>
[INFO] [stdout]                                at /opt/rustwide/cargo-home/registry/src/index.crates.io-1949cf8c6b5b557f/tokio-1.47.1/src/runtime/scheduler/current_thread/mod.rs:829:27
[INFO] [stdout]   37:     0x60a67440e076 - <tokio[3f5b8463ff5146c4]::runtime::scheduler::current_thread::CoreGuard>::block_on::<core[df12db4294e9bfd3]::pin::Pin<&mut core[df12db4294e9bfd3]::pin::Pin<&mut dyn core[df12db4294e9bfd3]::future::future::Future<Output = ()>>>>
[INFO] [stdout]                                at /opt/rustwide/cargo-home/registry/src/index.crates.io-1949cf8c6b5b557f/tokio-1.47.1/src/runtime/scheduler/current_thread/mod.rs:729:24
[INFO] [stdout]   38:     0x60a6744102f0 - <tokio[3f5b8463ff5146c4]::runtime::scheduler::current_thread::CurrentThread>::block_on::<core[df12db4294e9bfd3]::pin::Pin<&mut dyn core[df12db4294e9bfd3]::future::future::Future<Output = ()>>>::{closure#0}
[INFO] [stdout]                                at /opt/rustwide/cargo-home/registry/src/index.crates.io-1949cf8c6b5b557f/tokio-1.47.1/src/runtime/scheduler/current_thread/mod.rs:200:33
[INFO] [stdout]   39:     0x60a6743af218 - tokio[3f5b8463ff5146c4]::runtime::context::runtime::enter_runtime::<<tokio[3f5b8463ff5146c4]::runtime::scheduler::current_thread::CurrentThread>::block_on<core[df12db4294e9bfd3]::pin::Pin<&mut dyn core[df12db4294e9bfd3]::future::future::Future<Output = ()>>>::{closure#0}, ()>
[INFO] [stdout]                                at /opt/rustwide/cargo-home/registry/src/index.crates.io-1949cf8c6b5b557f/tokio-1.47.1/src/runtime/context/runtime.rs:65:16
[INFO] [stdout]   40:     0x60a674409274 - <tokio[3f5b8463ff5146c4]::runtime::scheduler::current_thread::CurrentThread>::block_on::<core[df12db4294e9bfd3]::pin::Pin<&mut dyn core[df12db4294e9bfd3]::future::future::Future<Output = ()>>>
[INFO] [stdout]                                at /opt/rustwide/cargo-home/registry/src/index.crates.io-1949cf8c6b5b557f/tokio-1.47.1/src/runtime/scheduler/current_thread/mod.rs:188:9
[INFO] [stdout]   41:     0x60a6744597af - <tokio[3f5b8463ff5146c4]::runtime::runtime::Runtime>::block_on_inner::<core[df12db4294e9bfd3]::pin::Pin<&mut dyn core[df12db4294e9bfd3]::future::future::Future<Output = ()>>>
[INFO] [stdout]                                at /opt/rustwide/cargo-home/registry/src/index.crates.io-1949cf8c6b5b557f/tokio-1.47.1/src/runtime/runtime.rs:356:52
[INFO] [stdout]   42:     0x60a674459a9b - <tokio[3f5b8463ff5146c4]::runtime::runtime::Runtime>::block_on::<core[df12db4294e9bfd3]::pin::Pin<&mut dyn core[df12db4294e9bfd3]::future::future::Future<Output = ()>>>
[INFO] [stdout]                                at /opt/rustwide/cargo-home/registry/src/index.crates.io-1949cf8c6b5b557f/tokio-1.47.1/src/runtime/runtime.rs:330:18
[INFO] [stdout]   43:     0x60a6744b9e93 - scribe_scanner[b2d5177bc4b6fed6]::filtering::tests::test_file_size_filtering
[INFO] [stdout]                                at /opt/rustwide/workdir/src/filtering.rs:532:22
[INFO] [stdout]   44:     0x60a6744aed37 - scribe_scanner[b2d5177bc4b6fed6]::filtering::tests::test_file_size_filtering::{closure#0}
[INFO] [stdout]                                at /opt/rustwide/workdir/src/filtering.rs:516:40
[INFO] [stdout]   45:     0x60a674398376 - <scribe_scanner[b2d5177bc4b6fed6]::filtering::tests::test_file_size_filtering::{closure#0} as core[df12db4294e9bfd3]::ops::function::FnOnce<()>>::call_once
[INFO] [stdout]                                at /rustc/dfb0accb7f508ae8be965d8629557221c889dd98/library/core/src/ops/function.rs:250:5
[INFO] [stdout]   46:     0x60a67457400b - <fn() -> core[df12db4294e9bfd3]::result::Result<(), alloc[2182bb758b4b3781]::string::String> as core[df12db4294e9bfd3]::ops::function::FnOnce<()>>::call_once
[INFO] [stdout]                                at /rustc/dfb0accb7f508ae8be965d8629557221c889dd98/library/core/src/ops/function.rs:250:5
[INFO] [stdout]   47:     0x60a67457400b - test[9d35eded1c95d3be]::__rust_begin_short_backtrace::<core[df12db4294e9bfd3]::result::Result<(), alloc[2182bb758b4b3781]::string::String>, fn() -> core[df12db4294e9bfd3]::result::Result<(), alloc[2182bb758b4b3781]::string::String>>
[INFO] [stdout]                                at /rustc/dfb0accb7f508ae8be965d8629557221c889dd98/library/test/src/lib.rs:733:18
[INFO] [stdout]   48:     0x60a674581675 - test[9d35eded1c95d3be]::run_test_in_process::{closure#0}
[INFO] [stdout]                                at /rustc/dfb0accb7f508ae8be965d8629557221c889dd98/library/test/src/lib.rs:756:74
[INFO] [stdout]   49:     0x60a674581675 - <core[df12db4294e9bfd3]::panic::unwind_safe::AssertUnwindSafe<test[9d35eded1c95d3be]::run_test_in_process::{closure#0}> as core[df12db4294e9bfd3]::ops::function::FnOnce<()>>::call_once
[INFO] [stdout]                                at /rustc/dfb0accb7f508ae8be965d8629557221c889dd98/library/core/src/panic/unwind_safe.rs:275:9
[INFO] [stdout]   50:     0x60a674581675 - std[70759c8f55707aa4]::panicking::catch_unwind::do_call::<core[df12db4294e9bfd3]::panic::unwind_safe::AssertUnwindSafe<test[9d35eded1c95d3be]::run_test_in_process::{closure#0}>, core[df12db4294e9bfd3]::result::Result<(), alloc[2182bb758b4b3781]::string::String>>
[INFO] [stdout]                                at /rustc/dfb0accb7f508ae8be965d8629557221c889dd98/library/std/src/panicking.rs:576:43
[INFO] [stdout]   51:     0x60a674581675 - std[70759c8f55707aa4]::panicking::catch_unwind::<core[df12db4294e9bfd3]::result::Result<(), alloc[2182bb758b4b3781]::string::String>, core[df12db4294e9bfd3]::panic::unwind_safe::AssertUnwindSafe<test[9d35eded1c95d3be]::run_test_in_process::{closure#0}>>
[INFO] [stdout]                                at /rustc/dfb0accb7f508ae8be965d8629557221c889dd98/library/std/src/panicking.rs:544:19
[INFO] [stdout]   52:     0x60a674581675 - std[70759c8f55707aa4]::panic::catch_unwind::<core[df12db4294e9bfd3]::panic::unwind_safe::AssertUnwindSafe<test[9d35eded1c95d3be]::run_test_in_process::{closure#0}>, core[df12db4294e9bfd3]::result::Result<(), alloc[2182bb758b4b3781]::string::String>>
[INFO] [stdout]                                at /rustc/dfb0accb7f508ae8be965d8629557221c889dd98/library/std/src/panic.rs:359:14
[INFO] [stdout]   53:     0x60a674581675 - test[9d35eded1c95d3be]::run_test_in_process
[INFO] [stdout]                                at /rustc/dfb0accb7f508ae8be965d8629557221c889dd98/library/test/src/lib.rs:756:27
[INFO] [stdout]   54:     0x60a674581675 - test[9d35eded1c95d3be]::run_test::{closure#0}
[INFO] [stdout]                                at /rustc/dfb0accb7f508ae8be965d8629557221c889dd98/library/test/src/lib.rs:677:43
[INFO] [stdout]   55:     0x60a67457af34 - test[9d35eded1c95d3be]::run_test::{closure#1}
[INFO] [stdout]                                at /rustc/dfb0accb7f508ae8be965d8629557221c889dd98/library/test/src/lib.rs:707:41
[INFO] [stdout]   56:     0x60a67457af34 - std[70759c8f55707aa4]::sys::backtrace::__rust_begin_short_backtrace::<test[9d35eded1c95d3be]::run_test::{closure#1}, ()>
[INFO] [stdout]                                at /rustc/dfb0accb7f508ae8be965d8629557221c889dd98/library/std/src/sys/backtrace.rs:166:18
[INFO] [stdout]   57:     0x60a6745847d2 - std[70759c8f55707aa4]::thread::lifecycle::spawn_unchecked::<test[9d35eded1c95d3be]::run_test::{closure#1}, ()>::{closure#1}::{closure#0}
[INFO] [stdout]                                at /rustc/dfb0accb7f508ae8be965d8629557221c889dd98/library/std/src/thread/lifecycle.rs:70:13
[INFO] [stdout]   58:     0x60a6745847d2 - <core[df12db4294e9bfd3]::panic::unwind_safe::AssertUnwindSafe<std[70759c8f55707aa4]::thread::lifecycle::spawn_unchecked<test[9d35eded1c95d3be]::run_test::{closure#1}, ()>::{closure#1}::{closure#0}> as core[df12db4294e9bfd3]::ops::function::FnOnce<()>>::call_once
[INFO] [stdout]                                at /rustc/dfb0accb7f508ae8be965d8629557221c889dd98/library/core/src/panic/unwind_safe.rs:275:9
[INFO] [stdout]   59:     0x60a6745847d2 - std[70759c8f55707aa4]::panicking::catch_unwind::do_call::<core[df12db4294e9bfd3]::panic::unwind_safe::AssertUnwindSafe<std[70759c8f55707aa4]::thread::lifecycle::spawn_unchecked<test[9d35eded1c95d3be]::run_test::{closure#1}, ()>::{closure#1}::{closure#0}>, ()>
[INFO] [stdout]                                at /rustc/dfb0accb7f508ae8be965d8629557221c889dd98/library/std/src/panicking.rs:576:43
[INFO] [stdout]   60:     0x60a6745847d2 - std[70759c8f55707aa4]::panicking::catch_unwind::<(), core[df12db4294e9bfd3]::panic::unwind_safe::AssertUnwindSafe<std[70759c8f55707aa4]::thread::lifecycle::spawn_unchecked<test[9d35eded1c95d3be]::run_test::{closure#1}, ()>::{closure#1}::{closure#0}>>
[INFO] [stdout]                                at /rustc/dfb0accb7f508ae8be965d8629557221c889dd98/library/std/src/panicking.rs:544:19
[INFO] [stdout]   61:     0x60a6745847d2 - std[70759c8f55707aa4]::panic::catch_unwind::<core[df12db4294e9bfd3]::panic::unwind_safe::AssertUnwindSafe<std[70759c8f55707aa4]::thread::lifecycle::spawn_unchecked<test[9d35eded1c95d3be]::run_test::{closure#1}, ()>::{closure#1}::{closure#0}>, ()>
[INFO] [stdout]                                at /rustc/dfb0accb7f508ae8be965d8629557221c889dd98/library/std/src/panic.rs:359:14
[INFO] [stdout]   62:     0x60a6745847d2 - std[70759c8f55707aa4]::thread::lifecycle::spawn_unchecked::<test[9d35eded1c95d3be]::run_test::{closure#1}, ()>::{closure#1}
[INFO] [stdout]                                at /rustc/dfb0accb7f508ae8be965d8629557221c889dd98/library/std/src/thread/lifecycle.rs:68:26
[INFO] [stdout]   63:     0x60a6745847d2 - <std[70759c8f55707aa4]::thread::lifecycle::spawn_unchecked<test[9d35eded1c95d3be]::run_test::{closure#1}, ()>::{closure#1} as core[df12db4294e9bfd3]::ops::function::FnOnce<()>>::call_once::{shim:vtable#0}
[INFO] [stdout]                                at /rustc/dfb0accb7f508ae8be965d8629557221c889dd98/library/core/src/ops/function.rs:250:5
[INFO] [stdout]   64:     0x60a674a62999 - <alloc[2182bb758b4b3781]::boxed::Box<dyn core[df12db4294e9bfd3]::ops::function::FnOnce<(), Output = ()> + core[df12db4294e9bfd3]::marker::Send> as core[df12db4294e9bfd3]::ops::function::FnOnce<()>>::call_once
[INFO] [stdout]                                at /rustc/dfb0accb7f508ae8be965d8629557221c889dd98/library/alloc/src/boxed.rs:2320:9
[INFO] [stdout]   65:     0x60a674a62999 - <std[70759c8f55707aa4]::sys::thread::unix::Thread>::new::thread_start
[INFO] [stdout]                                at /rustc/dfb0accb7f508ae8be965d8629557221c889dd98/library/std/src/sys/thread/unix.rs:123:17
[INFO] [stdout]   66:     0x7fc774833dfa - <unknown>
[INFO] [stdout]   67:     0x7fc7748c73d4 - clone
[INFO] [stdout]   68:                0x0 - <unknown>
[INFO] [stdout] 
[INFO] [stdout] 
[INFO] [stdout] failures:
[INFO] [stdout]     filtering::tests::test_file_size_filtering
[INFO] [stdout] 
[INFO] [stdout] test result: FAILED. 76 passed; 1 failed; 0 ignored; 0 measured; 0 filtered out; finished in 2.05s
[INFO] [stdout] 
[INFO] [stderr] error: test failed, to rerun pass `--lib`
[INFO] running `Command { std: "docker" "inspect" "94a5242ac813370beb009e98a620cff1be0ad560d55fba904ef5a755f46b8594", kill_on_drop: false }`
[INFO] running `Command { std: "docker" "rm" "-f" "94a5242ac813370beb009e98a620cff1be0ad560d55fba904ef5a755f46b8594", kill_on_drop: false }`
[INFO] [stdout] 94a5242ac813370beb009e98a620cff1be0ad560d55fba904ef5a755f46b8594
