[INFO] fetching crate scribe-graph 0.5.1...
[INFO] testing scribe-graph-0.5.1 against 1.100.0-beta.1 for beta-1.100-2
[INFO] extracting crate scribe-graph 0.5.1 into /workspace/builds/worker-0-tc2/source
[INFO] started tweaking crates.io crate scribe-graph 0.5.1
[INFO] finished tweaking crates.io crate scribe-graph 0.5.1
[INFO] tweaked toml for crates.io crate scribe-graph 0.5.1 written to /workspace/builds/worker-0-tc2/source/Cargo.toml
[INFO] validating manifest of crates.io crate scribe-graph 0.5.1 on toolchain 1.100.0-beta.1
[INFO] running `Command { std: CARGO_HOME="/workspace/cargo-home" RUSTUP_HOME="/workspace/rustup-home" "/workspace/cargo-home/bin/cargo" "+1.100.0-beta.1" "metadata" "--manifest-path" "Cargo.toml" "--no-deps", kill_on_drop: false }`
[INFO] crate crates.io crate scribe-graph 0.5.1 already has a lockfile, it will not be regenerated
[INFO] running `Command { std: CARGO_HOME="/workspace/cargo-home" RUSTUP_HOME="/workspace/rustup-home" "/workspace/cargo-home/bin/cargo" "+1.100.0-beta.1" "fetch" "--manifest-path" "Cargo.toml", kill_on_drop: false }`
[INFO] [stderr] warning: `package.homepage` is redundant with `package.repository`
[INFO] [stderr]   --> Cargo.toml:72:12
[INFO] [stderr]    |
[INFO] [stderr] 72 | homepage = "https://github.com/sibyllinesoft/scribe"
[INFO] [stderr]    |            ^^^^^^^^^^^^^^^^^^^^^^^^^^^^^^^^^^^^^^^^^
[INFO] [stderr] ...
[INFO] [stderr] 77 | repository = "https://github.com/sibyllinesoft/scribe"
[INFO] [stderr]    |              -----------------------------------------
[INFO] [stderr]    |
[INFO] [stderr]    = note: `cargo::redundant_homepage` is set to `warn` by default
[INFO] [stderr] help: consider removing `package.homepage`
[INFO] [stderr] warning: `scribe-graph` (manifest) generated 1 warning
[INFO] running `Command { std: "docker" "create" "-v" "/var/lib/crater-agent-workspace/builds/worker-0-tc2/source:/opt/rustwide/workdir:ro,Z" "-v" "/var/lib/crater-agent-workspace/builds/worker-0-tc2/target:/opt/rustwide/target:rw,Z" "-v" "/var/lib/crater-agent-workspace/cargo-home:/opt/rustwide/cargo-home:ro,Z" "-v" "/var/lib/crater-agent-workspace/rustup-home:/opt/rustwide/rustup-home:ro,Z" "-m" "1610612736" "--network" "none" "ghcr.io/rust-lang/crates-build-env/linux@sha256:3111399a4047eeb3a02b7a90e478d715f38a8c6669b5c4b49d30a17385265909" "sleep" "infinity", kill_on_drop: false }`
[INFO] [stdout] 20eab75468fff67d7f4aa5bb8acf88b413b36a789d33cceb9ad9a1b2b9f1ef75
[INFO] running `Command { std: "docker" "start" "20eab75468fff67d7f4aa5bb8acf88b413b36a789d33cceb9ad9a1b2b9f1ef75", kill_on_drop: false }`
[INFO] running `Command { std: "docker" "inspect" "20eab75468fff67d7f4aa5bb8acf88b413b36a789d33cceb9ad9a1b2b9f1ef75", kill_on_drop: false }`
[INFO] running `Command { std: "docker" "exec" "-e" "SOURCE_DIR=/opt/rustwide/workdir" "-e" "CARGO_HOME=/opt/rustwide/cargo-home" "-e" "RUSTUP_HOME=/opt/rustwide/rustup-home" "-e" "CARGO_TARGET_DIR=/opt/rustwide/target" "-w" "/opt/rustwide/workdir" "--user" "0:0" "20eab75468fff67d7f4aa5bb8acf88b413b36a789d33cceb9ad9a1b2b9f1ef75" "/opt/rustwide/cargo-home/bin/cargo" "+1.100.0-beta.1" "metadata" "--no-deps" "--format-version=1", kill_on_drop: false }`
[INFO] running `Command { std: "docker" "inspect" "20eab75468fff67d7f4aa5bb8acf88b413b36a789d33cceb9ad9a1b2b9f1ef75", kill_on_drop: false }`
[INFO] running `Command { std: "docker" "exec" "-e" "SOURCE_DIR=/opt/rustwide/workdir" "-e" "CARGO_HOME=/opt/rustwide/cargo-home" "-e" "RUSTUP_HOME=/opt/rustwide/rustup-home" "-e" "CARGO_TARGET_DIR=/opt/rustwide/target" "-e" "CARGO_INCREMENTAL=0" "-e" "RUST_BACKTRACE=full" "-e" "RUSTFLAGS=--cap-lints=warn" "-e" "RUSTDOCFLAGS=--cap-lints=warn" "-w" "/opt/rustwide/workdir" "--user" "0:0" "20eab75468fff67d7f4aa5bb8acf88b413b36a789d33cceb9ad9a1b2b9f1ef75" "/opt/rustwide/cargo-home/bin/cargo" "+1.100.0-beta.1" "build" "--frozen" "--message-format=json", kill_on_drop: false }`
[INFO] [stderr] warning: `package.homepage` is redundant with `package.repository`
[INFO] [stderr]   --> Cargo.toml:72:12
[INFO] [stderr]    |
[INFO] [stderr] 72 | homepage = "https://github.com/sibyllinesoft/scribe"
[INFO] [stderr]    |            ^^^^^^^^^^^^^^^^^^^^^^^^^^^^^^^^^^^^^^^^^
[INFO] [stderr] ...
[INFO] [stderr] 77 | repository = "https://github.com/sibyllinesoft/scribe"
[INFO] [stderr]    |              -----------------------------------------
[INFO] [stderr]    |
[INFO] [stderr]    = note: `cargo::redundant_homepage` is set to `warn` by default
[INFO] [stderr] help: consider removing `package.homepage`
[INFO] [stderr] warning: `scribe-graph` (manifest) generated 1 warning
[INFO] [stderr]    Compiling memchr v2.7.5
[INFO] [stderr]    Compiling cc v1.0.106
[INFO] [stderr]    Compiling regex-syntax v0.8.6
[INFO] [stderr]    Compiling libc v0.2.175
[INFO] [stderr]    Compiling crossbeam-utils v0.8.21
[INFO] [stderr]    Compiling lock_api v0.4.13
[INFO] [stderr]    Compiling parking_lot_core v0.9.11
[INFO] [stderr]    Compiling quote v1.0.40
[INFO] [stderr]    Compiling serde_core v1.0.224
[INFO] [stderr]    Compiling pin-project-lite v0.2.16
[INFO] [stderr]    Compiling syn v2.0.106
[INFO] [stderr]    Compiling anyhow v1.0.99
[INFO] [stderr]    Compiling futures-sink v0.3.31
[INFO] [stderr]    Compiling aho-corasick v1.1.3
[INFO] [stderr]    Compiling crossbeam-epoch v0.9.18
[INFO] [stderr]    Compiling serde v1.0.224
[INFO] [stderr]    Compiling hashbrown v0.15.5
[INFO] [stderr]    Compiling crossbeam-deque v0.8.6
[INFO] [stderr]    Compiling futures-core v0.3.31
[INFO] [stderr]    Compiling bit-vec v0.6.3
[INFO] [stderr]    Compiling futures-channel v0.3.31
[INFO] [stderr]    Compiling tree-sitter v0.20.10
[INFO] [stderr]    Compiling bit-set v0.5.3
[INFO] [stderr]    Compiling fixedbitset v0.4.2
[INFO] [stderr]    Compiling slab v0.4.11
[INFO] [stderr]    Compiling indexmap v2.11.1
[INFO] [stderr]    Compiling rayon-core v1.13.0
[INFO] [stderr]    Compiling futures-io v0.3.31
[INFO] [stderr]    Compiling futures-task v0.3.31
[INFO] [stderr]    Compiling serde_json v1.0.145
[INFO] [stderr]    Compiling same-file v1.0.6
[INFO] [stderr]    Compiling walkdir v2.5.0
[INFO] [stderr]    Compiling nom v7.1.3
[INFO] [stderr]    Compiling regex-automata v0.4.10
[INFO] [stderr]    Compiling petgraph v0.6.5
[INFO] [stderr]    Compiling tree-sitter-rust v0.20.4
[INFO] [stderr]    Compiling tree-sitter-html v0.19.0
[INFO] [stderr]    Compiling tree-sitter-python v0.20.4
[INFO] [stderr]    Compiling tree-sitter-go v0.20.0
[INFO] [stderr]    Compiling tree-sitter-typescript v0.20.5
[INFO] [stderr]    Compiling tree-sitter-javascript v0.20.4
[INFO] [stderr]    Compiling parking_lot v0.12.4
[INFO] [stderr]    Compiling signal-hook-registry v1.4.6
[INFO] [stderr]    Compiling mio v1.0.4
[INFO] [stderr]    Compiling socket2 v0.6.0
[INFO] [stderr]    Compiling num-traits v0.2.19
[INFO] [stderr]    Compiling ryu v1.0.20
[INFO] [stderr]    Compiling bytes v1.10.1
[INFO] [stderr]    Compiling itoa v1.0.15
[INFO] [stderr]    Compiling rustc-hash v1.1.0
[INFO] [stderr]    Compiling hashbrown v0.14.5
[INFO] [stderr]    Compiling tree_magic_mini v3.2.0
[INFO] [stderr]    Compiling dashmap v5.5.3
[INFO] [stderr]    Compiling futures-macro v0.3.31
[INFO] [stderr]    Compiling serde_derive v1.0.224
[INFO] [stderr]    Compiling thiserror-impl v1.0.69
[INFO] [stderr]    Compiling tokio-macros v2.5.0
[INFO] [stderr]    Compiling async-trait v0.1.89
[INFO] [stderr]    Compiling regex v1.11.2
[INFO] [stderr]    Compiling bstr v1.12.0
[INFO] [stderr]    Compiling futures-util v0.3.31
[INFO] [stderr]    Compiling fancy-regex v0.13.0
[INFO] [stderr]    Compiling thiserror v1.0.69
[INFO] [stderr]    Compiling globset v0.4.16
[INFO] [stderr]    Compiling tokio v1.47.1
[INFO] [stderr]    Compiling tiktoken-rs v0.7.0
[INFO] [stderr]    Compiling ignore v0.4.23
[INFO] [stderr]    Compiling futures-executor v0.3.31
[INFO] [stderr]    Compiling rayon v1.11.0
[INFO] [stderr]    Compiling futures v0.3.31
[INFO] [stderr]    Compiling iana-time-zone v0.1.64
[INFO] [stderr]    Compiling chrono v0.4.42
[INFO] [stderr]    Compiling scribe-core v0.5.1
[INFO] [stderr]    Compiling scribe-analysis v0.5.1
[INFO] [stderr]    Compiling scribe-graph v0.5.1 (/opt/rustwide/workdir)
[INFO] [stdout] warning: variable does not need to be mutable
[INFO] [stdout]    --> src/centrality.rs:371:13
[INFO] [stdout]     |
[INFO] [stdout] 371 |         let mut optimized_detector =
[INFO] [stdout]     |             ----^^^^^^^^^^^^^^^^^^
[INFO] [stdout]     |             |
[INFO] [stdout]     |             help: remove this `mut`
[INFO] [stdout]     |
[INFO] [stdout]     = note: `#[warn(unused_mut)]` (part of `#[warn(unused)]`) on by default
[INFO] [stdout] 
[INFO] [stdout] 
[INFO] [stdout] warning: methods `build_edges_sequential` and `build_edges_parallel` are never used
[INFO] [stdout]    --> src/centrality.rs:447:8
[INFO] [stdout]     |
[INFO] [stdout] 232 | impl CentralityCalculator {
[INFO] [stdout]     | ------------------------- methods in this implementation
[INFO] [stdout] ...
[INFO] [stdout] 447 |     fn build_edges_sequential<T>(
[INFO] [stdout]     |        ^^^^^^^^^^^^^^^^^^^^^^
[INFO] [stdout] ...
[INFO] [stdout] 538 |     fn build_edges_parallel<T>(
[INFO] [stdout]     |        ^^^^^^^^^^^^^^^^^^^^
[INFO] [stdout]     |
[INFO] [stdout]     = note: `#[warn(dead_code)]` (part of `#[warn(unused)]`) on by default
[INFO] [stdout] 
[INFO] [stdout] 
[INFO] [stdout] warning: method `get_internal_id` is never used
[INFO] [stdout]    --> src/graph.rs:521:19
[INFO] [stdout]     |
[INFO] [stdout] 306 | impl DependencyGraph {
[INFO] [stdout]     | -------------------- method in this implementation
[INFO] [stdout] ...
[INFO] [stdout] 521 |     pub(crate) fn get_internal_id(&self, node_id: &NodeId) -> Option<InternalNodeId> {
[INFO] [stdout]     |                   ^^^^^^^^^^^^^^^
[INFO] [stdout] 
[INFO] [stdout] 
[INFO] [stdout] warning: methods `compute_iteration_sequential`, `compute_iteration_parallel`, and `compute_convergence_diff` are never used
[INFO] [stdout]    --> src/pagerank.rs:323:8
[INFO] [stdout]     |
[INFO] [stdout] 189 | impl PageRankComputer {
[INFO] [stdout]     | --------------------- methods in this implementation
[INFO] [stdout] ...
[INFO] [stdout] 323 |     fn compute_iteration_sequential(
[INFO] [stdout]     |        ^^^^^^^^^^^^^^^^^^^^^^^^^^^^
[INFO] [stdout] ...
[INFO] [stdout] 395 |     fn compute_iteration_parallel(
[INFO] [stdout]     |        ^^^^^^^^^^^^^^^^^^^^^^^^^^
[INFO] [stdout] ...
[INFO] [stdout] 485 |     fn compute_convergence_diff(
[INFO] [stdout]     |        ^^^^^^^^^^^^^^^^^^^^^^^^
[INFO] [stdout] 
[INFO] [stdout] 
[INFO] [stderr]     Finished `dev` profile [unoptimized + debuginfo] target(s) in 1m 31s
[INFO] running `Command { std: "docker" "inspect" "20eab75468fff67d7f4aa5bb8acf88b413b36a789d33cceb9ad9a1b2b9f1ef75", kill_on_drop: false }`
[INFO] running `Command { std: "docker" "exec" "-e" "SOURCE_DIR=/opt/rustwide/workdir" "-e" "CARGO_HOME=/opt/rustwide/cargo-home" "-e" "RUSTUP_HOME=/opt/rustwide/rustup-home" "-e" "CARGO_TARGET_DIR=/opt/rustwide/target" "-e" "CARGO_INCREMENTAL=0" "-e" "RUST_BACKTRACE=full" "-e" "RUSTFLAGS=--cap-lints=warn" "-e" "RUSTDOCFLAGS=--cap-lints=warn" "-w" "/opt/rustwide/workdir" "--user" "0:0" "20eab75468fff67d7f4aa5bb8acf88b413b36a789d33cceb9ad9a1b2b9f1ef75" "/opt/rustwide/cargo-home/bin/cargo" "+1.100.0-beta.1" "test" "--frozen" "--no-run" "--message-format=json", kill_on_drop: false }`
[INFO] [stderr] warning: `package.homepage` is redundant with `package.repository`
[INFO] [stderr]   --> Cargo.toml:72:12
[INFO] [stderr]    |
[INFO] [stderr] 72 | homepage = "https://github.com/sibyllinesoft/scribe"
[INFO] [stderr]    |            ^^^^^^^^^^^^^^^^^^^^^^^^^^^^^^^^^^^^^^^^^
[INFO] [stderr] ...
[INFO] [stderr] 77 | repository = "https://github.com/sibyllinesoft/scribe"
[INFO] [stderr]    |              -----------------------------------------
[INFO] [stderr]    |
[INFO] [stderr]    = note: `cargo::redundant_homepage` is set to `warn` by default
[INFO] [stderr] help: consider removing `package.homepage`
[INFO] [stderr] warning: `scribe-graph` (manifest) generated 1 warning
[INFO] [stderr]    Compiling serde_core v1.0.224
[INFO] [stderr]    Compiling serde v1.0.224
[INFO] [stderr]    Compiling num-traits v0.2.19
[INFO] [stderr]    Compiling either v1.15.0
[INFO] [stderr]    Compiling half v2.6.0
[INFO] [stderr]    Compiling clap_lex v0.7.5
[INFO] [stderr]    Compiling anstyle v1.0.11
[INFO] [stderr]    Compiling ciborium-io v0.2.2
[INFO] [stderr]    Compiling plotters-backend v0.3.7
[INFO] [stderr]    Compiling is-terminal v0.4.16
[INFO] [stderr]    Compiling anes v0.1.6
[INFO] [stderr]    Compiling clap_builder v4.5.47
[INFO] [stderr]    Compiling rayon v1.11.0
[INFO] [stderr]    Compiling ciborium-ll v0.2.2
[INFO] [stderr]    Compiling plotters-svg v0.3.7
[INFO] [stderr]    Compiling itertools v0.10.5
[INFO] [stderr]    Compiling plotters v0.3.7
[INFO] [stderr]    Compiling criterion-plot v0.5.0
[INFO] [stderr]    Compiling clap v4.5.47
[INFO] [stderr]    Compiling serde_json v1.0.145
[INFO] [stderr]    Compiling chrono v0.4.42
[INFO] [stderr]    Compiling ciborium v0.2.2
[INFO] [stderr]    Compiling scribe-core v0.5.1
[INFO] [stderr]    Compiling tinytemplate v1.2.1
[INFO] [stderr]    Compiling criterion v0.5.1
[INFO] [stderr]    Compiling scribe-analysis v0.5.1
[INFO] [stderr]    Compiling scribe-graph v0.5.1 (/opt/rustwide/workdir)
[INFO] [stdout] warning: variable does not need to be mutable
[INFO] [stdout]    --> src/centrality.rs:371:13
[INFO] [stdout]     |
[INFO] [stdout] 371 |         let mut optimized_detector =
[INFO] [stdout]     |             ----^^^^^^^^^^^^^^^^^^
[INFO] [stdout]     |             |
[INFO] [stdout]     |             help: remove this `mut`
[INFO] [stdout]     |
[INFO] [stdout]     = note: `#[warn(unused_mut)]` (part of `#[warn(unused)]`) on by default
[INFO] [stdout] 
[INFO] [stdout] 
[INFO] [stdout] warning: methods `build_edges_sequential` and `build_edges_parallel` are never used
[INFO] [stdout]    --> src/centrality.rs:447:8
[INFO] [stdout]     |
[INFO] [stdout] 232 | impl CentralityCalculator {
[INFO] [stdout]     | ------------------------- methods in this implementation
[INFO] [stdout] ...
[INFO] [stdout] 447 |     fn build_edges_sequential<T>(
[INFO] [stdout]     |        ^^^^^^^^^^^^^^^^^^^^^^
[INFO] [stdout] ...
[INFO] [stdout] 538 |     fn build_edges_parallel<T>(
[INFO] [stdout]     |        ^^^^^^^^^^^^^^^^^^^^
[INFO] [stdout]     |
[INFO] [stdout]     = note: `#[warn(dead_code)]` (part of `#[warn(unused)]`) on by default
[INFO] [stdout] 
[INFO] [stdout] 
[INFO] [stdout] warning: method `get_internal_id` is never used
[INFO] [stdout]    --> src/graph.rs:521:19
[INFO] [stdout]     |
[INFO] [stdout] 306 | impl DependencyGraph {
[INFO] [stdout]     | -------------------- method in this implementation
[INFO] [stdout] ...
[INFO] [stdout] 521 |     pub(crate) fn get_internal_id(&self, node_id: &NodeId) -> Option<InternalNodeId> {
[INFO] [stdout]     |                   ^^^^^^^^^^^^^^^
[INFO] [stdout] 
[INFO] [stdout] 
[INFO] [stdout] warning: methods `compute_iteration_sequential`, `compute_iteration_parallel`, and `compute_convergence_diff` are never used
[INFO] [stdout]    --> src/pagerank.rs:323:8
[INFO] [stdout]     |
[INFO] [stdout] 189 | impl PageRankComputer {
[INFO] [stdout]     | --------------------- methods in this implementation
[INFO] [stdout] ...
[INFO] [stdout] 323 |     fn compute_iteration_sequential(
[INFO] [stdout]     |        ^^^^^^^^^^^^^^^^^^^^^^^^^^^^
[INFO] [stdout] ...
[INFO] [stdout] 395 |     fn compute_iteration_parallel(
[INFO] [stdout]     |        ^^^^^^^^^^^^^^^^^^^^^^^^^^
[INFO] [stdout] ...
[INFO] [stdout] 485 |     fn compute_convergence_diff(
[INFO] [stdout]     |        ^^^^^^^^^^^^^^^^^^^^^^^^
[INFO] [stdout] 
[INFO] [stdout] 
[INFO] [stdout] warning: variable does not need to be mutable
[INFO] [stdout]    --> src/centrality.rs:371:13
[INFO] [stdout]     |
[INFO] [stdout] 371 |         let mut optimized_detector =
[INFO] [stdout]     |             ----^^^^^^^^^^^^^^^^^^
[INFO] [stdout]     |             |
[INFO] [stdout]     |             help: remove this `mut`
[INFO] [stdout]     |
[INFO] [stdout]     = note: `#[warn(unused_mut)]` (part of `#[warn(unused)]`) on by default
[INFO] [stdout] 
[INFO] [stdout] 
[INFO] [stdout] warning: unused variable: `node`
[INFO] [stdout]    --> src/graph.rs:997:14
[INFO] [stdout]     |
[INFO] [stdout] 997 |         for (node, reverse_edges) in pagerank_data {
[INFO] [stdout]     |              ^^^^ help: if this is intentional, prefix it with an underscore: `_node`
[INFO] [stdout]     |
[INFO] [stdout]     = note: `#[warn(unused_variables)]` (part of `#[warn(unused)]`) on by default
[INFO] [stdout] 
[INFO] [stdout] 
[INFO] [stdout] warning: methods `build_edges_sequential` and `build_edges_parallel` are never used
[INFO] [stdout]    --> src/centrality.rs:447:8
[INFO] [stdout]     |
[INFO] [stdout] 232 | impl CentralityCalculator {
[INFO] [stdout]     | ------------------------- methods in this implementation
[INFO] [stdout] ...
[INFO] [stdout] 447 |     fn build_edges_sequential<T>(
[INFO] [stdout]     |        ^^^^^^^^^^^^^^^^^^^^^^
[INFO] [stdout] ...
[INFO] [stdout] 538 |     fn build_edges_parallel<T>(
[INFO] [stdout]     |        ^^^^^^^^^^^^^^^^^^^^
[INFO] [stdout]     |
[INFO] [stdout]     = note: `#[warn(dead_code)]` (part of `#[warn(unused)]`) on by default
[INFO] [stdout] 
[INFO] [stdout] 
[INFO] [stdout] warning: method `get_internal_id` is never used
[INFO] [stdout]    --> src/graph.rs:521:19
[INFO] [stdout]     |
[INFO] [stdout] 306 | impl DependencyGraph {
[INFO] [stdout]     | -------------------- method in this implementation
[INFO] [stdout] ...
[INFO] [stdout] 521 |     pub(crate) fn get_internal_id(&self, node_id: &NodeId) -> Option<InternalNodeId> {
[INFO] [stdout]     |                   ^^^^^^^^^^^^^^^
[INFO] [stdout] 
[INFO] [stdout] 
[INFO] [stdout] warning: methods `compute_iteration_sequential`, `compute_iteration_parallel`, and `compute_convergence_diff` are never used
[INFO] [stdout]    --> src/pagerank.rs:323:8
[INFO] [stdout]     |
[INFO] [stdout] 189 | impl PageRankComputer {
[INFO] [stdout]     | --------------------- methods in this implementation
[INFO] [stdout] ...
[INFO] [stdout] 323 |     fn compute_iteration_sequential(
[INFO] [stdout]     |        ^^^^^^^^^^^^^^^^^^^^^^^^^^^^
[INFO] [stdout] ...
[INFO] [stdout] 395 |     fn compute_iteration_parallel(
[INFO] [stdout]     |        ^^^^^^^^^^^^^^^^^^^^^^^^^^
[INFO] [stdout] ...
[INFO] [stdout] 485 |     fn compute_convergence_diff(
[INFO] [stdout]     |        ^^^^^^^^^^^^^^^^^^^^^^^^
[INFO] [stdout] 
[INFO] [stdout] 
[INFO] [stdout] warning: comparison is useless due to type limits
[INFO] [stdout]     --> src/statistics.rs:1266:17
[INFO] [stdout]      |
[INFO] [stdout] 1266 |         assert!(analysis.performance_profile.pagerank_time_estimate_ms >= 0);
[INFO] [stdout]      |                 ^^^^^^^^^^^^^^^^^^^^^^^^^^^^^^^^^^^^^^^^^^^^^^^^^^^^^^^^^^^
[INFO] [stdout]      |
[INFO] [stdout]      = note: `#[warn(unused_comparisons)]` on by default
[INFO] [stdout] 
[INFO] [stdout] 
[INFO] [stdout] warning: comparison is useless due to type limits
[INFO] [stdout]     --> src/statistics.rs:1269:17
[INFO] [stdout]      |
[INFO] [stdout] 1269 |         assert!(analysis.analysis_metadata.analysis_duration_ms >= 0);
[INFO] [stdout]      |                 ^^^^^^^^^^^^^^^^^^^^^^^^^^^^^^^^^^^^^^^^^^^^^^^^^^^^
[INFO] [stdout] 
[INFO] [stdout] 
[INFO] [stderr]     Finished `test` profile [unoptimized + debuginfo] target(s) in 37.61s
[INFO] running `Command { std: "docker" "inspect" "20eab75468fff67d7f4aa5bb8acf88b413b36a789d33cceb9ad9a1b2b9f1ef75", kill_on_drop: false }`
[INFO] running `Command { std: "docker" "exec" "-e" "SOURCE_DIR=/opt/rustwide/workdir" "-e" "CARGO_HOME=/opt/rustwide/cargo-home" "-e" "RUSTUP_HOME=/opt/rustwide/rustup-home" "-e" "CARGO_TARGET_DIR=/opt/rustwide/target" "-e" "CARGO_INCREMENTAL=0" "-e" "RUST_BACKTRACE=full" "-e" "RUSTFLAGS=--cap-lints=warn" "-e" "RUSTDOCFLAGS=--cap-lints=warn" "-w" "/opt/rustwide/workdir" "--user" "0:0" "20eab75468fff67d7f4aa5bb8acf88b413b36a789d33cceb9ad9a1b2b9f1ef75" "/opt/rustwide/cargo-home/bin/cargo" "+1.100.0-beta.1" "test" "--frozen", kill_on_drop: false }`
[INFO] [stderr] warning: `package.homepage` is redundant with `package.repository`
[INFO] [stderr]   --> Cargo.toml:72:12
[INFO] [stderr]    |
[INFO] [stderr] 72 | homepage = "https://github.com/sibyllinesoft/scribe"
[INFO] [stderr]    |            ^^^^^^^^^^^^^^^^^^^^^^^^^^^^^^^^^^^^^^^^^
[INFO] [stderr] ...
[INFO] [stderr] 77 | repository = "https://github.com/sibyllinesoft/scribe"
[INFO] [stderr]    |              -----------------------------------------
[INFO] [stderr]    |
[INFO] [stderr]    = note: `cargo::redundant_homepage` is set to `warn` by default
[INFO] [stderr] help: consider removing `package.homepage`
[INFO] [stderr] warning: `scribe-graph` (manifest) generated 1 warning
[INFO] [stderr] warning: variable does not need to be mutable
[INFO] [stderr]    --> src/centrality.rs:371:13
[INFO] [stderr]     |
[INFO] [stderr] 371 |         let mut optimized_detector =
[INFO] [stderr]     |             ----^^^^^^^^^^^^^^^^^^
[INFO] [stderr]     |             |
[INFO] [stderr]     |             help: remove this `mut`
[INFO] [stderr]     |
[INFO] [stderr]     = note: `#[warn(unused_mut)]` (part of `#[warn(unused)]`) on by default
[INFO] [stderr] 
[INFO] [stderr] warning: methods `build_edges_sequential` and `build_edges_parallel` are never used
[INFO] [stderr]    --> src/centrality.rs:447:8
[INFO] [stderr]     |
[INFO] [stderr] 232 | impl CentralityCalculator {
[INFO] [stderr]     | ------------------------- methods in this implementation
[INFO] [stderr] ...
[INFO] [stderr] 447 |     fn build_edges_sequential<T>(
[INFO] [stderr]     |        ^^^^^^^^^^^^^^^^^^^^^^
[INFO] [stderr] ...
[INFO] [stderr] 538 |     fn build_edges_parallel<T>(
[INFO] [stderr]     |        ^^^^^^^^^^^^^^^^^^^^
[INFO] [stderr]     |
[INFO] [stderr]     = note: `#[warn(dead_code)]` (part of `#[warn(unused)]`) on by default
[INFO] [stderr] 
[INFO] [stderr] warning: method `get_internal_id` is never used
[INFO] [stderr]    --> src/graph.rs:521:19
[INFO] [stderr]     |
[INFO] [stderr] 306 | impl DependencyGraph {
[INFO] [stderr]     | -------------------- method in this implementation
[INFO] [stderr] ...
[INFO] [stderr] 521 |     pub(crate) fn get_internal_id(&self, node_id: &NodeId) -> Option<InternalNodeId> {
[INFO] [stderr]     |                   ^^^^^^^^^^^^^^^
[INFO] [stderr] 
[INFO] [stderr] warning: methods `compute_iteration_sequential`, `compute_iteration_parallel`, and `compute_convergence_diff` are never used
[INFO] [stderr]    --> src/pagerank.rs:323:8
[INFO] [stderr]     |
[INFO] [stderr] 189 | impl PageRankComputer {
[INFO] [stderr]     | --------------------- methods in this implementation
[INFO] [stderr] ...
[INFO] [stderr] 323 |     fn compute_iteration_sequential(
[INFO] [stderr]     |        ^^^^^^^^^^^^^^^^^^^^^^^^^^^^
[INFO] [stderr] ...
[INFO] [stderr] 395 |     fn compute_iteration_parallel(
[INFO] [stderr]     |        ^^^^^^^^^^^^^^^^^^^^^^^^^^
[INFO] [stderr] ...
[INFO] [stderr] 485 |     fn compute_convergence_diff(
[INFO] [stderr]     |        ^^^^^^^^^^^^^^^^^^^^^^^^
[INFO] [stderr] 
[INFO] [stderr] warning: `scribe-graph` (lib) generated 4 warnings (run `cargo fix --lib -p scribe-graph` to apply 1 suggestion)
[INFO] [stderr] warning: unused variable: `node`
[INFO] [stderr]    --> src/graph.rs:997:14
[INFO] [stderr]     |
[INFO] [stderr] 997 |         for (node, reverse_edges) in pagerank_data {
[INFO] [stderr]     |              ^^^^ help: if this is intentional, prefix it with an underscore: `_node`
[INFO] [stderr]     |
[INFO] [stderr]     = note: `#[warn(unused_variables)]` (part of `#[warn(unused)]`) on by default
[INFO] [stderr] 
[INFO] [stderr] warning: comparison is useless due to type limits
[INFO] [stderr]     --> src/statistics.rs:1266:17
[INFO] [stderr]      |
[INFO] [stderr] 1266 |         assert!(analysis.performance_profile.pagerank_time_estimate_ms >= 0);
[INFO] [stderr]      |                 ^^^^^^^^^^^^^^^^^^^^^^^^^^^^^^^^^^^^^^^^^^^^^^^^^^^^^^^^^^^
[INFO] [stderr]      |
[INFO] [stderr]      = note: `#[warn(unused_comparisons)]` on by default
[INFO] [stderr] 
[INFO] [stderr] warning: comparison is useless due to type limits
[INFO] [stderr]     --> src/statistics.rs:1269:17
[INFO] [stderr]      |
[INFO] [stderr] 1269 |         assert!(analysis.analysis_metadata.analysis_duration_ms >= 0);
[INFO] [stderr]      |                 ^^^^^^^^^^^^^^^^^^^^^^^^^^^^^^^^^^^^^^^^^^^^^^^^^^^^
[INFO] [stderr] 
[INFO] [stderr] warning: `scribe-graph` (lib test) generated 7 warnings (4 duplicates) (run `cargo fix --lib -p scribe-graph --tests` to apply 1 suggestion)
[INFO] [stderr]     Finished `test` profile [unoptimized + debuginfo] target(s) in 0.28s
[INFO] [stderr]      Running unittests src/lib.rs (/opt/rustwide/target/debug/build/scribe-graph/b2420b98fef3bb98/out/scribe_graph-b2420b98fef3bb98)
[INFO] [stdout] 
[INFO] [stdout] running 49 tests
[INFO] [stdout] test centrality::tests::test_import_detection ... ok
[INFO] [stdout] test graph::tests::test_compute_closure_both_directions ... ok
[INFO] [stdout] test centrality::tests::test_normalization_methods ... ok
[INFO] [stdout] test centrality::tests::test_centrality_calculator_creation ... ok
[INFO] [stdout] test centrality::tests::test_heuristics_integration ... ok
[INFO] [stdout] test graph::tests::test_compute_closure_dependencies ... ok
[INFO] [stdout] test centrality::tests::test_entrypoint_detection ... ok
[INFO] [stdout] test graph::tests::test_compute_closure_multiple_seeds ... ok
[INFO] [stdout] test graph::tests::test_dangling_nodes ... ok
[INFO] [stdout] test graph::tests::test_concurrent_graph ... ok
[INFO] [stdout] test graph::tests::test_multiple_edges ... ok
[INFO] [stdout] test graph::tests::test_node_operations ... ok
[INFO] [stdout] test graph::tests::test_edge_operations ... ok
[INFO] [stdout] test graph::tests::test_pagerank_iterator ... ok
[INFO] [stdout] test graph::tests::test_nodes_by_language ... ok
[INFO] [stdout] test graph::tests::test_graph_creation ... ok
[INFO] [stdout] test graph::tests::test_transitive_dependents ... ok
[INFO] [stdout] test pagerank::tests::test_configuration_variants ... ok
[INFO] [stdout] test graph::tests::test_transitive_dependencies ... ok
[INFO] [stdout] test pagerank::tests::test_pagerank_computation ... ok
[INFO] [stdout] test graph::tests::test_transitive_dependencies_with_depth_limit ... ok
[INFO] [stdout] test centrality::tests::test_centrality_calculation ... ok
[INFO] [stdout] test pagerank::tests::test_pagerank_empty_graph ... ok
[INFO] [stdout] test graph::tests::test_node_metadata ... ok
[INFO] [stdout] test graph::tests::test_scc_estimation ... ok
[INFO] [stdout] test pagerank::tests::test_pagerank_config ... ok
[INFO] [stdout] test pagerank::tests::test_pagerank_summary ... ok
[INFO] [stdout] test pagerank::tests::test_score_statistics ... ok
[INFO] [stdout] test pagerank::tests::test_top_nodes ... ok
[INFO] [stdout] test pagerank::tests::test_pagerank_linear_chain ... ok
[INFO] [stdout] test statistics::tests::test_basic_statistics ... ok
[INFO] [stdout] test pagerank::tests::test_pagerank_hub_and_authority ... ok
[INFO] [stdout] test statistics::tests::test_bfs_distances ... ok
[INFO] [stdout] test statistics::tests::test_empty_graph_analysis ... ok
[INFO] [stdout] test statistics::tests::test_clustering_coefficient ... ok
[INFO] [stdout] test statistics::tests::test_degree_statistics ... ok
[INFO] [stdout] test statistics::tests::test_percentile_calculation ... ok
[INFO] [stdout] test pagerank::tests::test_pagerank_single_node ... ok
[INFO] [stdout] test statistics::tests::test_statistics_analyzer_creation ... ok
[INFO] [stdout] test statistics::tests::test_structural_patterns ... ok
[INFO] [stdout] test statistics::tests::test_important_nodes_summary ... ok
[INFO] [stdout] test tests::test_pagerank_analysis_creation ... ok
[INFO] [stdout] test statistics::tests::test_summary_report ... ok
[INFO] [stdout] test statistics::tests::test_full_analysis ... ok
[INFO] [stdout] test statistics::tests::test_histogram_computation ... ok
[INFO] [stdout] test statistics::tests::test_power_law_estimation ... ok
[INFO] [stdout] test centrality::tests::test_top_files_by_centrality ... ok
[INFO] [stdout] test pagerank::tests::test_pagerank_parallel_vs_sequential ... ok
[INFO] [stdout] test centrality::tests::test_import_resolution ... FAILED
[INFO] [stdout] 
[INFO] [stdout] failures:
[INFO] [stdout] 
[INFO] [stdout] ---- centrality::tests::test_import_resolution stdout ----
[INFO] [stdout] 
[INFO] [stdout] thread 'centrality::tests::test_import_resolution' (1869) panicked at src/centrality.rs:1673:9:
[INFO] [stdout] assertion failed: resolved_config.is_some()
[INFO] [stdout] stack backtrace:
[INFO] [stdout]    0:     0x6513a2af7121 - std[617be2ca0a6fd877]::backtrace_rs::backtrace::libunwind::trace
[INFO] [stdout]                                at /rustc/e3feeb59cd1bdd011a2bfcc0747b55125d9b8527/library/std/src/../../backtrace/src/backtrace/libunwind.rs:117:9
[INFO] [stdout]    1:     0x6513a2af7121 - std[617be2ca0a6fd877]::backtrace_rs::backtrace::trace_unsynchronized::<std[617be2ca0a6fd877]::sys::backtrace::_print_fmt::{closure#1}>
[INFO] [stdout]                                at /rustc/e3feeb59cd1bdd011a2bfcc0747b55125d9b8527/library/std/src/../../backtrace/src/backtrace/mod.rs:66:14
[INFO] [stdout]    2:     0x6513a2af7121 - std[617be2ca0a6fd877]::sys::backtrace::_print_fmt
[INFO] [stdout]                                at /rustc/e3feeb59cd1bdd011a2bfcc0747b55125d9b8527/library/std/src/sys/backtrace.rs:74:9
[INFO] [stdout]    3:     0x6513a2af7121 - <<std[617be2ca0a6fd877]::sys::backtrace::BacktraceLock>::print::DisplayBacktrace as core[a373ad73a504971]::fmt::Display>::fmt
[INFO] [stdout]                                at /rustc/e3feeb59cd1bdd011a2bfcc0747b55125d9b8527/library/std/src/sys/backtrace.rs:44:26
[INFO] [stdout]    4:     0x6513a2b0c97a - <core[a373ad73a504971]::fmt::rt::Argument>::fmt
[INFO] [stdout]                                at /rustc/e3feeb59cd1bdd011a2bfcc0747b55125d9b8527/library/core/src/fmt/rt.rs:152:76
[INFO] [stdout]    5:     0x6513a2b0c97a - core[a373ad73a504971]::fmt::write
[INFO] [stdout]    6:     0x6513a2afb38c - core[a373ad73a504971]::io::write::default_write_fmt::<alloc[2e1b2a31b91974c5]::vec::Vec<u8>>
[INFO] [stdout]                                at /rustc/e3feeb59cd1bdd011a2bfcc0747b55125d9b8527/library/core/src/io/write.rs:402:11
[INFO] [stdout]    7:     0x6513a2afb38c - <alloc[2e1b2a31b91974c5]::vec::Vec<u8> as core[a373ad73a504971]::io::write::Write>::write_fmt
[INFO] [stdout]                                at /rustc/e3feeb59cd1bdd011a2bfcc0747b55125d9b8527/library/core/src/io/write.rs:335:13
[INFO] [stdout]    8:     0x6513a2ad2ca6 - <std[617be2ca0a6fd877]::sys::backtrace::BacktraceLock>::print
[INFO] [stdout]                                at /rustc/e3feeb59cd1bdd011a2bfcc0747b55125d9b8527/library/std/src/sys/backtrace.rs:47:9
[INFO] [stdout]    9:     0x6513a2ad2ca6 - std[617be2ca0a6fd877]::panicking::default_hook::{closure#0}
[INFO] [stdout]                                at /rustc/e3feeb59cd1bdd011a2bfcc0747b55125d9b8527/library/std/src/panicking.rs:289:27
[INFO] [stdout]   10:     0x6513a2aef4a9 - std[617be2ca0a6fd877]::panicking::default_hook
[INFO] [stdout]                                at /rustc/e3feeb59cd1bdd011a2bfcc0747b55125d9b8527/library/std/src/panicking.rs:313:9
[INFO] [stdout]   11:     0x6513a2a15b30 - <alloc[2e1b2a31b91974c5]::boxed::Box<dyn for<'a, 'b> core[a373ad73a504971]::ops::function::Fn<(&'a std[617be2ca0a6fd877]::panic::PanicHookInfo<'b>,), Output = ()> + core[a373ad73a504971]::marker::Sync + core[a373ad73a504971]::marker::Send> as core[a373ad73a504971]::ops::function::Fn<(&std[617be2ca0a6fd877]::panic::PanicHookInfo,)>>::call
[INFO] [stdout]                                at /rustc/e3feeb59cd1bdd011a2bfcc0747b55125d9b8527/library/alloc/src/boxed.rs:2328:9
[INFO] [stdout]   12:     0x6513a2a15b30 - test[aada8e7e76ba119b]::test_main_inner::{closure#0}
[INFO] [stdout]                                at /rustc/e3feeb59cd1bdd011a2bfcc0747b55125d9b8527/library/test/src/lib.rs:137:21
[INFO] [stdout]   13:     0x6513a2aef7d2 - <alloc[2e1b2a31b91974c5]::boxed::Box<dyn for<'a, 'b> core[a373ad73a504971]::ops::function::Fn<(&'a std[617be2ca0a6fd877]::panic::PanicHookInfo<'b>,), Output = ()> + core[a373ad73a504971]::marker::Sync + core[a373ad73a504971]::marker::Send> as core[a373ad73a504971]::ops::function::Fn<(&std[617be2ca0a6fd877]::panic::PanicHookInfo,)>>::call
[INFO] [stdout]                                at /rustc/e3feeb59cd1bdd011a2bfcc0747b55125d9b8527/library/alloc/src/boxed.rs:2328:9
[INFO] [stdout]   14:     0x6513a2aef7d2 - std[617be2ca0a6fd877]::panicking::panic_with_hook
[INFO] [stdout]                                at /rustc/e3feeb59cd1bdd011a2bfcc0747b55125d9b8527/library/std/src/panicking.rs:819:13
[INFO] [stdout]   15:     0x6513a2ad2d84 - std[617be2ca0a6fd877]::panicking::panic_handler::{closure#0}
[INFO] [stdout]                                at /rustc/e3feeb59cd1bdd011a2bfcc0747b55125d9b8527/library/std/src/panicking.rs:678:13
[INFO] [stdout]   16:     0x6513a2acba69 - std[617be2ca0a6fd877]::sys::backtrace::__rust_end_short_backtrace::<std[617be2ca0a6fd877]::panicking::panic_handler::{closure#0}, !>
[INFO] [stdout]                                at /rustc/e3feeb59cd1bdd011a2bfcc0747b55125d9b8527/library/std/src/sys/backtrace.rs:182:18
[INFO] [stdout]   17:     0x6513a2ad395d - __rustc[ea4f61d10b84890b]::rust_begin_unwind
[INFO] [stdout]                                at /rustc/e3feeb59cd1bdd011a2bfcc0747b55125d9b8527/library/std/src/panicking.rs:676:5
[INFO] [stdout]   18:     0x6513a2b0d16c - core[a373ad73a504971]::panicking::panic_fmt
[INFO] [stdout]                                at /rustc/e3feeb59cd1bdd011a2bfcc0747b55125d9b8527/library/core/src/panicking.rs:80:14
[INFO] [stdout]   19:     0x6513a2b0d132 - core[a373ad73a504971]::panicking::panic
[INFO] [stdout]                                at /rustc/e3feeb59cd1bdd011a2bfcc0747b55125d9b8527/library/core/src/panicking.rs:150:5
[INFO] [stdout]   20:     0x6513a29a60ab - scribe_graph[9976d3a0140fc0c4]::centrality::tests::test_import_resolution
[INFO] [stdout]                                at /opt/rustwide/workdir/src/centrality.rs:1673:9
[INFO] [stdout]   21:     0x6513a29a3c07 - scribe_graph[9976d3a0140fc0c4]::centrality::tests::test_import_resolution::{closure#0}
[INFO] [stdout]                                at /opt/rustwide/workdir/src/centrality.rs:1650:32
[INFO] [stdout]   22:     0x6513a29ed0f6 - <scribe_graph[9976d3a0140fc0c4]::centrality::tests::test_import_resolution::{closure#0} as core[a373ad73a504971]::ops::function::FnOnce<()>>::call_once
[INFO] [stdout]                                at /rustc/e3feeb59cd1bdd011a2bfcc0747b55125d9b8527/library/core/src/ops/function.rs:250:5
[INFO] [stdout]   23:     0x6513a2a08f7b - <fn() -> core[a373ad73a504971]::result::Result<(), alloc[2e1b2a31b91974c5]::string::String> as core[a373ad73a504971]::ops::function::FnOnce<()>>::call_once
[INFO] [stdout]                                at /rustc/e3feeb59cd1bdd011a2bfcc0747b55125d9b8527/library/core/src/ops/function.rs:250:5
[INFO] [stdout]   24:     0x6513a2a08f7b - test[aada8e7e76ba119b]::__rust_begin_short_backtrace::<core[a373ad73a504971]::result::Result<(), alloc[2e1b2a31b91974c5]::string::String>, fn() -> core[a373ad73a504971]::result::Result<(), alloc[2e1b2a31b91974c5]::string::String>>
[INFO] [stdout]                                at /rustc/e3feeb59cd1bdd011a2bfcc0747b55125d9b8527/library/test/src/lib.rs:701:18
[INFO] [stdout]   25:     0x6513a2a16155 - test[aada8e7e76ba119b]::run_test_in_process::{closure#0}
[INFO] [stdout]                                at /rustc/e3feeb59cd1bdd011a2bfcc0747b55125d9b8527/library/test/src/lib.rs:724:74
[INFO] [stdout]   26:     0x6513a2a16155 - <core[a373ad73a504971]::panic::unwind_safe::AssertUnwindSafe<test[aada8e7e76ba119b]::run_test_in_process::{closure#0}> as core[a373ad73a504971]::ops::function::FnOnce<()>>::call_once
[INFO] [stdout]                                at /rustc/e3feeb59cd1bdd011a2bfcc0747b55125d9b8527/library/core/src/panic/unwind_safe.rs:275:9
[INFO] [stdout]   27:     0x6513a2a16155 - std[617be2ca0a6fd877]::panicking::catch_unwind::do_call::<core[a373ad73a504971]::panic::unwind_safe::AssertUnwindSafe<test[aada8e7e76ba119b]::run_test_in_process::{closure#0}>, core[a373ad73a504971]::result::Result<(), alloc[2e1b2a31b91974c5]::string::String>>
[INFO] [stdout]                                at /rustc/e3feeb59cd1bdd011a2bfcc0747b55125d9b8527/library/std/src/panicking.rs:573:43
[INFO] [stdout]   28:     0x6513a2a16155 - std[617be2ca0a6fd877]::panicking::catch_unwind::<core[a373ad73a504971]::result::Result<(), alloc[2e1b2a31b91974c5]::string::String>, core[a373ad73a504971]::panic::unwind_safe::AssertUnwindSafe<test[aada8e7e76ba119b]::run_test_in_process::{closure#0}>>
[INFO] [stdout]                                at /rustc/e3feeb59cd1bdd011a2bfcc0747b55125d9b8527/library/std/src/panicking.rs:541:19
[INFO] [stdout]   29:     0x6513a2a16155 - std[617be2ca0a6fd877]::panic::catch_unwind::<core[a373ad73a504971]::panic::unwind_safe::AssertUnwindSafe<test[aada8e7e76ba119b]::run_test_in_process::{closure#0}>, core[a373ad73a504971]::result::Result<(), alloc[2e1b2a31b91974c5]::string::String>>
[INFO] [stdout]                                at /rustc/e3feeb59cd1bdd011a2bfcc0747b55125d9b8527/library/std/src/panic.rs:359:14
[INFO] [stdout]   30:     0x6513a2a16155 - test[aada8e7e76ba119b]::run_test_in_process
[INFO] [stdout]                                at /rustc/e3feeb59cd1bdd011a2bfcc0747b55125d9b8527/library/test/src/lib.rs:724:27
[INFO] [stdout]   31:     0x6513a2a16155 - test[aada8e7e76ba119b]::run_test::{closure#0}
[INFO] [stdout]                                at /rustc/e3feeb59cd1bdd011a2bfcc0747b55125d9b8527/library/test/src/lib.rs:645:43
[INFO] [stdout]   32:     0x6513a2a0fa44 - test[aada8e7e76ba119b]::run_test::{closure#1}
[INFO] [stdout]                                at /rustc/e3feeb59cd1bdd011a2bfcc0747b55125d9b8527/library/test/src/lib.rs:675:41
[INFO] [stdout]   33:     0x6513a2a0fa44 - std[617be2ca0a6fd877]::sys::backtrace::__rust_begin_short_backtrace::<test[aada8e7e76ba119b]::run_test::{closure#1}, ()>
[INFO] [stdout]                                at /rustc/e3feeb59cd1bdd011a2bfcc0747b55125d9b8527/library/std/src/sys/backtrace.rs:166:18
[INFO] [stdout]   34:     0x6513a2a191e2 - std[617be2ca0a6fd877]::thread::lifecycle::spawn_unchecked::<test[aada8e7e76ba119b]::run_test::{closure#1}, ()>::{closure#1}::{closure#0}
[INFO] [stdout]                                at /rustc/e3feeb59cd1bdd011a2bfcc0747b55125d9b8527/library/std/src/thread/lifecycle.rs:70:13
[INFO] [stdout]   35:     0x6513a2a191e2 - <core[a373ad73a504971]::panic::unwind_safe::AssertUnwindSafe<std[617be2ca0a6fd877]::thread::lifecycle::spawn_unchecked<test[aada8e7e76ba119b]::run_test::{closure#1}, ()>::{closure#1}::{closure#0}> as core[a373ad73a504971]::ops::function::FnOnce<()>>::call_once
[INFO] [stdout]                                at /rustc/e3feeb59cd1bdd011a2bfcc0747b55125d9b8527/library/core/src/panic/unwind_safe.rs:275:9
[INFO] [stdout]   36:     0x6513a2a191e2 - std[617be2ca0a6fd877]::panicking::catch_unwind::do_call::<core[a373ad73a504971]::panic::unwind_safe::AssertUnwindSafe<std[617be2ca0a6fd877]::thread::lifecycle::spawn_unchecked<test[aada8e7e76ba119b]::run_test::{closure#1}, ()>::{closure#1}::{closure#0}>, ()>
[INFO] [stdout]                                at /rustc/e3feeb59cd1bdd011a2bfcc0747b55125d9b8527/library/std/src/panicking.rs:573:43
[INFO] [stdout]   37:     0x6513a2a191e2 - std[617be2ca0a6fd877]::panicking::catch_unwind::<(), core[a373ad73a504971]::panic::unwind_safe::AssertUnwindSafe<std[617be2ca0a6fd877]::thread::lifecycle::spawn_unchecked<test[aada8e7e76ba119b]::run_test::{closure#1}, ()>::{closure#1}::{closure#0}>>
[INFO] [stdout]                                at /rustc/e3feeb59cd1bdd011a2bfcc0747b55125d9b8527/library/std/src/panicking.rs:541:19
[INFO] [stdout]   38:     0x6513a2a191e2 - std[617be2ca0a6fd877]::panic::catch_unwind::<core[a373ad73a504971]::panic::unwind_safe::AssertUnwindSafe<std[617be2ca0a6fd877]::thread::lifecycle::spawn_unchecked<test[aada8e7e76ba119b]::run_test::{closure#1}, ()>::{closure#1}::{closure#0}>, ()>
[INFO] [stdout]                                at /rustc/e3feeb59cd1bdd011a2bfcc0747b55125d9b8527/library/std/src/panic.rs:359:14
[INFO] [stdout]   39:     0x6513a2a191e2 - std[617be2ca0a6fd877]::thread::lifecycle::spawn_unchecked::<test[aada8e7e76ba119b]::run_test::{closure#1}, ()>::{closure#1}
[INFO] [stdout]                                at /rustc/e3feeb59cd1bdd011a2bfcc0747b55125d9b8527/library/std/src/thread/lifecycle.rs:68:26
[INFO] [stdout]   40:     0x6513a2a191e2 - <std[617be2ca0a6fd877]::thread::lifecycle::spawn_unchecked<test[aada8e7e76ba119b]::run_test::{closure#1}, ()>::{closure#1} as core[a373ad73a504971]::ops::function::FnOnce<()>>::call_once::{shim:vtable#0}
[INFO] [stdout]                                at /rustc/e3feeb59cd1bdd011a2bfcc0747b55125d9b8527/library/core/src/ops/function.rs:250:5
[INFO] [stdout]   41:     0x6513a2af693f - <alloc[2e1b2a31b91974c5]::boxed::Box<dyn core[a373ad73a504971]::ops::function::FnOnce<(), Output = ()> + core[a373ad73a504971]::marker::Send> as core[a373ad73a504971]::ops::function::FnOnce<()>>::call_once
[INFO] [stdout]                                at /rustc/e3feeb59cd1bdd011a2bfcc0747b55125d9b8527/library/alloc/src/boxed.rs:2314:9
[INFO] [stdout]   42:     0x6513a2af693f - <std[617be2ca0a6fd877]::sys::thread::unix::Thread>::new::thread_start
[INFO] [stdout]                                at /rustc/e3feeb59cd1bdd011a2bfcc0747b55125d9b8527/library/std/src/sys/thread/unix.rs:127:17
[INFO] [stdout]   43:     0x79bf7e0cedfa - <unknown>
[INFO] [stdout]   44:     0x79bf7e1623d4 - clone
[INFO] [stdout]   45:                0x0 - <unknown>
[INFO] [stdout] 
[INFO] [stdout] 
[INFO] [stdout] failures:
[INFO] [stdout]     centrality::tests::test_import_resolution
[INFO] [stdout] 
[INFO] [stdout] test result: FAILED. 48 passed; 1 failed; 0 ignored; 0 measured; 0 filtered out; finished in 0.17s
[INFO] [stdout] 
[INFO] [stderr] error: test failed, to rerun pass `--lib`
[INFO] running `Command { std: "docker" "inspect" "20eab75468fff67d7f4aa5bb8acf88b413b36a789d33cceb9ad9a1b2b9f1ef75", kill_on_drop: false }`
[INFO] running `Command { std: "docker" "rm" "-f" "20eab75468fff67d7f4aa5bb8acf88b413b36a789d33cceb9ad9a1b2b9f1ef75", kill_on_drop: false }`
[INFO] [stdout] 20eab75468fff67d7f4aa5bb8acf88b413b36a789d33cceb9ad9a1b2b9f1ef75
