[INFO] fetching crate scientific-cal 0.2.4...
[INFO] testing scientific-cal-0.2.4 against 1.100.0-beta.1 for beta-1.100-2
[INFO] extracting crate scientific-cal 0.2.4 into /workspace/builds/worker-2-tc2/source
[INFO] started tweaking crates.io crate scientific-cal 0.2.4
[INFO] removed 0 missing tests
[INFO] finished tweaking crates.io crate scientific-cal 0.2.4
[INFO] tweaked toml for crates.io crate scientific-cal 0.2.4 written to /workspace/builds/worker-2-tc2/source/Cargo.toml
[INFO] validating manifest of crates.io crate scientific-cal 0.2.4 on toolchain 1.100.0-beta.1
[INFO] running `Command { std: CARGO_HOME="/workspace/cargo-home" RUSTUP_HOME="/workspace/rustup-home" "/workspace/cargo-home/bin/cargo" "+1.100.0-beta.1" "metadata" "--manifest-path" "Cargo.toml" "--no-deps", kill_on_drop: false }`
[INFO] crate crates.io crate scientific-cal 0.2.4 already has a lockfile, it will not be regenerated
[INFO] running `Command { std: CARGO_HOME="/workspace/cargo-home" RUSTUP_HOME="/workspace/rustup-home" "/workspace/cargo-home/bin/cargo" "+1.100.0-beta.1" "fetch" "--manifest-path" "Cargo.toml", kill_on_drop: false }`
[INFO] [stderr]     Blocking waiting for file lock on package cache
[INFO] running `Command { std: "docker" "create" "-v" "/var/lib/crater-agent-workspace/builds/worker-2-tc2/source:/opt/rustwide/workdir:ro,Z" "-v" "/var/lib/crater-agent-workspace/builds/worker-2-tc2/target:/opt/rustwide/target:rw,Z" "-v" "/var/lib/crater-agent-workspace/cargo-home:/opt/rustwide/cargo-home:ro,Z" "-v" "/var/lib/crater-agent-workspace/rustup-home:/opt/rustwide/rustup-home:ro,Z" "-m" "1610612736" "--network" "none" "ghcr.io/rust-lang/crates-build-env/linux@sha256:3111399a4047eeb3a02b7a90e478d715f38a8c6669b5c4b49d30a17385265909" "sleep" "infinity", kill_on_drop: false }`
[INFO] [stdout] c83c05c422059683ab2ca3b6c9edf68af8badadad6207244bda2c0d6380b1542
[INFO] running `Command { std: "docker" "start" "c83c05c422059683ab2ca3b6c9edf68af8badadad6207244bda2c0d6380b1542", kill_on_drop: false }`
[INFO] running `Command { std: "docker" "inspect" "c83c05c422059683ab2ca3b6c9edf68af8badadad6207244bda2c0d6380b1542", kill_on_drop: false }`
[INFO] running `Command { std: "docker" "exec" "-e" "SOURCE_DIR=/opt/rustwide/workdir" "-e" "CARGO_HOME=/opt/rustwide/cargo-home" "-e" "RUSTUP_HOME=/opt/rustwide/rustup-home" "-e" "CARGO_TARGET_DIR=/opt/rustwide/target" "-w" "/opt/rustwide/workdir" "--user" "0:0" "c83c05c422059683ab2ca3b6c9edf68af8badadad6207244bda2c0d6380b1542" "/opt/rustwide/cargo-home/bin/cargo" "+1.100.0-beta.1" "metadata" "--no-deps" "--format-version=1", kill_on_drop: false }`
[INFO] running `Command { std: "docker" "inspect" "c83c05c422059683ab2ca3b6c9edf68af8badadad6207244bda2c0d6380b1542", kill_on_drop: false }`
[INFO] running `Command { std: "docker" "exec" "-e" "SOURCE_DIR=/opt/rustwide/workdir" "-e" "CARGO_HOME=/opt/rustwide/cargo-home" "-e" "RUSTUP_HOME=/opt/rustwide/rustup-home" "-e" "CARGO_TARGET_DIR=/opt/rustwide/target" "-e" "CARGO_INCREMENTAL=0" "-e" "RUST_BACKTRACE=full" "-e" "RUSTFLAGS=--cap-lints=warn" "-e" "RUSTDOCFLAGS=--cap-lints=warn" "-w" "/opt/rustwide/workdir" "--user" "0:0" "c83c05c422059683ab2ca3b6c9edf68af8badadad6207244bda2c0d6380b1542" "/opt/rustwide/cargo-home/bin/cargo" "+1.100.0-beta.1" "build" "--frozen" "--message-format=json", kill_on_drop: false }`
[INFO] [stderr]    Compiling autocfg v1.5.0
[INFO] [stderr]    Compiling libc v0.2.174
[INFO] [stderr]    Compiling bytemuck v1.23.1
[INFO] [stderr]    Compiling paste v1.0.15
[INFO] [stderr]    Compiling typenum v1.18.0
[INFO] [stderr]    Compiling rawpointer v0.2.1
[INFO] [stderr]    Compiling num-traits v0.2.19
[INFO] [stderr]    Compiling matrixmultiply v0.3.10
[INFO] [stderr]    Compiling safe_arch v0.7.4
[INFO] [stderr]    Compiling wide v0.7.33
[INFO] [stderr]    Compiling getrandom v0.2.16
[INFO] [stderr]    Compiling rand_core v0.6.4
[INFO] [stderr]    Compiling rand_chacha v0.3.1
[INFO] [stderr]    Compiling num-complex v0.4.6
[INFO] [stderr]    Compiling num-integer v0.1.46
[INFO] [stderr]    Compiling approx v0.5.1
[INFO] [stderr]    Compiling ordered-float v5.0.0
[INFO] [stderr]    Compiling rand v0.8.5
[INFO] [stderr]    Compiling num-rational v0.4.2
[INFO] [stderr]    Compiling ndarray v0.16.1
[INFO] [stderr]    Compiling rand_distr v0.4.3
[INFO] [stderr]    Compiling simba v0.9.0
[INFO] [stderr]    Compiling nalgebra v0.33.2
[INFO] [stderr]    Compiling statrs v0.18.0
[INFO] [stderr]    Compiling scientific-cal v0.2.4 (/opt/rustwide/workdir)
[INFO] [stdout] warning: unused import: `FIRFilter`
[INFO] [stdout]   --> src/filters/iir/mod.rs:45:29
[INFO] [stdout]    |
[INFO] [stdout] 45 | use crate::filters::impls::{FIRFilter, IIRFilter};
[INFO] [stdout]    |                             ^^^^^^^^^
[INFO] [stdout]    |
[INFO] [stdout]    = note: `#[warn(unused_imports)]` (part of `#[warn(unused)]`) on by default
[INFO] [stdout] 
[INFO] [stdout] 
[INFO] [stdout] warning: use of deprecated constant `std::f64::EPSILON`: replaced by the `EPSILON` associated constant on `f64`
[INFO] [stdout]  --> src/filters/iir/lib/newton.rs:2:15
[INFO] [stdout]   |
[INFO] [stdout] 2 | use std::f64::EPSILON;
[INFO] [stdout]   |               ^^^^^^^
[INFO] [stdout]   |
[INFO] [stdout]   = note: `#[warn(deprecated)]` on by default
[INFO] [stdout] 
[INFO] [stdout] 
[INFO] [stdout] warning: use of deprecated constant `std::f64::EPSILON`: replaced by the `EPSILON` associated constant on `f64`
[INFO] [stdout]    --> src/filters/iir/lib/newton.rs:105:35
[INFO] [stdout]     |
[INFO] [stdout] 105 |             if (q1 - q0).norm() < EPSILON {
[INFO] [stdout]     |                                   ^^^^^^^
[INFO] [stdout] 
[INFO] [stdout] 
[INFO] [stdout] warning: use of deprecated constant `std::f64::EPSILON`: replaced by the `EPSILON` associated constant on `f64`
[INFO] [stdout]    --> src/filters/iir/lib/newton.rs:185:29
[INFO] [stdout]     |
[INFO] [stdout] 185 |             if dval.abs() < EPSILON {
[INFO] [stdout]     |                             ^^^^^^^
[INFO] [stdout] 
[INFO] [stdout] 
[INFO] [stdout] warning: use of deprecated constant `std::f64::EPSILON`: replaced by the `EPSILON` associated constant on `f64`
[INFO] [stdout]    --> src/filters/iir/lib/newton.rs:247:34
[INFO] [stdout]     |
[INFO] [stdout] 247 |             if (q1 - q0).abs() < EPSILON {
[INFO] [stdout]     |                                  ^^^^^^^
[INFO] [stdout] 
[INFO] [stdout] 
[INFO] [stdout] warning: use of deprecated constant `std::f64::EPSILON`: replaced by the `EPSILON` associated constant on `f64`
[INFO] [stdout]    --> src/filters/iir/lib/zpk2sos.rs:171:42
[INFO] [stdout]     |
[INFO] [stdout] 171 |     let tol = tol.unwrap_or(100.0 * f64::EPSILON);
[INFO] [stdout]     |                                          ^^^^^^^
[INFO] [stdout] 
[INFO] [stdout] 
[INFO] [stdout] warning: use of deprecated constant `std::f64::EPSILON`: replaced by the `EPSILON` associated constant on `f64`
[INFO] [stdout]    --> src/filters/iir/lib/zpk2sos.rs:252:45
[INFO] [stdout]     |
[INFO] [stdout] 252 |                 if fro[*i].im.abs() <= f64::EPSILON {
[INFO] [stdout]     |                                             ^^^^^^^
[INFO] [stdout] 
[INFO] [stdout] 
[INFO] [stdout] warning: use of deprecated constant `std::f64::EPSILON`: replaced by the `EPSILON` associated constant on `f64`
[INFO] [stdout]    --> src/filters/iir/lib/zpk2sos.rs:260:44
[INFO] [stdout]     |
[INFO] [stdout] 260 |                 if fro[*i].im.abs() > f64::EPSILON {
[INFO] [stdout]     |                                            ^^^^^^^
[INFO] [stdout] 
[INFO] [stdout] 
[INFO] [stderr] warning: unused dependency `ordered-float`
[INFO] [stderr]   --> Cargo.toml:10:15
[INFO] [stderr]    |
[INFO] [stderr] 10 | [dependencies.ordered-float]
[INFO] [stderr]    |               ^^^^^^^^^^^^^^
[INFO] [stderr]    |
[INFO] [stderr]    = note: `cargo::unused_dependencies` is set to `warn` by default
[INFO] [stderr] help: consider removing the dependency on `ordered-float`
[INFO] [stderr] warning: `scientific-cal` (manifest) generated 1 warning
[INFO] [stderr]     Finished `dev` profile [unoptimized + debuginfo] target(s) in 23.02s
[INFO] running `Command { std: "docker" "inspect" "c83c05c422059683ab2ca3b6c9edf68af8badadad6207244bda2c0d6380b1542", kill_on_drop: false }`
[INFO] running `Command { std: "docker" "exec" "-e" "SOURCE_DIR=/opt/rustwide/workdir" "-e" "CARGO_HOME=/opt/rustwide/cargo-home" "-e" "RUSTUP_HOME=/opt/rustwide/rustup-home" "-e" "CARGO_TARGET_DIR=/opt/rustwide/target" "-e" "CARGO_INCREMENTAL=0" "-e" "RUST_BACKTRACE=full" "-e" "RUSTFLAGS=--cap-lints=warn" "-e" "RUSTDOCFLAGS=--cap-lints=warn" "-w" "/opt/rustwide/workdir" "--user" "0:0" "c83c05c422059683ab2ca3b6c9edf68af8badadad6207244bda2c0d6380b1542" "/opt/rustwide/cargo-home/bin/cargo" "+1.100.0-beta.1" "test" "--frozen" "--no-run" "--message-format=json", kill_on_drop: false }`
[INFO] [stdout] warning: unused import: `FIRFilter`
[INFO] [stdout]   --> src/filters/iir/mod.rs:45:29
[INFO] [stdout]    |
[INFO] [stdout] 45 | use crate::filters::impls::{FIRFilter, IIRFilter};
[INFO] [stdout]    |                             ^^^^^^^^^
[INFO] [stdout]    |
[INFO] [stdout]    = note: `#[warn(unused_imports)]` (part of `#[warn(unused)]`) on by default
[INFO] [stdout] 
[INFO] [stdout] 
[INFO] [stdout] warning: use of deprecated constant `std::f64::EPSILON`: replaced by the `EPSILON` associated constant on `f64`
[INFO] [stdout]  --> src/filters/iir/lib/newton.rs:2:15
[INFO] [stdout]   |
[INFO] [stdout] 2 | use std::f64::EPSILON;
[INFO] [stdout]   |               ^^^^^^^
[INFO] [stdout]   |
[INFO] [stdout]   = note: `#[warn(deprecated)]` on by default
[INFO] [stdout] 
[INFO] [stdout] 
[INFO] [stderr]    Compiling scientific-cal v0.2.4 (/opt/rustwide/workdir)
[INFO] [stdout] warning: use of deprecated constant `std::f64::EPSILON`: replaced by the `EPSILON` associated constant on `f64`
[INFO] [stdout]    --> src/filters/iir/lib/newton.rs:105:35
[INFO] [stdout]     |
[INFO] [stdout] 105 |             if (q1 - q0).norm() < EPSILON {
[INFO] [stdout]     |                                   ^^^^^^^
[INFO] [stdout] 
[INFO] [stdout] 
[INFO] [stdout] warning: use of deprecated constant `std::f64::EPSILON`: replaced by the `EPSILON` associated constant on `f64`
[INFO] [stdout]    --> src/filters/iir/lib/newton.rs:185:29
[INFO] [stdout]     |
[INFO] [stdout] 185 |             if dval.abs() < EPSILON {
[INFO] [stdout]     |                             ^^^^^^^
[INFO] [stdout] 
[INFO] [stdout] 
[INFO] [stdout] warning: use of deprecated constant `std::f64::EPSILON`: replaced by the `EPSILON` associated constant on `f64`
[INFO] [stdout]    --> src/filters/iir/lib/newton.rs:247:34
[INFO] [stdout]     |
[INFO] [stdout] 247 |             if (q1 - q0).abs() < EPSILON {
[INFO] [stdout]     |                                  ^^^^^^^
[INFO] [stdout] 
[INFO] [stdout] 
[INFO] [stdout] warning: use of deprecated constant `std::f64::EPSILON`: replaced by the `EPSILON` associated constant on `f64`
[INFO] [stdout]    --> src/filters/iir/lib/zpk2sos.rs:171:42
[INFO] [stdout]     |
[INFO] [stdout] 171 |     let tol = tol.unwrap_or(100.0 * f64::EPSILON);
[INFO] [stdout]     |                                          ^^^^^^^
[INFO] [stdout] 
[INFO] [stdout] 
[INFO] [stdout] warning: use of deprecated constant `std::f64::EPSILON`: replaced by the `EPSILON` associated constant on `f64`
[INFO] [stdout]    --> src/filters/iir/lib/zpk2sos.rs:252:45
[INFO] [stdout]     |
[INFO] [stdout] 252 |                 if fro[*i].im.abs() <= f64::EPSILON {
[INFO] [stdout]     |                                             ^^^^^^^
[INFO] [stdout] 
[INFO] [stdout] 
[INFO] [stdout] warning: use of deprecated constant `std::f64::EPSILON`: replaced by the `EPSILON` associated constant on `f64`
[INFO] [stdout]    --> src/filters/iir/lib/zpk2sos.rs:260:44
[INFO] [stdout]     |
[INFO] [stdout] 260 |                 if fro[*i].im.abs() > f64::EPSILON {
[INFO] [stdout]     |                                            ^^^^^^^
[INFO] [stdout] 
[INFO] [stdout] 
[INFO] [stdout] warning: unused import: `FIRFilter`
[INFO] [stdout]   --> src/filters/iir/mod.rs:45:29
[INFO] [stdout]    |
[INFO] [stdout] 45 | use crate::filters::impls::{FIRFilter, IIRFilter};
[INFO] [stdout]    |                             ^^^^^^^^^
[INFO] [stdout]    |
[INFO] [stdout]    = note: `#[warn(unused_imports)]` (part of `#[warn(unused)]`) on by default
[INFO] [stdout] 
[INFO] [stdout] 
[INFO] [stdout] warning: use of deprecated constant `std::f64::EPSILON`: replaced by the `EPSILON` associated constant on `f64`
[INFO] [stdout]  --> src/filters/iir/lib/newton.rs:2:15
[INFO] [stdout]   |
[INFO] [stdout] 2 | use std::f64::EPSILON;
[INFO] [stdout]   |               ^^^^^^^
[INFO] [stdout]   |
[INFO] [stdout]   = note: `#[warn(deprecated)]` on by default
[INFO] [stdout] 
[INFO] [stdout] 
[INFO] [stdout] warning: use of deprecated constant `std::f64::EPSILON`: replaced by the `EPSILON` associated constant on `f64`
[INFO] [stdout]    --> src/filters/iir/lib/newton.rs:105:35
[INFO] [stdout]     |
[INFO] [stdout] 105 |             if (q1 - q0).norm() < EPSILON {
[INFO] [stdout]     |                                   ^^^^^^^
[INFO] [stdout] 
[INFO] [stdout] 
[INFO] [stdout] warning: use of deprecated constant `std::f64::EPSILON`: replaced by the `EPSILON` associated constant on `f64`
[INFO] [stdout]    --> src/filters/iir/lib/newton.rs:185:29
[INFO] [stdout]     |
[INFO] [stdout] 185 |             if dval.abs() < EPSILON {
[INFO] [stdout]     |                             ^^^^^^^
[INFO] [stdout] 
[INFO] [stdout] 
[INFO] [stdout] warning: use of deprecated constant `std::f64::EPSILON`: replaced by the `EPSILON` associated constant on `f64`
[INFO] [stdout]    --> src/filters/iir/lib/newton.rs:247:34
[INFO] [stdout]     |
[INFO] [stdout] 247 |             if (q1 - q0).abs() < EPSILON {
[INFO] [stdout]     |                                  ^^^^^^^
[INFO] [stdout] 
[INFO] [stdout] 
[INFO] [stdout] warning: use of deprecated constant `std::f64::EPSILON`: replaced by the `EPSILON` associated constant on `f64`
[INFO] [stdout]    --> src/filters/iir/lib/zpk2sos.rs:171:42
[INFO] [stdout]     |
[INFO] [stdout] 171 |     let tol = tol.unwrap_or(100.0 * f64::EPSILON);
[INFO] [stdout]     |                                          ^^^^^^^
[INFO] [stdout] 
[INFO] [stdout] 
[INFO] [stdout] warning: use of deprecated constant `std::f64::EPSILON`: replaced by the `EPSILON` associated constant on `f64`
[INFO] [stdout]    --> src/filters/iir/lib/zpk2sos.rs:252:45
[INFO] [stdout]     |
[INFO] [stdout] 252 |                 if fro[*i].im.abs() <= f64::EPSILON {
[INFO] [stdout]     |                                             ^^^^^^^
[INFO] [stdout] 
[INFO] [stdout] 
[INFO] [stdout] warning: use of deprecated constant `std::f64::EPSILON`: replaced by the `EPSILON` associated constant on `f64`
[INFO] [stdout]    --> src/filters/iir/lib/zpk2sos.rs:260:44
[INFO] [stdout]     |
[INFO] [stdout] 260 |                 if fro[*i].im.abs() > f64::EPSILON {
[INFO] [stdout]     |                                            ^^^^^^^
[INFO] [stdout] 
[INFO] [stdout] 
[INFO] [stderr] warning: unused dependency `ordered-float`
[INFO] [stderr]   --> Cargo.toml:10:15
[INFO] [stderr]    |
[INFO] [stderr] 10 | [dependencies.ordered-float]
[INFO] [stderr]    |               ^^^^^^^^^^^^^^
[INFO] [stderr]    |
[INFO] [stderr]    = note: `cargo::unused_dependencies` is set to `warn` by default
[INFO] [stderr] help: consider removing the dependency on `ordered-float`
[INFO] [stderr] warning: `scientific-cal` (manifest) generated 1 warning
[INFO] [stderr]     Finished `test` profile [unoptimized + debuginfo] target(s) in 1.26s
[INFO] running `Command { std: "docker" "inspect" "c83c05c422059683ab2ca3b6c9edf68af8badadad6207244bda2c0d6380b1542", kill_on_drop: false }`
[INFO] running `Command { std: "docker" "exec" "-e" "SOURCE_DIR=/opt/rustwide/workdir" "-e" "CARGO_HOME=/opt/rustwide/cargo-home" "-e" "RUSTUP_HOME=/opt/rustwide/rustup-home" "-e" "CARGO_TARGET_DIR=/opt/rustwide/target" "-e" "CARGO_INCREMENTAL=0" "-e" "RUST_BACKTRACE=full" "-e" "RUSTFLAGS=--cap-lints=warn" "-e" "RUSTDOCFLAGS=--cap-lints=warn" "-w" "/opt/rustwide/workdir" "--user" "0:0" "c83c05c422059683ab2ca3b6c9edf68af8badadad6207244bda2c0d6380b1542" "/opt/rustwide/cargo-home/bin/cargo" "+1.100.0-beta.1" "test" "--frozen", kill_on_drop: false }`
[INFO] [stderr] warning: unused import: `FIRFilter`
[INFO] [stderr]   --> src/filters/iir/mod.rs:45:29
[INFO] [stderr]    |
[INFO] [stderr] 45 | use crate::filters::impls::{FIRFilter, IIRFilter};
[INFO] [stderr]    |                             ^^^^^^^^^
[INFO] [stderr]    |
[INFO] [stderr]    = note: `#[warn(unused_imports)]` (part of `#[warn(unused)]`) on by default
[INFO] [stderr] 
[INFO] [stderr] warning: use of deprecated constant `std::f64::EPSILON`: replaced by the `EPSILON` associated constant on `f64`
[INFO] [stderr]  --> src/filters/iir/lib/newton.rs:2:15
[INFO] [stderr]   |
[INFO] [stderr] 2 | use std::f64::EPSILON;
[INFO] [stderr]   |               ^^^^^^^
[INFO] [stderr]   |
[INFO] [stderr]   = note: `#[warn(deprecated)]` on by default
[INFO] [stderr] 
[INFO] [stderr] warning: use of deprecated constant `std::f64::EPSILON`: replaced by the `EPSILON` associated constant on `f64`
[INFO] [stderr]    --> src/filters/iir/lib/newton.rs:105:35
[INFO] [stderr]     |
[INFO] [stderr] 105 |             if (q1 - q0).norm() < EPSILON {
[INFO] [stderr]     |                                   ^^^^^^^
[INFO] [stderr] 
[INFO] [stderr] warning: use of deprecated constant `std::f64::EPSILON`: replaced by the `EPSILON` associated constant on `f64`
[INFO] [stderr]    --> src/filters/iir/lib/newton.rs:185:29
[INFO] [stderr]     |
[INFO] [stderr] 185 |             if dval.abs() < EPSILON {
[INFO] [stderr]     |                             ^^^^^^^
[INFO] [stderr] 
[INFO] [stderr] warning: use of deprecated constant `std::f64::EPSILON`: replaced by the `EPSILON` associated constant on `f64`
[INFO] [stderr]    --> src/filters/iir/lib/newton.rs:247:34
[INFO] [stderr]     |
[INFO] [stderr] 247 |             if (q1 - q0).abs() < EPSILON {
[INFO] [stderr]     |                                  ^^^^^^^
[INFO] [stderr] 
[INFO] [stderr] warning: use of deprecated constant `std::f64::EPSILON`: replaced by the `EPSILON` associated constant on `f64`
[INFO] [stderr]    --> src/filters/iir/lib/zpk2sos.rs:171:42
[INFO] [stderr]     |
[INFO] [stderr] 171 |     let tol = tol.unwrap_or(100.0 * f64::EPSILON);
[INFO] [stderr]     |                                          ^^^^^^^
[INFO] [stderr] 
[INFO] [stderr] warning: use of deprecated constant `std::f64::EPSILON`: replaced by the `EPSILON` associated constant on `f64`
[INFO] [stderr]    --> src/filters/iir/lib/zpk2sos.rs:252:45
[INFO] [stderr]     |
[INFO] [stderr] 252 |                 if fro[*i].im.abs() <= f64::EPSILON {
[INFO] [stderr]     |                                             ^^^^^^^
[INFO] [stderr] 
[INFO] [stderr] warning: use of deprecated constant `std::f64::EPSILON`: replaced by the `EPSILON` associated constant on `f64`
[INFO] [stderr]    --> src/filters/iir/lib/zpk2sos.rs:260:44
[INFO] [stderr]     |
[INFO] [stderr] 260 |                 if fro[*i].im.abs() > f64::EPSILON {
[INFO] [stderr]     |                                            ^^^^^^^
[INFO] [stderr] 
[INFO] [stderr] warning: `scientific-cal` (lib) generated 8 warnings (run `cargo fix --lib -p scientific-cal` to apply 1 suggestion)
[INFO] [stderr] warning: `scientific-cal` (lib test) generated 8 warnings (8 duplicates)
[INFO] [stderr] warning: unused dependency `ordered-float`
[INFO] [stderr]   --> Cargo.toml:10:15
[INFO] [stderr]    |
[INFO] [stderr] 10 | [dependencies.ordered-float]
[INFO] [stderr]    |               ^^^^^^^^^^^^^^
[INFO] [stderr]    |
[INFO] [stderr]    = note: `cargo::unused_dependencies` is set to `warn` by default
[INFO] [stderr] help: consider removing the dependency on `ordered-float`
[INFO] [stderr] warning: `scientific-cal` (manifest) generated 1 warning
[INFO] [stderr]     Finished `test` profile [unoptimized + debuginfo] target(s) in 0.10s
[INFO] [stderr]      Running unittests src/lib.rs (/opt/rustwide/target/debug/build/scientific-cal/a482be677317e76c/out/scientific_cal-a482be677317e76c)
[INFO] [stdout] 
[INFO] [stdout] running 0 tests
[INFO] [stdout] 
[INFO] [stdout] test result: ok. 0 passed; 0 failed; 0 ignored; 0 measured; 0 filtered out; finished in 0.00s
[INFO] [stdout] 
[INFO] [stderr]      Running tests/filter_tests.rs (/opt/rustwide/target/debug/build/scientific-cal/277e306b20ae7ddb/out/filter_tests-277e306b20ae7ddb)
[INFO] [stdout] 
[INFO] [stdout] running 1 test
[INFO] [stdout] test bessel_filter_test ... ok
[INFO] [stdout] 
[INFO] [stderr]      Running tests/smoth_tests.rs (/opt/rustwide/target/debug/build/scientific-cal/bf5554af5b0dd5dd/out/smoth_tests-bf5554af5b0dd5dd)
[INFO] [stdout] test result: ok. 1 passed; 0 failed; 0 ignored; 0 measured; 0 filtered out; finished in 0.03s
[INFO] [stdout] 
[INFO] [stdout] 
[INFO] [stdout] running 1 test
[INFO] [stdout] test move_ema_filter_test ... ok
[INFO] [stderr]      Running tests/spectrum_test.rs (/opt/rustwide/target/debug/build/scientific-cal/6751493b1c81a16c/out/spectrum_test-6751493b1c81a16c)
[INFO] [stdout] 
[INFO] [stdout] test result: ok. 1 passed; 0 failed; 0 ignored; 0 measured; 0 filtered out; finished in 0.85s
[INFO] [stdout] 
[INFO] [stdout] 
[INFO] [stdout] running 1 test
[INFO] [stderr]    Doc-tests scientific_cal
[INFO] [stdout] test fft_test ... ok
[INFO] [stdout] 
[INFO] [stdout] test result: ok. 1 passed; 0 failed; 0 ignored; 0 measured; 0 filtered out; finished in 0.00s
[INFO] [stdout] 
[INFO] [stdout] 
[INFO] [stdout] running 6 tests
[INFO] [stdout] test src/filters/fir/gauss/design.rs - filters::fir::gauss::design::Gauss1dFilter (line 40) ... FAILED
[INFO] [stdout] test src/filters/iir/bessel/design.rs - filters::iir::bessel::design::BesselFilter (line 40) ... FAILED
[INFO] [stdout] test src/filters/iir/buterworth/design.rs - filters::iir::buterworth::design::ButterWorthFilter (line 38) ... FAILED
[INFO] [stdout] test src/filters/iir/cheby2/design.rs - filters::iir::cheby2::design::ChebyShevType2Filter (line 41) ... FAILED
[INFO] [stdout] test src/filters/iir/cheby1/design.rs - filters::iir::cheby1::design::ChebyShevType1Filter (line 41) ... FAILED
[INFO] [stdout] test src/filters/iir/iir.rs - filters::iir::iir::iir_filter (line 20) ... FAILED
[INFO] [stdout] 
[INFO] [stdout] failures:
[INFO] [stdout] 
[INFO] [stdout] ---- src/filters/fir/gauss/design.rs - filters::fir::gauss::design::Gauss1dFilter (line 40) stdout ----
[INFO] [stdout] error[E0425]: cannot find value `无` in this scope
[INFO] [stdout]   --> src/filters/fir/gauss/design.rs:41:1
[INFO] [stdout]    |
[INFO] [stdout] 41 | 无
[INFO] [stdout]    | ^^ not found in this scope
[INFO] [stdout] 
[INFO] [stdout] error: aborting due to 1 previous error
[INFO] [stdout] 
[INFO] [stdout] For more information about this error, try `rustc --explain E0425`.
[INFO] [stdout] Couldn't compile the test.
[INFO] [stdout] ---- src/filters/iir/bessel/design.rs - filters::iir::bessel::design::BesselFilter (line 40) stdout ----
[INFO] [stdout] error[E0425]: cannot find value `无` in this scope
[INFO] [stdout]   --> src/filters/iir/bessel/design.rs:41:1
[INFO] [stdout]    |
[INFO] [stdout] 41 | 无
[INFO] [stdout]    | ^^ not found in this scope
[INFO] [stdout] 
[INFO] [stdout] error: aborting due to 1 previous error
[INFO] [stdout] 
[INFO] [stdout] For more information about this error, try `rustc --explain E0425`.
[INFO] [stdout] Couldn't compile the test.
[INFO] [stdout] ---- src/filters/iir/buterworth/design.rs - filters::iir::buterworth::design::ButterWorthFilter (line 38) stdout ----
[INFO] [stdout] error[E0425]: cannot find value `无` in this scope
[INFO] [stdout]   --> src/filters/iir/buterworth/design.rs:39:1
[INFO] [stdout]    |
[INFO] [stdout] 39 | 无
[INFO] [stdout]    | ^^ not found in this scope
[INFO] [stdout] 
[INFO] [stdout] error: aborting due to 1 previous error
[INFO] [stdout] 
[INFO] [stdout] For more information about this error, try `rustc --explain E0425`.
[INFO] [stdout] Couldn't compile the test.
[INFO] [stdout] ---- src/filters/iir/cheby2/design.rs - filters::iir::cheby2::design::ChebyShevType2Filter (line 41) stdout ----
[INFO] [stdout] error[E0425]: cannot find value `无` in this scope
[INFO] [stdout]   --> src/filters/iir/cheby2/design.rs:42:1
[INFO] [stdout]    |
[INFO] [stdout] 42 | 无
[INFO] [stdout]    | ^^ not found in this scope
[INFO] [stdout] 
[INFO] [stdout] error: aborting due to 1 previous error
[INFO] [stdout] 
[INFO] [stdout] For more information about this error, try `rustc --explain E0425`.
[INFO] [stdout] Couldn't compile the test.
[INFO] [stdout] ---- src/filters/iir/cheby1/design.rs - filters::iir::cheby1::design::ChebyShevType1Filter (line 41) stdout ----
[INFO] [stdout] error[E0425]: cannot find value `无` in this scope
[INFO] [stdout]   --> src/filters/iir/cheby1/design.rs:42:1
[INFO] [stdout]    |
[INFO] [stdout] 42 | 无
[INFO] [stdout]    | ^^ not found in this scope
[INFO] [stdout] 
[INFO] [stdout] error: aborting due to 1 previous error
[INFO] [stdout] 
[INFO] [stdout] For more information about this error, try `rustc --explain E0425`.
[INFO] [stdout] Couldn't compile the test.
[INFO] [stdout] ---- src/filters/iir/iir.rs - filters::iir::iir::iir_filter (line 20) stdout ----
[INFO] [stdout] error[E0425]: cannot find value `无` in this scope
[INFO] [stdout]   --> src/filters/iir/iir.rs:21:1
[INFO] [stdout]    |
[INFO] [stdout] 21 | 无
[INFO] [stdout]    | ^^ not found in this scope
[INFO] [stdout] 
[INFO] [stdout] error: aborting due to 1 previous error
[INFO] [stdout] 
[INFO] [stdout] For more information about this error, try `rustc --explain E0425`.
[INFO] [stdout] Couldn't compile the test.
[INFO] [stdout] 
[INFO] [stdout] failures:
[INFO] [stdout]     src/filters/fir/gauss/design.rs - filters::fir::gauss::design::Gauss1dFilter (line 40)
[INFO] [stdout]     src/filters/iir/bessel/design.rs - filters::iir::bessel::design::BesselFilter (line 40)
[INFO] [stdout]     src/filters/iir/buterworth/design.rs - filters::iir::buterworth::design::ButterWorthFilter (line 38)
[INFO] [stdout]     src/filters/iir/cheby1/design.rs - filters::iir::cheby1::design::ChebyShevType1Filter (line 41)
[INFO] [stdout]     src/filters/iir/cheby2/design.rs - filters::iir::cheby2::design::ChebyShevType2Filter (line 41)
[INFO] [stdout]     src/filters/iir/iir.rs - filters::iir::iir::iir_filter (line 20)
[INFO] [stdout] 
[INFO] [stdout] test result: FAILED. 0 passed; 6 failed; 0 ignored; 0 measured; 0 filtered out; finished in 0.26s
[INFO] [stdout] 
[INFO] [stdout] all doctests ran in 0.36s; merged doctests compilation took 0.09s
[INFO] [stderr] error: doctest failed, to rerun pass `--doc`
[INFO] running `Command { std: "docker" "inspect" "c83c05c422059683ab2ca3b6c9edf68af8badadad6207244bda2c0d6380b1542", kill_on_drop: false }`
[INFO] running `Command { std: "docker" "rm" "-f" "c83c05c422059683ab2ca3b6c9edf68af8badadad6207244bda2c0d6380b1542", kill_on_drop: false }`
[INFO] [stdout] c83c05c422059683ab2ca3b6c9edf68af8badadad6207244bda2c0d6380b1542
