[INFO] fetching crate schwab-api-cli 0.1.6...
[INFO] testing schwab-api-cli-0.1.6 against 1.99.0-beta.8 for beta-1.100-2
[INFO] extracting crate schwab-api-cli 0.1.6 into /workspace/builds/worker-1-tc1/source
[INFO] started tweaking crates.io crate schwab-api-cli 0.1.6
[INFO] finished tweaking crates.io crate schwab-api-cli 0.1.6
[INFO] tweaked toml for crates.io crate schwab-api-cli 0.1.6 written to /workspace/builds/worker-1-tc1/source/Cargo.toml
[INFO] validating manifest of crates.io crate schwab-api-cli 0.1.6 on toolchain 1.99.0-beta.8
[INFO] running `Command { std: CARGO_HOME="/workspace/cargo-home" RUSTUP_HOME="/workspace/rustup-home" "/workspace/cargo-home/bin/cargo" "+1.99.0-beta.8" "metadata" "--manifest-path" "Cargo.toml" "--no-deps", kill_on_drop: false }`
[INFO] crate crates.io crate schwab-api-cli 0.1.6 already has a lockfile, it will not be regenerated
[INFO] running `Command { std: CARGO_HOME="/workspace/cargo-home" RUSTUP_HOME="/workspace/rustup-home" "/workspace/cargo-home/bin/cargo" "+1.99.0-beta.8" "fetch" "--manifest-path" "Cargo.toml", kill_on_drop: false }`
[INFO] [stderr]     Updating crates.io index
[INFO] [stderr]  Downloading crates ...
[INFO] [stderr]   Downloaded rcgen v0.14.8
[INFO] [stderr]   Downloaded schwab-api-cli-market-data v0.1.1
[INFO] [stderr]   Downloaded rusticata-macros v4.1.0
[INFO] [stderr]   Downloaded yasna v0.6.0
[INFO] [stderr]   Downloaded schwab-api-cli-core v0.1.1
[INFO] [stderr]   Downloaded asn1-rs-impl v0.2.0
[INFO] [stderr]   Downloaded asn1-rs-derive v0.6.0
[INFO] [stderr]   Downloaded newline-converter v0.3.0
[INFO] [stderr]   Downloaded oid-registry v0.8.1
[INFO] [stderr]   Downloaded der-parser v10.0.0
[INFO] [stderr]   Downloaded asn1-rs v0.7.2
[INFO] [stderr]   Downloaded crossterm v0.25.0
[INFO] [stderr]   Downloaded webpki-roots v1.0.8
[INFO] [stderr]   Downloaded x509-parser v0.18.1
[INFO] [stderr]   Downloaded inquire v0.7.5
[INFO] running `Command { std: "docker" "create" "-v" "/var/lib/crater-agent-workspace/builds/worker-1-tc1/source:/opt/rustwide/workdir:ro,Z" "-v" "/var/lib/crater-agent-workspace/builds/worker-1-tc1/target:/opt/rustwide/target:rw,Z" "-v" "/var/lib/crater-agent-workspace/cargo-home:/opt/rustwide/cargo-home:ro,Z" "-v" "/var/lib/crater-agent-workspace/rustup-home:/opt/rustwide/rustup-home:ro,Z" "-m" "1610612736" "--network" "none" "ghcr.io/rust-lang/crates-build-env/linux@sha256:3111399a4047eeb3a02b7a90e478d715f38a8c6669b5c4b49d30a17385265909" "sleep" "infinity", kill_on_drop: false }`
[INFO] [stdout] 46336837ec7d384a78e8943252186e4d0602eac7db589aa9b205df9e570ea878
[INFO] running `Command { std: "docker" "start" "46336837ec7d384a78e8943252186e4d0602eac7db589aa9b205df9e570ea878", kill_on_drop: false }`
[INFO] running `Command { std: "docker" "inspect" "46336837ec7d384a78e8943252186e4d0602eac7db589aa9b205df9e570ea878", kill_on_drop: false }`
[INFO] running `Command { std: "docker" "exec" "-e" "SOURCE_DIR=/opt/rustwide/workdir" "-e" "CARGO_HOME=/opt/rustwide/cargo-home" "-e" "RUSTUP_HOME=/opt/rustwide/rustup-home" "-e" "CARGO_TARGET_DIR=/opt/rustwide/target" "-w" "/opt/rustwide/workdir" "--user" "0:0" "46336837ec7d384a78e8943252186e4d0602eac7db589aa9b205df9e570ea878" "/opt/rustwide/cargo-home/bin/cargo" "+1.99.0-beta.8" "metadata" "--no-deps" "--format-version=1", kill_on_drop: false }`
[INFO] running `Command { std: "docker" "inspect" "46336837ec7d384a78e8943252186e4d0602eac7db589aa9b205df9e570ea878", kill_on_drop: false }`
[INFO] running `Command { std: "docker" "exec" "-e" "SOURCE_DIR=/opt/rustwide/workdir" "-e" "CARGO_HOME=/opt/rustwide/cargo-home" "-e" "RUSTUP_HOME=/opt/rustwide/rustup-home" "-e" "CARGO_TARGET_DIR=/opt/rustwide/target" "-e" "CARGO_INCREMENTAL=0" "-e" "RUST_BACKTRACE=full" "-e" "RUSTFLAGS=--cap-lints=warn" "-e" "RUSTDOCFLAGS=--cap-lints=warn" "-w" "/opt/rustwide/workdir" "--user" "0:0" "46336837ec7d384a78e8943252186e4d0602eac7db589aa9b205df9e570ea878" "/opt/rustwide/cargo-home/bin/cargo" "+1.99.0-beta.8" "build" "--frozen" "--message-format=json", kill_on_drop: false }`
[INFO] [stderr]    Compiling smallvec v1.15.2
[INFO] [stderr]    Compiling log v0.4.32
[INFO] [stderr]    Compiling bytes v1.12.0
[INFO] [stderr]    Compiling cc v1.2.64
[INFO] [stderr]    Compiling syn v2.0.118
[INFO] [stderr]    Compiling rustls-pki-types v1.14.1
[INFO] [stderr]    Compiling simd-adler32 v0.3.9
[INFO] [stderr]    Compiling slab v0.4.12
[INFO] [stderr]    Compiling memchr v2.8.2
[INFO] [stderr]    Compiling compression-core v0.4.32
[INFO] [stderr]    Compiling signal-hook v0.3.18
[INFO] [stderr]    Compiling unicode-segmentation v1.13.3
[INFO] [stderr]    Compiling rustix v1.1.4
[INFO] [stderr]    Compiling instability v0.3.12
[INFO] [stderr]    Compiling portable-atomic v1.13.1
[INFO] [stderr]    Compiling time v0.3.49
[INFO] [stderr]    Compiling mio v1.2.1
[INFO] [stderr]    Compiling futures-util v0.3.32
[INFO] [stderr]    Compiling mio v0.8.11
[INFO] [stderr]    Compiling parking_lot_core v0.9.12
[INFO] [stderr]    Compiling miniz_oxide v0.8.9
[INFO] [stderr]    Compiling rustix v0.38.44
[INFO] [stderr]    Compiling flate2 v1.1.9
[INFO] [stderr]    Compiling parking_lot v0.12.5
[INFO] [stderr]    Compiling webpki-roots v1.0.8
[INFO] [stderr]    Compiling serde_json v1.0.150
[INFO] [stderr]    Compiling regex-automata v0.4.14
[INFO] [stderr]    Compiling clap_builder v4.6.0
[INFO] [stderr]    Compiling compact_str v0.8.2
[INFO] [stderr]    Compiling unicode-truncate v1.1.0
[INFO] [stderr]    Compiling http v1.4.2
[INFO] [stderr]    Compiling compression-codecs v0.4.38
[INFO] [stderr]    Compiling signal-hook-mio v0.2.5
[INFO] [stderr]    Compiling yasna v0.6.0
[INFO] [stderr]    Compiling newline-converter v0.3.0
[INFO] [stderr]    Compiling crossterm v0.28.1
[INFO] [stderr]    Compiling crossterm v0.25.0
[INFO] [stderr]    Compiling tracing-log v0.2.0
[INFO] [stderr]    Compiling fuzzy-matcher v0.3.7
[INFO] [stderr]    Compiling console v0.15.11
[INFO] [stderr]    Compiling crossterm v0.29.0
[INFO] [stderr]    Compiling number_prefix v0.4.0
[INFO] [stderr]    Compiling unicode-linebreak v0.1.5
[INFO] [stderr]    Compiling smawk v0.3.3
[INFO] [stderr]    Compiling textwrap v0.16.2
[INFO] [stderr]    Compiling comfy-table v7.2.2
[INFO] [stderr]    Compiling ring v0.17.14
[INFO] [stderr]    Compiling http-body v1.0.1
[INFO] [stderr]    Compiling http-body-util v0.1.3
[INFO] [stderr]    Compiling indicatif v0.17.11
[INFO] [stderr]    Compiling inquire v0.7.5
[INFO] [stderr]    Compiling matchers v0.2.0
[INFO] [stderr]    Compiling synstructure v0.13.2
[INFO] [stderr]    Compiling darling_core v0.23.0
[INFO] [stderr]    Compiling zerovec-derive v0.11.3
[INFO] [stderr]    Compiling displaydoc v0.2.6
[INFO] [stderr]    Compiling tokio-macros v2.7.0
[INFO] [stderr]    Compiling serde_derive v1.0.228
[INFO] [stderr]    Compiling tracing-attributes v0.1.31
[INFO] [stderr]    Compiling thiserror-impl v2.0.18
[INFO] [stderr]    Compiling strum_macros v0.26.4
[INFO] [stderr]    Compiling async-trait v0.1.89
[INFO] [stderr]    Compiling clap_derive v4.6.1
[INFO] [stderr]    Compiling rustls v0.23.40
[INFO] [stderr]    Compiling tokio v1.52.3
[INFO] [stderr]    Compiling zerofrom-derive v0.1.7
[INFO] [stderr]    Compiling yoke-derive v0.8.2
[INFO] [stderr]    Compiling thiserror v2.0.18
[INFO] [stderr]    Compiling tracing v0.1.44
[INFO] [stderr]    Compiling zerofrom v0.1.8
[INFO] [stderr]    Compiling tracing-subscriber v0.3.23
[INFO] [stderr]    Compiling yoke v0.8.3
[INFO] [stderr]    Compiling clap v4.6.1
[INFO] [stderr]    Compiling zerovec v0.11.6
[INFO] [stderr]    Compiling zerotrie v0.2.4
[INFO] [stderr]    Compiling strum v0.26.3
[INFO] [stderr]    Compiling darling_macro v0.23.0
[INFO] [stderr]    Compiling tinystr v0.8.3
[INFO] [stderr]    Compiling potential_utf v0.1.5
[INFO] [stderr]    Compiling icu_collections v2.2.0
[INFO] [stderr]    Compiling icu_locale_core v2.2.0
[INFO] [stderr]    Compiling rustls-webpki v0.103.13
[INFO] [stderr]    Compiling rcgen v0.14.8
[INFO] [stderr]    Compiling darling v0.23.0
[INFO] [stderr]    Compiling ratatui v0.29.0
[INFO] [stderr]    Compiling icu_provider v2.2.0
[INFO] [stderr]    Compiling icu_properties v2.2.0
[INFO] [stderr]    Compiling icu_normalizer v2.2.0
[INFO] [stderr]    Compiling serde v1.0.228
[INFO] [stderr]    Compiling serde_urlencoded v0.7.1
[INFO] [stderr]    Compiling chrono v0.4.45
[INFO] [stderr]    Compiling serde_yaml v0.9.34+deprecated
[INFO] [stderr]    Compiling idna_adapter v1.2.2
[INFO] [stderr]    Compiling idna v1.1.0
[INFO] [stderr]    Compiling url v2.5.8
[INFO] [stderr]    Compiling chrono-tz v0.10.4
[INFO] [stderr]    Compiling webbrowser v1.2.1
[INFO] [stderr]    Compiling hyper v1.10.1
[INFO] [stderr]    Compiling tokio-util v0.7.18
[INFO] [stderr]    Compiling tower v0.5.3
[INFO] [stderr]    Compiling async-compression v0.4.42
[INFO] [stderr]    Compiling tower-http v0.6.11
[INFO] [stderr]    Compiling tokio-rustls v0.26.4
[INFO] [stderr]    Compiling hyper-util v0.1.20
[INFO] [stderr]    Compiling hyper-rustls v0.27.9
[INFO] [stderr]    Compiling reqwest v0.12.28
[INFO] [stderr]    Compiling schwab-api-cli-core v0.1.1
[INFO] [stderr]    Compiling schwab-api-cli-market-data v0.1.1
[INFO] [stderr]    Compiling schwab-api-cli v0.1.6 (/opt/rustwide/workdir)
[INFO] [stderr]     Finished `dev` profile [unoptimized + debuginfo] target(s) in 1m 30s
[INFO] running `Command { std: "docker" "inspect" "46336837ec7d384a78e8943252186e4d0602eac7db589aa9b205df9e570ea878", kill_on_drop: false }`
[INFO] running `Command { std: "docker" "exec" "-e" "SOURCE_DIR=/opt/rustwide/workdir" "-e" "CARGO_HOME=/opt/rustwide/cargo-home" "-e" "RUSTUP_HOME=/opt/rustwide/rustup-home" "-e" "CARGO_TARGET_DIR=/opt/rustwide/target" "-e" "CARGO_INCREMENTAL=0" "-e" "RUST_BACKTRACE=full" "-e" "RUSTFLAGS=--cap-lints=warn" "-e" "RUSTDOCFLAGS=--cap-lints=warn" "-w" "/opt/rustwide/workdir" "--user" "0:0" "46336837ec7d384a78e8943252186e4d0602eac7db589aa9b205df9e570ea878" "/opt/rustwide/cargo-home/bin/cargo" "+1.99.0-beta.8" "test" "--frozen" "--no-run" "--message-format=json", kill_on_drop: false }`
[INFO] [stderr]    Compiling aho-corasick v1.1.4
[INFO] [stderr]    Compiling rustix v1.1.4
[INFO] [stderr]    Compiling float-cmp v0.10.0
[INFO] [stderr]    Compiling assert_cmd v2.2.2
[INFO] [stderr]    Compiling getrandom v0.4.3
[INFO] [stderr]    Compiling regex-automata v0.4.14
[INFO] [stderr]    Compiling crossterm v0.29.0
[INFO] [stderr]    Compiling tempfile v3.27.0
[INFO] [stderr]    Compiling comfy-table v7.2.2
[INFO] [stderr]    Compiling matchers v0.2.0
[INFO] [stderr]    Compiling regex v1.12.4
[INFO] [stderr]    Compiling bstr v1.12.1
[INFO] [stderr]    Compiling tracing-subscriber v0.3.23
[INFO] [stderr]    Compiling predicates v3.1.4
[INFO] [stderr]    Compiling schwab-api-cli v0.1.6 (/opt/rustwide/workdir)
[INFO] [stderr]     Finished `test` profile [unoptimized + debuginfo] target(s) in 53.23s
[INFO] running `Command { std: "docker" "inspect" "46336837ec7d384a78e8943252186e4d0602eac7db589aa9b205df9e570ea878", kill_on_drop: false }`
[INFO] running `Command { std: "docker" "exec" "-e" "SOURCE_DIR=/opt/rustwide/workdir" "-e" "CARGO_HOME=/opt/rustwide/cargo-home" "-e" "RUSTUP_HOME=/opt/rustwide/rustup-home" "-e" "CARGO_TARGET_DIR=/opt/rustwide/target" "-e" "CARGO_INCREMENTAL=0" "-e" "RUST_BACKTRACE=full" "-e" "RUSTFLAGS=--cap-lints=warn" "-e" "RUSTDOCFLAGS=--cap-lints=warn" "-w" "/opt/rustwide/workdir" "--user" "0:0" "46336837ec7d384a78e8943252186e4d0602eac7db589aa9b205df9e570ea878" "/opt/rustwide/cargo-home/bin/cargo" "+1.99.0-beta.8" "test" "--frozen", kill_on_drop: false }`
[INFO] [stderr]     Finished `test` profile [unoptimized + debuginfo] target(s) in 0.54s
[INFO] [stderr]      Running unittests src/lib.rs (/opt/rustwide/target/debug/deps/schwab_cli-2aaf37463ee967dc)
[INFO] [stdout] 
[INFO] [stdout] running 195 tests
[INFO] [stdout] test agent::exits::tests::format_chain_strike_uses_one_decimal_for_whole_strikes ... ok
[INFO] [stdout] test agent::exits::tests::find_expiry_strikes_matches_schwab_key ... ok
[INFO] [stdout] test agent::exits::tests::evaluate_exit_from_mark_profit_target ... ok
[INFO] [stdout] test agent::exits::tests::profit_target_triggers_at_half_credit ... ok
[INFO] [stdout] test agent::exits::tests::stop_loss_suppressed_while_short_well_otm ... ok
[INFO] [stdout] test agent::exits::tests::infers_credit_from_leg_averages ... ok
[INFO] [stdout] test agent::exits::tests::candidate_fails_thesis_gates_on_pop_and_1sigma ... ok
[INFO] [stdout] test agent::exits::tests::infers_vertical_max_loss_from_live_group ... ok
[INFO] [stdout] test agent::exits::tests::regime_mismatch_takes_green_iron_condor_when_trend_preferred ... ok
[INFO] [stdout] test agent::exits::tests::thesis_pop_deterioration_triggers ... ok
[INFO] [stdout] test agent::exits::tests::stop_loss_triggers_at_double_credit ... ok
[INFO] [stdout] test agent::exits::tests::thesis_min_hold_skips_thesis_but_not_profit_target ... ok
[INFO] [stdout] test agent::exits::tests::thesis_profit_giveback_triggers ... ok
[INFO] [stdout] test agent::format::tests::format_skipped_only_tick ... ok
[INFO] [stdout] test agent::backtest::bs::tests::put_credit_positive ... ok
[INFO] [stdout] test agent::format::tests::format_entry_signal_with_context ... ok
[INFO] [stdout] test agent::backtest::bs::tests::atm_call_has_near_half_delta ... ok
[INFO] [stdout] test agent::backtest::cache::tests::trading_days_unique_sorted ... ok
[INFO] [stdout] test agent::llm::tests::empty_context_omits_strategy_block ... ok
[INFO] [stdout] test agent::learn::tests::drops_non_allowlisted_paths ... ok
[INFO] [stdout] test agent::llm::tests::empty_json_is_not_a_proceed_review ... ok
[INFO] [stdout] test agent::llm::tests::extracts_json_from_markdown_fence ... ok
[INFO] [stdout] test agent::llm::tests::llm_review_schema_has_required_fields ... ok
[INFO] [stdout] test agent::llm::tests::missing_entry_recommendation_is_rejected ... ok
[INFO] [stdout] test agent::llm::tests::monitor_normalizes_entry_to_skip ... ok
[INFO] [stdout] test agent::llm::tests::monitor_system_prompt_omits_chain_guardrails ... ok
[INFO] [stdout] test agent::llm::tests::parses_llm_json ... ok
[INFO] [stdout] test agent::llm::tests::selection_system_prompt_includes_chain_guardrails ... ok
[INFO] [stdout] test agent::llm::tests::user_message_includes_strategy_context ... ok
[INFO] [stdout] test agent::market_context::tests::builds_iron_condor_market_context ... ok
[INFO] [stdout] test agent::paths::tests::distinct_rules_files_get_distinct_state_paths ... ok
[INFO] [stdout] test agent::llm::tests::system_prompt_uses_configured_selection_instructions ... ok
[INFO] [stdout] test agent::market_context::tests::builds_open_position_context_with_greeks ... ok
[INFO] [stdout] test agent::protective::tests::builds_close_order_inverting_vertical_legs ... ok
[INFO] [stdout] test agent::market_context::tests::builds_vertical_market_context ... ok
[INFO] [stdout] test agent::protective::tests::profit_target_debit_floors_at_one_cent ... ok
[INFO] [stdout] test agent::protective::tests::profit_target_debit_matches_exit_formula ... ok
[INFO] [stdout] test agent::paths::tests::runtime_paths_derive_from_rules_filename ... ok
[INFO] [stdout] test agent::protective::tests::rejects_single_leg_entry_order ... ok
[INFO] [stdout] test agent::regime::tests::below_50dma_is_chop_even_with_calm_vix ... ok
[INFO] [stdout] test agent::regime::tests::bearish_when_below_both_smas ... ok
[INFO] [stdout] test agent::regime::tests::chop_on_high_vix_with_trend ... ok
[INFO] [stdout] test agent::regime::tests::extracts_vix_last_from_symbol_wrapped_quote ... ok
[INFO] [stdout] test agent::regime::tests::neutral_only_when_above_50dma ... ok
[INFO] [stdout] test agent::regime::tests::pause_entries_when_vix_at_or_below_floor ... ok
[INFO] [stdout] test agent::regime::tests::pauses_when_vix_missing_and_fail_closed ... ok
[INFO] [stdout] test agent::resilience::tests::backoff_grows_and_caps ... ok
[INFO] [stdout] test agent::resilience::tests::classifies_401_as_recoverable ... ok
[INFO] [stdout] test agent::resilience::tests::classifies_5xx_and_timeout_as_recoverable ... ok
[INFO] [stdout] test agent::roll::tests::delta_bias_takes_lower_of_target_and_original_minus ... ok
[INFO] [stdout] test agent::roll::tests::eligibility_passes_defaults ... ok
[INFO] [stdout] test agent::resilience::tests::classifies_not_authenticated_as_auth_fatal ... ok
[INFO] [stdout] test agent::runner::llm_schedule_tests::correlation_group_cap_blocks_second_index ... ok
[INFO] [stdout] test agent::resilience::tests::classifies_invalid_grant_as_auth_fatal ... ok
[INFO] [stdout] test agent::runner::llm_schedule_tests::entry_scan_skipped_when_all_accounts_at_capacity ... ok
[INFO] [stdout] test agent::roll::tests::eligibility_rejects_itm_short ... ok
[INFO] [stdout] test agent::risk::tests::drawdown_halt_triggers_and_clears ... ok
[INFO] [stdout] test agent::roll::tests::dte_bias_extends_past_closed ... ok
[INFO] [stdout] test agent::roll::tests::eligibility_rejects_max_rolls_position ... ok
[INFO] [stdout] test agent::runner::llm_schedule_tests::mechanical_alert_detects_stop_triggered ... ok
[INFO] [stdout] test agent::roll::tests::eligibility_rejects_max_rolls_day ... ok
[INFO] [stdout] test agent::roll::tests::money_allows_limited_debit ... ok
[INFO] [stdout] test agent::roll::tests::width_bias_caps_to_original ... ok
[INFO] [stdout] test agent::resilience::tests::classifies_unknown_as_unexpected ... ok
[INFO] [stdout] test agent::roll::tests::eligibility_rejects_disabled ... ok
[INFO] [stdout] test agent::risk::tests::unrealized_from_monitor_snapshot ... ok
[INFO] [stdout] test agent::runner::llm_schedule_tests::underlying_entry_cap_blocks_second_iwm_spread ... ok
[INFO] [stdout] test agent::regime::tests::hostile_when_vix_extreme ... ok
[INFO] [stdout] test agent::roll::tests::eligibility_rejects_low_dte ... ok
[INFO] [stdout] test agent::schedule::tests::closed_with_overnight_is_overnight_session ... ok
[INFO] [stdout] test agent::scorecard::tests::honors_only_catalyst_with_evidence ... ok
[INFO] [stdout] test agent::schedule::tests::open_after_overnight_sets_just_opened ... ok
[INFO] [stdout] test agent::sim::tests::spread_pnl_from_credit_and_debit ... ok
[INFO] [stdout] test agent::scorecard::tests::fail_open_on_calendar_defer ... ok
[INFO] [stdout] test agent::runner::llm_schedule_tests::selection_telegram_only_on_proceed_or_urgent_close ... ok
[INFO] [stdout] test agent::spread_analytics::tests::expected_move_scales_with_sqrt_time ... ok
[INFO] [stdout] test agent::schedule::tests::overnight_digest_respects_interval ... ok
[INFO] [stdout] test agent::spread_analytics::tests::entry_analytics_1sigma_fails_closed_when_iv_missing ... ok
[INFO] [stdout] test agent::spread_analytics::tests::entry_analytics_iv_rv_gate ... ok
[INFO] [stdout] test agent::spread_analytics::tests::put_credit_pop_above_break_even ... ok
[INFO] [stdout] test agent::state::tests::stop_loss_re_entry_blocked_within_cooldown ... ok
[INFO] [stdout] test agent::spread_analytics::tests::entry_analytics_reject_inside_1sigma_when_enabled ... ok
[INFO] [stdout] test agent::telegram_format::tests::digest_dedupes_same_message ... ok
[INFO] [stdout] test agent::spread_analytics::tests::entry_analytics_rejects_hot_short_delta ... ok
[INFO] [stdout] test agent::runner::llm_schedule_tests::monitor_skipped_at_open_without_candidates_or_mechanical_alert ... ok
[INFO] [stdout] test agent::runner::llm_schedule_tests::selection_llm_is_throttled_when_candidates_exist ... ok
[INFO] [stdout] test agent::runner::llm_schedule_tests::monitor_runs_at_open_when_mechanical_alert ... ok
[INFO] [stdout] test agent::spread_analytics::tests::entry_analytics_rejects_adverse_day_and_thin_otm ... ok
[INFO] [stdout] test agent::schedule::tests::closed_without_overnight_is_idle ... ok
[INFO] [stdout] test agent::runner::llm_schedule_tests::redeploy_cooldown_removes_underlying_from_scan ... ok
[INFO] [stdout] test auth_reminder::tests::none_when_fresh ... ok
[INFO] [stdout] test auth_reminder::tests::dedupe_same_level_within_cooldown ... ok
[INFO] [stdout] test auth_callback::tests::parses_https_local_redirect ... ok
[INFO] [stdout] test auth_reminder::tests::urgent_when_one_day_left ... ok
[INFO] [stdout] test agent::runner::llm_schedule_tests::monitor_runs_when_no_candidates_and_due ... ok
[INFO] [stdout] test commands::auth::tests::extracts_code_from_redirect_url ... ok
[INFO] [stdout] test agent::telegram_format::tests::telegram_llm_is_plain_language ... ok
[INFO] [stdout] test commands::auth::tests::extracts_code_with_line_breaks ... ok
[INFO] [stdout] test agent::state::tests::reserved_risk_includes_pending_entries_only ... ok
[INFO] [stdout] test agent::telegram_format::tests::defer_with_alerts_not_urgent ... ok
[INFO] [stdout] test auth_callback::tests::parses_http_local_redirect ... ok
[INFO] [stdout] test agent::telegram_format::tests::filled_order_is_plain ... ok
[INFO] [stdout] test market_conditions::tests::computes_percent_from_net_and_close_when_missing ... ok
[INFO] [stdout] test market_conditions::tests::market_lines_not_empty_when_quotes_present ... ok
[INFO] [stdout] test market_conditions::tests::parses_schwab_net_percent_change_field ... ok
[INFO] [stdout] test market_conditions::tests::parses_batch_quote ... ok
[INFO] [stdout] test market_hours::tests::regular_window_closed_after_4pm_et ... ok
[INFO] [stdout] test agent::spread_analytics::tests::vertical_analytics_put_credit ... ok
[INFO] [stdout] test agent::volatility::tests::iv_rv_ratio_none_when_missing ... ok
[INFO] [stdout] test market_conditions::tests::parses_live_schwab_batch_with_all_benchmarks ... ok
[INFO] [stdout] test agent::telegram_format::tests::proceed_is_urgent ... ok
[INFO] [stdout] test agent::telegram_format::tests::skipped_orders_not_telegrammed ... ok
[INFO] [stdout] test disclaimer::tests::env_override_skips_marker ... ok
[INFO] [stderr] ⚠️  FIRST RUN — READ BEFORE TRADING
[INFO] [stderr] 
[INFO] [stderr] SCHWAB TRADER API CLI — RISK DISCLAIMER
[INFO] [stderr] 
[INFO] [stderr] USE AT YOUR OWN RISK. This software is EXPERIMENTAL and under active development.
[INFO] [stderr] 
[INFO] [stderr] • Real orders: Live trading (--trust --yes, trade plans, options agent) can move money in
[INFO] [stderr]   your brokerage account. Bugs, misconfiguration, API issues, and LLM errors can cause loss.
[INFO] [stderr] 
[INFO] [stderr] • No advice: Nothing here is financial, investment, tax, or legal advice.
[INFO] [stderr] 
[INFO] [stderr] • Your responsibility: You are solely responsible for orders, compliance, monitoring
[INFO] [stderr]   agents, and securing API credentials.
[INFO] [stderr] 
[INFO] [stderr] • No liability: Authors and contributors are not liable for damages or financial loss.
[INFO] [stderr] 
[INFO] [stderr] • No affiliation: Not endorsed by Charles Schwab & Co., Inc.
[INFO] [stderr] 
[INFO] [stderr] • No warranty: Provided "AS IS" under the MIT License.
[INFO] [stderr] 
[INFO] [stderr] Before live trading: schwab disclaimer accept --yes
[INFO] [stderr] 
[INFO] [stderr] Live trading is blocked until you run:
[INFO] [stderr]   schwab disclaimer accept --yes
[INFO] [stderr] 
[INFO] [stdout] test options::positions::tests::candidate_and_live_position_ids_match_vertical_signature ... ok
[INFO] [stdout] test market_hours::tests::schedule_estimate_weekend_closed ... ok
[INFO] [stdout] test options::positions::tests::spread_contract_count_uses_max_leg_quantity ... ok
[INFO] [stdout] test disclaimer::tests::first_run_only_once ... ok
[INFO] [stdout] test market_hours::tests::pst_248pm_is_closed ... ok
[INFO] [stdout] test market_hours::tests::resolve_prefers_cached_hours ... ok
[INFO] [stdout] test options::strategies::iron_condor::tests::builds_iron_condor ... ok
[INFO] [stdout] test notify::telegram::tests::truncates_long_messages ... ok
[INFO] [stdout] test disclaimer::tests::acceptance_marker_written ... ok
[INFO] [stdout] test options::symbology::tests::round_trip_symbol ... ok
[INFO] [stdout] test market_hours::tests::regular_window_open_midday_et ... ok
[INFO] [stdout] test market_hours::tests::resolve_never_unknown_uses_schedule ... ok
[INFO] [stdout] test market_info::tests::classifies_etf ... ok
[INFO] [stdout] test order_schema::tests::validates_oco_without_top_level_legs ... ok
[INFO] [stdout] test order_status::tests::filled_condition ... ok
[INFO] [stdout] test market_info::tests::summarizes_candle_range ... ok
[INFO] [stdout] test market_info::tests::merges_fundamentals_prefers_non_null ... ok
[INFO] [stdout] test order_builder::tests::builds_vertical_spread_with_cancel_time ... ok
[INFO] [stdout] test order_status::tests::terminal_condition ... ok
[INFO] [stdout] test plan::tests::validates_structure ... ok
[INFO] [stdout] test order_schema::tests::validates_vertical_spread_shape ... ok
[INFO] [stdout] test portfolio::tests::estimates_limit_buy_cost ... ok
[INFO] [stdout] test portfolio::tests::extracts_buying_power ... ok
[INFO] [stdout] test options::symbology::tests::builds_put_symbol ... ok
[INFO] [stdout] test order_builder::tests::builds_limit_sell ... ok
[INFO] [stdout] test order_status::tests::parses_order_id_from_location ... ok
[INFO] [stdout] test order_builder::tests::builds_market_buy ... ok
[INFO] [stdout] test portfolio::tests::preview_negative_projected_buying_power_is_blocked ... ok
[INFO] [stdout] test output::tests::envelope_err_and_inputs ... ok
[INFO] [stdout] test portfolio::tests::preview_reject_is_surfaced ... ok
[INFO] [stdout] test rules::tests::custom_selection_prompt_overrides_default ... ok
[INFO] [stdout] test rules::tests::selection_guardrails_are_documented ... ok
[INFO] [stdout] test rules::tests::llm_config_resolves_phase_models ... ok
[INFO] [stdout] test safety::tests::dry_run_skips_trading_approval ... ok
[INFO] [stdout] test agent::spread_analytics::tests::momentum_shows_iv_crush_and_theta_pace ... ok
[INFO] [stdout] test agent::spread_analytics::tests::price_rail_marks_be_and_spot ... ok
[INFO] [stdout] test rules::tests::monitor_review_slower_above_gamma_window ... ok
[INFO] [stdout] test plan::tests::parses_yaml ... ok
[INFO] [stdout] test rules::tests::selection_web_prompt_used_when_set ... ok
[INFO] [stdout] test portfolio::tests::blocks_buy_with_insufficient_funds ... ok
[INFO] [stdout] test rules::tests::llm_review_ticks_use_monitor_cadence_with_open_positions ... ok
[INFO] [stdout] test rules::tests::validates_minimal_rules ... ok
[INFO] [stdout] test rules::tests::watchlist_item_overrides_merge_into_vertical_entry ... ok
[INFO] [stdout] test safety::tests::trading_requires_trust_and_yes ... ok
[INFO] [stdout] test portfolio::tests::summarizes_positions ... ok
[INFO] [stdout] test rules::tests::blocked_dates_respect_lead_window ... ok
[INFO] [stdout] test options::strategies::vertical::tests::builds_put_credit_vertical ... ok
[INFO] [stdout] test safety_config::tests::allows_vertical_spread_when_enabled ... ok
[INFO] [stdout] test safety_config::tests::blocks_multi_leg_without_complex_flag ... ok
[INFO] [stdout] test rules::tests::loads_example_rules_yaml ... ok
[INFO] [stdout] test order_schema::tests::schema_includes_complex_strategies ... ok
[INFO] [stdout] test trade_audio::tests::exit_reason_maps_to_events ... ok
[INFO] [stdout] test ui::agent_health::tests::detects_invalid_grant ... ok
[INFO] [stdout] test ui::market_status::tests::label_never_unknown ... ok
[INFO] [stdout] test ui::rules_view::tests::rules_detail_renders_sections ... ok
[INFO] [stdout] test ui::rules_view::tests::rules_panel_borders_align ... ok
[INFO] [stdout] test safety_config::tests::validate_blocks_symbol ... ok
[INFO] [stdout] test ui::spread_live::tests::spread_rail_right_is_toward_target ... ok
[INFO] [stdout] test ui::spread_live::tests::spread_rail_labels_show_toward_stop_when_losing ... ok
[INFO] [stdout] test ui::spread_live::tests::spread_rail_places_markers ... ok
[INFO] [stdout] test trade_audio::tests::deferred_and_working_are_not_critical ... ok
[INFO] [stdout] test ui::agent_health::tests::auth_error_keeps_loop_running_but_disarms_exits ... ok
[INFO] [stdout] test ui::market_status::tests::disk_cache_round_trip ... ok
[INFO] [stdout] test ui::spread_live::tests::far_otm_negative_mtm_is_path_ok_not_losing ... ok
[INFO] [stdout] test ui::spread_live::tests::profit_pct_maps_to_target_progress ... ok
[INFO] [stdout] test safety_config::tests::default_limits_are_conservative ... ok
[INFO] [stdout] test ui::spread_live::tests::spread_monitors_sorted_by_opened_at_not_hashmap_order ... ok
[INFO] [stdout] test ui::spread_payoff::tests::iron_condor_payoff_plateau_and_wings ... ok
[INFO] [stdout] test ui::tests::bar_clamps ... ok
[INFO] [stdout] test ui::tests::panel_lines_match_border_width ... ok
[INFO] [stdout] test ui::dashboard::tests::dashboard_renders_for_project_rules ... ok
[INFO] [stdout] test ui::spread_payoff::tests::put_spread_payoff_plateau_and_max_loss ... ok
[INFO] [stdout] test ui::spread_live::tests::winning_position_gets_winning_health ... ok
[INFO] [stdout] test ui::tests::panel_has_corners ... ok
[INFO] [stdout] test ui::tests::panel_fit_shrinks_to_content ... ok
[INFO] [stdout] test ui::spread_payoff::tests::payoff_bounds_available_with_analytics ... ok
[INFO] [stdout] test ui::spread_payoff::tests::condor_bounds_span_both_wings ... ok
[INFO] [stdout] test ui::spread_payoff::tests::mark_pnl_can_differ_from_expiry_at_spot ... ok
[INFO] [stdout] test agent::volatility::tests::realized_vol_positive_on_trending_series ... ok
[INFO] [stdout] test ui::discover::tests::discover_finds_project_rules ... FAILED
[INFO] [stdout] test safety_config::tests::limit_notional_from_price ... ok
[INFO] [stdout] test safety_config::tests::validate_blocks_excess_shares ... ok
[INFO] [stdout] 
[INFO] [stdout] failures:
[INFO] [stdout] 
[INFO] [stdout] ---- ui::discover::tests::discover_finds_project_rules stdout ----
[INFO] [stdout] 
[INFO] [stdout] thread 'ui::discover::tests::discover_finds_project_rules' (2270) panicked at src/ui/discover.rs:116:9:
[INFO] [stdout] expected project rules files, got []
[INFO] [stdout] stack backtrace:
[INFO] [stdout]    0:     0x581757d71511 - std[70759c8f55707aa4]::backtrace_rs::backtrace::libunwind::trace
[INFO] [stdout]                                at /rustc/dfb0accb7f508ae8be965d8629557221c889dd98/library/std/src/../../backtrace/src/backtrace/libunwind.rs:117:9
[INFO] [stdout]    1:     0x581757d71511 - std[70759c8f55707aa4]::backtrace_rs::backtrace::trace_unsynchronized::<std[70759c8f55707aa4]::sys::backtrace::_print_fmt::{closure#1}>
[INFO] [stdout]                                at /rustc/dfb0accb7f508ae8be965d8629557221c889dd98/library/std/src/../../backtrace/src/backtrace/mod.rs:66:14
[INFO] [stdout]    2:     0x581757d71511 - std[70759c8f55707aa4]::sys::backtrace::_print_fmt
[INFO] [stdout]                                at /rustc/dfb0accb7f508ae8be965d8629557221c889dd98/library/std/src/sys/backtrace.rs:74:9
[INFO] [stdout]    3:     0x581757d71511 - <<std[70759c8f55707aa4]::sys::backtrace::BacktraceLock>::print::DisplayBacktrace as core[df12db4294e9bfd3]::fmt::Display>::fmt
[INFO] [stdout]                                at /rustc/dfb0accb7f508ae8be965d8629557221c889dd98/library/std/src/sys/backtrace.rs:44:26
[INFO] [stdout]    4:     0x581757d8a16a - <core[df12db4294e9bfd3]::fmt::rt::Argument>::fmt
[INFO] [stdout]                                at /rustc/dfb0accb7f508ae8be965d8629557221c889dd98/library/core/src/fmt/rt.rs:152:76
[INFO] [stdout]    5:     0x581757d8a16a - core[df12db4294e9bfd3]::fmt::write
[INFO] [stdout]    6:     0x581757d76dac - core[df12db4294e9bfd3]::io::write::default_write_fmt::<alloc[2182bb758b4b3781]::vec::Vec<u8>>
[INFO] [stdout]                                at /rustc/dfb0accb7f508ae8be965d8629557221c889dd98/library/core/src/io/write.rs:402:11
[INFO] [stdout]    7:     0x581757d76dac - <alloc[2182bb758b4b3781]::vec::Vec<u8> as core[df12db4294e9bfd3]::io::write::Write>::write_fmt
[INFO] [stdout]                                at /rustc/dfb0accb7f508ae8be965d8629557221c889dd98/library/core/src/io/write.rs:335:13
[INFO] [stdout]    8:     0x581757d4a146 - <std[70759c8f55707aa4]::sys::backtrace::BacktraceLock>::print
[INFO] [stdout]                                at /rustc/dfb0accb7f508ae8be965d8629557221c889dd98/library/std/src/sys/backtrace.rs:47:9
[INFO] [stdout]    9:     0x581757d4a146 - std[70759c8f55707aa4]::panicking::default_hook::{closure#0}
[INFO] [stdout]                                at /rustc/dfb0accb7f508ae8be965d8629557221c889dd98/library/std/src/panicking.rs:292:27
[INFO] [stdout]   10:     0x581757d68019 - std[70759c8f55707aa4]::panicking::default_hook
[INFO] [stdout]                                at /rustc/dfb0accb7f508ae8be965d8629557221c889dd98/library/std/src/panicking.rs:316:9
[INFO] [stdout]   11:     0x581757b67a90 - <alloc[2182bb758b4b3781]::boxed::Box<dyn for<'a, 'b> core[df12db4294e9bfd3]::ops::function::Fn<(&'a std[70759c8f55707aa4]::panic::PanicHookInfo<'b>,), Output = ()> + core[df12db4294e9bfd3]::marker::Send + core[df12db4294e9bfd3]::marker::Sync> as core[df12db4294e9bfd3]::ops::function::Fn<(&std[70759c8f55707aa4]::panic::PanicHookInfo,)>>::call
[INFO] [stdout]                                at /rustc/dfb0accb7f508ae8be965d8629557221c889dd98/library/alloc/src/boxed.rs:2334:9
[INFO] [stdout]   12:     0x581757b67a90 - test[9d35eded1c95d3be]::test_main_inner::<test[9d35eded1c95d3be]::test_main_static::{closure#0}>::{closure#0}
[INFO] [stdout]                                at /rustc/dfb0accb7f508ae8be965d8629557221c889dd98/library/test/src/lib.rs:155:21
[INFO] [stdout]   13:     0x581757d681d2 - <alloc[2182bb758b4b3781]::boxed::Box<dyn for<'a, 'b> core[df12db4294e9bfd3]::ops::function::Fn<(&'a std[70759c8f55707aa4]::panic::PanicHookInfo<'b>,), Output = ()> + core[df12db4294e9bfd3]::marker::Send + core[df12db4294e9bfd3]::marker::Sync> as core[df12db4294e9bfd3]::ops::function::Fn<(&std[70759c8f55707aa4]::panic::PanicHookInfo,)>>::call
[INFO] [stdout]                                at /rustc/dfb0accb7f508ae8be965d8629557221c889dd98/library/alloc/src/boxed.rs:2334:9
[INFO] [stdout]   14:     0x581757d681d2 - std[70759c8f55707aa4]::panicking::panic_with_hook
[INFO] [stdout]                                at /rustc/dfb0accb7f508ae8be965d8629557221c889dd98/library/std/src/panicking.rs:823:13
[INFO] [stdout]   15:     0x581757d4a1f2 - std[70759c8f55707aa4]::panicking::panic_handler::{closure#0}
[INFO] [stdout]                                at /rustc/dfb0accb7f508ae8be965d8629557221c889dd98/library/std/src/panicking.rs:688:13
[INFO] [stdout]   16:     0x581757d424d9 - std[70759c8f55707aa4]::sys::backtrace::__rust_end_short_backtrace::<std[70759c8f55707aa4]::panicking::panic_handler::{closure#0}, !>
[INFO] [stdout]                                at /rustc/dfb0accb7f508ae8be965d8629557221c889dd98/library/std/src/sys/backtrace.rs:182:18
[INFO] [stdout]   17:     0x581757d4b11d - __rustc[8fa7c3cbc660c2b3]::rust_begin_unwind
[INFO] [stdout]                                at /rustc/dfb0accb7f508ae8be965d8629557221c889dd98/library/std/src/panicking.rs:679:5
[INFO] [stdout]   18:     0x581757d8a98c - core[df12db4294e9bfd3]::panicking::panic_fmt
[INFO] [stdout]                                at /rustc/dfb0accb7f508ae8be965d8629557221c889dd98/library/core/src/panicking.rs:80:14
[INFO] [stdout]   19:     0x5817578b9455 - schwab_cli[b52c41a2f97995b0]::ui::discover::tests::discover_finds_project_rules
[INFO] [stdout]                                at /opt/rustwide/workdir/src/ui/discover.rs:116:9
[INFO] [stdout]   20:     0x5817578b6477 - schwab_cli[b52c41a2f97995b0]::ui::discover::tests::discover_finds_project_rules::{closure#0}
[INFO] [stdout]                                at /opt/rustwide/workdir/src/ui/discover.rs:114:38
[INFO] [stdout]   21:     0x5817579b12e6 - <schwab_cli[b52c41a2f97995b0]::ui::discover::tests::discover_finds_project_rules::{closure#0} as core[df12db4294e9bfd3]::ops::function::FnOnce<()>>::call_once
[INFO] [stdout]                                at /rustc/dfb0accb7f508ae8be965d8629557221c889dd98/library/core/src/ops/function.rs:250:5
[INFO] [stdout]   22:     0x581757b5ad7b - <fn() -> core[df12db4294e9bfd3]::result::Result<(), alloc[2182bb758b4b3781]::string::String> as core[df12db4294e9bfd3]::ops::function::FnOnce<()>>::call_once
[INFO] [stdout]                                at /rustc/dfb0accb7f508ae8be965d8629557221c889dd98/library/core/src/ops/function.rs:250:5
[INFO] [stdout]   23:     0x581757b5ad7b - test[9d35eded1c95d3be]::__rust_begin_short_backtrace::<core[df12db4294e9bfd3]::result::Result<(), alloc[2182bb758b4b3781]::string::String>, fn() -> core[df12db4294e9bfd3]::result::Result<(), alloc[2182bb758b4b3781]::string::String>>
[INFO] [stdout]                                at /rustc/dfb0accb7f508ae8be965d8629557221c889dd98/library/test/src/lib.rs:733:18
[INFO] [stdout]   24:     0x581757b683e5 - test[9d35eded1c95d3be]::run_test_in_process::{closure#0}
[INFO] [stdout]                                at /rustc/dfb0accb7f508ae8be965d8629557221c889dd98/library/test/src/lib.rs:756:74
[INFO] [stdout]   25:     0x581757b683e5 - <core[df12db4294e9bfd3]::panic::unwind_safe::AssertUnwindSafe<test[9d35eded1c95d3be]::run_test_in_process::{closure#0}> as core[df12db4294e9bfd3]::ops::function::FnOnce<()>>::call_once
[INFO] [stdout]                                at /rustc/dfb0accb7f508ae8be965d8629557221c889dd98/library/core/src/panic/unwind_safe.rs:275:9
[INFO] [stdout]   26:     0x581757b683e5 - std[70759c8f55707aa4]::panicking::catch_unwind::do_call::<core[df12db4294e9bfd3]::panic::unwind_safe::AssertUnwindSafe<test[9d35eded1c95d3be]::run_test_in_process::{closure#0}>, core[df12db4294e9bfd3]::result::Result<(), alloc[2182bb758b4b3781]::string::String>>
[INFO] [stdout]                                at /rustc/dfb0accb7f508ae8be965d8629557221c889dd98/library/std/src/panicking.rs:576:43
[INFO] [stdout]   27:     0x581757b683e5 - std[70759c8f55707aa4]::panicking::catch_unwind::<core[df12db4294e9bfd3]::result::Result<(), alloc[2182bb758b4b3781]::string::String>, core[df12db4294e9bfd3]::panic::unwind_safe::AssertUnwindSafe<test[9d35eded1c95d3be]::run_test_in_process::{closure#0}>>
[INFO] [stdout]                                at /rustc/dfb0accb7f508ae8be965d8629557221c889dd98/library/std/src/panicking.rs:544:19
[INFO] [stdout]   28:     0x581757b683e5 - std[70759c8f55707aa4]::panic::catch_unwind::<core[df12db4294e9bfd3]::panic::unwind_safe::AssertUnwindSafe<test[9d35eded1c95d3be]::run_test_in_process::{closure#0}>, core[df12db4294e9bfd3]::result::Result<(), alloc[2182bb758b4b3781]::string::String>>
[INFO] [stdout]                                at /rustc/dfb0accb7f508ae8be965d8629557221c889dd98/library/std/src/panic.rs:359:14
[INFO] [stdout]   29:     0x581757b683e5 - test[9d35eded1c95d3be]::run_test_in_process
[INFO] [stdout]                                at /rustc/dfb0accb7f508ae8be965d8629557221c889dd98/library/test/src/lib.rs:756:27
[INFO] [stdout]   30:     0x581757b683e5 - test[9d35eded1c95d3be]::run_test::{closure#0}
[INFO] [stdout]                                at /rustc/dfb0accb7f508ae8be965d8629557221c889dd98/library/test/src/lib.rs:677:43
[INFO] [stdout]   31:     0x581757b61ca4 - test[9d35eded1c95d3be]::run_test::{closure#1}
[INFO] [stdout]                                at /rustc/dfb0accb7f508ae8be965d8629557221c889dd98/library/test/src/lib.rs:707:41
[INFO] [stdout]   32:     0x581757b61ca4 - std[70759c8f55707aa4]::sys::backtrace::__rust_begin_short_backtrace::<test[9d35eded1c95d3be]::run_test::{closure#1}, ()>
[INFO] [stdout]                                at /rustc/dfb0accb7f508ae8be965d8629557221c889dd98/library/std/src/sys/backtrace.rs:166:18
[INFO] [stdout]   33:     0x581757b6b542 - std[70759c8f55707aa4]::thread::lifecycle::spawn_unchecked::<test[9d35eded1c95d3be]::run_test::{closure#1}, ()>::{closure#1}::{closure#0}
[INFO] [stdout]                                at /rustc/dfb0accb7f508ae8be965d8629557221c889dd98/library/std/src/thread/lifecycle.rs:70:13
[INFO] [stdout]   34:     0x581757b6b542 - <core[df12db4294e9bfd3]::panic::unwind_safe::AssertUnwindSafe<std[70759c8f55707aa4]::thread::lifecycle::spawn_unchecked<test[9d35eded1c95d3be]::run_test::{closure#1}, ()>::{closure#1}::{closure#0}> as core[df12db4294e9bfd3]::ops::function::FnOnce<()>>::call_once
[INFO] [stdout]                                at /rustc/dfb0accb7f508ae8be965d8629557221c889dd98/library/core/src/panic/unwind_safe.rs:275:9
[INFO] [stdout]   35:     0x581757b6b542 - std[70759c8f55707aa4]::panicking::catch_unwind::do_call::<core[df12db4294e9bfd3]::panic::unwind_safe::AssertUnwindSafe<std[70759c8f55707aa4]::thread::lifecycle::spawn_unchecked<test[9d35eded1c95d3be]::run_test::{closure#1}, ()>::{closure#1}::{closure#0}>, ()>
[INFO] [stdout]                                at /rustc/dfb0accb7f508ae8be965d8629557221c889dd98/library/std/src/panicking.rs:576:43
[INFO] [stdout]   36:     0x581757b6b542 - std[70759c8f55707aa4]::panicking::catch_unwind::<(), core[df12db4294e9bfd3]::panic::unwind_safe::AssertUnwindSafe<std[70759c8f55707aa4]::thread::lifecycle::spawn_unchecked<test[9d35eded1c95d3be]::run_test::{closure#1}, ()>::{closure#1}::{closure#0}>>
[INFO] [stdout]                                at /rustc/dfb0accb7f508ae8be965d8629557221c889dd98/library/std/src/panicking.rs:544:19
[INFO] [stdout]   37:     0x581757b6b542 - std[70759c8f55707aa4]::panic::catch_unwind::<core[df12db4294e9bfd3]::panic::unwind_safe::AssertUnwindSafe<std[70759c8f55707aa4]::thread::lifecycle::spawn_unchecked<test[9d35eded1c95d3be]::run_test::{closure#1}, ()>::{closure#1}::{closure#0}>, ()>
[INFO] [stdout]                                at /rustc/dfb0accb7f508ae8be965d8629557221c889dd98/library/std/src/panic.rs:359:14
[INFO] [stdout]   38:     0x581757b6b542 - std[70759c8f55707aa4]::thread::lifecycle::spawn_unchecked::<test[9d35eded1c95d3be]::run_test::{closure#1}, ()>::{closure#1}
[INFO] [stdout]                                at /rustc/dfb0accb7f508ae8be965d8629557221c889dd98/library/std/src/thread/lifecycle.rs:68:26
[INFO] [stdout]   39:     0x581757b6b542 - <std[70759c8f55707aa4]::thread::lifecycle::spawn_unchecked<test[9d35eded1c95d3be]::run_test::{closure#1}, ()>::{closure#1} as core[df12db4294e9bfd3]::ops::function::FnOnce<()>>::call_once::{shim:vtable#0}
[INFO] [stdout]                                at /rustc/dfb0accb7f508ae8be965d8629557221c889dd98/library/core/src/ops/function.rs:250:5
[INFO] [stdout]   40:     0x581757d70109 - <alloc[2182bb758b4b3781]::boxed::Box<dyn core[df12db4294e9bfd3]::ops::function::FnOnce<(), Output = ()> + core[df12db4294e9bfd3]::marker::Send> as core[df12db4294e9bfd3]::ops::function::FnOnce<()>>::call_once
[INFO] [stdout]                                at /rustc/dfb0accb7f508ae8be965d8629557221c889dd98/library/alloc/src/boxed.rs:2320:9
[INFO] [stdout]   41:     0x581757d70109 - <std[70759c8f55707aa4]::sys::thread::unix::Thread>::new::thread_start
[INFO] [stdout]                                at /rustc/dfb0accb7f508ae8be965d8629557221c889dd98/library/std/src/sys/thread/unix.rs:123:17
[INFO] [stdout]   42:     0x7dcb42696dfa - <unknown>
[INFO] [stdout]   43:     0x7dcb4272a3d4 - clone
[INFO] [stdout]   44:                0x0 - <unknown>
[INFO] [stdout] 
[INFO] [stdout] 
[INFO] [stdout] failures:
[INFO] [stdout]     ui::discover::tests::discover_finds_project_rules
[INFO] [stdout] 
[INFO] [stdout] test result: FAILED. 194 passed; 1 failed; 0 ignored; 0 measured; 0 filtered out; finished in 0.18s
[INFO] [stdout] 
[INFO] [stderr] error: test failed, to rerun pass `--lib`
[INFO] running `Command { std: "docker" "inspect" "46336837ec7d384a78e8943252186e4d0602eac7db589aa9b205df9e570ea878", kill_on_drop: false }`
[INFO] running `Command { std: "docker" "rm" "-f" "46336837ec7d384a78e8943252186e4d0602eac7db589aa9b205df9e570ea878", kill_on_drop: false }`
[INFO] [stdout] 46336837ec7d384a78e8943252186e4d0602eac7db589aa9b205df9e570ea878
