[INFO] fetching crate scallop 0.0.30...
[INFO] testing scallop-0.0.30 against 1.99.0-beta.8 for beta-1.100-2
[INFO] extracting crate scallop 0.0.30 into /workspace/builds/worker-5-tc1/source
[INFO] started tweaking crates.io crate scallop 0.0.30
[INFO] removed 0 missing examples
[INFO] finished tweaking crates.io crate scallop 0.0.30
[INFO] tweaked toml for crates.io crate scallop 0.0.30 written to /workspace/builds/worker-5-tc1/source/Cargo.toml
[INFO] validating manifest of crates.io crate scallop 0.0.30 on toolchain 1.99.0-beta.8
[INFO] running `Command { std: CARGO_HOME="/workspace/cargo-home" RUSTUP_HOME="/workspace/rustup-home" "/workspace/cargo-home/bin/cargo" "+1.99.0-beta.8" "metadata" "--manifest-path" "Cargo.toml" "--no-deps", kill_on_drop: false }`
[INFO] crate crates.io crate scallop 0.0.30 already has a lockfile, it will not be regenerated
[INFO] running `Command { std: CARGO_HOME="/workspace/cargo-home" RUSTUP_HOME="/workspace/rustup-home" "/workspace/cargo-home/bin/cargo" "+1.99.0-beta.8" "fetch" "--manifest-path" "Cargo.toml", kill_on_drop: false }`
[INFO] [stderr]     Updating crates.io index
[INFO] [stderr]  Downloading crates ...
[INFO] [stderr]   Downloaded dtor v0.1.1
[INFO] [stderr]   Downloaded ctor v0.6.3
[INFO] [stderr]   Downloaded ctor-proc-macro v0.0.7
[INFO] [stderr]   Downloaded dtor-proc-macro v0.0.6
[INFO] [stderr]   Downloaded camino v1.2.1
[INFO] [stderr]   Downloaded autotools v0.2.7
[INFO] [stderr]   Downloaded find-msvc-tools v0.1.5
[INFO] [stderr]   Downloaded cc v1.2.49
[INFO] running `Command { std: "docker" "create" "-v" "/var/lib/crater-agent-workspace/builds/worker-5-tc1/source:/opt/rustwide/workdir:ro,Z" "-v" "/var/lib/crater-agent-workspace/builds/worker-5-tc1/target:/opt/rustwide/target:rw,Z" "-v" "/var/lib/crater-agent-workspace/cargo-home:/opt/rustwide/cargo-home:ro,Z" "-v" "/var/lib/crater-agent-workspace/rustup-home:/opt/rustwide/rustup-home:ro,Z" "-m" "1610612736" "--network" "none" "ghcr.io/rust-lang/crates-build-env/linux@sha256:3111399a4047eeb3a02b7a90e478d715f38a8c6669b5c4b49d30a17385265909" "sleep" "infinity", kill_on_drop: false }`
[INFO] [stdout] 2a53e06c2ac105543081ba85a12abb078f310e583e7a83590a4de2a3593c8133
[INFO] running `Command { std: "docker" "start" "2a53e06c2ac105543081ba85a12abb078f310e583e7a83590a4de2a3593c8133", kill_on_drop: false }`
[INFO] running `Command { std: "docker" "inspect" "2a53e06c2ac105543081ba85a12abb078f310e583e7a83590a4de2a3593c8133", kill_on_drop: false }`
[INFO] running `Command { std: "docker" "exec" "-e" "SOURCE_DIR=/opt/rustwide/workdir" "-e" "CARGO_HOME=/opt/rustwide/cargo-home" "-e" "RUSTUP_HOME=/opt/rustwide/rustup-home" "-e" "CARGO_TARGET_DIR=/opt/rustwide/target" "-w" "/opt/rustwide/workdir" "--user" "0:0" "2a53e06c2ac105543081ba85a12abb078f310e583e7a83590a4de2a3593c8133" "/opt/rustwide/cargo-home/bin/cargo" "+1.99.0-beta.8" "metadata" "--no-deps" "--format-version=1", kill_on_drop: false }`
[INFO] running `Command { std: "docker" "inspect" "2a53e06c2ac105543081ba85a12abb078f310e583e7a83590a4de2a3593c8133", kill_on_drop: false }`
[INFO] running `Command { std: "docker" "exec" "-e" "SOURCE_DIR=/opt/rustwide/workdir" "-e" "CARGO_HOME=/opt/rustwide/cargo-home" "-e" "RUSTUP_HOME=/opt/rustwide/rustup-home" "-e" "CARGO_TARGET_DIR=/opt/rustwide/target" "-e" "CARGO_INCREMENTAL=0" "-e" "RUST_BACKTRACE=full" "-e" "RUSTFLAGS=--cap-lints=warn" "-e" "RUSTDOCFLAGS=--cap-lints=warn" "-w" "/opt/rustwide/workdir" "--user" "0:0" "2a53e06c2ac105543081ba85a12abb078f310e583e7a83590a4de2a3593c8133" "/opt/rustwide/cargo-home/bin/cargo" "+1.99.0-beta.8" "build" "--frozen" "--message-format=json", kill_on_drop: false }`
[INFO] [stderr]    Compiling proc-macro2 v1.0.103
[INFO] [stderr]    Compiling quote v1.0.42
[INFO] [stderr]    Compiling unicode-ident v1.0.22
[INFO] [stderr]    Compiling memchr v2.7.6
[INFO] [stderr]    Compiling libc v0.2.178
[INFO] [stderr]    Compiling prettyplease v0.2.37
[INFO] [stderr]    Compiling regex-syntax v0.8.8
[INFO] [stderr]    Compiling minimal-lexical v0.2.1
[INFO] [stderr]    Compiling either v1.15.0
[INFO] [stderr]    Compiling camino v1.2.1
[INFO] [stderr]    Compiling bindgen v0.72.1
[INFO] [stderr]    Compiling clang-sys v1.8.1
[INFO] [stderr]    Compiling libloading v0.8.9
[INFO] [stderr]    Compiling find-msvc-tools v0.1.5
[INFO] [stderr]    Compiling cfg_aliases v0.2.1
[INFO] [stderr]    Compiling log v0.4.29
[INFO] [stderr]    Compiling cc v1.2.49
[INFO] [stderr]    Compiling rustc-hash v2.1.1
[INFO] [stderr]    Compiling nix v0.30.1
[INFO] [stderr]    Compiling thiserror v2.0.17
[INFO] [stderr]    Compiling tracing-core v0.1.35
[INFO] [stderr]    Compiling rayon v1.11.0
[INFO] [stderr]    Compiling itertools v0.13.0
[INFO] [stderr]    Compiling itertools v0.14.0
[INFO] [stderr]    Compiling aho-corasick v1.1.4
[INFO] [stderr]    Compiling nom v7.1.3
[INFO] [stderr]    Compiling syn v2.0.111
[INFO] [stderr]    Compiling autotools v0.2.7
[INFO] [stderr]    Compiling num_cpus v1.17.0
[INFO] [stderr]    Compiling regex-automata v0.4.13
[INFO] [stderr]    Compiling cexpr v0.6.0
[INFO] [stderr]    Compiling indexmap v2.12.1
[INFO] [stderr]    Compiling thiserror-impl v2.0.17
[INFO] [stderr]    Compiling tracing-attributes v0.1.31
[INFO] [stderr]    Compiling serde_derive v1.0.228
[INFO] [stderr]    Compiling regex v1.12.2
[INFO] [stderr]    Compiling tracing v0.1.43
[INFO] [stderr]    Compiling serde v1.0.228
[INFO] [stderr]    Compiling scallop v0.0.30 (/opt/rustwide/workdir)
[INFO] [stderr]     Finished `dev` profile [unoptimized + debuginfo] target(s) in 1m 47s
[INFO] running `Command { std: "docker" "inspect" "2a53e06c2ac105543081ba85a12abb078f310e583e7a83590a4de2a3593c8133", kill_on_drop: false }`
[INFO] running `Command { std: "docker" "exec" "-e" "SOURCE_DIR=/opt/rustwide/workdir" "-e" "CARGO_HOME=/opt/rustwide/cargo-home" "-e" "RUSTUP_HOME=/opt/rustwide/rustup-home" "-e" "CARGO_TARGET_DIR=/opt/rustwide/target" "-e" "CARGO_INCREMENTAL=0" "-e" "RUST_BACKTRACE=full" "-e" "RUSTFLAGS=--cap-lints=warn" "-e" "RUSTDOCFLAGS=--cap-lints=warn" "-w" "/opt/rustwide/workdir" "--user" "0:0" "2a53e06c2ac105543081ba85a12abb078f310e583e7a83590a4de2a3593c8133" "/opt/rustwide/cargo-home/bin/cargo" "+1.99.0-beta.8" "test" "--frozen" "--no-run" "--message-format=json", kill_on_drop: false }`
[INFO] [stderr]    Compiling memchr v2.7.6
[INFO] [stderr]    Compiling regex-syntax v0.8.8
[INFO] [stderr]    Compiling bitflags v2.10.0
[INFO] [stderr]    Compiling rustix v1.1.2
[INFO] [stderr]    Compiling linux-raw-sys v0.11.0
[INFO] [stderr]    Compiling dtor-proc-macro v0.0.6
[INFO] [stderr]    Compiling ctor-proc-macro v0.0.7
[INFO] [stderr]    Compiling getrandom v0.3.4
[INFO] [stderr]    Compiling nix v0.30.1
[INFO] [stderr]    Compiling dtor v0.1.1
[INFO] [stderr]    Compiling ctor v0.6.3
[INFO] [stderr]    Compiling aho-corasick v1.1.4
[INFO] [stderr]    Compiling nom v7.1.3
[INFO] [stderr]    Compiling cexpr v0.6.0
[INFO] [stderr]    Compiling tempfile v3.23.0
[INFO] [stderr]    Compiling regex-automata v0.4.13
[INFO] [stderr]    Compiling regex v1.12.2
[INFO] [stderr]    Compiling bindgen v0.72.1
[INFO] [stderr]    Compiling scallop v0.0.30 (/opt/rustwide/workdir)
[INFO] [stderr]     Finished `test` profile [unoptimized + debuginfo] target(s) in 1m 39s
[INFO] running `Command { std: "docker" "inspect" "2a53e06c2ac105543081ba85a12abb078f310e583e7a83590a4de2a3593c8133", kill_on_drop: false }`
[INFO] running `Command { std: "docker" "exec" "-e" "SOURCE_DIR=/opt/rustwide/workdir" "-e" "CARGO_HOME=/opt/rustwide/cargo-home" "-e" "RUSTUP_HOME=/opt/rustwide/rustup-home" "-e" "CARGO_TARGET_DIR=/opt/rustwide/target" "-e" "CARGO_INCREMENTAL=0" "-e" "RUST_BACKTRACE=full" "-e" "RUSTFLAGS=--cap-lints=warn" "-e" "RUSTDOCFLAGS=--cap-lints=warn" "-w" "/opt/rustwide/workdir" "--user" "0:0" "2a53e06c2ac105543081ba85a12abb078f310e583e7a83590a4de2a3593c8133" "/opt/rustwide/cargo-home/bin/cargo" "+1.99.0-beta.8" "test" "--frozen", kill_on_drop: false }`
[INFO] [stderr]     Finished `test` profile [unoptimized + debuginfo] target(s) in 0.18s
[INFO] [stderr]      Running unittests src/lib.rs (/opt/rustwide/target/debug/deps/scallop-d2949c7948e231a8)
[INFO] [stdout] 
[INFO] [stdout] running 49 tests
[INFO] [stderr] declare: usage: declare [-aAfFgiIlnrtux] [name[=value] ...] or declare -p [-aAfFilnrtux] [name ...]
[INFO] [stdout] test array::tests::from ... ok
[INFO] [stdout] test array::tests::new ... ok
[INFO] [stdout] test array::tests::pipestatus ... FAILED
[INFO] [stdout] test array::tests::extend ... ok
[INFO] [stdout] test array::tests::iterator ... ok
[INFO] [stdout] test array::tests::manipulation ... ok
[INFO] [stdout] test array::tests::eq ... ok
[INFO] [stdout] test builtins::_scallop::tests::builtin ... ok
[INFO] [stdout] test bash::tests::test_set_opts ... ok
[INFO] [stdout] test builtins::_bash::tests::shopt ... ok
[INFO] [stdout] test builtins::_bash::tests::declare ... ok
[INFO] [stdout] test builtins::tests::bash_builtin ... ok
[INFO] [stdout] test bash::tests::test_shopt_opts ... FAILED
[INFO] [stdout] test builtins::_bash::tests::set ... FAILED
[INFO] [stdout] test builtins::_bash::tests::local ... ok
[INFO] [stderr] profile true
[INFO] [stderr] true || :
[INFO] [stderr] true || :
[INFO] [stderr] true || :
[INFO] [stderr] true || :
[INFO] [stderr] true || :
[INFO] [stderr] true || :
[INFO] [stderr] true || :
[INFO] [stderr] true || :
[INFO] [stderr] true || :
[INFO] [stderr] true || :
[INFO] [stderr] true || :
[INFO] [stderr] true || :
[INFO] [stderr] true || :
[INFO] [stderr] true || :
[INFO] [stderr] true || :
[INFO] [stderr] true || :
[INFO] [stderr] true || :
[INFO] [stderr] true || :
[INFO] [stderr] true || :
[INFO] [stderr] true || :
[INFO] [stderr] true || :
[INFO] [stderr] true || :
[INFO] [stderr] true || :
[INFO] [stderr] true || :
[INFO] [stderr] true || :
[INFO] [stderr] true || :
[INFO] [stderr] true || :
[INFO] [stderr] true || :
[INFO] [stderr] true || :
[INFO] [stderr] true || :
[INFO] [stderr] true || :
[INFO] [stderr] true || :
[INFO] [stderr] true || :
[INFO] [stderr] true || :
[INFO] [stderr] true || :
[INFO] [stderr] true || :
[INFO] [stderr] true || :
[INFO] [stderr] true || :
[INFO] [stderr] true || :
[INFO] [stderr] true || :
[INFO] [stderr] true || :
[INFO] [stderr] true || :
[INFO] [stderr] true || :
[INFO] [stderr] true || :
[INFO] [stderr] true || :
[INFO] [stderr] true || :
[INFO] [stderr] true || :
[INFO] [stderr] true || :
[INFO] [stderr] true || :
[INFO] [stderr] true || :
[INFO] [stderr] free(): double free detected in tcache 2
[INFO] [stderr] func() { :; }
[INFO] [stderr] error: test failed, to rerun pass `--lib`
[INFO] [stderr] 
[INFO] [stderr] Caused by:
[INFO] [stderr]   process didn't exit successfully: `/opt/rustwide/target/debug/deps/scallop-d2949c7948e231a8` (signal: 6, SIGABRT: process abort signal)
[INFO] running `Command { std: "docker" "inspect" "2a53e06c2ac105543081ba85a12abb078f310e583e7a83590a4de2a3593c8133", kill_on_drop: false }`
[INFO] running `Command { std: "docker" "rm" "-f" "2a53e06c2ac105543081ba85a12abb078f310e583e7a83590a4de2a3593c8133", kill_on_drop: false }`
[INFO] [stdout] 2a53e06c2ac105543081ba85a12abb078f310e583e7a83590a4de2a3593c8133
