[INFO] fetching crate sbmstd 0.6.4...
[INFO] testing sbmstd-0.6.4 against 1.99.0-beta.8 for beta-1.100-2
[INFO] extracting crate sbmstd 0.6.4 into /workspace/builds/worker-2-tc1/source
[INFO] started tweaking crates.io crate sbmstd 0.6.4
[INFO] finished tweaking crates.io crate sbmstd 0.6.4
[INFO] tweaked toml for crates.io crate sbmstd 0.6.4 written to /workspace/builds/worker-2-tc1/source/Cargo.toml
[INFO] validating manifest of crates.io crate sbmstd 0.6.4 on toolchain 1.99.0-beta.8
[INFO] running `Command { std: CARGO_HOME="/workspace/cargo-home" RUSTUP_HOME="/workspace/rustup-home" "/workspace/cargo-home/bin/cargo" "+1.99.0-beta.8" "metadata" "--manifest-path" "Cargo.toml" "--no-deps", kill_on_drop: false }`
[INFO] crate crates.io crate sbmstd 0.6.4 already has a lockfile, it will not be regenerated
[INFO] running `Command { std: CARGO_HOME="/workspace/cargo-home" RUSTUP_HOME="/workspace/rustup-home" "/workspace/cargo-home/bin/cargo" "+1.99.0-beta.8" "fetch" "--manifest-path" "Cargo.toml", kill_on_drop: false }`
[INFO] [stderr]     Updating crates.io index
[INFO] [stderr]  Downloading crates ...
[INFO] [stderr]   Downloaded slab v0.4.10
[INFO] [stderr]   Downloaded pbkdf2 v0.12.2
[INFO] [stderr]   Downloaded ghash v0.5.1
[INFO] [stderr]   Downloaded proc-macro2 v1.0.95
[INFO] [stderr]   Downloaded ctor-proc-macro v0.0.5
[INFO] [stderr]   Downloaded wit-bindgen-rt v0.39.0
[INFO] [stderr]   Downloaded aead v0.5.2
[INFO] [stderr]   Downloaded akari_macro v0.2.0
[INFO] [stderr]   Downloaded alloc-no-stdlib v2.0.4
[INFO] [stderr]   Downloaded universal-hash v0.5.1
[INFO] [stderr]   Downloaded starberry_lib v0.7.2
[INFO] [stderr]   Downloaded percent-encoding v2.3.1
[INFO] [stderr]   Downloaded jni-sys v0.3.0
[INFO] [stderr]   Downloaded cesu8 v1.1.0
[INFO] [stderr]   Downloaded futures-macro v0.3.31
[INFO] [stderr]   Downloaded alloc-stdlib v0.2.2
[INFO] [stderr]   Downloaded futures-io v0.3.31
[INFO] [stderr]   Downloaded inout v0.1.4
[INFO] [stderr]   Downloaded dtor-proc-macro v0.0.5
[INFO] [stderr]   Downloaded rustls-platform-verifier-android v0.1.1
[INFO] [stderr]   Downloaded winapi-util v0.1.9
[INFO] [stderr]   Downloaded ctor v0.4.2
[INFO] [stderr]   Downloaded ctr v0.9.2
[INFO] [stderr]   Downloaded tokio-rustls v0.26.2
[INFO] [stderr]   Downloaded cfg-if v1.0.1
[INFO] [stderr]   Downloaded starberry_macro v0.6.3
[INFO] [stderr]   Downloaded core-foundation v0.10.1
[INFO] [stderr]   Downloaded rustls-native-certs v0.8.1
[INFO] [stderr]   Downloaded windows-targets v0.42.2
[INFO] [stderr]   Downloaded rustls-pemfile v2.2.0
[INFO] [stderr]   Downloaded include_dir v0.7.4
[INFO] [stderr]   Downloaded include_dir_macros v0.7.4
[INFO] [stderr]   Downloaded zstd v0.12.4
[INFO] [stderr]   Downloaded dtor v0.0.6
[INFO] [stderr]   Downloaded jobserver v0.1.33
[INFO] [stderr]   Downloaded rand_core v0.9.3
[INFO] [stderr]   Downloaded cipher v0.4.4
[INFO] [stderr]   Downloaded zeroize v1.8.1
[INFO] [stderr]   Downloaded futures-executor v0.3.31
[INFO] [stderr]   Downloaded async-trait v0.1.88
[INFO] [stderr]   Downloaded dashmap v6.1.0
[INFO] [stderr]   Downloaded signal-hook-registry v1.4.5
[INFO] [stderr]   Downloaded redox_syscall v0.5.13
[INFO] [stderr]   Downloaded rustc-demangle v0.1.25
[INFO] [stderr]   Downloaded zstd-safe v6.0.6
[INFO] [stderr]   Downloaded polyval v0.6.2
[INFO] [stderr]   Downloaded futures v0.3.31
[INFO] [stderr]   Downloaded akari v0.2.6
[INFO] [stderr]   Downloaded crossbeam-utils v0.8.21
[INFO] [stderr]   Downloaded bitflags v2.9.1
[INFO] [stderr]   Downloaded typenum v1.18.0
[INFO] [stderr]   Downloaded crc32fast v1.4.2
[INFO] [stderr]   Downloaded rustls-pki-types v1.12.0
[INFO] [stderr]   Downloaded rustls-webpki v0.103.3
[INFO] [stderr]   Downloaded flate2 v1.1.2
[INFO] [stderr]   Downloaded starberry_core v0.6.9
[INFO] [stderr]   Downloaded wasi v0.14.2+wasi-0.2.4
[INFO] [stderr]   Downloaded zerocopy-derive v0.8.26
[INFO] [stderr]   Downloaded rustls-platform-verifier v0.6.0
[INFO] [stderr]   Downloaded security-framework v3.2.0
[INFO] [stderr]   Downloaded cc v1.2.29
[INFO] [stderr]   Downloaded rand v0.9.1
[INFO] [stderr]   Downloaded jni v0.21.1
[INFO] [stderr]   Downloaded io-uring v0.7.8
[INFO] [stderr]   Downloaded aes-gcm v0.10.3
[INFO] [stderr]   Downloaded aes v0.8.4
[INFO] [stderr]   Downloaded webpki-root-certs v1.0.1
[INFO] [stderr]   Downloaded combine v4.6.7
[INFO] [stderr]   Downloaded hashbrown v0.14.5
[INFO] [stderr]   Downloaded hkdf v0.12.4
[INFO] [stderr]   Downloaded brotli-decompressor v2.5.1
[INFO] [stderr]   Downloaded webpki-roots v1.0.1
[INFO] [stderr]   Downloaded regex v1.11.1
[INFO] [stderr]   Downloaded syn v2.0.104
[INFO] [stderr]   Downloaded zerocopy v0.8.26
[INFO] [stderr]   Downloaded regex-syntax v0.8.5
[INFO] [stderr]   Downloaded rustls v0.23.28
[INFO] [stderr]   Downloaded windows_x86_64_gnullvm v0.42.2
[INFO] [stderr]   Downloaded windows_aarch64_gnullvm v0.42.2
[INFO] [stderr]   Downloaded regex-automata v0.4.9
[INFO] [stderr]   Downloaded windows_x86_64_msvc v0.42.2
[INFO] [stderr]   Downloaded windows_x86_64_gnu v0.42.2
[INFO] [stderr]   Downloaded libc v0.2.174
[INFO] [stderr]   Downloaded windows_aarch64_msvc v0.42.2
[INFO] [stderr]   Downloaded windows_i686_msvc v0.42.2
[INFO] [stderr]   Downloaded windows_i686_gnu v0.42.2
[INFO] [stderr]   Downloaded tokio v1.46.1
[INFO] [stderr]   Downloaded zstd-sys v2.0.15+zstd.1.5.7
[INFO] [stderr]   Downloaded brotli v3.5.0
[INFO] [stderr]   Downloaded windows-sys v0.45.0
[INFO] running `Command { std: "docker" "create" "-v" "/var/lib/crater-agent-workspace/builds/worker-2-tc1/source:/opt/rustwide/workdir:ro,Z" "-v" "/var/lib/crater-agent-workspace/builds/worker-2-tc1/target:/opt/rustwide/target:rw,Z" "-v" "/var/lib/crater-agent-workspace/cargo-home:/opt/rustwide/cargo-home:ro,Z" "-v" "/var/lib/crater-agent-workspace/rustup-home:/opt/rustwide/rustup-home:ro,Z" "-m" "1610612736" "--network" "none" "ghcr.io/rust-lang/crates-build-env/linux@sha256:3111399a4047eeb3a02b7a90e478d715f38a8c6669b5c4b49d30a17385265909" "sleep" "infinity", kill_on_drop: false }`
[INFO] [stdout] 7d75444271d1fecfe302c840a8abd094c20125e07ff2b909910691cde06c3034
[INFO] running `Command { std: "docker" "start" "7d75444271d1fecfe302c840a8abd094c20125e07ff2b909910691cde06c3034", kill_on_drop: false }`
[INFO] running `Command { std: "docker" "inspect" "7d75444271d1fecfe302c840a8abd094c20125e07ff2b909910691cde06c3034", kill_on_drop: false }`
[INFO] running `Command { std: "docker" "exec" "-e" "SOURCE_DIR=/opt/rustwide/workdir" "-e" "CARGO_HOME=/opt/rustwide/cargo-home" "-e" "RUSTUP_HOME=/opt/rustwide/rustup-home" "-e" "CARGO_TARGET_DIR=/opt/rustwide/target" "-w" "/opt/rustwide/workdir" "--user" "0:0" "7d75444271d1fecfe302c840a8abd094c20125e07ff2b909910691cde06c3034" "/opt/rustwide/cargo-home/bin/cargo" "+1.99.0-beta.8" "metadata" "--no-deps" "--format-version=1", kill_on_drop: false }`
[INFO] running `Command { std: "docker" "inspect" "7d75444271d1fecfe302c840a8abd094c20125e07ff2b909910691cde06c3034", kill_on_drop: false }`
[INFO] running `Command { std: "docker" "exec" "-e" "SOURCE_DIR=/opt/rustwide/workdir" "-e" "CARGO_HOME=/opt/rustwide/cargo-home" "-e" "RUSTUP_HOME=/opt/rustwide/rustup-home" "-e" "CARGO_TARGET_DIR=/opt/rustwide/target" "-e" "CARGO_INCREMENTAL=0" "-e" "RUST_BACKTRACE=full" "-e" "RUSTFLAGS=--cap-lints=warn" "-e" "RUSTDOCFLAGS=--cap-lints=warn" "-w" "/opt/rustwide/workdir" "--user" "0:0" "7d75444271d1fecfe302c840a8abd094c20125e07ff2b909910691cde06c3034" "/opt/rustwide/cargo-home/bin/cargo" "+1.99.0-beta.8" "build" "--frozen" "--message-format=json", kill_on_drop: false }`
[INFO] [stderr]    Compiling libc v0.2.174
[INFO] [stderr]    Compiling cfg-if v1.0.1
[INFO] [stderr]    Compiling typenum v1.18.0
[INFO] [stderr]    Compiling version_check v0.9.5
[INFO] [stderr]    Compiling proc-macro2 v1.0.95
[INFO] [stderr]    Compiling unicode-ident v1.0.18
[INFO] [stderr]    Compiling shlex v1.3.0
[INFO] [stderr]    Compiling subtle v2.6.1
[INFO] [stderr]    Compiling zeroize v1.8.1
[INFO] [stderr]    Compiling pkg-config v0.3.32
[INFO] [stderr]    Compiling autocfg v1.5.0
[INFO] [stderr]    Compiling getrandom v0.3.3
[INFO] [stderr]    Compiling rustls-pki-types v1.12.0
[INFO] [stderr]    Compiling generic-array v0.14.7
[INFO] [stderr]    Compiling parking_lot_core v0.9.11
[INFO] [stderr]    Compiling cpufeatures v0.2.17
[INFO] [stderr]    Compiling zerocopy v0.8.26
[INFO] [stderr]    Compiling memchr v2.7.5
[INFO] [stderr]    Compiling lock_api v0.4.13
[INFO] [stderr]    Compiling scopeguard v1.2.0
[INFO] [stderr]    Compiling smallvec v1.15.1
[INFO] [stderr]    Compiling quote v1.0.40
[INFO] [stderr]    Compiling untrusted v0.9.0
[INFO] [stderr]    Compiling pin-project-lite v0.2.16
[INFO] [stderr]    Compiling syn v2.0.104
[INFO] [stderr]    Compiling once_cell v1.21.3
[INFO] [stderr]    Compiling syn v1.0.109
[INFO] [stderr]    Compiling futures-core v0.3.31
[INFO] [stderr]    Compiling zstd-safe v6.0.6
[INFO] [stderr]    Compiling futures-sink v0.3.31
[INFO] [stderr]    Compiling opaque-debug v0.3.1
[INFO] [stderr]    Compiling rustls v0.23.28
[INFO] [stderr]    Compiling alloc-no-stdlib v2.0.4
[INFO] [stderr]    Compiling futures-channel v0.3.31
[INFO] [stderr]    Compiling futures-io v0.3.31
[INFO] [stderr]    Compiling getrandom v0.2.16
[INFO] [stderr]    Compiling jobserver v0.1.33
[INFO] [stderr]    Compiling cc v1.2.29
[INFO] [stderr]    Compiling rand_core v0.6.4
[INFO] [stderr]    Compiling rand_core v0.9.3
[INFO] [stderr]    Compiling alloc-stdlib v0.2.2
[INFO] [stderr]    Compiling futures-task v0.3.31
[INFO] [stderr]    Compiling pin-utils v0.1.0
[INFO] [stderr]    Compiling slab v0.4.10
[INFO] [stderr]    Compiling adler2 v2.0.1
[INFO] [stderr]    Compiling brotli-decompressor v2.5.1
[INFO] [stderr]    Compiling parking_lot v0.12.4
[INFO] [stderr]    Compiling socket2 v0.5.10
[INFO] [stderr]    Compiling miniz_oxide v0.8.9
[INFO] [stderr]    Compiling crypto-common v0.1.6
[INFO] [stderr]    Compiling block-buffer v0.10.4
[INFO] [stderr]    Compiling digest v0.10.7
[INFO] [stderr]    Compiling inout v0.1.4
[INFO] [stderr]    Compiling universal-hash v0.5.1
[INFO] [stderr]    Compiling cipher v0.4.4
[INFO] [stderr]    Compiling polyval v0.6.2
[INFO] [stderr]    Compiling hmac v0.12.1
[INFO] [stderr]    Compiling ctr v0.9.2
[INFO] [stderr]    Compiling aes v0.8.4
[INFO] [stderr]    Compiling ghash v0.5.1
[INFO] [stderr]    Compiling aead v0.5.2
[INFO] [stderr]    Compiling mio v1.0.4
[INFO] [stderr]    Compiling signal-hook-registry v1.4.5
[INFO] [stderr]    Compiling aho-corasick v1.1.3
[INFO] [stderr]    Compiling ppv-lite86 v0.2.21
[INFO] [stderr]    Compiling crc32fast v1.4.2
[INFO] [stderr]    Compiling dtor-proc-macro v0.0.5
[INFO] [stderr]    Compiling regex-syntax v0.8.5
[INFO] [stderr]    Compiling openssl-probe v0.1.6
[INFO] [stderr]    Compiling bytes v1.10.1
[INFO] [stderr]    Compiling ring v0.17.14
[INFO] [stderr]    Compiling zstd-sys v2.0.15+zstd.1.5.7
[INFO] [stderr]    Compiling rand_chacha v0.9.0
[INFO] [stderr]    Compiling crossbeam-utils v0.8.21
[INFO] [stderr]    Compiling rand v0.9.1
[INFO] [stderr]    Compiling rustls-native-certs v0.8.1
[INFO] [stderr]    Compiling dtor v0.0.6
[INFO] [stderr]    Compiling flate2 v1.1.2
[INFO] [stderr]    Compiling aes-gcm v0.10.3
[INFO] [stderr]    Compiling brotli v3.5.0
[INFO] [stderr]    Compiling pbkdf2 v0.12.2
[INFO] [stderr]    Compiling hkdf v0.12.4
[INFO] [stderr]    Compiling sha2 v0.10.9
[INFO] [stderr]    Compiling regex-automata v0.4.9
[INFO] [stderr]    Compiling include_dir_macros v0.7.4
[INFO] [stderr]    Compiling futures-macro v0.3.31
[INFO] [stderr]    Compiling tokio-macros v2.5.0
[INFO] [stderr]    Compiling futures-util v0.3.31
[INFO] [stderr]    Compiling tokio v1.46.1
[INFO] [stderr]    Compiling base64 v0.21.7
[INFO] [stderr]    Compiling percent-encoding v2.3.1
[INFO] [stderr]    Compiling log v0.4.27
[INFO] [stderr]    Compiling ctor-proc-macro v0.0.5
[INFO] [stderr]    Compiling ctor v0.4.2
[INFO] [stderr]    Compiling include_dir v0.7.4
[INFO] [stderr]    Compiling async-trait v0.1.88
[INFO] [stderr]    Compiling akari_macro v0.2.0
[INFO] [stderr]    Compiling akari v0.2.6
[INFO] [stderr]    Compiling regex v1.11.1
[INFO] [stderr]    Compiling rustls-webpki v0.103.3
[INFO] [stderr]    Compiling futures-executor v0.3.31
[INFO] [stderr]    Compiling webpki-roots v1.0.1
[INFO] [stderr]    Compiling rustls-pemfile v2.2.0
[INFO] [stderr]    Compiling hashbrown v0.14.5
[INFO] [stderr]    Compiling futures v0.3.31
[INFO] [stderr]    Compiling starberry_macro v0.6.3
[INFO] [stderr]    Compiling lazy_static v1.5.0
[INFO] [stderr]    Compiling dashmap v6.1.0
[INFO] [stderr]    Compiling zstd v0.12.4
[INFO] [stderr]    Compiling starberry_lib v0.7.2
[INFO] [stderr]    Compiling tokio-rustls v0.26.2
[INFO] [stderr]    Compiling rustls-platform-verifier v0.6.0
[INFO] [stderr]    Compiling starberry_core v0.6.9
[INFO] [stderr]    Compiling sbmstd v0.6.4 (/opt/rustwide/workdir)
[INFO] [stderr]     Finished `dev` profile [unoptimized + debuginfo] target(s) in 1m 36s
[INFO] running `Command { std: "docker" "inspect" "7d75444271d1fecfe302c840a8abd094c20125e07ff2b909910691cde06c3034", kill_on_drop: false }`
[INFO] running `Command { std: "docker" "exec" "-e" "SOURCE_DIR=/opt/rustwide/workdir" "-e" "CARGO_HOME=/opt/rustwide/cargo-home" "-e" "RUSTUP_HOME=/opt/rustwide/rustup-home" "-e" "CARGO_TARGET_DIR=/opt/rustwide/target" "-e" "CARGO_INCREMENTAL=0" "-e" "RUST_BACKTRACE=full" "-e" "RUSTFLAGS=--cap-lints=warn" "-e" "RUSTDOCFLAGS=--cap-lints=warn" "-w" "/opt/rustwide/workdir" "--user" "0:0" "7d75444271d1fecfe302c840a8abd094c20125e07ff2b909910691cde06c3034" "/opt/rustwide/cargo-home/bin/cargo" "+1.99.0-beta.8" "test" "--frozen" "--no-run" "--message-format=json", kill_on_drop: false }`
[INFO] [stderr]    Compiling sbmstd v0.6.4 (/opt/rustwide/workdir)
[INFO] [stdout] warning: unused variable: `v`
[INFO] [stdout]    --> src/cors/cors_settings.rs:509:41
[INFO] [stdout]     |
[INFO] [stdout] 509 |         assert!(headers.iter().any(|(k, v)| k == "Access-Control-Max-Age"));
[INFO] [stdout]     |                                         ^ help: if this is intentional, prefix it with an underscore: `_v`
[INFO] [stdout]     |
[INFO] [stdout]     = note: `#[warn(unused_variables)]` (part of `#[warn(unused)]`) on by default
[INFO] [stdout] 
[INFO] [stdout] 
[INFO] [stdout] warning: unused variable: `v`
[INFO] [stdout]    --> src/cors/cors_settings.rs:508:41
[INFO] [stdout]     |
[INFO] [stdout] 508 |         assert!(headers.iter().any(|(k, v)| k == "Access-Control-Allow-Headers"));
[INFO] [stdout]     |                                         ^ help: if this is intentional, prefix it with an underscore: `_v`
[INFO] [stdout] 
[INFO] [stdout] 
[INFO] [stdout] warning: unused variable: `v`
[INFO] [stdout]    --> src/cors/cors_settings.rs:507:41
[INFO] [stdout]     |
[INFO] [stdout] 507 |         assert!(headers.iter().any(|(k, v)| k == "Access-Control-Allow-Methods"));
[INFO] [stdout]     |                                         ^ help: if this is intentional, prefix it with an underscore: `_v`
[INFO] [stdout] 
[INFO] [stdout] 
[INFO] [stderr]     Finished `test` profile [unoptimized + debuginfo] target(s) in 1.19s
[INFO] running `Command { std: "docker" "inspect" "7d75444271d1fecfe302c840a8abd094c20125e07ff2b909910691cde06c3034", kill_on_drop: false }`
[INFO] running `Command { std: "docker" "exec" "-e" "SOURCE_DIR=/opt/rustwide/workdir" "-e" "CARGO_HOME=/opt/rustwide/cargo-home" "-e" "RUSTUP_HOME=/opt/rustwide/rustup-home" "-e" "CARGO_TARGET_DIR=/opt/rustwide/target" "-e" "CARGO_INCREMENTAL=0" "-e" "RUST_BACKTRACE=full" "-e" "RUSTFLAGS=--cap-lints=warn" "-e" "RUSTDOCFLAGS=--cap-lints=warn" "-w" "/opt/rustwide/workdir" "--user" "0:0" "7d75444271d1fecfe302c840a8abd094c20125e07ff2b909910691cde06c3034" "/opt/rustwide/cargo-home/bin/cargo" "+1.99.0-beta.8" "test" "--frozen", kill_on_drop: false }`
[INFO] [stderr] warning: unused variable: `v`
[INFO] [stderr]    --> src/cors/cors_settings.rs:509:41
[INFO] [stderr]     |
[INFO] [stderr] 509 |         assert!(headers.iter().any(|(k, v)| k == "Access-Control-Max-Age"));
[INFO] [stderr]     |                                         ^ help: if this is intentional, prefix it with an underscore: `_v`
[INFO] [stderr]     |
[INFO] [stderr]     = note: `#[warn(unused_variables)]` (part of `#[warn(unused)]`) on by default
[INFO] [stderr] 
[INFO] [stderr] warning: unused variable: `v`
[INFO] [stderr]    --> src/cors/cors_settings.rs:508:41
[INFO] [stderr]     |
[INFO] [stderr] 508 |         assert!(headers.iter().any(|(k, v)| k == "Access-Control-Allow-Headers"));
[INFO] [stderr]     |                                         ^ help: if this is intentional, prefix it with an underscore: `_v`
[INFO] [stderr] 
[INFO] [stderr] warning: unused variable: `v`
[INFO] [stderr]    --> src/cors/cors_settings.rs:507:41
[INFO] [stderr]     |
[INFO] [stderr] 507 |         assert!(headers.iter().any(|(k, v)| k == "Access-Control-Allow-Methods"));
[INFO] [stderr]     |                                         ^ help: if this is intentional, prefix it with an underscore: `_v`
[INFO] [stderr] 
[INFO] [stderr] warning: `sbmstd` (lib test) generated 3 warnings (run `cargo fix --lib -p sbmstd --tests` to apply 3 suggestions)
[INFO] [stderr]     Finished `test` profile [unoptimized + debuginfo] target(s) in 0.16s
[INFO] [stderr]      Running unittests src/lib.rs (/opt/rustwide/target/debug/deps/sbmstd-829fb79e973e448d)
[INFO] [stdout] 
[INFO] [stdout] running 3 tests
[INFO] [stdout] test cors::cors_settings::tests::test_merge_settings ... ok
[INFO] [stdout] test cors::cors_settings::tests::test_effective_values ... ok
[INFO] [stderr]    Doc-tests sbmstd
[INFO] [stdout] test cors::cors_settings::tests::test_write_headers ... ok
[INFO] [stdout] 
[INFO] [stdout] test result: ok. 3 passed; 0 failed; 0 ignored; 0 measured; 0 filtered out; finished in 0.01s
[INFO] [stdout] 
[INFO] [stdout] 
[INFO] [stdout] running 2 tests
[INFO] [stdout] test src/cors/cors_settings.rs - cors::cors_settings::AppCorsSettings (line 26) ... FAILED
[INFO] [stderr] error: doctest failed, to rerun pass `--doc`
[INFO] [stdout] test src/cors/cors_settings.rs - cors::cors_settings::AppCorsSettings::merge (line 341) ... FAILED
[INFO] [stdout] 
[INFO] [stdout] failures:
[INFO] [stdout] 
[INFO] [stdout] ---- src/cors/cors_settings.rs - cors::cors_settings::AppCorsSettings (line 26) stdout ----
[INFO] [stdout] error[E0422]: cannot find struct, variant or union type `AppCorsSettings` in this scope
[INFO] [stdout]   --> src/cors/cors_settings.rs:28:25
[INFO] [stdout]    |
[INFO] [stdout] 28 | let override_settings = AppCorsSettings {
[INFO] [stdout]    |                         ^^^^^^^^^^^^^^^ not found in this scope
[INFO] [stdout] 
[INFO] [stdout] error[E0433]: cannot find type `AppCorsSettings` in this scope
[INFO] [stdout]   --> src/cors/cors_settings.rs:27:12
[INFO] [stdout]    |
[INFO] [stdout] 27 | let base = AppCorsSettings::default();
[INFO] [stdout]    |            ^^^^^^^^^^^^^^^ use of undeclared type `AppCorsSettings`
[INFO] [stdout] 
[INFO] [stdout] error[E0433]: cannot find type `AllowedOrigins` in this scope
[INFO] [stdout]   --> src/cors/cors_settings.rs:29:22
[INFO] [stdout]    |
[INFO] [stdout] 29 |     allowed_origins: AllowedOrigins::Some(vec!["https://trusted.com".into()].into_iter().collect()),
[INFO] [stdout]    |                      ^^^^^^^^^^^^^^ use of undeclared type `AllowedOrigins`
[INFO] [stdout] 
[INFO] [stdout] error[E0433]: cannot find type `AllowedMethods` in this scope
[INFO] [stdout]   --> src/cors/cors_settings.rs:30:22
[INFO] [stdout]    |
[INFO] [stdout] 30 |     allowed_methods: AllowedMethods::Unset,
[INFO] [stdout]    |                      ^^^^^^^^^^^^^^ use of undeclared type `AllowedMethods`
[INFO] [stdout] 
[INFO] [stdout] error[E0433]: cannot find type `AllowedHeaders` in this scope
[INFO] [stdout]   --> src/cors/cors_settings.rs:31:22
[INFO] [stdout]    |
[INFO] [stdout] 31 |     allowed_headers: AllowedHeaders::All,
[INFO] [stdout]    |                      ^^^^^^^^^^^^^^ use of undeclared type `AllowedHeaders`
[INFO] [stdout] 
[INFO] [stdout] error: aborting due to 5 previous errors
[INFO] [stdout] 
[INFO] [stdout] Some errors have detailed explanations: E0422, E0433.
[INFO] [stdout] For more information about an error, try `rustc --explain E0422`.
[INFO] [stdout] Couldn't compile the test.
[INFO] [stdout] ---- src/cors/cors_settings.rs - cors::cors_settings::AppCorsSettings::merge (line 341) stdout ----
[INFO] [stdout] error[E0422]: cannot find struct, variant or union type `AppCorsSettings` in this scope
[INFO] [stdout]    --> src/cors/cors_settings.rs:343:25
[INFO] [stdout]     |
[INFO] [stdout] 343 | let override_settings = AppCorsSettings {
[INFO] [stdout]     |                         ^^^^^^^^^^^^^^^ not found in this scope
[INFO] [stdout] 
[INFO] [stdout] error[E0433]: cannot find type `AppCorsSettings` in this scope
[INFO] [stdout]    --> src/cors/cors_settings.rs:342:12
[INFO] [stdout]     |
[INFO] [stdout] 342 | let base = AppCorsSettings::default();
[INFO] [stdout]     |            ^^^^^^^^^^^^^^^ use of undeclared type `AppCorsSettings`
[INFO] [stdout] 
[INFO] [stdout] error[E0433]: cannot find type `AllowedOrigins` in this scope
[INFO] [stdout]    --> src/cors/cors_settings.rs:344:22
[INFO] [stdout]     |
[INFO] [stdout] 344 |     allowed_origins: AllowedOrigins::All,
[INFO] [stdout]     |                      ^^^^^^^^^^^^^^ use of undeclared type `AllowedOrigins`
[INFO] [stdout] 
[INFO] [stdout] error: aborting due to 3 previous errors
[INFO] [stdout] 
[INFO] [stdout] Some errors have detailed explanations: E0422, E0433.
[INFO] [stdout] For more information about an error, try `rustc --explain E0422`.
[INFO] [stdout] Couldn't compile the test.
[INFO] [stdout] 
[INFO] [stdout] failures:
[INFO] [stdout]     src/cors/cors_settings.rs - cors::cors_settings::AppCorsSettings (line 26)
[INFO] [stdout]     src/cors/cors_settings.rs - cors::cors_settings::AppCorsSettings::merge (line 341)
[INFO] [stdout] 
[INFO] [stdout] test result: FAILED. 0 passed; 2 failed; 0 ignored; 0 measured; 0 filtered out; finished in 0.29s
[INFO] [stdout] 
[INFO] [stdout] all doctests ran in 0.47s; merged doctests compilation took 0.18s
[INFO] running `Command { std: "docker" "inspect" "7d75444271d1fecfe302c840a8abd094c20125e07ff2b909910691cde06c3034", kill_on_drop: false }`
[INFO] running `Command { std: "docker" "rm" "-f" "7d75444271d1fecfe302c840a8abd094c20125e07ff2b909910691cde06c3034", kill_on_drop: false }`
[INFO] [stdout] 7d75444271d1fecfe302c840a8abd094c20125e07ff2b909910691cde06c3034
