[INFO] fetching crate satellite-gpu 0.1.0...
[INFO] testing satellite-gpu-0.1.0 against 1.100.0-beta.1 for beta-1.100-2
[INFO] extracting crate satellite-gpu 0.1.0 into /workspace/builds/worker-7-tc2/source
[INFO] started tweaking crates.io crate satellite-gpu 0.1.0
[INFO] removed 0 missing tests
[INFO] finished tweaking crates.io crate satellite-gpu 0.1.0
[INFO] tweaked toml for crates.io crate satellite-gpu 0.1.0 written to /workspace/builds/worker-7-tc2/source/Cargo.toml
[INFO] validating manifest of crates.io crate satellite-gpu 0.1.0 on toolchain 1.100.0-beta.1
[INFO] running `Command { std: CARGO_HOME="/workspace/cargo-home" RUSTUP_HOME="/workspace/rustup-home" "/workspace/cargo-home/bin/cargo" "+1.100.0-beta.1" "metadata" "--manifest-path" "Cargo.toml" "--no-deps", kill_on_drop: false }`
[INFO] crate crates.io crate satellite-gpu 0.1.0 already has a lockfile, it will not be regenerated
[INFO] running `Command { std: CARGO_HOME="/workspace/cargo-home" RUSTUP_HOME="/workspace/rustup-home" "/workspace/cargo-home/bin/cargo" "+1.100.0-beta.1" "fetch" "--manifest-path" "Cargo.toml", kill_on_drop: false }`
[INFO] [stderr] warning: unused build dependency `cc`
[INFO] [stderr]  --> Cargo.toml:6:21
[INFO] [stderr]   |
[INFO] [stderr] 6 | [build-dependencies.cc]
[INFO] [stderr]   |                     ^^^
[INFO] [stderr]   |
[INFO] [stderr]   = note: `cargo::unused_dependencies` is set to `warn` by default
[INFO] [stderr] help: consider removing the dependency on `cc`
[INFO] [stderr] warning: `satellite-gpu` (manifest) generated 1 warning
[INFO] running `Command { std: "docker" "create" "-v" "/var/lib/crater-agent-workspace/builds/worker-7-tc2/source:/opt/rustwide/workdir:ro,Z" "-v" "/var/lib/crater-agent-workspace/builds/worker-7-tc2/target:/opt/rustwide/target:rw,Z" "-v" "/var/lib/crater-agent-workspace/cargo-home:/opt/rustwide/cargo-home:ro,Z" "-v" "/var/lib/crater-agent-workspace/rustup-home:/opt/rustwide/rustup-home:ro,Z" "-m" "1610612736" "--network" "none" "ghcr.io/rust-lang/crates-build-env/linux@sha256:3111399a4047eeb3a02b7a90e478d715f38a8c6669b5c4b49d30a17385265909" "sleep" "infinity", kill_on_drop: false }`
[INFO] [stdout] 540baa8290826330dcf3ea80666d48f5a7b804727adabd3415a0779f76ffa72d
[INFO] running `Command { std: "docker" "start" "540baa8290826330dcf3ea80666d48f5a7b804727adabd3415a0779f76ffa72d", kill_on_drop: false }`
[INFO] running `Command { std: "docker" "inspect" "540baa8290826330dcf3ea80666d48f5a7b804727adabd3415a0779f76ffa72d", kill_on_drop: false }`
[INFO] running `Command { std: "docker" "exec" "-e" "SOURCE_DIR=/opt/rustwide/workdir" "-e" "CARGO_HOME=/opt/rustwide/cargo-home" "-e" "RUSTUP_HOME=/opt/rustwide/rustup-home" "-e" "CARGO_TARGET_DIR=/opt/rustwide/target" "-w" "/opt/rustwide/workdir" "--user" "0:0" "540baa8290826330dcf3ea80666d48f5a7b804727adabd3415a0779f76ffa72d" "/opt/rustwide/cargo-home/bin/cargo" "+1.100.0-beta.1" "metadata" "--no-deps" "--format-version=1", kill_on_drop: false }`
[INFO] running `Command { std: "docker" "inspect" "540baa8290826330dcf3ea80666d48f5a7b804727adabd3415a0779f76ffa72d", kill_on_drop: false }`
[INFO] running `Command { std: "docker" "exec" "-e" "SOURCE_DIR=/opt/rustwide/workdir" "-e" "CARGO_HOME=/opt/rustwide/cargo-home" "-e" "RUSTUP_HOME=/opt/rustwide/rustup-home" "-e" "CARGO_TARGET_DIR=/opt/rustwide/target" "-e" "CARGO_INCREMENTAL=0" "-e" "RUST_BACKTRACE=full" "-e" "RUSTFLAGS=--cap-lints=warn" "-e" "RUSTDOCFLAGS=--cap-lints=warn" "-w" "/opt/rustwide/workdir" "--user" "0:0" "540baa8290826330dcf3ea80666d48f5a7b804727adabd3415a0779f76ffa72d" "/opt/rustwide/cargo-home/bin/cargo" "+1.100.0-beta.1" "build" "--frozen" "--message-format=json", kill_on_drop: false }`
[INFO] [stderr] warning: unused build dependency `cc`
[INFO] [stderr]  --> Cargo.toml:6:21
[INFO] [stderr]   |
[INFO] [stderr] 6 | [build-dependencies.cc]
[INFO] [stderr]   |                     ^^^
[INFO] [stderr]   |
[INFO] [stderr]   = note: `cargo::unused_dependencies` is set to `warn` by default
[INFO] [stderr] help: consider removing the dependency on `cc`
[INFO] [stderr] warning: `satellite-gpu` (manifest) generated 1 warning
[INFO] [stderr]    Compiling proc-macro2 v1.0.105
[INFO] [stderr]    Compiling quote v1.0.43
[INFO] [stderr]    Compiling syn v2.0.114
[INFO] [stderr]    Compiling thiserror-impl v2.0.17
[INFO] [stderr]    Compiling serde_derive v1.0.228
[INFO] [stderr]    Compiling thiserror v2.0.17
[INFO] [stderr]    Compiling serde v1.0.228
[INFO] [stderr]    Compiling satellite-base v0.1.0
[INFO] [stderr]    Compiling satellite-gpu v0.1.0 (/opt/rustwide/workdir)
[INFO] [stdout] warning: constant `GPU_ERROR` is never used
[INFO] [stdout]   --> src/ffi.rs:14:11
[INFO] [stdout]    |
[INFO] [stdout] 14 | pub const GPU_ERROR: i32 = -1;
[INFO] [stdout]    |           ^^^^^^^^^
[INFO] [stdout]    |
[INFO] [stdout]    = note: `#[warn(dead_code)]` (part of `#[warn(unused)]`) on by default
[INFO] [stdout] 
[INFO] [stdout] 
[INFO] [stderr] warning: unused dependency `satellite-base`
[INFO] [stderr]  --> Cargo.toml:9:15
[INFO] [stderr]   |
[INFO] [stderr] 9 | [dependencies.satellite-base]
[INFO] [stderr]   |               ^^^^^^^^^^^^^^^
[INFO] [stderr]   |
[INFO] [stderr]   = note: `cargo::unused_dependencies` is set to `warn` by default
[INFO] [stderr] help: consider removing the dependency on `satellite-base`
[INFO] [stderr] warning: `satellite-gpu` (manifest) generated 1 warning
[INFO] [stderr]     Finished `dev` profile [unoptimized + debuginfo] target(s) in 8.71s
[INFO] running `Command { std: "docker" "inspect" "540baa8290826330dcf3ea80666d48f5a7b804727adabd3415a0779f76ffa72d", kill_on_drop: false }`
[INFO] running `Command { std: "docker" "exec" "-e" "SOURCE_DIR=/opt/rustwide/workdir" "-e" "CARGO_HOME=/opt/rustwide/cargo-home" "-e" "RUSTUP_HOME=/opt/rustwide/rustup-home" "-e" "CARGO_TARGET_DIR=/opt/rustwide/target" "-e" "CARGO_INCREMENTAL=0" "-e" "RUST_BACKTRACE=full" "-e" "RUSTFLAGS=--cap-lints=warn" "-e" "RUSTDOCFLAGS=--cap-lints=warn" "-w" "/opt/rustwide/workdir" "--user" "0:0" "540baa8290826330dcf3ea80666d48f5a7b804727adabd3415a0779f76ffa72d" "/opt/rustwide/cargo-home/bin/cargo" "+1.100.0-beta.1" "test" "--frozen" "--no-run" "--message-format=json", kill_on_drop: false }`
[INFO] [stderr] warning: unused build dependency `cc`
[INFO] [stderr]  --> Cargo.toml:6:21
[INFO] [stderr]   |
[INFO] [stderr] 6 | [build-dependencies.cc]
[INFO] [stderr]   |                     ^^^
[INFO] [stderr]   |
[INFO] [stderr]   = note: `cargo::unused_dependencies` is set to `warn` by default
[INFO] [stderr] help: consider removing the dependency on `cc`
[INFO] [stderr] warning: `satellite-gpu` (manifest) generated 1 warning
[INFO] [stderr]    Compiling zerocopy v0.8.33
[INFO] [stderr]    Compiling zmij v1.0.12
[INFO] [stderr]    Compiling libc v0.2.180
[INFO] [stderr]    Compiling memchr v2.7.6
[INFO] [stderr]    Compiling clap_lex v0.7.6
[INFO] [stderr]    Compiling regex-syntax v0.8.8
[INFO] [stderr]    Compiling syn v2.0.114
[INFO] [stderr]    Compiling clap_builder v4.5.54
[INFO] [stderr]    Compiling serde_json v1.0.149
[INFO] [stderr]    Compiling is-terminal v0.4.17
[INFO] [stderr]    Compiling clap v4.5.54
[INFO] [stderr]    Compiling regex-automata v0.4.13
[INFO] [stderr]    Compiling regex v1.12.2
[INFO] [stderr]    Compiling serde_derive v1.0.228
[INFO] [stderr]    Compiling zerocopy-derive v0.8.33
[INFO] [stderr]    Compiling thiserror-impl v2.0.17
[INFO] [stderr]    Compiling thiserror v2.0.17
[INFO] [stderr]    Compiling serde v1.0.228
[INFO] [stderr]    Compiling tinytemplate v1.2.1
[INFO] [stderr]    Compiling satellite-base v0.1.0
[INFO] [stderr]    Compiling half v2.7.1
[INFO] [stderr]    Compiling satellite-gpu v0.1.0 (/opt/rustwide/workdir)
[INFO] [stdout] warning: constant `GPU_ERROR` is never used
[INFO] [stdout]   --> src/ffi.rs:14:11
[INFO] [stdout]    |
[INFO] [stdout] 14 | pub const GPU_ERROR: i32 = -1;
[INFO] [stdout]    |           ^^^^^^^^^
[INFO] [stdout]    |
[INFO] [stdout]    = note: `#[warn(dead_code)]` (part of `#[warn(unused)]`) on by default
[INFO] [stdout] 
[INFO] [stdout] 
[INFO] [stderr]    Compiling ciborium-ll v0.2.2
[INFO] [stderr]    Compiling ciborium v0.2.2
[INFO] [stderr]    Compiling criterion v0.5.1
[INFO] [stdout] warning: constant `GPU_ERROR` is never used
[INFO] [stdout]   --> src/ffi.rs:14:11
[INFO] [stdout]    |
[INFO] [stdout] 14 | pub const GPU_ERROR: i32 = -1;
[INFO] [stdout]    |           ^^^^^^^^^
[INFO] [stdout]    |
[INFO] [stdout]    = note: `#[warn(dead_code)]` (part of `#[warn(unused)]`) on by default
[INFO] [stdout] 
[INFO] [stdout] 
[INFO] [stderr] warning: unused dependency `satellite-base`
[INFO] [stderr]  --> Cargo.toml:9:15
[INFO] [stderr]   |
[INFO] [stderr] 9 | [dependencies.satellite-base]
[INFO] [stderr]   |               ^^^^^^^^^^^^^^^
[INFO] [stderr]   |
[INFO] [stderr]   = note: `cargo::unused_dependencies` is set to `warn` by default
[INFO] [stderr] help: consider removing the dependency on `satellite-base`
[INFO] [stderr] warning: `satellite-gpu` (manifest) generated 1 warning
[INFO] [stderr]     Finished `test` profile [unoptimized + debuginfo] target(s) in 20.61s
[INFO] running `Command { std: "docker" "inspect" "540baa8290826330dcf3ea80666d48f5a7b804727adabd3415a0779f76ffa72d", kill_on_drop: false }`
[INFO] running `Command { std: "docker" "exec" "-e" "SOURCE_DIR=/opt/rustwide/workdir" "-e" "CARGO_HOME=/opt/rustwide/cargo-home" "-e" "RUSTUP_HOME=/opt/rustwide/rustup-home" "-e" "CARGO_TARGET_DIR=/opt/rustwide/target" "-e" "CARGO_INCREMENTAL=0" "-e" "RUST_BACKTRACE=full" "-e" "RUSTFLAGS=--cap-lints=warn" "-e" "RUSTDOCFLAGS=--cap-lints=warn" "-w" "/opt/rustwide/workdir" "--user" "0:0" "540baa8290826330dcf3ea80666d48f5a7b804727adabd3415a0779f76ffa72d" "/opt/rustwide/cargo-home/bin/cargo" "+1.100.0-beta.1" "test" "--frozen", kill_on_drop: false }`
[INFO] [stderr] warning: unused build dependency `cc`
[INFO] [stderr]  --> Cargo.toml:6:21
[INFO] [stderr]   |
[INFO] [stderr] 6 | [build-dependencies.cc]
[INFO] [stderr]   |                     ^^^
[INFO] [stderr]   |
[INFO] [stderr]   = note: `cargo::unused_dependencies` is set to `warn` by default
[INFO] [stderr] help: consider removing the dependency on `cc`
[INFO] [stderr] warning: `satellite-gpu` (manifest) generated 1 warning
[INFO] [stderr] warning: constant `GPU_ERROR` is never used
[INFO] [stderr]   --> src/ffi.rs:14:11
[INFO] [stderr]    |
[INFO] [stderr] 14 | pub const GPU_ERROR: i32 = -1;
[INFO] [stderr]    |           ^^^^^^^^^
[INFO] [stderr]    |
[INFO] [stderr]    = note: `#[warn(dead_code)]` (part of `#[warn(unused)]`) on by default
[INFO] [stderr] 
[INFO] [stderr] warning: `satellite-gpu` (lib) generated 1 warning
[INFO] [stderr] warning: `satellite-gpu` (lib test) generated 1 warning (1 duplicate)
[INFO] [stderr] warning: unused dependency `satellite-base`
[INFO] [stderr]  --> Cargo.toml:9:15
[INFO] [stderr]   |
[INFO] [stderr] 9 | [dependencies.satellite-base]
[INFO] [stderr]   |               ^^^^^^^^^^^^^^^
[INFO] [stderr]   |
[INFO] [stderr]   = note: `cargo::unused_dependencies` is set to `warn` by default
[INFO] [stderr] help: consider removing the dependency on `satellite-base`
[INFO] [stderr] warning: `satellite-gpu` (manifest) generated 1 warning
[INFO] [stderr]     Finished `test` profile [unoptimized + debuginfo] target(s) in 0.10s
[INFO] [stderr]      Running unittests src/lib.rs (/opt/rustwide/target/debug/build/satellite-gpu/be338415d2e5b491/out/satellite_gpu-be338415d2e5b491)
[INFO] [stdout] 
[INFO] [stdout] running 2 tests
[INFO] [stdout] test abi_op::tests::test_truth_table ... ok
[INFO] [stdout] test abi_op::tests::test_registry ... ok
[INFO] [stdout] 
[INFO] [stdout] test result: ok. 2 passed; 0 failed; 0 ignored; 0 measured; 0 filtered out; finished in 0.00s
[INFO] [stdout] 
[INFO] [stderr]      Running tests/gpu_tests.rs (/opt/rustwide/target/debug/build/satellite-gpu/845bfe7bbc8ed095/out/gpu_tests-845bfe7bbc8ed095)
[INFO] [stdout] 
[INFO] [stdout] running 5 tests
[INFO] [stdout] test test_bcp_result ... ok
[INFO] [stdout] test test_memory_info ... ok
[INFO] [stderr]    Doc-tests satellite_gpu
[INFO] [stdout] test test_worker_creation ... ok
[INFO] [stdout] test test_status_enum ... ok
[INFO] [stdout] test test_worker_default ... ok
[INFO] [stdout] 
[INFO] [stdout] test result: ok. 5 passed; 0 failed; 0 ignored; 0 measured; 0 filtered out; finished in 0.00s
[INFO] [stdout] 
[INFO] [stdout] 
[INFO] [stdout] running 2 tests
[INFO] [stdout] test src/worker.rs - worker::GpuWorker (line 12) ... ignored
[INFO] [stdout] test src/lib.rs - (line 15) - compile ... FAILED
[INFO] [stdout] 
[INFO] [stdout] failures:
[INFO] [stdout] 
[INFO] [stdout] ---- src/lib.rs - (line 15) stdout ----
[INFO] [stdout] error[E0425]: cannot find value `clauses` in this scope
[INFO] [stdout]   --> src/lib.rs:21:24
[INFO] [stdout]    |
[INFO] [stdout] 21 |     worker.submit_bcp(&clauses, &assignments)?;
[INFO] [stdout]    |                        ^^^^^^^ not found in this scope
[INFO] [stdout] 
[INFO] [stdout] error[E0425]: cannot find value `assignments` in this scope
[INFO] [stdout]   --> src/lib.rs:21:34
[INFO] [stdout]    |
[INFO] [stdout] 21 |     worker.submit_bcp(&clauses, &assignments)?;
[INFO] [stdout]    |                                  ^^^^^^^^^^^ not found in this scope
[INFO] [stdout] 
[INFO] [stdout] error[E0277]: the `?` operator can only be used in a function that returns `Result` or `Option` (or another type that implements `FromResidual`)
[INFO] [stdout]   --> src/lib.rs:19:34
[INFO] [stdout]    |
[INFO] [stdout] 16 | fn main() { #[allow(non_snake_case)] fn _doctest_main_src_lib_rs_15_0() {
[INFO] [stdout]    |                                      ---------------------------------- this function should return `Result` or `Option` to accept `?`
[INFO] [stdout] ...
[INFO] [stdout] 19 | let mut worker = GpuWorker::new()?;
[INFO] [stdout]    |                                  ^ cannot use the `?` operator in a function that returns `()`
[INFO] [stdout]    |
[INFO] [stdout] help: consider adding return type
[INFO] [stdout]    |
[INFO] [stdout] 16 | fn main() { #[allow(non_snake_case)] fn _doctest_main_src_lib_rs_15_0() -> Result<(), Box<dyn std::error::Error>> {
[INFO] [stdout]    |                                                                         +++++++++++++++++++++++++++++++++++++++++
[INFO] [stdout] 
[INFO] [stdout] error[E0061]: this method takes 3 arguments but 2 arguments were supplied
[INFO] [stdout]   --> src/lib.rs:21:12
[INFO] [stdout]    |
[INFO] [stdout] 21 |     worker.submit_bcp(&clauses, &assignments)?;
[INFO] [stdout]    |            ^^^^^^^^^^------------------------ argument #3 of type `&[i8]` is missing
[INFO] [stdout]    |
[INFO] [stdout] note: method defined here
[INFO] [stdout]   --> src/worker.rs:81:12
[INFO] [stdout]    |
[INFO] [stdout] 81 |     pub fn submit_bcp(
[INFO] [stdout]    |            ^^^^^^^^^^
[INFO] [stdout] help: provide the argument
[INFO] [stdout]    |
[INFO] [stdout] 21 |     worker.submit_bcp(&clauses, &assignments, /* &[i8] */)?;
[INFO] [stdout]    |                                             +++++++++++++
[INFO] [stdout] 
[INFO] [stdout] error[E0277]: the `?` operator can only be used in a function that returns `Result` or `Option` (or another type that implements `FromResidual`)
[INFO] [stdout]   --> src/lib.rs:21:46
[INFO] [stdout]    |
[INFO] [stdout] 16 | fn main() { #[allow(non_snake_case)] fn _doctest_main_src_lib_rs_15_0() {
[INFO] [stdout]    |                                      ---------------------------------- this function should return `Result` or `Option` to accept `?`
[INFO] [stdout] ...
[INFO] [stdout] 21 |     worker.submit_bcp(&clauses, &assignments)?;
[INFO] [stdout]    |                                              ^ cannot use the `?` operator in a function that returns `()`
[INFO] [stdout]    |
[INFO] [stdout] help: consider adding return type
[INFO] [stdout]    |
[INFO] [stdout] 16 | fn main() { #[allow(non_snake_case)] fn _doctest_main_src_lib_rs_15_0() -> Result<(), Box<dyn std::error::Error>> {
[INFO] [stdout]    |                                                                         +++++++++++++++++++++++++++++++++++++++++
[INFO] [stdout] 
[INFO] [stdout] error[E0277]: the `?` operator can only be used in a function that returns `Result` or `Option` (or another type that implements `FromResidual`)
[INFO] [stdout]   --> src/lib.rs:23:47
[INFO] [stdout]    |
[INFO] [stdout] 16 | fn main() { #[allow(non_snake_case)] fn _doctest_main_src_lib_rs_15_0() {
[INFO] [stdout]    |                                      ---------------------------------- this function should return `Result` or `Option` to accept `?`
[INFO] [stdout] ...
[INFO] [stdout] 23 |     if let Some(result) = worker.poll_result()? {
[INFO] [stdout]    |                                               ^ cannot use the `?` operator in a function that returns `()`
[INFO] [stdout]    |
[INFO] [stdout] help: consider adding return type
[INFO] [stdout]    |
[INFO] [stdout] 16 | fn main() { #[allow(non_snake_case)] fn _doctest_main_src_lib_rs_15_0() -> Result<(), Box<dyn std::error::Error>> {
[INFO] [stdout]    |                                                                         +++++++++++++++++++++++++++++++++++++++++
[INFO] [stdout] 
[INFO] [stdout] error: aborting due to 6 previous errors
[INFO] [stdout] 
[INFO] [stdout] Some errors have detailed explanations: E0061, E0277, E0425.
[INFO] [stdout] For more information about an error, try `rustc --explain E0061`.
[INFO] [stdout] Couldn't compile the test.
[INFO] [stdout] 
[INFO] [stdout] failures:
[INFO] [stdout]     src/lib.rs - (line 15)
[INFO] [stdout] 
[INFO] [stdout] test result: FAILED. 0 passed; 1 failed; 1 ignored; 0 measured; 0 filtered out; finished in 0.14s
[INFO] [stdout] 
[INFO] [stderr] error: doctest failed, to rerun pass `--doc`
[INFO] running `Command { std: "docker" "inspect" "540baa8290826330dcf3ea80666d48f5a7b804727adabd3415a0779f76ffa72d", kill_on_drop: false }`
[INFO] running `Command { std: "docker" "rm" "-f" "540baa8290826330dcf3ea80666d48f5a7b804727adabd3415a0779f76ffa72d", kill_on_drop: false }`
[INFO] [stdout] 540baa8290826330dcf3ea80666d48f5a7b804727adabd3415a0779f76ffa72d
