[INFO] fetching crate santh-conform 0.1.1...
[INFO] testing santh-conform-0.1.1 against 1.100.0-beta.1 for beta-1.100-2
[INFO] extracting crate santh-conform 0.1.1 into /workspace/builds/worker-3-tc2/source
[INFO] removed /workspace/builds/worker-3-tc2/source/rust-toolchain.toml
[INFO] started tweaking crates.io crate santh-conform 0.1.1
[INFO] removed 0 missing tests
[INFO] finished tweaking crates.io crate santh-conform 0.1.1
[INFO] tweaked toml for crates.io crate santh-conform 0.1.1 written to /workspace/builds/worker-3-tc2/source/Cargo.toml
[INFO] validating manifest of crates.io crate santh-conform 0.1.1 on toolchain 1.100.0-beta.1
[INFO] running `Command { std: CARGO_HOME="/workspace/cargo-home" RUSTUP_HOME="/workspace/rustup-home" "/workspace/cargo-home/bin/cargo" "+1.100.0-beta.1" "metadata" "--manifest-path" "Cargo.toml" "--no-deps", kill_on_drop: false }`
[INFO] crate crates.io crate santh-conform 0.1.1 already has a lockfile, it will not be regenerated
[INFO] running `Command { std: CARGO_HOME="/workspace/cargo-home" RUSTUP_HOME="/workspace/rustup-home" "/workspace/cargo-home/bin/cargo" "+1.100.0-beta.1" "fetch" "--manifest-path" "Cargo.toml", kill_on_drop: false }`
[INFO] running `Command { std: "docker" "create" "-v" "/var/lib/crater-agent-workspace/builds/worker-3-tc2/source:/opt/rustwide/workdir:ro,Z" "-v" "/var/lib/crater-agent-workspace/builds/worker-3-tc2/target:/opt/rustwide/target:rw,Z" "-v" "/var/lib/crater-agent-workspace/cargo-home:/opt/rustwide/cargo-home:ro,Z" "-v" "/var/lib/crater-agent-workspace/rustup-home:/opt/rustwide/rustup-home:ro,Z" "-m" "1610612736" "--network" "none" "ghcr.io/rust-lang/crates-build-env/linux@sha256:3111399a4047eeb3a02b7a90e478d715f38a8c6669b5c4b49d30a17385265909" "sleep" "infinity", kill_on_drop: false }`
[INFO] [stdout] fb003b3b8c9691b8b709af5b5002ce690619313ecdcf2240c209e8cc5d80e10e
[INFO] running `Command { std: "docker" "start" "fb003b3b8c9691b8b709af5b5002ce690619313ecdcf2240c209e8cc5d80e10e", kill_on_drop: false }`
[INFO] running `Command { std: "docker" "inspect" "fb003b3b8c9691b8b709af5b5002ce690619313ecdcf2240c209e8cc5d80e10e", kill_on_drop: false }`
[INFO] running `Command { std: "docker" "exec" "-e" "SOURCE_DIR=/opt/rustwide/workdir" "-e" "CARGO_HOME=/opt/rustwide/cargo-home" "-e" "RUSTUP_HOME=/opt/rustwide/rustup-home" "-e" "CARGO_TARGET_DIR=/opt/rustwide/target" "-w" "/opt/rustwide/workdir" "--user" "0:0" "fb003b3b8c9691b8b709af5b5002ce690619313ecdcf2240c209e8cc5d80e10e" "/opt/rustwide/cargo-home/bin/cargo" "+1.100.0-beta.1" "metadata" "--no-deps" "--format-version=1", kill_on_drop: false }`
[INFO] running `Command { std: "docker" "inspect" "fb003b3b8c9691b8b709af5b5002ce690619313ecdcf2240c209e8cc5d80e10e", kill_on_drop: false }`
[INFO] running `Command { std: "docker" "exec" "-e" "SOURCE_DIR=/opt/rustwide/workdir" "-e" "CARGO_HOME=/opt/rustwide/cargo-home" "-e" "RUSTUP_HOME=/opt/rustwide/rustup-home" "-e" "CARGO_TARGET_DIR=/opt/rustwide/target" "-e" "CARGO_INCREMENTAL=0" "-e" "RUST_BACKTRACE=full" "-e" "RUSTFLAGS=--cap-lints=warn" "-e" "RUSTDOCFLAGS=--cap-lints=warn" "-w" "/opt/rustwide/workdir" "--user" "0:0" "fb003b3b8c9691b8b709af5b5002ce690619313ecdcf2240c209e8cc5d80e10e" "/opt/rustwide/cargo-home/bin/cargo" "+1.100.0-beta.1" "build" "--frozen" "--message-format=json", kill_on_drop: false }`
[INFO] [stderr]    Compiling unicode-ident v1.0.24
[INFO] [stderr]    Compiling serde_core v1.0.228
[INFO] [stderr]    Compiling serde v1.0.228
[INFO] [stderr]    Compiling memchr v2.8.3
[INFO] [stderr]    Compiling cfg-if v1.0.4
[INFO] [stderr]    Compiling libc v0.2.189
[INFO] [stderr]    Compiling once_cell v1.21.4
[INFO] [stderr]    Compiling regex-syntax v0.8.11
[INFO] [stderr]    Compiling zmij v1.0.23
[INFO] [stderr]    Compiling autocfg v1.5.1
[INFO] [stderr]    Compiling serde_json v1.0.151
[INFO] [stderr]    Compiling hashbrown v0.17.1
[INFO] [stderr]    Compiling cfg_aliases v0.2.2
[INFO] [stderr]    Compiling pin-project-lite v0.2.17
[INFO] [stderr]    Compiling utf8parse v0.2.2
[INFO] [stderr]    Compiling getrandom v0.4.3
[INFO] [stderr]    Compiling itoa v1.0.18
[INFO] [stderr]    Compiling equivalent v1.0.2
[INFO] [stderr]    Compiling anstyle-parse v1.0.0
[INFO] [stderr]    Compiling nix v0.31.3
[INFO] [stderr]    Compiling proc-macro2 v1.0.107
[INFO] [stderr]    Compiling lazy_static v1.5.0
[INFO] [stderr]    Compiling anstyle-query v1.1.5
[INFO] [stderr]    Compiling winnow v0.7.15
[INFO] [stderr]    Compiling is_terminal_polyfill v1.70.2
[INFO] [stderr]    Compiling bitflags v2.13.1
[INFO] [stderr]    Compiling anstyle v1.0.14
[INFO] [stderr]    Compiling tracing-core v0.1.36
[INFO] [stderr]    Compiling log v0.4.33
[INFO] [stderr]    Compiling colorchoice v1.0.5
[INFO] [stderr]    Compiling toml_write v0.1.2
[INFO] [stderr]    Compiling sharded-slab v0.1.7
[INFO] [stderr]    Compiling thread_local v1.1.10
[INFO] [stderr]    Compiling anstream v1.0.0
[INFO] [stderr]    Compiling num-traits v0.2.19
[INFO] [stderr]    Compiling smallvec v1.15.1
[INFO] [stderr]    Compiling nu-ansi-term v0.50.3
[INFO] [stderr]    Compiling iana-time-zone v0.1.65
[INFO] [stderr]    Compiling heck v0.5.0
[INFO] [stderr]    Compiling clap_lex v1.1.0
[INFO] [stderr]    Compiling thiserror v2.0.18
[INFO] [stderr]    Compiling quote v1.0.47
[INFO] [stderr]    Compiling aho-corasick v1.1.4
[INFO] [stderr]    Compiling indexmap v2.14.0
[INFO] [stderr]    Compiling clap_builder v4.6.0
[INFO] [stderr]    Compiling unicode-width v0.2.2
[INFO] [stderr]    Compiling pulldown-cmark v0.13.0
[INFO] [stderr]    Compiling tracing-log v0.2.0
[INFO] [stderr]    Compiling pulldown-cmark-escape v0.11.0
[INFO] [stderr]    Compiling unicase v2.9.0
[INFO] [stderr]    Compiling syn v2.0.119
[INFO] [stderr]    Compiling same-file v1.0.6
[INFO] [stderr]    Compiling getopts v0.2.24
[INFO] [stderr]    Compiling walkdir v2.5.0
[INFO] [stderr]    Compiling regex-automata v0.4.18
[INFO] [stderr]    Compiling ctrlc v3.5.2
[INFO] [stderr]    Compiling uuid v1.24.0
[INFO] [stderr]    Compiling regex v1.12.3
[INFO] [stderr]    Compiling matchers v0.2.0
[INFO] [stderr]    Compiling serde_derive v1.0.228
[INFO] [stderr]    Compiling tracing-attributes v0.1.31
[INFO] [stderr]    Compiling clap_derive v4.6.1
[INFO] [stderr]    Compiling thiserror-impl v2.0.18
[INFO] [stderr]    Compiling santh-error v0.2.4
[INFO] [stderr]    Compiling tracing v0.1.44
[INFO] [stderr]    Compiling clap v4.6.1
[INFO] [stderr]    Compiling serde_spanned v0.6.9
[INFO] [stderr]    Compiling toml_datetime v0.6.11
[INFO] [stderr]    Compiling tracing-serde v0.2.0
[INFO] [stderr]    Compiling chrono v0.4.44
[INFO] [stderr]    Compiling tracing-subscriber v0.3.23
[INFO] [stderr]    Compiling toml_edit v0.22.27
[INFO] [stderr]    Compiling santh-tracing v0.2.4
[INFO] [stderr]    Compiling toml v0.8.23
[INFO] [stderr]    Compiling secfinding v0.4.3
[INFO] [stderr]    Compiling santh-cli v0.1.4
[INFO] [stderr]    Compiling santh-conform v0.1.1 (/opt/rustwide/workdir)
[INFO] [stderr]     Finished `dev` profile [unoptimized + debuginfo] target(s) in 50.10s
[INFO] running `Command { std: "docker" "inspect" "fb003b3b8c9691b8b709af5b5002ce690619313ecdcf2240c209e8cc5d80e10e", kill_on_drop: false }`
[INFO] running `Command { std: "docker" "exec" "-e" "SOURCE_DIR=/opt/rustwide/workdir" "-e" "CARGO_HOME=/opt/rustwide/cargo-home" "-e" "RUSTUP_HOME=/opt/rustwide/rustup-home" "-e" "CARGO_TARGET_DIR=/opt/rustwide/target" "-e" "CARGO_INCREMENTAL=0" "-e" "RUST_BACKTRACE=full" "-e" "RUSTFLAGS=--cap-lints=warn" "-e" "RUSTDOCFLAGS=--cap-lints=warn" "-w" "/opt/rustwide/workdir" "--user" "0:0" "fb003b3b8c9691b8b709af5b5002ce690619313ecdcf2240c209e8cc5d80e10e" "/opt/rustwide/cargo-home/bin/cargo" "+1.100.0-beta.1" "test" "--frozen" "--no-run" "--message-format=json", kill_on_drop: false }`
[INFO] [stderr]    Compiling bitflags v2.13.1
[INFO] [stderr]    Compiling getrandom v0.3.4
[INFO] [stderr]    Compiling num-traits v0.2.19
[INFO] [stderr]    Compiling zerocopy v0.8.56
[INFO] [stderr]    Compiling rustix v1.1.4
[INFO] [stderr]    Compiling linux-raw-sys v0.12.1
[INFO] [stderr]    Compiling fastrand v2.5.0
[INFO] [stderr]    Compiling wait-timeout v0.2.1
[INFO] [stderr]    Compiling fnv v1.0.7
[INFO] [stderr]    Compiling bit-vec v0.8.0
[INFO] [stderr]    Compiling quick-error v1.2.3
[INFO] [stderr]    Compiling unarray v0.1.4
[INFO] [stderr]    Compiling nix v0.31.3
[INFO] [stderr]    Compiling pulldown-cmark v0.13.0
[INFO] [stderr]    Compiling rand_core v0.9.5
[INFO] [stderr]    Compiling bit-set v0.8.0
[INFO] [stderr]    Compiling rand_xorshift v0.4.0
[INFO] [stderr]    Compiling rand v0.9.5
[INFO] [stderr]    Compiling ctrlc v3.5.2
[INFO] [stderr]    Compiling chrono v0.4.44
[INFO] [stderr]    Compiling secfinding v0.4.3
[INFO] [stderr]    Compiling tempfile v3.27.0
[INFO] [stderr]    Compiling rusty-fork v0.3.1
[INFO] [stderr]    Compiling santh-cli v0.1.4
[INFO] [stderr]    Compiling santh-conform v0.1.1 (/opt/rustwide/workdir)
[INFO] [stderr]    Compiling ppv-lite86 v0.2.21
[INFO] [stderr]    Compiling rand_chacha v0.9.0
[INFO] [stderr]    Compiling proptest v1.9.0
[INFO] [stderr]     Finished `test` profile [unoptimized + debuginfo] target(s) in 26.01s
[INFO] running `Command { std: "docker" "inspect" "fb003b3b8c9691b8b709af5b5002ce690619313ecdcf2240c209e8cc5d80e10e", kill_on_drop: false }`
[INFO] running `Command { std: "docker" "exec" "-e" "SOURCE_DIR=/opt/rustwide/workdir" "-e" "CARGO_HOME=/opt/rustwide/cargo-home" "-e" "RUSTUP_HOME=/opt/rustwide/rustup-home" "-e" "CARGO_TARGET_DIR=/opt/rustwide/target" "-e" "CARGO_INCREMENTAL=0" "-e" "RUST_BACKTRACE=full" "-e" "RUSTFLAGS=--cap-lints=warn" "-e" "RUSTDOCFLAGS=--cap-lints=warn" "-w" "/opt/rustwide/workdir" "--user" "0:0" "fb003b3b8c9691b8b709af5b5002ce690619313ecdcf2240c209e8cc5d80e10e" "/opt/rustwide/cargo-home/bin/cargo" "+1.100.0-beta.1" "test" "--frozen", kill_on_drop: false }`
[INFO] [stderr]     Finished `test` profile [unoptimized + debuginfo] target(s) in 0.22s
[INFO] [stderr]      Running unittests src/lib.rs (/opt/rustwide/target/debug/build/santh-conform/e8dfe4d0f99c10ed/out/santh_conform-e8dfe4d0f99c10ed)
[INFO] [stdout] 
[INFO] [stderr]      Running unittests src/main.rs (/opt/rustwide/target/debug/build/santh-conform/b6b7596589a07312/out/santh_conform-b6b7596589a07312)
[INFO] [stdout] running 0 tests
[INFO] [stdout] 
[INFO] [stdout] test result: ok. 0 passed; 0 failed; 0 ignored; 0 measured; 0 filtered out; finished in 0.00s
[INFO] [stdout] 
[INFO] [stderr]      Running tests/adversarial.rs (/opt/rustwide/target/debug/build/santh-conform/a457bd03145c8b1d/out/adversarial-a457bd03145c8b1d)
[INFO] [stdout] 
[INFO] [stdout] running 0 tests
[INFO] [stdout] 
[INFO] [stdout] test result: ok. 0 passed; 0 failed; 0 ignored; 0 measured; 0 filtered out; finished in 0.00s
[INFO] [stdout] 
[INFO] [stdout] 
[INFO] [stdout] running 3 tests
[INFO] [stdout] test unreadable_source_is_surfaced_not_silently_skipped ... ok
[INFO] [stdout] test manifest_dependent_checks_fail_loud_when_context_cannot_load ... ok
[INFO] [stderr]      Running tests/gap.rs (/opt/rustwide/target/debug/build/santh-conform/212d2ecdcc9819f9/out/gap-212d2ecdcc9819f9)
[INFO] [stdout] test adversarial_inputs_return_findings_without_panics ... ok
[INFO] [stdout] 
[INFO] [stdout] test result: ok. 3 passed; 0 failed; 0 ignored; 0 measured; 0 filtered out; finished in 0.19s
[INFO] [stdout] 
[INFO] [stderr]      Running tests/integration.rs (/opt/rustwide/target/debug/build/santh-conform/82adf18ba748ea2e/out/integration-82adf18ba748ea2e)
[INFO] [stdout] 
[INFO] [stdout] running 1 test
[INFO] [stdout] test every_required_contract_has_registered_check ... ok
[INFO] [stdout] 
[INFO] [stdout] test result: ok. 1 passed; 0 failed; 0 ignored; 0 measured; 0 filtered out; finished in 0.00s
[INFO] [stdout] 
[INFO] [stdout] 
[INFO] [stdout] running 1 test
[INFO] [stdout] test santh_conform_passes_its_own_checks ... FAILED
[INFO] [stdout] 
[INFO] [stdout] failures:
[INFO] [stdout] 
[INFO] [stdout] ---- santh_conform_passes_its_own_checks stdout ----
[INFO] [stdout] 
[INFO] [stdout] thread 'santh_conform_passes_its_own_checks' (1892) panicked at tests/integration.rs:7:5:
[INFO] [stdout] Fix: santh-conform must dogfood its own checks: [
[INFO] [stdout]     Finding {
[INFO] [stdout]         rule_id: "modularity",
[INFO] [stdout]         level: Fail,
[INFO] [stdout]         message: "Unicode em dash (U+2014) is not allowed. Fix: replace with ` - ` or ASCII `-`",
[INFO] [stdout]         path: Some(
[INFO] [stdout]             "/opt/rustwide/workdir/BACKLOG.md",
[INFO] [stdout]         ),
[INFO] [stdout]         line: Some(
[INFO] [stdout]             3,
[INFO] [stdout]         ),
[INFO] [stdout]     },
[INFO] [stdout]     Finding {
[INFO] [stdout]         rule_id: "modularity",
[INFO] [stdout]         level: Fail,
[INFO] [stdout]         message: "Unicode em dash (U+2014) is not allowed. Fix: replace with ` - ` or ASCII `-`",
[INFO] [stdout]         path: Some(
[INFO] [stdout]             "/opt/rustwide/workdir/BACKLOG.md",
[INFO] [stdout]         ),
[INFO] [stdout]         line: Some(
[INFO] [stdout]             6,
[INFO] [stdout]         ),
[INFO] [stdout]     },
[INFO] [stdout]     Finding {
[INFO] [stdout]         rule_id: "modularity",
[INFO] [stdout]         level: Fail,
[INFO] [stdout]         message: "Unicode em dash (U+2014) is not allowed. Fix: replace with ` - ` or ASCII `-`",
[INFO] [stdout]         path: Some(
[INFO] [stdout]             "/opt/rustwide/workdir/src/rules/anti_lying.rs",
[INFO] [stdout]         ),
[INFO] [stdout]         line: Some(
[INFO] [stdout]             24,
[INFO] [stdout]         ),
[INFO] [stdout]     },
[INFO] [stdout]     Finding {
[INFO] [stdout]         rule_id: "supply-chain",
[INFO] [stdout]         level: Fail,
[INFO] [stdout]         message: "external dependency `clap` is not pinned exactly or workspace-managed. Fix: use `=x.y.z` or `{ workspace = true }`",
[INFO] [stdout]         path: Some(
[INFO] [stdout]             "/opt/rustwide/workdir/Cargo.toml",
[INFO] [stdout]         ),
[INFO] [stdout]         line: None,
[INFO] [stdout]     },
[INFO] [stdout]     Finding {
[INFO] [stdout]         rule_id: "supply-chain",
[INFO] [stdout]         level: Fail,
[INFO] [stdout]         message: "external dependency `regex` is not pinned exactly or workspace-managed. Fix: use `=x.y.z` or `{ workspace = true }`",
[INFO] [stdout]         path: Some(
[INFO] [stdout]             "/opt/rustwide/workdir/Cargo.toml",
[INFO] [stdout]         ),
[INFO] [stdout]         line: None,
[INFO] [stdout]     },
[INFO] [stdout]     Finding {
[INFO] [stdout]         rule_id: "supply-chain",
[INFO] [stdout]         level: Fail,
[INFO] [stdout]         message: "external dependency `santh-cli` is not pinned exactly or workspace-managed. Fix: use `=x.y.z` or `{ workspace = true }`",
[INFO] [stdout]         path: Some(
[INFO] [stdout]             "/opt/rustwide/workdir/Cargo.toml",
[INFO] [stdout]         ),
[INFO] [stdout]         line: None,
[INFO] [stdout]     },
[INFO] [stdout]     Finding {
[INFO] [stdout]         rule_id: "supply-chain",
[INFO] [stdout]         level: Fail,
[INFO] [stdout]         message: "external dependency `santh-cli` is not listed in TRUSTED_DEPS.md. Fix: audit it and add it to the trusted list",
[INFO] [stdout]         path: Some(
[INFO] [stdout]             "/opt/rustwide/workdir/Cargo.toml",
[INFO] [stdout]         ),
[INFO] [stdout]         line: None,
[INFO] [stdout]     },
[INFO] [stdout]     Finding {
[INFO] [stdout]         rule_id: "supply-chain",
[INFO] [stdout]         level: Fail,
[INFO] [stdout]         message: "external dependency `santh-error` is not pinned exactly or workspace-managed. Fix: use `=x.y.z` or `{ workspace = true }`",
[INFO] [stdout]         path: Some(
[INFO] [stdout]             "/opt/rustwide/workdir/Cargo.toml",
[INFO] [stdout]         ),
[INFO] [stdout]         line: None,
[INFO] [stdout]     },
[INFO] [stdout]     Finding {
[INFO] [stdout]         rule_id: "supply-chain",
[INFO] [stdout]         level: Fail,
[INFO] [stdout]         message: "external dependency `santh-error` is not listed in TRUSTED_DEPS.md. Fix: audit it and add it to the trusted list",
[INFO] [stdout]         path: Some(
[INFO] [stdout]             "/opt/rustwide/workdir/Cargo.toml",
[INFO] [stdout]         ),
[INFO] [stdout]         line: None,
[INFO] [stdout]     },
[INFO] [stdout]     Finding {
[INFO] [stdout]         rule_id: "supply-chain",
[INFO] [stdout]         level: Fail,
[INFO] [stdout]         message: "external dependency `santh-tracing` is not pinned exactly or workspace-managed. Fix: use `=x.y.z` or `{ workspace = true }`",
[INFO] [stdout]         path: Some(
[INFO] [stdout]             "/opt/rustwide/workdir/Cargo.toml",
[INFO] [stdout]         ),
[INFO] [stdout]         line: None,
[INFO] [stdout]     },
[INFO] [stdout]     Finding {
[INFO] [stdout]         rule_id: "supply-chain",
[INFO] [stdout]         level: Fail,
[INFO] [stdout]         message: "external dependency `santh-tracing` is not listed in TRUSTED_DEPS.md. Fix: audit it and add it to the trusted list",
[INFO] [stdout]         path: Some(
[INFO] [stdout]             "/opt/rustwide/workdir/Cargo.toml",
[INFO] [stdout]         ),
[INFO] [stdout]         line: None,
[INFO] [stdout]     },
[INFO] [stdout]     Finding {
[INFO] [stdout]         rule_id: "supply-chain",
[INFO] [stdout]         level: Fail,
[INFO] [stdout]         message: "external dependency `serde` is not pinned exactly or workspace-managed. Fix: use `=x.y.z` or `{ workspace = true }`",
[INFO] [stdout]         path: Some(
[INFO] [stdout]             "/opt/rustwide/workdir/Cargo.toml",
[INFO] [stdout]         ),
[INFO] [stdout]         line: None,
[INFO] [stdout]     },
[INFO] [stdout]     Finding {
[INFO] [stdout]         rule_id: "supply-chain",
[INFO] [stdout]         level: Fail,
[INFO] [stdout]         message: "external dependency `serde_json` is not pinned exactly or workspace-managed. Fix: use `=x.y.z` or `{ workspace = true }`",
[INFO] [stdout]         path: Some(
[INFO] [stdout]             "/opt/rustwide/workdir/Cargo.toml",
[INFO] [stdout]         ),
[INFO] [stdout]         line: None,
[INFO] [stdout]     },
[INFO] [stdout]     Finding {
[INFO] [stdout]         rule_id: "supply-chain",
[INFO] [stdout]         level: Fail,
[INFO] [stdout]         message: "external dependency `thiserror` is not pinned exactly or workspace-managed. Fix: use `=x.y.z` or `{ workspace = true }`",
[INFO] [stdout]         path: Some(
[INFO] [stdout]             "/opt/rustwide/workdir/Cargo.toml",
[INFO] [stdout]         ),
[INFO] [stdout]         line: None,
[INFO] [stdout]     },
[INFO] [stdout]     Finding {
[INFO] [stdout]         rule_id: "supply-chain",
[INFO] [stdout]         level: Fail,
[INFO] [stdout]         message: "external dependency `toml` is not pinned exactly or workspace-managed. Fix: use `=x.y.z` or `{ workspace = true }`",
[INFO] [stdout]         path: Some(
[INFO] [stdout]             "/opt/rustwide/workdir/Cargo.toml",
[INFO] [stdout]         ),
[INFO] [stdout]         line: None,
[INFO] [stdout]     },
[INFO] [stdout]     Finding {
[INFO] [stdout]         rule_id: "supply-chain",
[INFO] [stdout]         level: Fail,
[INFO] [stdout]         message: "external dependency `tracing` is not pinned exactly or workspace-managed. Fix: use `=x.y.z` or `{ workspace = true }`",
[INFO] [stdout]         path: Some(
[INFO] [stdout]             "/opt/rustwide/workdir/Cargo.toml",
[INFO] [stdout]         ),
[INFO] [stdout]         line: None,
[INFO] [stdout]     },
[INFO] [stdout]     Finding {
[INFO] [stdout]         rule_id: "supply-chain",
[INFO] [stdout]         level: Fail,
[INFO] [stdout]         message: "external dependency `walkdir` is not pinned exactly or workspace-managed. Fix: use `=x.y.z` or `{ workspace = true }`",
[INFO] [stdout]         path: Some(
[INFO] [stdout]             "/opt/rustwide/workdir/Cargo.toml",
[INFO] [stdout]         ),
[INFO] [stdout]         line: None,
[INFO] [stdout]     },
[INFO] [stdout]     Finding {
[INFO] [stdout]         rule_id: "supply-chain",
[INFO] [stdout]         level: Fail,
[INFO] [stdout]         message: "external dependency `proptest` is not pinned exactly or workspace-managed. Fix: use `=x.y.z` or `{ workspace = true }`",
[INFO] [stdout]         path: Some(
[INFO] [stdout]             "/opt/rustwide/workdir/Cargo.toml",
[INFO] [stdout]         ),
[INFO] [stdout]         line: None,
[INFO] [stdout]     },
[INFO] [stdout]     Finding {
[INFO] [stdout]         rule_id: "supply-chain",
[INFO] [stdout]         level: Fail,
[INFO] [stdout]         message: "external dependency `tempfile` is not pinned exactly or workspace-managed. Fix: use `=x.y.z` or `{ workspace = true }`",
[INFO] [stdout]         path: Some(
[INFO] [stdout]             "/opt/rustwide/workdir/Cargo.toml",
[INFO] [stdout]         ),
[INFO] [stdout]         line: None,
[INFO] [stdout]     },
[INFO] [stdout]     Finding {
[INFO] [stdout]         rule_id: "folder-structure",
[INFO] [stdout]         level: Fail,
[INFO] [stdout]         message: "missing `rust-toolchain.toml`. Fix: add the required standard file",
[INFO] [stdout]         path: None,
[INFO] [stdout]         line: None,
[INFO] [stdout]     },
[INFO] [stdout] ]
[INFO] [stdout] stack backtrace:
[INFO] [stdout]    0:     0x5a2366370e71 - std[617be2ca0a6fd877]::backtrace_rs::backtrace::libunwind::trace
[INFO] [stdout]                                at /rustc/e3feeb59cd1bdd011a2bfcc0747b55125d9b8527/library/std/src/../../backtrace/src/backtrace/libunwind.rs:117:9
[INFO] [stdout]    1:     0x5a2366370e71 - std[617be2ca0a6fd877]::backtrace_rs::backtrace::trace_unsynchronized::<std[617be2ca0a6fd877]::sys::backtrace::_print_fmt::{closure#1}>
[INFO] [stdout]                                at /rustc/e3feeb59cd1bdd011a2bfcc0747b55125d9b8527/library/std/src/../../backtrace/src/backtrace/mod.rs:66:14
[INFO] [stdout]    2:     0x5a2366370e71 - std[617be2ca0a6fd877]::sys::backtrace::_print_fmt
[INFO] [stdout]                                at /rustc/e3feeb59cd1bdd011a2bfcc0747b55125d9b8527/library/std/src/sys/backtrace.rs:74:9
[INFO] [stdout]    3:     0x5a2366370e71 - <<std[617be2ca0a6fd877]::sys::backtrace::BacktraceLock>::print::DisplayBacktrace as core[a373ad73a504971]::fmt::Display>::fmt
[INFO] [stdout]                                at /rustc/e3feeb59cd1bdd011a2bfcc0747b55125d9b8527/library/std/src/sys/backtrace.rs:44:26
[INFO] [stdout]    4:     0x5a23663870da - <core[a373ad73a504971]::fmt::rt::Argument>::fmt
[INFO] [stdout]                                at /rustc/e3feeb59cd1bdd011a2bfcc0747b55125d9b8527/library/core/src/fmt/rt.rs:152:76
[INFO] [stdout]    5:     0x5a23663870da - core[a373ad73a504971]::fmt::write
[INFO] [stdout]    6:     0x5a236637537c - core[a373ad73a504971]::io::write::default_write_fmt::<alloc[2e1b2a31b91974c5]::vec::Vec<u8>>
[INFO] [stdout]                                at /rustc/e3feeb59cd1bdd011a2bfcc0747b55125d9b8527/library/core/src/io/write.rs:402:11
[INFO] [stdout]    7:     0x5a236637537c - <alloc[2e1b2a31b91974c5]::vec::Vec<u8> as core[a373ad73a504971]::io::write::Write>::write_fmt
[INFO] [stdout]                                at /rustc/e3feeb59cd1bdd011a2bfcc0747b55125d9b8527/library/core/src/io/write.rs:335:13
[INFO] [stdout]    8:     0x5a236634c436 - <std[617be2ca0a6fd877]::sys::backtrace::BacktraceLock>::print
[INFO] [stdout]                                at /rustc/e3feeb59cd1bdd011a2bfcc0747b55125d9b8527/library/std/src/sys/backtrace.rs:47:9
[INFO] [stdout]    9:     0x5a236634c436 - std[617be2ca0a6fd877]::panicking::default_hook::{closure#0}
[INFO] [stdout]                                at /rustc/e3feeb59cd1bdd011a2bfcc0747b55125d9b8527/library/std/src/panicking.rs:289:27
[INFO] [stdout]   10:     0x5a2366368e19 - std[617be2ca0a6fd877]::panicking::default_hook
[INFO] [stdout]                                at /rustc/e3feeb59cd1bdd011a2bfcc0747b55125d9b8527/library/std/src/panicking.rs:313:9
[INFO] [stdout]   11:     0x5a2365e91b50 - <alloc[2e1b2a31b91974c5]::boxed::Box<dyn for<'a, 'b> core[a373ad73a504971]::ops::function::Fn<(&'a std[617be2ca0a6fd877]::panic::PanicHookInfo<'b>,), Output = ()> + core[a373ad73a504971]::marker::Sync + core[a373ad73a504971]::marker::Send> as core[a373ad73a504971]::ops::function::Fn<(&std[617be2ca0a6fd877]::panic::PanicHookInfo,)>>::call
[INFO] [stdout]                                at /rustc/e3feeb59cd1bdd011a2bfcc0747b55125d9b8527/library/alloc/src/boxed.rs:2328:9
[INFO] [stdout]   12:     0x5a2365e91b50 - test[aada8e7e76ba119b]::test_main_inner::{closure#0}
[INFO] [stdout]                                at /rustc/e3feeb59cd1bdd011a2bfcc0747b55125d9b8527/library/test/src/lib.rs:137:21
[INFO] [stdout]   13:     0x5a2366368fd2 - <alloc[2e1b2a31b91974c5]::boxed::Box<dyn for<'a, 'b> core[a373ad73a504971]::ops::function::Fn<(&'a std[617be2ca0a6fd877]::panic::PanicHookInfo<'b>,), Output = ()> + core[a373ad73a504971]::marker::Sync + core[a373ad73a504971]::marker::Send> as core[a373ad73a504971]::ops::function::Fn<(&std[617be2ca0a6fd877]::panic::PanicHookInfo,)>>::call
[INFO] [stdout]                                at /rustc/e3feeb59cd1bdd011a2bfcc0747b55125d9b8527/library/alloc/src/boxed.rs:2328:9
[INFO] [stdout]   14:     0x5a2366368fd2 - std[617be2ca0a6fd877]::panicking::panic_with_hook
[INFO] [stdout]                                at /rustc/e3feeb59cd1bdd011a2bfcc0747b55125d9b8527/library/std/src/panicking.rs:819:13
[INFO] [stdout]   15:     0x5a236634c4e2 - std[617be2ca0a6fd877]::panicking::panic_handler::{closure#0}
[INFO] [stdout]                                at /rustc/e3feeb59cd1bdd011a2bfcc0747b55125d9b8527/library/std/src/panicking.rs:685:13
[INFO] [stdout]   16:     0x5a2366344fc9 - std[617be2ca0a6fd877]::sys::backtrace::__rust_end_short_backtrace::<std[617be2ca0a6fd877]::panicking::panic_handler::{closure#0}, !>
[INFO] [stdout]                                at /rustc/e3feeb59cd1bdd011a2bfcc0747b55125d9b8527/library/std/src/sys/backtrace.rs:182:18
[INFO] [stdout]   17:     0x5a236634d0ed - __rustc[ea4f61d10b84890b]::rust_begin_unwind
[INFO] [stdout]                                at /rustc/e3feeb59cd1bdd011a2bfcc0747b55125d9b8527/library/std/src/panicking.rs:676:5
[INFO] [stdout]   18:     0x5a236638797c - core[a373ad73a504971]::panicking::panic_fmt
[INFO] [stdout]                                at /rustc/e3feeb59cd1bdd011a2bfcc0747b55125d9b8527/library/core/src/panicking.rs:80:14
[INFO] [stdout]   19:     0x5a2365e849d5 - integration[eec01193d9476130]::santh_conform_passes_its_own_checks
[INFO] [stdout]                                at /opt/rustwide/workdir/tests/integration.rs:7:5
[INFO] [stdout]   20:     0x5a2365e84807 - integration[eec01193d9476130]::santh_conform_passes_its_own_checks::{closure#0}
[INFO] [stdout]                                at /opt/rustwide/workdir/tests/integration.rs:4:41
[INFO] [stdout]   21:     0x5a2365e84f46 - <integration[eec01193d9476130]::santh_conform_passes_its_own_checks::{closure#0} as core[a373ad73a504971]::ops::function::FnOnce<()>>::call_once
[INFO] [stdout]                                at /rustc/e3feeb59cd1bdd011a2bfcc0747b55125d9b8527/library/core/src/ops/function.rs:250:5
[INFO] [stdout]   22:     0x5a2365e84f9b - <fn() -> core[a373ad73a504971]::result::Result<(), alloc[2e1b2a31b91974c5]::string::String> as core[a373ad73a504971]::ops::function::FnOnce<()>>::call_once
[INFO] [stdout]                                at /rustc/e3feeb59cd1bdd011a2bfcc0747b55125d9b8527/library/core/src/ops/function.rs:250:5
[INFO] [stdout]   23:     0x5a2365e84f9b - test[aada8e7e76ba119b]::__rust_begin_short_backtrace::<core[a373ad73a504971]::result::Result<(), alloc[2e1b2a31b91974c5]::string::String>, fn() -> core[a373ad73a504971]::result::Result<(), alloc[2e1b2a31b91974c5]::string::String>>
[INFO] [stdout]                                at /rustc/e3feeb59cd1bdd011a2bfcc0747b55125d9b8527/library/test/src/lib.rs:701:18
[INFO] [stdout]   24:     0x5a2365e92175 - test[aada8e7e76ba119b]::run_test_in_process::{closure#0}
[INFO] [stdout]                                at /rustc/e3feeb59cd1bdd011a2bfcc0747b55125d9b8527/library/test/src/lib.rs:724:74
[INFO] [stdout]   25:     0x5a2365e92175 - <core[a373ad73a504971]::panic::unwind_safe::AssertUnwindSafe<test[aada8e7e76ba119b]::run_test_in_process::{closure#0}> as core[a373ad73a504971]::ops::function::FnOnce<()>>::call_once
[INFO] [stdout]                                at /rustc/e3feeb59cd1bdd011a2bfcc0747b55125d9b8527/library/core/src/panic/unwind_safe.rs:275:9
[INFO] [stdout]   26:     0x5a2365e92175 - std[617be2ca0a6fd877]::panicking::catch_unwind::do_call::<core[a373ad73a504971]::panic::unwind_safe::AssertUnwindSafe<test[aada8e7e76ba119b]::run_test_in_process::{closure#0}>, core[a373ad73a504971]::result::Result<(), alloc[2e1b2a31b91974c5]::string::String>>
[INFO] [stdout]                                at /rustc/e3feeb59cd1bdd011a2bfcc0747b55125d9b8527/library/std/src/panicking.rs:573:43
[INFO] [stdout]   27:     0x5a2365e92175 - std[617be2ca0a6fd877]::panicking::catch_unwind::<core[a373ad73a504971]::result::Result<(), alloc[2e1b2a31b91974c5]::string::String>, core[a373ad73a504971]::panic::unwind_safe::AssertUnwindSafe<test[aada8e7e76ba119b]::run_test_in_process::{closure#0}>>
[INFO] [stdout]                                at /rustc/e3feeb59cd1bdd011a2bfcc0747b55125d9b8527/library/std/src/panicking.rs:541:19
[INFO] [stdout]   28:     0x5a2365e92175 - std[617be2ca0a6fd877]::panic::catch_unwind::<core[a373ad73a504971]::panic::unwind_safe::AssertUnwindSafe<test[aada8e7e76ba119b]::run_test_in_process::{closure#0}>, core[a373ad73a504971]::result::Result<(), alloc[2e1b2a31b91974c5]::string::String>>
[INFO] [stdout]                                at /rustc/e3feeb59cd1bdd011a2bfcc0747b55125d9b8527/library/std/src/panic.rs:359:14
[INFO] [stdout]   29:     0x5a2365e92175 - test[aada8e7e76ba119b]::run_test_in_process
[INFO] [stdout]                                at /rustc/e3feeb59cd1bdd011a2bfcc0747b55125d9b8527/library/test/src/lib.rs:724:27
[INFO] [stdout]   30:     0x5a2365e92175 - test[aada8e7e76ba119b]::run_test::{closure#0}
[INFO] [stdout]                                at /rustc/e3feeb59cd1bdd011a2bfcc0747b55125d9b8527/library/test/src/lib.rs:645:43
[INFO] [stdout]   31:     0x5a2365e8ba64 - test[aada8e7e76ba119b]::run_test::{closure#1}
[INFO] [stdout]                                at /rustc/e3feeb59cd1bdd011a2bfcc0747b55125d9b8527/library/test/src/lib.rs:675:41
[INFO] [stdout]   32:     0x5a2365e8ba64 - std[617be2ca0a6fd877]::sys::backtrace::__rust_begin_short_backtrace::<test[aada8e7e76ba119b]::run_test::{closure#1}, ()>
[INFO] [stdout]                                at /rustc/e3feeb59cd1bdd011a2bfcc0747b55125d9b8527/library/std/src/sys/backtrace.rs:166:18
[INFO] [stdout]   33:     0x5a2365e95202 - std[617be2ca0a6fd877]::thread::lifecycle::spawn_unchecked::<test[aada8e7e76ba119b]::run_test::{closure#1}, ()>::{closure#1}::{closure#0}
[INFO] [stdout]                                at /rustc/e3feeb59cd1bdd011a2bfcc0747b55125d9b8527/library/std/src/thread/lifecycle.rs:70:13
[INFO] [stdout]   34:     0x5a2365e95202 - <core[a373ad73a504971]::panic::unwind_safe::AssertUnwindSafe<std[617be2ca0a6fd877]::thread::lifecycle::spawn_unchecked<test[aada8e7e76ba119b]::run_test::{closure#1}, ()>::{closure#1}::{closure#0}> as core[a373ad73a504971]::ops::function::FnOnce<()>>::call_once
[INFO] [stdout]                                at /rustc/e3feeb59cd1bdd011a2bfcc0747b55125d9b8527/library/core/src/panic/unwind_safe.rs:275:9
[INFO] [stdout]   35:     0x5a2365e95202 - std[617be2ca0a6fd877]::panicking::catch_unwind::do_call::<core[a373ad73a504971]::panic::unwind_safe::AssertUnwindSafe<std[617be2ca0a6fd877]::thread::lifecycle::spawn_unchecked<test[aada8e7e76ba119b]::run_test::{closure#1}, ()>::{closure#1}::{closure#0}>, ()>
[INFO] [stdout]                                at /rustc/e3feeb59cd1bdd011a2bfcc0747b55125d9b8527/library/std/src/panicking.rs:573:43
[INFO] [stdout]   36:     0x5a2365e95202 - std[617be2ca0a6fd877]::panicking::catch_unwind::<(), core[a373ad73a504971]::panic::unwind_safe::AssertUnwindSafe<std[617be2ca0a6fd877]::thread::lifecycle::spawn_unchecked<test[aada8e7e76ba119b]::run_test::{closure#1}, ()>::{closure#1}::{closure#0}>>
[INFO] [stdout]                                at /rustc/e3feeb59cd1bdd011a2bfcc0747b55125d9b8527/library/std/src/panicking.rs:541:19
[INFO] [stdout]   37:     0x5a2365e95202 - std[617be2ca0a6fd877]::panic::catch_unwind::<core[a373ad73a504971]::panic::unwind_safe::AssertUnwindSafe<std[617be2ca0a6fd877]::thread::lifecycle::spawn_unchecked<test[aada8e7e76ba119b]::run_test::{closure#1}, ()>::{closure#1}::{closure#0}>, ()>
[INFO] [stdout]                                at /rustc/e3feeb59cd1bdd011a2bfcc0747b55125d9b8527/library/std/src/panic.rs:359:14
[INFO] [stdout]   38:     0x5a2365e95202 - std[617be2ca0a6fd877]::thread::lifecycle::spawn_unchecked::<test[aada8e7e76ba119b]::run_test::{closure#1}, ()>::{closure#1}
[INFO] [stdout]                                at /rustc/e3feeb59cd1bdd011a2bfcc0747b55125d9b8527/library/std/src/thread/lifecycle.rs:68:26
[INFO] [stdout]   39:     0x5a2365e95202 - <std[617be2ca0a6fd877]::thread::lifecycle::spawn_unchecked<test[aada8e7e76ba119b]::run_test::{closure#1}, ()>::{closure#1} as core[a373ad73a504971]::ops::function::FnOnce<()>>::call_once::{shim:vtable#0}
[INFO] [stdout]                                at /rustc/e3feeb59cd1bdd011a2bfcc0747b55125d9b8527/library/core/src/ops/function.rs:250:5
[INFO] [stdout]   40:     0x5a236637036f - <alloc[2e1b2a31b91974c5]::boxed::Box<dyn core[a373ad73a504971]::ops::function::FnOnce<(), Output = ()> + core[a373ad73a504971]::marker::Send> as core[a373ad73a504971]::ops::function::FnOnce<()>>::call_once
[INFO] [stdout]                                at /rustc/e3feeb59cd1bdd011a2bfcc0747b55125d9b8527/library/alloc/src/boxed.rs:2314:9
[INFO] [stdout]   41:     0x5a236637036f - <std[617be2ca0a6fd877]::sys::thread::unix::Thread>::new::thread_start
[INFO] [stdout]                                at /rustc/e3feeb59cd1bdd011a2bfcc0747b55125d9b8527/library/std/src/sys/thread/unix.rs:127:17
[INFO] [stdout]   42:     0x7f4a8f380dfa - <unknown>
[INFO] [stdout]   43:     0x7f4a8f4143d4 - clone
[INFO] [stdout]   44:                0x0 - <unknown>
[INFO] [stdout] 
[INFO] [stdout] 
[INFO] [stdout] failures:
[INFO] [stdout]     santh_conform_passes_its_own_checks
[INFO] [stdout] 
[INFO] [stdout] test result: FAILED. 0 passed; 1 failed; 0 ignored; 0 measured; 0 filtered out; finished in 0.09s
[INFO] [stdout] 
[INFO] [stderr] error: test failed, to rerun pass `--test integration`
[INFO] running `Command { std: "docker" "inspect" "fb003b3b8c9691b8b709af5b5002ce690619313ecdcf2240c209e8cc5d80e10e", kill_on_drop: false }`
[INFO] running `Command { std: "docker" "rm" "-f" "fb003b3b8c9691b8b709af5b5002ce690619313ecdcf2240c209e8cc5d80e10e", kill_on_drop: false }`
[INFO] [stdout] fb003b3b8c9691b8b709af5b5002ce690619313ecdcf2240c209e8cc5d80e10e
