[INFO] fetching crate salib-core 0.2.0...
[INFO] testing salib-core-0.2.0 against 1.99.0-beta.8 for beta-1.100-2
[INFO] extracting crate salib-core 0.2.0 into /workspace/builds/worker-4-tc1/source
[INFO] started tweaking crates.io crate salib-core 0.2.0
[INFO] removed 0 missing tests
[INFO] finished tweaking crates.io crate salib-core 0.2.0
[INFO] tweaked toml for crates.io crate salib-core 0.2.0 written to /workspace/builds/worker-4-tc1/source/Cargo.toml
[INFO] validating manifest of crates.io crate salib-core 0.2.0 on toolchain 1.99.0-beta.8
[INFO] running `Command { std: CARGO_HOME="/workspace/cargo-home" RUSTUP_HOME="/workspace/rustup-home" "/workspace/cargo-home/bin/cargo" "+1.99.0-beta.8" "metadata" "--manifest-path" "Cargo.toml" "--no-deps", kill_on_drop: false }`
[INFO] crate crates.io crate salib-core 0.2.0 already has a lockfile, it will not be regenerated
[INFO] running `Command { std: CARGO_HOME="/workspace/cargo-home" RUSTUP_HOME="/workspace/rustup-home" "/workspace/cargo-home/bin/cargo" "+1.99.0-beta.8" "fetch" "--manifest-path" "Cargo.toml", kill_on_drop: false }`
[INFO] [stderr]     Updating crates.io index
[INFO] [stderr]  Downloading crates ...
[INFO] [stderr]   Downloaded statrs v0.18.0
[INFO] [stderr]   Downloaded salib-tck v0.2.0
[INFO] running `Command { std: "docker" "create" "-v" "/var/lib/crater-agent-workspace/builds/worker-4-tc1/source:/opt/rustwide/workdir:ro,Z" "-v" "/var/lib/crater-agent-workspace/builds/worker-4-tc1/target:/opt/rustwide/target:rw,Z" "-v" "/var/lib/crater-agent-workspace/cargo-home:/opt/rustwide/cargo-home:ro,Z" "-v" "/var/lib/crater-agent-workspace/rustup-home:/opt/rustwide/rustup-home:ro,Z" "-m" "1610612736" "--network" "none" "ghcr.io/rust-lang/crates-build-env/linux@sha256:3111399a4047eeb3a02b7a90e478d715f38a8c6669b5c4b49d30a17385265909" "sleep" "infinity", kill_on_drop: false }`
[INFO] [stdout] 4af89c334e9ac1ca71d8f0c3323ecbfffb95e543c26a8778e3351d991c2a160c
[INFO] running `Command { std: "docker" "start" "4af89c334e9ac1ca71d8f0c3323ecbfffb95e543c26a8778e3351d991c2a160c", kill_on_drop: false }`
[INFO] running `Command { std: "docker" "inspect" "4af89c334e9ac1ca71d8f0c3323ecbfffb95e543c26a8778e3351d991c2a160c", kill_on_drop: false }`
[INFO] running `Command { std: "docker" "exec" "-e" "SOURCE_DIR=/opt/rustwide/workdir" "-e" "CARGO_HOME=/opt/rustwide/cargo-home" "-e" "RUSTUP_HOME=/opt/rustwide/rustup-home" "-e" "CARGO_TARGET_DIR=/opt/rustwide/target" "-w" "/opt/rustwide/workdir" "--user" "0:0" "4af89c334e9ac1ca71d8f0c3323ecbfffb95e543c26a8778e3351d991c2a160c" "/opt/rustwide/cargo-home/bin/cargo" "+1.99.0-beta.8" "metadata" "--no-deps" "--format-version=1", kill_on_drop: false }`
[INFO] running `Command { std: "docker" "inspect" "4af89c334e9ac1ca71d8f0c3323ecbfffb95e543c26a8778e3351d991c2a160c", kill_on_drop: false }`
[INFO] running `Command { std: "docker" "exec" "-e" "SOURCE_DIR=/opt/rustwide/workdir" "-e" "CARGO_HOME=/opt/rustwide/cargo-home" "-e" "RUSTUP_HOME=/opt/rustwide/rustup-home" "-e" "CARGO_TARGET_DIR=/opt/rustwide/target" "-e" "CARGO_INCREMENTAL=0" "-e" "RUST_BACKTRACE=full" "-e" "RUSTFLAGS=--cap-lints=warn" "-e" "RUSTDOCFLAGS=--cap-lints=warn" "-w" "/opt/rustwide/workdir" "--user" "0:0" "4af89c334e9ac1ca71d8f0c3323ecbfffb95e543c26a8778e3351d991c2a160c" "/opt/rustwide/cargo-home/bin/cargo" "+1.99.0-beta.8" "build" "--frozen" "--message-format=json", kill_on_drop: false }`
[INFO] [stderr]    Compiling num-traits v0.2.19
[INFO] [stderr]    Compiling libc v0.2.186
[INFO] [stderr]    Compiling zerocopy v0.8.48
[INFO] [stderr]    Compiling bytemuck v1.25.0
[INFO] [stderr]    Compiling matrixmultiply v0.3.10
[INFO] [stderr]    Compiling rawpointer v0.2.1
[INFO] [stderr]    Compiling rand_core v0.9.5
[INFO] [stderr]    Compiling syn v2.0.117
[INFO] [stderr]    Compiling crypto-common v0.1.7
[INFO] [stderr]    Compiling serde_json v1.0.149
[INFO] [stderr]    Compiling rayon v1.12.0
[INFO] [stderr]    Compiling rand v0.9.4
[INFO] [stderr]    Compiling digest v0.10.7
[INFO] [stderr]    Compiling safe_arch v0.7.4
[INFO] [stderr]    Compiling sha2 v0.10.9
[INFO] [stderr]    Compiling wide v0.7.33
[INFO] [stderr]    Compiling approx v0.5.1
[INFO] [stderr]    Compiling num-integer v0.1.46
[INFO] [stderr]    Compiling num-complex v0.4.6
[INFO] [stderr]    Compiling num-rational v0.4.2
[INFO] [stderr]    Compiling simba v0.9.1
[INFO] [stderr]    Compiling getrandom v0.2.17
[INFO] [stderr]    Compiling rand_core v0.6.4
[INFO] [stderr]    Compiling thiserror-impl v2.0.18
[INFO] [stderr]    Compiling serde_derive v1.0.228
[INFO] [stderr]    Compiling thiserror v2.0.18
[INFO] [stderr]    Compiling ppv-lite86 v0.2.21
[INFO] [stderr]    Compiling rand_chacha v0.3.1
[INFO] [stderr]    Compiling rand_chacha v0.9.0
[INFO] [stderr]    Compiling rand v0.8.6
[INFO] [stderr]    Compiling serde v1.0.228
[INFO] [stderr]    Compiling rand_distr v0.4.3
[INFO] [stderr]    Compiling nalgebra v0.33.3
[INFO] [stderr]    Compiling statrs v0.18.0
[INFO] [stderr]    Compiling salib-core v0.2.0 (/opt/rustwide/workdir)
[INFO] [stderr]     Finished `dev` profile [unoptimized + debuginfo] target(s) in 27.11s
[INFO] running `Command { std: "docker" "inspect" "4af89c334e9ac1ca71d8f0c3323ecbfffb95e543c26a8778e3351d991c2a160c", kill_on_drop: false }`
[INFO] running `Command { std: "docker" "exec" "-e" "SOURCE_DIR=/opt/rustwide/workdir" "-e" "CARGO_HOME=/opt/rustwide/cargo-home" "-e" "RUSTUP_HOME=/opt/rustwide/rustup-home" "-e" "CARGO_TARGET_DIR=/opt/rustwide/target" "-e" "CARGO_INCREMENTAL=0" "-e" "RUST_BACKTRACE=full" "-e" "RUSTFLAGS=--cap-lints=warn" "-e" "RUSTDOCFLAGS=--cap-lints=warn" "-w" "/opt/rustwide/workdir" "--user" "0:0" "4af89c334e9ac1ca71d8f0c3323ecbfffb95e543c26a8778e3351d991c2a160c" "/opt/rustwide/cargo-home/bin/cargo" "+1.99.0-beta.8" "test" "--frozen" "--no-run" "--message-format=json", kill_on_drop: false }`
[INFO] [stderr]    Compiling salib-tck v0.2.0
[INFO] [stderr]    Compiling salib-core v0.2.0 (/opt/rustwide/workdir)
[INFO] [stderr]     Finished `test` profile [unoptimized + debuginfo] target(s) in 4.66s
[INFO] running `Command { std: "docker" "inspect" "4af89c334e9ac1ca71d8f0c3323ecbfffb95e543c26a8778e3351d991c2a160c", kill_on_drop: false }`
[INFO] running `Command { std: "docker" "exec" "-e" "SOURCE_DIR=/opt/rustwide/workdir" "-e" "CARGO_HOME=/opt/rustwide/cargo-home" "-e" "RUSTUP_HOME=/opt/rustwide/rustup-home" "-e" "CARGO_TARGET_DIR=/opt/rustwide/target" "-e" "CARGO_INCREMENTAL=0" "-e" "RUST_BACKTRACE=full" "-e" "RUSTFLAGS=--cap-lints=warn" "-e" "RUSTDOCFLAGS=--cap-lints=warn" "-w" "/opt/rustwide/workdir" "--user" "0:0" "4af89c334e9ac1ca71d8f0c3323ecbfffb95e543c26a8778e3351d991c2a160c" "/opt/rustwide/cargo-home/bin/cargo" "+1.99.0-beta.8" "test" "--frozen", kill_on_drop: false }`
[INFO] [stderr]     Finished `test` profile [unoptimized + debuginfo] target(s) in 0.10s
[INFO] [stdout] 
[INFO] [stderr]      Running unittests src/lib.rs (/opt/rustwide/target/debug/deps/salib_core-8577f01216a94f45)
[INFO] [stdout] running 160 tests
[INFO] [stdout] test distribution::tests::bernoulli_one_p_returns_one_above_zero ... ok
[INFO] [stdout] test distribution::tests::discrete_uniform_negative_range ... ok
[INFO] [stdout] test distribution::tests::discrete_uniform_six_values ... ok
[INFO] [stdout] test distribution::tests::beta_quantile_at_zero_is_lo ... ok
[INFO] [stdout] test distribution::tests::distribution_serde_round_trip_for_all_variants ... ok
[INFO] [stdout] test distribution::tests::exponential_quantile_at_zero_is_zero ... ok
[INFO] [stdout] test distribution::tests::beta_quantile_at_one_is_hi ... ok
[INFO] [stdout] test distribution::tests::exponential_quantile_known_point ... ok
[INFO] [stdout] test distribution::tests::exponential_monotone ... ok
[INFO] [stdout] test distribution::tests::exponential_quantile_at_one_is_infinity ... ok
[INFO] [stdout] test distribution::tests::bernoulli_threshold_is_inclusive_at_one_minus_p ... ok
[INFO] [stdout] test distribution::tests::bernoulli_monotone ... ok
[INFO] [stdout] test distribution::tests::discrete_uniform_monotone ... ok
[INFO] [stdout] test distribution::tests::discrete_uniform_singleton ... ok
[INFO] [stdout] test distribution::tests::beta_quantile_at_half_for_alpha_eq_beta_is_midpoint ... ok
[INFO] [stdout] test distribution::tests::bernoulli_zero_p_is_always_zero ... ok
[INFO] [stdout] test distribution::tests::beta_monotone ... ok
[INFO] [stdout] test distribution::tests::beta_affine_to_general_range ... ok
[INFO] [stdout] test distribution::tests::beta_uniform_special_case ... ok
[INFO] [stdout] test distribution::tests::discrete_uniform_two_values ... ok
[INFO] [stdout] test distribution::tests::lognormal_monotone ... ok
[INFO] [stdout] test distribution::tests::lognormal_quantile_at_half_is_exp_mu_log ... ok
[INFO] [stdout] test distribution::tests::normal_quantile_at_half_is_mean ... ok
[INFO] [stdout] test distribution::tests::normal_quantile_one_sigma_above_mean ... ok
[INFO] [stdout] test distribution::tests::normal_support_is_unbounded ... ok
[INFO] [stdout] test distribution::tests::normal_quantile_symmetric_about_mean ... ok
[INFO] [stdout] test distribution::tests::gamma_shape_one_collapses_to_exponential ... ok
[INFO] [stdout] test distribution::tests::quantile_at_one_returns_upper_support_for_finite_distributions ... ok
[INFO] [stdout] test distribution::tests::gamma_monotone ... ok
[INFO] [stdout] test distribution::tests::triangular_at_f_mode_is_mode ... ok
[INFO] [stdout] test distribution::tests::triangular_quantile_at_zero_is_lo ... ok
[INFO] [stdout] test distribution::tests::uniform_general_quantile_linearly_maps ... ok
[INFO] [stdout] test distribution::tests::triangular_monotone_asymmetric ... ok
[INFO] [stdout] test distribution::tests::triangular_monotone_symmetric ... ok
[INFO] [stdout] test distribution::tests::triangular_support_matches_params ... ok
[INFO] [stdout] test distribution::tests::gamma_support ... ok
[INFO] [stdout] test distribution::tests::uniform_monotone ... ok
[INFO] [stdout] test distribution::tests::uniform_negative_range ... ok
[INFO] [stdout] test distribution::tests::uniform_saturates_out_of_range_u ... ok
[INFO] [stdout] test distribution::tests::triangular_quantile_at_one_is_hi ... ok
[INFO] [stdout] test distribution::tests::lognormal_support_is_zero_to_infinity ... ok
[INFO] [stdout] test distribution::tests::weibull_monotone ... ok
[INFO] [stdout] test distribution::tests::uniform_support_matches_params ... ok
[INFO] [stdout] test distribution::tests::normal_monotone ... ok
[INFO] [stdout] test distribution::tests::weibull_quantile_at_one_is_infinity ... ok
[INFO] [stdout] test distribution::tests::quantile_at_zero_returns_lower_support_for_finite_distributions ... ok
[INFO] [stdout] test distribution::tests::triangular_asymmetric_mode ... ok
[INFO] [stdout] test problem::tests::build_single_factor ... ok
[INFO] [stdout] test distribution::tests::weibull_quantile_at_zero_is_zero ... ok
[INFO] [stdout] test problem::tests::content_hash_distinct_for_different_factor_names ... ok
[INFO] [stdout] test distribution::tests::weibull_shape_one_collapses_to_exponential ... ok
[INFO] [stdout] test problem::tests::build_with_kind_preserves_kind ... ok
[INFO] [stdout] test problem::tests::build_error_implements_display_and_debug ... ok
[INFO] [stdout] test problem::tests::build_three_factors ... ok
[INFO] [stdout] test problem::tests::content_hash_equal_for_equal_problems ... ok
[INFO] [stdout] test problem::tests::content_hash_returns_thirty_two_bytes ... ok
[INFO] [stdout] test distribution::tests::uniform_zero_one_quantile_is_u ... ok
[INFO] [stdout] test problem::tests::empty_builder_fails ... ok
[INFO] [stdout] test problem::tests::dim_matches_factor_count ... ok
[INFO] [stdout] test problem::tests::content_hash_distinct_for_different_distributions ... ok
[INFO] [stdout] test problem::tests::factor_in_multiple_groups_fails ... ok
[INFO] [stdout] test problem::tests::grouped_problem_builds ... ok
[INFO] [stdout] test problem::tests::content_hash_distinct_for_different_kinds ... ok
[INFO] [stdout] test problem::tests::invalid_bernoulli_p_above_one_fails ... ok
[INFO] [stdout] test problem::tests::invalid_beta_alpha_zero_fails ... ok
[INFO] [stdout] test problem::tests::factor_kind_serde_round_trip ... ok
[INFO] [stdout] test problem::tests::invalid_normal_sigma_zero_fails ... ok
[INFO] [stdout] test problem::tests::invalid_triangular_mode_outside_range_fails ... ok
[INFO] [stdout] test problem::tests::factors_returns_in_insertion_order ... ok
[INFO] [stdout] test problem::tests::invalid_uniform_lo_geq_hi_fails ... ok
[INFO] [stdout] test problem::tests::no_groups_gives_none ... ok
[INFO] [stdout] test problem::tests::problem_serde_round_trip ... ok
[INFO] [stdout] test problem::tests::group_index_out_of_range_fails ... ok
[INFO] [stdout] test problem::tests::empty_group_fails ... ok
[INFO] [stdout] test problem::tests::factor_kind_default_is_continuous ... ok
[INFO] [stdout] test problem::tests::invalid_exponential_lambda_zero_fails ... ok
[INFO] [stdout] test problem::tests::duplicate_name_fails ... ok
[INFO] [stdout] test problem::tests::content_hash_distinct_for_factor_order_swap ... ok
[INFO] [stdout] test problem::tests::content_hash_is_stable_across_calls ... ok
[INFO] [stdout] test problem::tests::empty_categorical_fails ... ok
[INFO] [stdout] test reduce::tests::par_tree_sum_one_block_exact ... ok
[INFO] [stdout] test reduce::tests::par_tree_sum_short_input_falls_through_to_tree_sum ... ok
[INFO] [stdout] test reduce::tests::tree_dot_distributes_over_addition_within_fp ... ok
[INFO] [stdout] test reduce::tests::tree_dot_is_commutative_bitwise ... ok
[INFO] [stdout] test reduce::tests::serial_par_parity_sum ... ok
[INFO] [stdout] test reduce::tests::serial_par_parity_dot ... ok
[INFO] [stdout] test reduce::tests::par_tree_dot_with_self_equals_sum_of_squares ... ok
[INFO] [stdout] test reduce::tests::par_tree_dot_handles_lengths_through_block_boundary ... ok
[INFO] [stdout] test reduce::tests::par_tree_dot_long_input_matches_tree_dot_bitwise ... ok
[INFO] [stdout] test reduce::tests::tree_dot_of_empty_pair_is_zero ... ok
[INFO] [stdout] test reduce::tests::par_tree_sum_matches_tree_sum_for_zero_vector ... ok
[INFO] [stdout] test reduce::tests::tree_dot_of_unit_vectors_is_inner_product ... ok
[INFO] [stdout] test reduce::tests::serial_par_parity_var ... ok
[INFO] [stdout] test reduce::tests::tree_dot_scales_with_either_argument ... ok
[INFO] [stdout] test reduce::tests::tree_dot_matches_naive_dot_for_short_inputs ... ok
[INFO] [stdout] test reduce::tests::par_tree_var_handles_lengths_through_block_boundary ... ok
[INFO] [stdout] test reduce::tests::tree_dot_with_zero_vector_is_zero ... ok
[INFO] [stdout] test reduce::tests::tree_sum_concat_equals_sum_of_subsums_for_powers_of_two ... ok
[INFO] [stdout] test reduce::tests::par_tree_sum_matches_tree_sum_for_negative_values ... ok
[INFO] [stdout] test reduce::tests::tree_dot_squares_match_tree_sum_of_squares ... ok
[INFO] [stdout] test reduce::tests::tree_sum_alternating_signs_cancels ... ok
[INFO] [stdout] test distribution::tests::gamma_quantile_at_zero_is_zero ... ok
[INFO] [stdout] test reduce::tests::tree_sum_odd_length_handles_trailing_element ... ok
[INFO] [stdout] test reduce::tests::tree_sum_of_three_elements_pairs_first_two_then_adds_third ... ok
[INFO] [stdout] test reduce::tests::par_tree_var_matches_tree_var_bitwise_long_input ... ok
[INFO] [stdout] test reduce::tests::par_tree_sum_many_blocks_with_tail ... ok
[INFO] [stdout] test reduce::tests::tree_sum_empty_is_zero ... ok
[INFO] [stdout] test reduce::tests::tree_sum_four_elements_pairs_then_pairs ... ok
[INFO] [stdout] test reduce::tests::tree_sum_handles_subnormals ... ok
[INFO] [stdout] test reduce::tests::tree_sum_matches_arithmetic_progression_closed_form ... ok
[INFO] [stdout] test reduce::tests::tree_sum_negative_values_sum_correctly ... ok
[INFO] [stdout] test reduce::tests::tree_sum_pair_is_sum ... ok
[INFO] [stdout] test reduce::tests::tree_sum_scaled_input_scales_output_for_finite_factor ... ok
[INFO] [stdout] test reduce::tests::tree_sum_single_is_passthrough ... ok
[INFO] [stdout] test reduce::tests::tree_var_constant_input_is_zero ... ok
[INFO] [stdout] test reduce::tests::tree_var_matches_unbiased_formula_for_simple_input ... ok
[INFO] [stdout] test reduce::tests::tree_var_of_centered_dataset_matches_naive_unbiased ... ok
[INFO] [stdout] test reduce::tests::tree_var_of_two_equal_values_is_zero ... ok
[INFO] [stdout] test reduce::tests::tree_sum_handles_lengths_through_block_boundary ... ok
[INFO] [stdout] test reduce::tests::tree_var_is_translation_invariant ... ok
[INFO] [stdout] test reduce::tests::tree_var_matches_naive_var_for_uniform_grid ... ok
[INFO] [stdout] test rng::tests::fork_keys_off_seed_not_just_stream ... ok
[INFO] [stdout] test reduce::tests::tree_var_uses_bessel_correction_n_minus_one ... ok
[INFO] [stdout] test rng::tests::fork_is_not_commutative_under_double_fork ... ok
[INFO] [stdout] test rng::tests::fork_one_byte_salt_difference_changes_stream ... ok
[INFO] [stdout] test reduce::tests::tree_sum_two_elements_uses_single_addition ... ok
[INFO] [stdout] test rng::tests::fork_keys_off_parent_stream_not_just_seed ... ok
[INFO] [stdout] test rng::tests::distinct_streams_give_independent_byte_sequences ... ok
[INFO] [stdout] test rng::tests::fork_chains_of_same_salt_strictly_descend_to_distinct_streams ... ok
[INFO] [stdout] test rng::tests::fork_with_distinct_salts_produces_distinct_streams ... ok
[INFO] [stdout] test rng::tests::fork_resets_child_word_pos ... ok
[INFO] [stdout] test reduce::tests::tree_var_short_input_returns_zero_below_n_two ... ok
[INFO] [stdout] test rng::tests::fork_long_salt_is_handled ... ok
[INFO] [stdout] test rng::tests::fork_is_pure_under_parent_stream_and_seed ... ok
[INFO] [stdout] test reduce::tests::tree_sum_zero_vector_is_zero ... ok
[INFO] [stdout] test rng::tests::fork_with_empty_salt_is_deterministic ... ok
[INFO] [stdout] test rng::tests::into_chacha_initializes_stream_and_word_pos_correctly ... ok
[INFO] [stdout] test rng::tests::rng_algorithm_default_is_chacha20 ... ok
[INFO] [stdout] test rng::tests::rng_algorithm_serde_round_trip ... ok
[INFO] [stdout] test rng::tests::fork_with_empty_salt_differs_from_fork_with_nonempty_salt ... ok
[INFO] [stdout] test rng::tests::fork_xors_with_mix_so_distinct_parents_produce_distinct_children_under_same_salt ... ok
[INFO] [stdout] test rng::tests::from_seed_equals_from_parts_with_zero_stream_and_zero_word_pos ... ok
[INFO] [stdout] test rng::tests::same_state_produces_identical_bytes ... ok
[INFO] [stdout] test rng::tests::snapshot_at_word_pos_zero_equals_a_fresh_state ... ok
[INFO] [stdout] test rng::tests::rngstate_serde_round_trip ... ok
[INFO] [stdout] test rng::tests::fork_with_same_salt_is_deterministic ... ok
[INFO] [stdout] test rng::tests::snapshot_can_be_round_tripped_through_serde ... ok
[INFO] [stdout] test reduce::tests::par_tree_sum_long_input_matches_tree_sum_bitwise ... ok
[INFO] [stdout] test reduce::tests::par_tree_sum_is_self_consistent_across_reruns ... ok
[INFO] [stdout] test rng::tests::snapshot_records_post_draw_word_pos ... ok
[INFO] [stdout] test rng::tests::into_chacha_clones_so_state_is_unchanged_by_draws ... ok
[INFO] [stdout] test rng::tests::from_parts_preserves_all_four_fields ... ok
[INFO] [stdout] test rng::tests::from_seed_defaults_stream_and_word_pos_to_zero ... ok
[INFO] [stdout] test rng::tests::streams_with_distinct_seeds_are_independent ... ok
[INFO] [stdout] test rng::tests::snapshot_matches_set_word_pos_resumption ... ok
[INFO] [stdout] test reduce::tests::tree_var_scales_quadratically ... ok
[INFO] [stdout] test distribution::tests::normal_zero_sigma_panics - should panic ... ok
[INFO] [stdout] test rng::tests::snapshot_round_trips_word_pos_and_stream ... ok
[INFO] [stdout] test reduce::tests::tree_dot_length_mismatch_panics - should panic ... ok
[INFO] [stdout] test reduce::tests::tree_sum_distinguishes_naive_left_fold_under_catastrophic_cancellation ... ok
[INFO] [stdout] 
[INFO] [stdout] test result: ok. 160 passed; 0 failed; 0 ignored; 0 measured; 0 filtered out; finished in 0.24s
[INFO] [stdout] 
[INFO] [stderr]      Running tests/distribution_tck.rs (/opt/rustwide/target/debug/deps/distribution_tck-0c36a7d568944e9a)
[INFO] [stdout] 
[INFO] [stdout] running 1 test
[INFO] [stdout] test inverse_cdf_round_trip_feature_runs ... FAILED
[INFO] [stdout] 
[INFO] [stdout] failures:
[INFO] [stdout] 
[INFO] [stdout] ---- inverse_cdf_round_trip_feature_runs stdout ----
[INFO] [stdout] 
[INFO] [stdout] thread 'inverse_cdf_round_trip_feature_runs' (928) panicked at tests/distribution_tck.rs:99:59:
[INFO] [stdout] read /opt/rustwide/workdir/../../tck/salib/problem/features/inverse_cdf_round_trip.feature: No such file or directory (os error 2)
[INFO] [stdout] stack backtrace:
[INFO] [stdout]    0:     0x602f46a6ece1 - std[70759c8f55707aa4]::backtrace_rs::backtrace::libunwind::trace
[INFO] [stdout]                                at /rustc/dfb0accb7f508ae8be965d8629557221c889dd98/library/std/src/../../backtrace/src/backtrace/libunwind.rs:117:9
[INFO] [stdout]    1:     0x602f46a6ece1 - std[70759c8f55707aa4]::backtrace_rs::backtrace::trace_unsynchronized::<std[70759c8f55707aa4]::sys::backtrace::_print_fmt::{closure#1}>
[INFO] [stdout]                                at /rustc/dfb0accb7f508ae8be965d8629557221c889dd98/library/std/src/../../backtrace/src/backtrace/mod.rs:66:14
[INFO] [stdout]    2:     0x602f46a6ece1 - std[70759c8f55707aa4]::sys::backtrace::_print_fmt
[INFO] [stdout]                                at /rustc/dfb0accb7f508ae8be965d8629557221c889dd98/library/std/src/sys/backtrace.rs:74:9
[INFO] [stdout]    3:     0x602f46a6ece1 - <<std[70759c8f55707aa4]::sys::backtrace::BacktraceLock>::print::DisplayBacktrace as core[df12db4294e9bfd3]::fmt::Display>::fmt
[INFO] [stdout]                                at /rustc/dfb0accb7f508ae8be965d8629557221c889dd98/library/std/src/sys/backtrace.rs:44:26
[INFO] [stdout]    4:     0x602f46a836ba - <core[df12db4294e9bfd3]::fmt::rt::Argument>::fmt
[INFO] [stdout]                                at /rustc/dfb0accb7f508ae8be965d8629557221c889dd98/library/core/src/fmt/rt.rs:152:76
[INFO] [stdout]    5:     0x602f46a836ba - core[df12db4294e9bfd3]::fmt::write
[INFO] [stdout]    6:     0x602f46a7319c - core[df12db4294e9bfd3]::io::write::default_write_fmt::<alloc[2182bb758b4b3781]::vec::Vec<u8>>
[INFO] [stdout]                                at /rustc/dfb0accb7f508ae8be965d8629557221c889dd98/library/core/src/io/write.rs:402:11
[INFO] [stdout]    7:     0x602f46a7319c - <alloc[2182bb758b4b3781]::vec::Vec<u8> as core[df12db4294e9bfd3]::io::write::Write>::write_fmt
[INFO] [stdout]                                at /rustc/dfb0accb7f508ae8be965d8629557221c889dd98/library/core/src/io/write.rs:335:13
[INFO] [stdout]    8:     0x602f46a4add6 - <std[70759c8f55707aa4]::sys::backtrace::BacktraceLock>::print
[INFO] [stdout]                                at /rustc/dfb0accb7f508ae8be965d8629557221c889dd98/library/std/src/sys/backtrace.rs:47:9
[INFO] [stdout]    9:     0x602f46a4add6 - std[70759c8f55707aa4]::panicking::default_hook::{closure#0}
[INFO] [stdout]                                at /rustc/dfb0accb7f508ae8be965d8629557221c889dd98/library/std/src/panicking.rs:292:27
[INFO] [stdout]   10:     0x602f46a670d9 - std[70759c8f55707aa4]::panicking::default_hook
[INFO] [stdout]                                at /rustc/dfb0accb7f508ae8be965d8629557221c889dd98/library/std/src/panicking.rs:316:9
[INFO] [stdout]   11:     0x602f469ead30 - <alloc[2182bb758b4b3781]::boxed::Box<dyn for<'a, 'b> core[df12db4294e9bfd3]::ops::function::Fn<(&'a std[70759c8f55707aa4]::panic::PanicHookInfo<'b>,), Output = ()> + core[df12db4294e9bfd3]::marker::Send + core[df12db4294e9bfd3]::marker::Sync> as core[df12db4294e9bfd3]::ops::function::Fn<(&std[70759c8f55707aa4]::panic::PanicHookInfo,)>>::call
[INFO] [stdout]                                at /rustc/dfb0accb7f508ae8be965d8629557221c889dd98/library/alloc/src/boxed.rs:2334:9
[INFO] [stdout]   12:     0x602f469ead30 - test[9d35eded1c95d3be]::test_main_inner::<test[9d35eded1c95d3be]::test_main_static::{closure#0}>::{closure#0}
[INFO] [stdout]                                at /rustc/dfb0accb7f508ae8be965d8629557221c889dd98/library/test/src/lib.rs:155:21
[INFO] [stdout]   13:     0x602f46a67292 - <alloc[2182bb758b4b3781]::boxed::Box<dyn for<'a, 'b> core[df12db4294e9bfd3]::ops::function::Fn<(&'a std[70759c8f55707aa4]::panic::PanicHookInfo<'b>,), Output = ()> + core[df12db4294e9bfd3]::marker::Send + core[df12db4294e9bfd3]::marker::Sync> as core[df12db4294e9bfd3]::ops::function::Fn<(&std[70759c8f55707aa4]::panic::PanicHookInfo,)>>::call
[INFO] [stdout]                                at /rustc/dfb0accb7f508ae8be965d8629557221c889dd98/library/alloc/src/boxed.rs:2334:9
[INFO] [stdout]   14:     0x602f46a67292 - std[70759c8f55707aa4]::panicking::panic_with_hook
[INFO] [stdout]                                at /rustc/dfb0accb7f508ae8be965d8629557221c889dd98/library/std/src/panicking.rs:823:13
[INFO] [stdout]   15:     0x602f46a4ae82 - std[70759c8f55707aa4]::panicking::panic_handler::{closure#0}
[INFO] [stdout]                                at /rustc/dfb0accb7f508ae8be965d8629557221c889dd98/library/std/src/panicking.rs:688:13
[INFO] [stdout]   16:     0x602f46a43a79 - std[70759c8f55707aa4]::sys::backtrace::__rust_end_short_backtrace::<std[70759c8f55707aa4]::panicking::panic_handler::{closure#0}, !>
[INFO] [stdout]                                at /rustc/dfb0accb7f508ae8be965d8629557221c889dd98/library/std/src/sys/backtrace.rs:182:18
[INFO] [stdout]   17:     0x602f46a4ba7d - __rustc[8fa7c3cbc660c2b3]::rust_begin_unwind
[INFO] [stdout]                                at /rustc/dfb0accb7f508ae8be965d8629557221c889dd98/library/std/src/panicking.rs:679:5
[INFO] [stdout]   18:     0x602f46a83dec - core[df12db4294e9bfd3]::panicking::panic_fmt
[INFO] [stdout]                                at /rustc/dfb0accb7f508ae8be965d8629557221c889dd98/library/core/src/panicking.rs:80:14
[INFO] [stdout]   19:     0x602f469d1988 - distribution_tck[384b894668493fa1]::inverse_cdf_round_trip_feature_runs::{closure#0}
[INFO] [stdout]                                at /opt/rustwide/workdir/tests/distribution_tck.rs:99:59
[INFO] [stdout]   20:     0x602f469d8601 - <core[df12db4294e9bfd3]::result::Result<alloc[2182bb758b4b3781]::string::String, core[df12db4294e9bfd3]::io::error::Error>>::unwrap_or_else::<distribution_tck[384b894668493fa1]::inverse_cdf_round_trip_feature_runs::{closure#0}>
[INFO] [stdout]                                at /rustc/dfb0accb7f508ae8be965d8629557221c889dd98/library/core/src/result.rs:1621:23
[INFO] [stdout]   21:     0x602f469d5507 - distribution_tck[384b894668493fa1]::inverse_cdf_round_trip_feature_runs
[INFO] [stdout]                                at /opt/rustwide/workdir/tests/distribution_tck.rs:99:40
[INFO] [stdout]   22:     0x602f469d1827 - distribution_tck[384b894668493fa1]::inverse_cdf_round_trip_feature_runs::{closure#0}
[INFO] [stdout]                                at /opt/rustwide/workdir/tests/distribution_tck.rs:96:41
[INFO] [stdout]   23:     0x602f469d7de6 - <distribution_tck[384b894668493fa1]::inverse_cdf_round_trip_feature_runs::{closure#0} as core[df12db4294e9bfd3]::ops::function::FnOnce<()>>::call_once
[INFO] [stdout]                                at /rustc/dfb0accb7f508ae8be965d8629557221c889dd98/library/core/src/ops/function.rs:250:5
[INFO] [stdout]   24:     0x602f469de01b - <fn() -> core[df12db4294e9bfd3]::result::Result<(), alloc[2182bb758b4b3781]::string::String> as core[df12db4294e9bfd3]::ops::function::FnOnce<()>>::call_once
[INFO] [stdout]                                at /rustc/dfb0accb7f508ae8be965d8629557221c889dd98/library/core/src/ops/function.rs:250:5
[INFO] [stdout]   25:     0x602f469de01b - test[9d35eded1c95d3be]::__rust_begin_short_backtrace::<core[df12db4294e9bfd3]::result::Result<(), alloc[2182bb758b4b3781]::string::String>, fn() -> core[df12db4294e9bfd3]::result::Result<(), alloc[2182bb758b4b3781]::string::String>>
[INFO] [stdout]                                at /rustc/dfb0accb7f508ae8be965d8629557221c889dd98/library/test/src/lib.rs:733:18
[INFO] [stdout]   26:     0x602f469eb685 - test[9d35eded1c95d3be]::run_test_in_process::{closure#0}
[INFO] [stdout]                                at /rustc/dfb0accb7f508ae8be965d8629557221c889dd98/library/test/src/lib.rs:756:74
[INFO] [stdout]   27:     0x602f469eb685 - <core[df12db4294e9bfd3]::panic::unwind_safe::AssertUnwindSafe<test[9d35eded1c95d3be]::run_test_in_process::{closure#0}> as core[df12db4294e9bfd3]::ops::function::FnOnce<()>>::call_once
[INFO] [stdout]                                at /rustc/dfb0accb7f508ae8be965d8629557221c889dd98/library/core/src/panic/unwind_safe.rs:275:9
[INFO] [stdout]   28:     0x602f469eb685 - std[70759c8f55707aa4]::panicking::catch_unwind::do_call::<core[df12db4294e9bfd3]::panic::unwind_safe::AssertUnwindSafe<test[9d35eded1c95d3be]::run_test_in_process::{closure#0}>, core[df12db4294e9bfd3]::result::Result<(), alloc[2182bb758b4b3781]::string::String>>
[INFO] [stdout]                                at /rustc/dfb0accb7f508ae8be965d8629557221c889dd98/library/std/src/panicking.rs:576:43
[INFO] [stdout]   29:     0x602f469eb685 - std[70759c8f55707aa4]::panicking::catch_unwind::<core[df12db4294e9bfd3]::result::Result<(), alloc[2182bb758b4b3781]::string::String>, core[df12db4294e9bfd3]::panic::unwind_safe::AssertUnwindSafe<test[9d35eded1c95d3be]::run_test_in_process::{closure#0}>>
[INFO] [stdout]                                at /rustc/dfb0accb7f508ae8be965d8629557221c889dd98/library/std/src/panicking.rs:544:19
[INFO] [stdout]   30:     0x602f469eb685 - std[70759c8f55707aa4]::panic::catch_unwind::<core[df12db4294e9bfd3]::panic::unwind_safe::AssertUnwindSafe<test[9d35eded1c95d3be]::run_test_in_process::{closure#0}>, core[df12db4294e9bfd3]::result::Result<(), alloc[2182bb758b4b3781]::string::String>>
[INFO] [stdout]                                at /rustc/dfb0accb7f508ae8be965d8629557221c889dd98/library/std/src/panic.rs:359:14
[INFO] [stdout]   31:     0x602f469eb685 - test[9d35eded1c95d3be]::run_test_in_process
[INFO] [stdout]                                at /rustc/dfb0accb7f508ae8be965d8629557221c889dd98/library/test/src/lib.rs:756:27
[INFO] [stdout]   32:     0x602f469eb685 - test[9d35eded1c95d3be]::run_test::{closure#0}
[INFO] [stdout]                                at /rustc/dfb0accb7f508ae8be965d8629557221c889dd98/library/test/src/lib.rs:677:43
[INFO] [stdout]   33:     0x602f469e4f44 - test[9d35eded1c95d3be]::run_test::{closure#1}
[INFO] [stdout]                                at /rustc/dfb0accb7f508ae8be965d8629557221c889dd98/library/test/src/lib.rs:707:41
[INFO] [stdout]   34:     0x602f469e4f44 - std[70759c8f55707aa4]::sys::backtrace::__rust_begin_short_backtrace::<test[9d35eded1c95d3be]::run_test::{closure#1}, ()>
[INFO] [stdout]                                at /rustc/dfb0accb7f508ae8be965d8629557221c889dd98/library/std/src/sys/backtrace.rs:166:18
[INFO] [stdout]   35:     0x602f469ee7e2 - std[70759c8f55707aa4]::thread::lifecycle::spawn_unchecked::<test[9d35eded1c95d3be]::run_test::{closure#1}, ()>::{closure#1}::{closure#0}
[INFO] [stdout]                                at /rustc/dfb0accb7f508ae8be965d8629557221c889dd98/library/std/src/thread/lifecycle.rs:70:13
[INFO] [stdout]   36:     0x602f469ee7e2 - <core[df12db4294e9bfd3]::panic::unwind_safe::AssertUnwindSafe<std[70759c8f55707aa4]::thread::lifecycle::spawn_unchecked<test[9d35eded1c95d3be]::run_test::{closure#1}, ()>::{closure#1}::{closure#0}> as core[df12db4294e9bfd3]::ops::function::FnOnce<()>>::call_once
[INFO] [stdout]                                at /rustc/dfb0accb7f508ae8be965d8629557221c889dd98/library/core/src/panic/unwind_safe.rs:275:9
[INFO] [stdout]   37:     0x602f469ee7e2 - std[70759c8f55707aa4]::panicking::catch_unwind::do_call::<core[df12db4294e9bfd3]::panic::unwind_safe::AssertUnwindSafe<std[70759c8f55707aa4]::thread::lifecycle::spawn_unchecked<test[9d35eded1c95d3be]::run_test::{closure#1}, ()>::{closure#1}::{closure#0}>, ()>
[INFO] [stdout]                                at /rustc/dfb0accb7f508ae8be965d8629557221c889dd98/library/std/src/panicking.rs:576:43
[INFO] [stdout]   38:     0x602f469ee7e2 - std[70759c8f55707aa4]::panicking::catch_unwind::<(), core[df12db4294e9bfd3]::panic::unwind_safe::AssertUnwindSafe<std[70759c8f55707aa4]::thread::lifecycle::spawn_unchecked<test[9d35eded1c95d3be]::run_test::{closure#1}, ()>::{closure#1}::{closure#0}>>
[INFO] [stdout]                                at /rustc/dfb0accb7f508ae8be965d8629557221c889dd98/library/std/src/panicking.rs:544:19
[INFO] [stdout]   39:     0x602f469ee7e2 - std[70759c8f55707aa4]::panic::catch_unwind::<core[df12db4294e9bfd3]::panic::unwind_safe::AssertUnwindSafe<std[70759c8f55707aa4]::thread::lifecycle::spawn_unchecked<test[9d35eded1c95d3be]::run_test::{closure#1}, ()>::{closure#1}::{closure#0}>, ()>
[INFO] [stdout]                                at /rustc/dfb0accb7f508ae8be965d8629557221c889dd98/library/std/src/panic.rs:359:14
[INFO] [stdout]   40:     0x602f469ee7e2 - std[70759c8f55707aa4]::thread::lifecycle::spawn_unchecked::<test[9d35eded1c95d3be]::run_test::{closure#1}, ()>::{closure#1}
[INFO] [stdout]                                at /rustc/dfb0accb7f508ae8be965d8629557221c889dd98/library/std/src/thread/lifecycle.rs:68:26
[INFO] [stdout]   41:     0x602f469ee7e2 - <std[70759c8f55707aa4]::thread::lifecycle::spawn_unchecked<test[9d35eded1c95d3be]::run_test::{closure#1}, ()>::{closure#1} as core[df12db4294e9bfd3]::ops::function::FnOnce<()>>::call_once::{shim:vtable#0}
[INFO] [stdout]                                at /rustc/dfb0accb7f508ae8be965d8629557221c889dd98/library/core/src/ops/function.rs:250:5
[INFO] [stdout]   42:     0x602f46a6e249 - <alloc[2182bb758b4b3781]::boxed::Box<dyn core[df12db4294e9bfd3]::ops::function::FnOnce<(), Output = ()> + core[df12db4294e9bfd3]::marker::Send> as core[df12db4294e9bfd3]::ops::function::FnOnce<()>>::call_once
[INFO] [stdout]                                at /rustc/dfb0accb7f508ae8be965d8629557221c889dd98/library/alloc/src/boxed.rs:2320:9
[INFO] [stdout]   43:     0x602f46a6e249 - <std[70759c8f55707aa4]::sys::thread::unix::Thread>::new::thread_start
[INFO] [stdout]                                at /rustc/dfb0accb7f508ae8be965d8629557221c889dd98/library/std/src/sys/thread/unix.rs:123:17
[INFO] [stdout]   44:     0x7f046b82cdfa - <unknown>
[INFO] [stdout]   45:     0x7f046b8c03d4 - clone
[INFO] [stdout]   46:                0x0 - <unknown>
[INFO] [stdout] 
[INFO] [stdout] 
[INFO] [stdout] failures:
[INFO] [stderr] error: test failed, to rerun pass `--test distribution_tck`
[INFO] [stdout]     inverse_cdf_round_trip_feature_runs
[INFO] [stdout] 
[INFO] [stdout] test result: FAILED. 0 passed; 1 failed; 0 ignored; 0 measured; 0 filtered out; finished in 0.05s
[INFO] [stdout] 
[INFO] running `Command { std: "docker" "inspect" "4af89c334e9ac1ca71d8f0c3323ecbfffb95e543c26a8778e3351d991c2a160c", kill_on_drop: false }`
[INFO] running `Command { std: "docker" "rm" "-f" "4af89c334e9ac1ca71d8f0c3323ecbfffb95e543c26a8778e3351d991c2a160c", kill_on_drop: false }`
[INFO] [stdout] 4af89c334e9ac1ca71d8f0c3323ecbfffb95e543c26a8778e3351d991c2a160c
