[INFO] fetching crate safe-ai-skill 1.0.0...
[INFO] testing safe-ai-skill-1.0.0 against 1.99.0-beta.8 for beta-1.100-2
[INFO] extracting crate safe-ai-skill 1.0.0 into /workspace/builds/worker-1-tc1/source
[INFO] started tweaking crates.io crate safe-ai-skill 1.0.0
[INFO] removed 0 missing tests
[INFO] finished tweaking crates.io crate safe-ai-skill 1.0.0
[INFO] tweaked toml for crates.io crate safe-ai-skill 1.0.0 written to /workspace/builds/worker-1-tc1/source/Cargo.toml
[INFO] validating manifest of crates.io crate safe-ai-skill 1.0.0 on toolchain 1.99.0-beta.8
[INFO] running `Command { std: CARGO_HOME="/workspace/cargo-home" RUSTUP_HOME="/workspace/rustup-home" "/workspace/cargo-home/bin/cargo" "+1.99.0-beta.8" "metadata" "--manifest-path" "Cargo.toml" "--no-deps", kill_on_drop: false }`
[INFO] crate crates.io crate safe-ai-skill 1.0.0 already has a lockfile, it will not be regenerated
[INFO] running `Command { std: CARGO_HOME="/workspace/cargo-home" RUSTUP_HOME="/workspace/rustup-home" "/workspace/cargo-home/bin/cargo" "+1.99.0-beta.8" "fetch" "--manifest-path" "Cargo.toml", kill_on_drop: false }`
[INFO] [stderr]     Blocking waiting for file lock on package cache
[INFO] [stderr]     Updating crates.io index
[INFO] [stderr]     Blocking waiting for file lock on package cache
[INFO] [stderr]  Downloading crates ...
[INFO] [stderr]   Downloaded winapi-util v0.1.11
[INFO] [stderr]   Downloaded windows-link v0.2.1
[INFO] [stderr]   Downloaded same-file v1.0.6
[INFO] [stderr]   Downloaded walkdir v2.5.0
[INFO] [stderr]   Downloaded utf8_iter v1.0.4
[INFO] [stderr]   Downloaded zerofrom v0.1.8
[INFO] [stderr]   Downloaded percent-encoding v2.3.2
[INFO] [stderr]   Downloaded idna_adapter v1.2.2
[INFO] [stderr]   Downloaded untrusted v0.9.0
[INFO] [stderr]   Downloaded bs58 v0.5.1
[INFO] [stderr]   Downloaded cfg-if v1.0.4
[INFO] [stderr]   Downloaded zerovec-derive v0.11.3
[INFO] [stderr]   Downloaded zerofrom-derive v0.1.7
[INFO] [stderr]   Downloaded equivalent v1.0.2
[INFO] [stderr]   Downloaded semver v1.0.28
[INFO] [stderr]   Downloaded tinyvec v1.11.0
[INFO] [stderr]   Downloaded synstructure v0.13.2
[INFO] [stderr]   Downloaded writeable v0.6.3
[INFO] [stderr]   Downloaded windows-targets v0.52.6
[INFO] [stderr]   Downloaded yoke v0.8.3
[INFO] [stderr]   Downloaded signature v2.2.0
[INFO] [stderr]   Downloaded version_check v0.9.5
[INFO] [stderr]   Downloaded rustc_version v0.4.1
[INFO] [stderr]   Downloaded tinyvec_macros v0.1.1
[INFO] [stderr]   Downloaded stable_deref_trait v1.2.1
[INFO] [stderr]   Downloaded potential_utf v0.1.5
[INFO] [stderr]   Downloaded curve25519-dalek-derive v0.1.1
[INFO] [stderr]   Downloaded form_urlencoded v1.2.2
[INFO] [stderr]   Downloaded webpki-roots v0.26.11
[INFO] [stderr]   Downloaded itoa v1.0.18
[INFO] [stderr]   Downloaded subtle v2.6.1
[INFO] [stderr]   Downloaded cpufeatures v0.2.17
[INFO] [stderr]   Downloaded yoke-derive v0.8.2
[INFO] [stderr]   Downloaded crypto-common v0.1.7
[INFO] [stderr]   Downloaded quote v1.0.45
[INFO] [stderr]   Downloaded smallvec v1.15.1
[INFO] [stderr]   Downloaded block-buffer v0.10.4
[INFO] [stderr]   Downloaded glob v0.3.3
[INFO] [stderr]   Downloaded displaydoc v0.2.6
[INFO] [stderr]   Downloaded shlex v2.0.1
[INFO] [stderr]   Downloaded sha2 v0.10.9
[INFO] [stderr]   Downloaded wasi v0.11.1+wasi-snapshot-preview1
[INFO] [stderr]   Downloaded pkcs8 v0.10.2
[INFO] [stderr]   Downloaded tinystr v0.8.3
[INFO] [stderr]   Downloaded rand_core v0.6.4
[INFO] [stderr]   Downloaded base64ct v1.8.3
[INFO] [stderr]   Downloaded spki v0.7.3
[INFO] [stderr]   Downloaded zeroize v1.8.2
[INFO] [stderr]   Downloaded find-msvc-tools v0.1.9
[INFO] [stderr]   Downloaded serde_core v1.0.228
[INFO] [stderr]   Downloaded getrandom v0.2.17
[INFO] [stderr]   Downloaded digest v0.10.7
[INFO] [stderr]   Downloaded generic-array v0.14.7
[INFO] [stderr]   Downloaded once_cell v1.21.4
[INFO] [stderr]   Downloaded litemap v0.8.2
[INFO] [stderr]   Downloaded ed25519 v2.2.3
[INFO] [stderr]   Downloaded icu_properties v2.2.0
[INFO] [stderr]   Downloaded icu_provider v2.2.0
[INFO] [stderr]   Downloaded zmij v1.0.21
[INFO] [stderr]   Downloaded rustls-pki-types v1.14.1
[INFO] [stderr]   Downloaded proc-macro2 v1.0.106
[INFO] [stderr]   Downloaded log v0.4.32
[INFO] [stderr]   Downloaded unsafe-libyaml v0.2.11
[INFO] [stderr]   Downloaded const-oid v0.9.6
[INFO] [stderr]   Downloaded icu_locale_core v2.2.0
[INFO] [stderr]   Downloaded icu_normalizer v2.2.0
[INFO] [stderr]   Downloaded icu_normalizer_data v2.2.0
[INFO] [stderr]   Downloaded base64 v0.22.1
[INFO] [stderr]   Downloaded serde_yaml v0.9.34+deprecated
[INFO] [stderr]   Downloaded ryu v1.0.23
[INFO] [stderr]   Downloaded serde_derive v1.0.228
[INFO] [stderr]   Downloaded unicode-ident v1.0.24
[INFO] [stderr]   Downloaded icu_collections v2.2.0
[INFO] [stderr]   Downloaded rustls-webpki v0.103.13
[INFO] [stderr]   Downloaded cc v1.2.63
[INFO] [stderr]   Downloaded ed25519-dalek v2.2.0
[INFO] [stderr]   Downloaded url v2.5.8
[INFO] [stderr]   Downloaded serde v1.0.228
[INFO] [stderr]   Downloaded zerotrie v0.2.4
[INFO] [stderr]   Downloaded zerovec v0.11.6
[INFO] [stderr]   Downloaded typenum v1.20.1
[INFO] [stderr]   Downloaded indexmap v2.14.0
[INFO] [stderr]   Downloaded memchr v2.8.1
[INFO] [stderr]   Downloaded der v0.7.10
[INFO] [stderr]   Downloaded ureq v2.12.1
[INFO] [stderr]   Downloaded idna v1.1.0
[INFO] [stderr]   Downloaded hashbrown v0.17.1
[INFO] [stderr]   Downloaded serde_json v1.0.150
[INFO] [stderr]   Downloaded icu_properties_data v2.2.0
[INFO] [stderr]   Downloaded webpki-roots v1.0.7
[INFO] [stderr]   Downloaded curve25519-dalek v4.1.3
[INFO] [stderr]   Downloaded syn v2.0.117
[INFO] [stderr]   Downloaded rustls v0.23.40
[INFO] [stderr]   Downloaded windows_aarch64_gnullvm v0.52.6
[INFO] [stderr]   Downloaded windows_x86_64_gnullvm v0.52.6
[INFO] [stderr]   Downloaded windows_i686_gnullvm v0.52.6
[INFO] [stderr]   Downloaded fiat-crypto v0.2.9
[INFO] [stderr]   Downloaded windows_aarch64_msvc v0.52.6
[INFO] [stderr]   Downloaded libc v0.2.186
[INFO] [stderr]   Downloaded windows_x86_64_msvc v0.52.6
[INFO] [stderr]   Downloaded windows_x86_64_gnu v0.52.6
[INFO] [stderr]   Downloaded windows_i686_gnu v0.52.6
[INFO] [stderr]   Downloaded windows_i686_msvc v0.52.6
[INFO] [stderr]   Downloaded ring v0.17.14
[INFO] [stderr]   Downloaded windows-sys v0.61.2
[INFO] [stderr]   Downloaded windows-sys v0.52.0
[INFO] running `Command { std: "docker" "create" "-v" "/var/lib/crater-agent-workspace/builds/worker-1-tc1/source:/opt/rustwide/workdir:ro,Z" "-v" "/var/lib/crater-agent-workspace/builds/worker-1-tc1/target:/opt/rustwide/target:rw,Z" "-v" "/var/lib/crater-agent-workspace/cargo-home:/opt/rustwide/cargo-home:ro,Z" "-v" "/var/lib/crater-agent-workspace/rustup-home:/opt/rustwide/rustup-home:ro,Z" "-m" "1610612736" "--network" "none" "ghcr.io/rust-lang/crates-build-env/linux@sha256:3111399a4047eeb3a02b7a90e478d715f38a8c6669b5c4b49d30a17385265909" "sleep" "infinity", kill_on_drop: false }`
[INFO] [stdout] bb55de65fb392b656832c55ad5c853fe185f503cbf4ca697f7f5e53bdabe8810
[INFO] running `Command { std: "docker" "start" "bb55de65fb392b656832c55ad5c853fe185f503cbf4ca697f7f5e53bdabe8810", kill_on_drop: false }`
[INFO] running `Command { std: "docker" "inspect" "bb55de65fb392b656832c55ad5c853fe185f503cbf4ca697f7f5e53bdabe8810", kill_on_drop: false }`
[INFO] running `Command { std: "docker" "exec" "-e" "SOURCE_DIR=/opt/rustwide/workdir" "-e" "CARGO_HOME=/opt/rustwide/cargo-home" "-e" "RUSTUP_HOME=/opt/rustwide/rustup-home" "-e" "CARGO_TARGET_DIR=/opt/rustwide/target" "-w" "/opt/rustwide/workdir" "--user" "0:0" "bb55de65fb392b656832c55ad5c853fe185f503cbf4ca697f7f5e53bdabe8810" "/opt/rustwide/cargo-home/bin/cargo" "+1.99.0-beta.8" "metadata" "--no-deps" "--format-version=1", kill_on_drop: false }`
[INFO] running `Command { std: "docker" "inspect" "bb55de65fb392b656832c55ad5c853fe185f503cbf4ca697f7f5e53bdabe8810", kill_on_drop: false }`
[INFO] running `Command { std: "docker" "exec" "-e" "SOURCE_DIR=/opt/rustwide/workdir" "-e" "CARGO_HOME=/opt/rustwide/cargo-home" "-e" "RUSTUP_HOME=/opt/rustwide/rustup-home" "-e" "CARGO_TARGET_DIR=/opt/rustwide/target" "-e" "CARGO_INCREMENTAL=0" "-e" "RUST_BACKTRACE=full" "-e" "RUSTFLAGS=--cap-lints=warn" "-e" "RUSTDOCFLAGS=--cap-lints=warn" "-w" "/opt/rustwide/workdir" "--user" "0:0" "bb55de65fb392b656832c55ad5c853fe185f503cbf4ca697f7f5e53bdabe8810" "/opt/rustwide/cargo-home/bin/cargo" "+1.99.0-beta.8" "build" "--frozen" "--message-format=json", kill_on_drop: false }`
[INFO] [stderr]    Compiling proc-macro2 v1.0.106
[INFO] [stderr]    Compiling unicode-ident v1.0.24
[INFO] [stderr]    Compiling quote v1.0.45
[INFO] [stderr]    Compiling stable_deref_trait v1.2.1
[INFO] [stderr]    Compiling version_check v0.9.5
[INFO] [stderr]    Compiling litemap v0.8.2
[INFO] [stderr]    Compiling find-msvc-tools v0.1.9
[INFO] [stderr]    Compiling writeable v0.6.3
[INFO] [stderr]    Compiling cfg-if v1.0.4
[INFO] [stderr]    Compiling shlex v2.0.1
[INFO] [stderr]    Compiling zeroize v1.8.2
[INFO] [stderr]    Compiling cc v1.2.63
[INFO] [stderr]    Compiling icu_properties_data v2.2.0
[INFO] [stderr]    Compiling utf8_iter v1.0.4
[INFO] [stderr]    Compiling icu_normalizer_data v2.2.0
[INFO] [stderr]    Compiling typenum v1.20.1
[INFO] [stderr]    Compiling generic-array v0.14.7
[INFO] [stderr]    Compiling libc v0.2.186
[INFO] [stderr]    Compiling rustls-pki-types v1.14.1
[INFO] [stderr]    Compiling smallvec v1.15.1
[INFO] [stderr]    Compiling serde_core v1.0.228
[INFO] [stderr]    Compiling semver v1.0.28
[INFO] [stderr]    Compiling untrusted v0.9.0
[INFO] [stderr]    Compiling rustc_version v0.4.1
[INFO] [stderr]    Compiling subtle v2.6.1
[INFO] [stderr]    Compiling rustls v0.23.40
[INFO] [stderr]    Compiling curve25519-dalek v4.1.3
[INFO] [stderr]    Compiling zmij v1.0.21
[INFO] [stderr]    Compiling syn v2.0.117
[INFO] [stderr]    Compiling serde v1.0.228
[INFO] [stderr]    Compiling percent-encoding v2.3.2
[INFO] [stderr]    Compiling cpufeatures v0.2.17
[INFO] [stderr]    Compiling webpki-roots v1.0.7
[INFO] [stderr]    Compiling form_urlencoded v1.2.2
[INFO] [stderr]    Compiling log v0.4.32
[INFO] [stderr]    Compiling hashbrown v0.17.1
[INFO] [stderr]    Compiling equivalent v1.0.2
[INFO] [stderr]    Compiling once_cell v1.21.4
[INFO] [stderr]    Compiling signature v2.2.0
[INFO] [stderr]    Compiling getrandom v0.2.17
[INFO] [stderr]    Compiling serde_json v1.0.150
[INFO] [stderr]    Compiling block-buffer v0.10.4
[INFO] [stderr]    Compiling crypto-common v0.1.7
[INFO] [stderr]    Compiling itoa v1.0.18
[INFO] [stderr]    Compiling ed25519 v2.2.3
[INFO] [stderr]    Compiling ring v0.17.14
[INFO] [stderr]    Compiling digest v0.10.7
[INFO] [stderr]    Compiling webpki-roots v0.26.11
[INFO] [stderr]    Compiling unsafe-libyaml v0.2.11
[INFO] [stderr]    Compiling sha2 v0.10.9
[INFO] [stderr]    Compiling same-file v1.0.6
[INFO] [stderr]    Compiling base64 v0.22.1
[INFO] [stderr]    Compiling indexmap v2.14.0
[INFO] [stderr]    Compiling ryu v1.0.23
[INFO] [stderr]    Compiling memchr v2.8.1
[INFO] [stderr]    Compiling rand_core v0.6.4
[INFO] [stderr]    Compiling walkdir v2.5.0
[INFO] [stderr]    Compiling glob v0.3.3
[INFO] [stderr]    Compiling bs58 v0.5.1
[INFO] [stderr]    Compiling synstructure v0.13.2
[INFO] [stderr]    Compiling zerofrom-derive v0.1.7
[INFO] [stderr]    Compiling yoke-derive v0.8.2
[INFO] [stderr]    Compiling zerovec-derive v0.11.3
[INFO] [stderr]    Compiling displaydoc v0.2.6
[INFO] [stderr]    Compiling serde_derive v1.0.228
[INFO] [stderr]    Compiling curve25519-dalek-derive v0.1.1
[INFO] [stderr]    Compiling rustls-webpki v0.103.13
[INFO] [stderr]    Compiling zerofrom v0.1.8
[INFO] [stderr]    Compiling yoke v0.8.3
[INFO] [stderr]    Compiling zerotrie v0.2.4
[INFO] [stderr]    Compiling zerovec v0.11.6
[INFO] [stderr]    Compiling ed25519-dalek v2.2.0
[INFO] [stderr]    Compiling tinystr v0.8.3
[INFO] [stderr]    Compiling potential_utf v0.1.5
[INFO] [stderr]    Compiling icu_collections v2.2.0
[INFO] [stderr]    Compiling icu_locale_core v2.2.0
[INFO] [stderr]    Compiling icu_provider v2.2.0
[INFO] [stderr]    Compiling icu_properties v2.2.0
[INFO] [stderr]    Compiling icu_normalizer v2.2.0
[INFO] [stderr]    Compiling serde_yaml v0.9.34+deprecated
[INFO] [stderr]    Compiling idna_adapter v1.2.2
[INFO] [stderr]    Compiling idna v1.1.0
[INFO] [stderr]    Compiling url v2.5.8
[INFO] [stderr]    Compiling ureq v2.12.1
[INFO] [stderr]    Compiling safe-ai-skill v1.0.0 (/opt/rustwide/workdir)
[INFO] [stderr]     Finished `dev` profile [unoptimized + debuginfo] target(s) in 53.96s
[INFO] running `Command { std: "docker" "inspect" "bb55de65fb392b656832c55ad5c853fe185f503cbf4ca697f7f5e53bdabe8810", kill_on_drop: false }`
[INFO] running `Command { std: "docker" "exec" "-e" "SOURCE_DIR=/opt/rustwide/workdir" "-e" "CARGO_HOME=/opt/rustwide/cargo-home" "-e" "RUSTUP_HOME=/opt/rustwide/rustup-home" "-e" "CARGO_TARGET_DIR=/opt/rustwide/target" "-e" "CARGO_INCREMENTAL=0" "-e" "RUST_BACKTRACE=full" "-e" "RUSTFLAGS=--cap-lints=warn" "-e" "RUSTDOCFLAGS=--cap-lints=warn" "-w" "/opt/rustwide/workdir" "--user" "0:0" "bb55de65fb392b656832c55ad5c853fe185f503cbf4ca697f7f5e53bdabe8810" "/opt/rustwide/cargo-home/bin/cargo" "+1.99.0-beta.8" "test" "--frozen" "--no-run" "--message-format=json", kill_on_drop: false }`
[INFO] [stderr]    Compiling safe-ai-skill v1.0.0 (/opt/rustwide/workdir)
[INFO] [stderr]     Finished `test` profile [unoptimized + debuginfo] target(s) in 9.18s
[INFO] running `Command { std: "docker" "inspect" "bb55de65fb392b656832c55ad5c853fe185f503cbf4ca697f7f5e53bdabe8810", kill_on_drop: false }`
[INFO] running `Command { std: "docker" "exec" "-e" "SOURCE_DIR=/opt/rustwide/workdir" "-e" "CARGO_HOME=/opt/rustwide/cargo-home" "-e" "RUSTUP_HOME=/opt/rustwide/rustup-home" "-e" "CARGO_TARGET_DIR=/opt/rustwide/target" "-e" "CARGO_INCREMENTAL=0" "-e" "RUST_BACKTRACE=full" "-e" "RUSTFLAGS=--cap-lints=warn" "-e" "RUSTDOCFLAGS=--cap-lints=warn" "-w" "/opt/rustwide/workdir" "--user" "0:0" "bb55de65fb392b656832c55ad5c853fe185f503cbf4ca697f7f5e53bdabe8810" "/opt/rustwide/cargo-home/bin/cargo" "+1.99.0-beta.8" "test" "--frozen", kill_on_drop: false }`
[INFO] [stderr]     Finished `test` profile [unoptimized + debuginfo] target(s) in 0.16s
[INFO] [stderr]      Running unittests src/lib.rs (/opt/rustwide/target/debug/deps/safe_ai_skill-34ccb26508b5e76e)
[INFO] [stdout] 
[INFO] [stdout] running 259 tests
[INFO] [stdout] test audit::tests::sha256_is_stable_hex ... ok
[INFO] [stdout] test audit::tests::append_writes_jsonl_line ... ok
[INFO] [stdout] test context::tests::flags_provider_cluster_form ... ok
[INFO] [stdout] test context::tests::anchor_toml_provider_cluster ... ok
[INFO] [stdout] test context::tests::plugin_data_dir_honors_env ... ok
[INFO] [stdout] test context::tests::precedence_flag_beats_anchor_toml ... ok
[INFO] [stdout] test context::tests::classify_monikers ... ok
[INFO] [stdout] test gates::bash::tests::anchor_build_allows ... ok
[INFO] [stdout] test gates::bash::tests::anchor_deploy_devnet_allows ... ok
[INFO] [stdout] test gates::bash::tests::devnet_deploy_allows ... ok
[INFO] [stdout] test gates::bash::tests::mainnet_deploy_asks_and_is_hard_guard ... ok
[INFO] [stdout] test gates::bash::tests::cumulative_over_daily_cap_asks ... ok
[INFO] [stdout] test gates::bash::tests::deploy_with_explicit_mainnet_url_meta_program_set ... ok
[INFO] [stdout] test gates::bash::tests::anchor_deploy_mainnet_asks ... ok
[INFO] [stdout] test context::tests::flags_space_and_equals_forms ... ok
[INFO] [stdout] test gates::bash::tests::pipeline_with_gated_segment_takes_most_restrictive ... ok
[INFO] [stdout] test gates::bash::tests::readonly_balance_allows ... ok
[INFO] [stdout] test gates::bash::tests::set_upgrade_authority_asks_hard_guard ... ok
[INFO] [stdout] test gates::bash::tests::spl_authorize_asks_hard_guard ... ok
[INFO] [stdout] test gates::bash::tests::mainnet_transfer_under_cap_still_asks ... ok
[INFO] [stdout] test gates::bash::tests::spl_close_asks_hard_guard ... ok
[INFO] [stdout] test gates::bash::tests::spl_burn_asks_not_hard_guard ... ok
[INFO] [stdout] test gates::bash::tests::transfer_over_hard_cap_denies ... ok
[INFO] [stdout] test gates::bash::tests::readonly_config_get_allows ... ok
[INFO] [stdout] test gates::bash::tests::non_solana_command_defers ... ok
[INFO] [stdout] test gates::bash::tests::pipeline_readonly_then_authority_takes_ask ... ok
[INFO] [stdout] test gates::bash::tests::transfer_over_per_tx_cap_asks ... ok
[INFO] [stdout] test gates::bash::tests::transfer_with_no_amount_asks ... ok
[INFO] [stdout] test gates::bash::tests::transfer_under_cap_allows ... ok
[INFO] [stdout] test gates::bash::tests::unknown_solana_subcommand_asks ... ok
[INFO] [stdout] test context::tests::classify_url_mappings ... ok
[INFO] [stdout] test gates::bash::tests::solana_close_asks_hard_guard ... ok
[INFO] [stdout] test gates::bash::tests::spl_token_transfer_parses_amount ... ok
[INFO] [stdout] test gates::mcp::tests::dot_suffixed_send_substring_matches ... ok
[INFO] [stdout] test gates::mcp::tests::benign_helius_read_not_high_risk ... ok
[INFO] [stdout] test context::tests::unknown_on_garbage ... ok
[INFO] [stdout] test gates::mcp::tests::ask_transfer_by_name_without_payload ... ok
[INFO] [stdout] test gates::mcp::tests::ask_transfer_sol_with_lamports_and_destination ... ok
[INFO] [stdout] test gates::mcp::tests::high_risk_deny_when_policy_says_deny ... ok
[INFO] [stdout] test gates::mcp::tests::helius_write_send_sol_asks_transfer ... ok
[INFO] [stdout] test gates::mcp::tests::helius_write_delegate_asks ... ok
[INFO] [stdout] test gates::mcp::tests::helius_write_stake_asks ... ok
[INFO] [stdout] test gates::mcp::tests::payload_signal_triggers_unknown_named_tool ... ok
[INFO] [stdout] test gates::mcp::tests::fast_allow_get_asset ... ok
[INFO] [stdout] test gates::mcp::tests::fast_allow_get_balance ... ok
[INFO] [stdout] test gates::mcp::tests::x402_key_custody_high_risk_asks ... ok
[INFO] [stdout] test gates::read::tests::allow_env_example ... ok
[INFO] [stdout] test gates::read::tests::allow_normal_source_file ... ok
[INFO] [stdout] test gates::mcp::tests::helius_write_send_token_asks_transfer ... ok
[INFO] [stdout] test gates::mcp::tests::swap_classification ... ok
[INFO] [stdout] test gates::mcp::tests::phantom_sign_message_high_risk_asks ... ok
[INFO] [stdout] test gates::mcp::tests::phantom_sign_transaction_high_risk_asks ... ok
[INFO] [stdout] test gates::read::tests::deny_pem ... ok
[INFO] [stdout] test gates::read::tests::deny_dotenv ... ok
[INFO] [stdout] test gates::read::tests::deny_keypair_json ... ok
[INFO] [stdout] test gates::read::tests::deny_superstack_config ... ok
[INFO] [stdout] test gates::read::tests::tilde_expansion_solana_config ... ok
[INFO] [stdout] test gates::read::tests::deny_id_json ... ok
[INFO] [stdout] test gates::secrets::tests::bash_process_substitution_asks ... ok
[INFO] [stdout] test gates::secrets::tests::benign_command_defers ... ok
[INFO] [stdout] test gates::secrets::tests::cat_id_json_denies ... ok
[INFO] [stdout] test gates::secrets::tests::cat_normal_file_defers ... ok
[INFO] [stdout] test gates::secrets::tests::curl_pipe_bash_asks_by_default ... ok
[INFO] [stdout] test gates::secrets::tests::benign_curl_get_not_installer ... ok
[INFO] [stdout] test gates::secrets::tests::cat_dotenv_denies ... ok
[INFO] [stdout] test gates::secrets::tests::curl_pipe_sudo_bash_asks ... ok
[INFO] [stdout] test gates::secrets::tests::curl_pipe_jq_not_installer ... ok
[INFO] [stdout] test gates::secrets::tests::curl_post_to_localhost_defers ... ok
[INFO] [stdout] test gates::secrets::tests::curl_get_defers ... ok
[INFO] [stdout] test gates::secrets::tests::flags_are_not_treated_as_paths ... ok
[INFO] [stdout] test gates::secrets::tests::curl_upload_file_keypair_denies ... ok
[INFO] [stdout] test gates::secrets::tests::install_script_deny_policy_denies ... ok
[INFO] [stdout] test gates::secrets::tests::cp_keypair_denies ... ok
[INFO] [stdout] test gates::secrets::tests::cat_keypair_denies ... ok
[INFO] [stdout] test gates::secrets::tests::curl_uploading_keypair_denies ... ok
[INFO] [stdout] test gates::secrets::tests::env_example_defers ... ok
[INFO] [stdout] test gates::secrets::tests::telemetry_curl_post_asks ... ok
[INFO] [stdout] test gates::secrets::tests::wget_pipe_sh_asks_by_default ... ok
[INFO] [stdout] test gates::secrets::tests::secret_exfil_wins_over_installer ... ok
[INFO] [stdout] test grants::tests::budget_exhaustion_blocks_match ... ok
[INFO] [stdout] test gates::secrets::tests::superstack_config_denies ... ok
[INFO] [stdout] test gates::secrets::tests::ghostsecurity_reaper_installer_asks ... ok
[INFO] [stdout] test gates::secrets::tests::install_script_allow_policy_defers ... ok
[INFO] [stdout] test gates::secrets::tests::pem_file_denies ... ok
[INFO] [stdout] test gates::secrets::tests::secret_in_pipeline_segment_denies ... ok
[INFO] [stdout] test grants::tests::from_args_builds_grant ... ok
[INFO] [stdout] test grants::tests::parse_duration_forms ... ok
[INFO] [stdout] test grants::tests::debit_missing_grant_is_noop ... ok
[INFO] [stdout] test grants::tests::match_respects_program_and_destination ... ok
[INFO] [stdout] test io::tests::decision_labels ... ok
[INFO] [stdout] test grants::tests::no_match_when_expired ... ok
[INFO] [stdout] test grants::tests::match_by_scope_and_budget ... ok
[INFO] [stdout] test io::tests::read_path_prefers_file_path_then_path_then_pattern ... ok
[INFO] [stdout] test io::tests::render_allow_omits_reason ... ok
[INFO] [stdout] test io::tests::malformed_input_yields_default ... ok
[INFO] [stdout] test io::tests::render_ask_includes_reason ... ok
[INFO] [stdout] test io::tests::render_defer_omits_reason ... ok
[INFO] [stdout] test grants::tests::save_load_roundtrip ... ok
[INFO] [stdout] test io::tests::render_deny_includes_reason ... ok
[INFO] [stdout] test io::tests::render_prompt_block_and_pass ... ok
[INFO] [stdout] test io::tests::render_sessionstart_shape ... ok
[INFO] [stdout] test mode::tests::env_overrides_file ... ok
[INFO] [stdout] test io::tests::missing_fields_are_none ... ok
[INFO] [stdout] test io::tests::parses_pretooluse_bash ... ok
[INFO] [stdout] test grants::tests::cleanup_drops_expired_only ... ok
[INFO] [stdout] test grants::tests::debit_is_checked_and_clamped ... ok
[INFO] [stdout] test io::tests::render_redact_variants ... ok
[INFO] [stdout] test mode::tests::get_none_when_unset ... ok
[INFO] [stdout] test policy::tests::fail_closed_is_conservative ... ok
[INFO] [stdout] test mode::tests::invalid_profile_rejected ... ok
[INFO] [stdout] test mode::tests::set_then_get_roundtrip ... ok
[INFO] [stdout] test policy::tests::embedded_default_parses ... ok
[INFO] [stdout] test policy::tests::defaults_match_embedded ... ok
[INFO] [stdout] test policy::tests::older_policy_without_new_fields_still_parses ... ok
[INFO] [stdout] test policy::tests::embedded_has_expanded_mcp_verbs_catalog_and_ext ... ok
[INFO] [stdout] test policy::tests::effective_autopilot_raises_cap ... ok
[INFO] [stdout] test policy::tests::effective_strict_is_noop ... ok
[INFO] [stdout] test policy::tests::merge_override_changes_only_set_fields ... ok
[INFO] [stdout] test policy::tests::load_merges_project_override ... ok
[INFO] [stdout] test redact::tests::base58_secret_key_redacted ... ok
[INFO] [stdout] test policy::tests::unknown_profile_falls_back_to_base ... ok
[INFO] [stdout] test redact::tests::clean_text_returns_none ... ok
[INFO] [stdout] test promptguard::tests::base58_secret_key_blocks ... ok
[INFO] [stdout] test promptguard::tests::keypair_array_blocks ... ok
[INFO] [stdout] test promptguard::tests::normal_prompt_allows ... ok
[INFO] [stdout] test promptguard::tests::seed_phrase_blocks ... ok
[INFO] [stdout] test redact::tests::api_key_assignment_redacted ... ok
[INFO] [stdout] test redact::tests::non_keypair_array_not_redacted ... ok
[INFO] [stdout] test redact::tests::seed_phrase_redacted ... ok
[INFO] [stdout] test redact::tests::json_secret_key_field_redacted ... ok
[INFO] [stdout] test redact::tests::jwt_redacted ... ok
[INFO] [stdout] test redact::tests::keypair_32_array_redacted ... ok
[INFO] [stdout] test redact::tests::keypair_byte_array_redacted ... ok
[INFO] [stdout] test redact::tests::known_wrapped_sol_mint_not_redacted ... ok
[INFO] [stdout] test redact::tests::ordinary_pubkey_not_redacted ... ok
[INFO] [stdout] test registry::tests::decision_for_kind_resolves_forced_decision ... ok
[INFO] [stdout] test registry::tests::is_opt_in_reflects_default_installed ... ok
[INFO] [stdout] test registry::tests::load_missing_file_is_empty_catalog ... ok
[INFO] [stdout] test registry::tests::high_risk_matches_x402_by_id ... ok
[INFO] [stdout] test registry::tests::high_risk_none_for_ordinary_entries ... ok
[INFO] [stdout] test registry::tests::load_reads_and_parses_a_real_file ... ok
[INFO] [stdout] test registry::tests::parse_accepts_skills_key_alias ... ok
[INFO] [stdout] test registry::tests::parse_empty_body_is_empty_catalog ... ok
[INFO] [stdout] test registry::tests::parse_tolerates_unknown_and_missing_fields ... ok
[INFO] [stdout] test registry::tests::parse_real_catalog_subset_counts_and_maps_fields ... ok
[INFO] [stdout] test registry::tests::parse_accepts_bare_top_level_array ... ok
[INFO] [stdout] test relax::tests::allow_passes_through_unchanged ... ok
[INFO] [stdout] test registry::tests::parse_malformed_json_is_err_not_panic ... ok
[INFO] [stdout] test relax::tests::amount_over_grant_cap_stays_ask ... ok
[INFO] [stdout] test relax::tests::defer_passes_through_unchanged ... ok
[INFO] [stdout] test relax::tests::ask_without_grant_stays_ask ... ok
[INFO] [stdout] test rugcheck::tests::high_score_denies ... ok
[INFO] [stdout] test relax::tests::deny_passes_through_unchanged ... ok
[INFO] [stdout] test relax::tests::hard_guard_never_relaxed_even_with_grant ... ok
[INFO] [stdout] test rugcheck::tests::parses_risky_fixture ... ok
[INFO] [stdout] test registry::tests::high_risk_matches_by_keyword_when_id_absent ... ok
[INFO] [stdout] test rugcheck::tests::safe_score_allows ... ok
[INFO] [stdout] test relax::tests::ask_with_matching_grant_becomes_allow_and_debits ... ok
[INFO] [stdout] test rugcheck::tests::timeout_path_maps_to_ask ... ok
[INFO] [stdout] test registry::tests::high_risk_matches_phantom_by_id ... ok
[INFO] [stdout] test rugcheck::tests::parses_safe_fixture ... ok
[INFO] [stdout] test session::tests::keypair_json_is_64_ints_in_range ... ok
[INFO] [stdout] test rugcheck::tests::boundary_equal_score_allows ... ok
[INFO] [stdout] test rugcheck::tests::unparseable_body_yields_none ... ok
[INFO] [stdout] test rugcheck::tests::trusted_mint_short_circuits_allow ... ok
[INFO] [stdout] test session::tests::init_writes_keypair_and_metadata ... ok
[INFO] [stdout] test session::tests::metadata_roundtrip_via_status ... ok
[INFO] [stdout] test session::tests::pubkey_matches_secret_half ... ok
[INFO] [stdout] test session::tests::negative_cap_rejected ... ok
[INFO] [stdout] test session::tests::status_no_session ... ok
[INFO] [stdout] test spend::tests::at_daily_cap_boundary_allows ... ok
[INFO] [stdout] test session::tests::keypair_file_is_0600 ... ok
[INFO] [stdout] test spend::tests::cumulative_over_daily_cap_asks ... ok
[INFO] [stdout] test spend::tests::date_rollover_resets_total ... ok
[INFO] [stdout] test spend::tests::add_saturates_on_overflow ... ok
[INFO] [stdout] test spend::tests::malformed_ledger_file_yields_fresh ... ok
[INFO] [stdout] test spend::tests::over_hard_cap_denies ... ok
[INFO] [stdout] test spend::tests::over_per_tx_cap_asks ... ok
[INFO] [stdout] test spend::tests::load_rolls_over_stale_persisted_day ... ok
[INFO] [stdout] test spend::tests::non_finite_and_negative_amounts_are_zeroed ... ok
[INFO] [stdout] test spend::tests::record_and_check_debits_only_on_allow ... ok
[INFO] [stdout] test spend::tests::record_accumulates_toward_daily_cap ... ok
[INFO] [stdout] test squads::tests::parses_immutable_as_none ... ok
[INFO] [stdout] test squads::tests::raw_keypair_authority_yields_advisory ... ok
[INFO] [stdout] test spend::tests::same_day_does_not_reset ... ok
[INFO] [stdout] test squads::tests::squads_vault_authority_yields_no_advisory ... ok
[INFO] [stdout] test squads::tests::immutable_program_yields_no_advisory ... ok
[INFO] [stdout] test squads::tests::parses_authority_pubkey ... ok
[INFO] [stdout] test squads::tests::rejects_wrong_discriminant ... ok
[INFO] [stdout] test squads::tests::rejects_truncated ... ok
[INFO] [stdout] test squads::tests::unknown_owner_yields_no_advisory ... ok
[INFO] [stdout] test verify::heuristics::tests::injection_comment_is_medium ... ok
[INFO] [stdout] test verify::heuristics::tests::id_json_array_is_high ... ok
[INFO] [stdout] test verify::heuristics::tests::clean_skill_is_empty_or_low ... ok
[INFO] [stdout] test spend::tests::under_per_tx_cap_allows ... ok
[INFO] [stdout] test verify::heuristics::tests::telemetry_preamble_is_high ... ok
[INFO] [stdout] test verify::heuristics::tests::pinned_npx_is_not_flagged ... ok
[INFO] [stdout] test verify::heuristics::tests::zero_width_is_medium ... ok
[INFO] [stdout] test verify::heuristics::tests::pipe_to_shell_is_high ... ok
[INFO] [stdout] test verify::heuristics::tests::package_json_postinstall_is_high ... ok
[INFO] [stdout] test verify::heuristics::tests::secret_path_read_is_high ... ok
[INFO] [stdout] test verify::heuristics::tests::unpinned_npx_is_medium ... ok
[INFO] [stdout] test verify::lockfile::tests::ext_pins_survive_save_load_roundtrip ... ok
[INFO] [stdout] test verify::lockfile::tests::ext_pin_drift_lifecycle_hash_fallback ... ok
[INFO] [stdout] test verify::lockfile::tests::drift_detection_lifecycle ... ok
[INFO] [stdout] test verify::lockfile::tests::ext_pin_drift_lifecycle_git ... ok
[INFO] [stdout] test verify::lockfile::tests::hash_tree_changes_on_content_change ... ok
[INFO] [stdout] test verify::lockfile::tests::hash_tree_missing_is_empty ... ok
[INFO] [stdout] test verify::lockfile::tests::resolve_falls_back_to_hash_tree_when_not_git ... ok
[INFO] [stdout] test verify::lockfile::tests::hash_tree_is_deterministic ... ok
[INFO] [stdout] test verify::orchestration_tests::eval_skill_quarantines_on_drift ... ok
[INFO] [stdout] test verify::orchestration_tests::eval_skill_quarantines_on_high ... ok
[INFO] [stdout] test verify::lockfile::tests::load_missing_is_empty ... ok
[INFO] [stdout] test verify::lockfile::tests::resolve_git_sha_from_submodule_file_detached_head ... ok
[INFO] [stdout] test verify::orchestration_tests::ext_submodules_discovers_children ... ok
[INFO] [stdout] test verify::orchestration_tests::neutralize_strips_telemetry_block ... ok
[INFO] [stdout] test verify::orchestration_tests::pipeline_dir_combines_heuristics_and_provenance ... ok
[INFO] [stdout] test verify::orchestration_tests::neutralize_keeps_benign_block ... ok
[INFO] [stdout] test verify::orchestration_tests::pipeline_npm_hermetic_offline ... ok
[INFO] [stdout] test verify::orchestration_tests::ext_submodules_empty_when_ext_dir_absent ... ok
[INFO] [stdout] test verify::orchestration_tests::ext_submodules_respects_disabled_flag ... ok
[INFO] [stdout] test verify::orchestration_tests::eval_skill_clean_unpinned_not_quarantined ... ok
[INFO] [stdout] test verify::lockfile::tests::resolve_git_sha_symbolic_ref_via_loose_and_packed ... ok
[INFO] [stdout] test verify::lockfile::tests::save_load_roundtrip ... ok
[INFO] [stdout] test verify::orchestration_tests::restore_quarantine_roundtrip ... ok
[INFO] [stdout] test verify::orchestration_tests::run_session_skips_ext_blob_as_top_level_skill ... ok
[INFO] [stdout] test verify::orchestration_tests::run_session_tofu_pins_clean_submodule ... ok
[INFO] [stdout] test verify::orchestration_tests::verdict_buckets ... ok
[INFO] [stdout] test verify::orchestration_tests::run_session_flags_curl_bash_installer_submodule ... ok
[INFO] [stdout] test verify::osv::tests::database_specific_severity_label ... ok
[INFO] [stdout] test verify::orchestration_tests::scan_mcp_json_clean_when_pinned ... ok
[INFO] [stdout] test verify::osv::tests::invalid_json_is_unavailable_low ... ok
[INFO] [stdout] test verify::osv::tests::medium_cvss_maps_to_medium ... ok
[INFO] [stdout] test verify::orchestration_tests::run_session_ext_drift_quarantines ... ok
[INFO] [stdout] test verify::osv::tests::empty_vulns_array_is_clean ... ok
[INFO] [stdout] test verify::osv::tests::empty_response_has_no_findings ... ok
[INFO] [stdout] test verify::orchestration_tests::scan_mcp_json_flags_latest ... ok
[INFO] [stdout] test verify::osv::tests::no_severity_defaults_high ... ok
[INFO] [stdout] test verify::orchestration_tests::run_session_quarantines_telemetry_submodule_as_own_unit ... ok
[INFO] [stdout] test verify::osv::tests::request_body_shape ... ok
[INFO] [stdout] test verify::osv::tests::single_vuln_becomes_finding ... ok
[INFO] [stdout] test verify::provenance::tests::github_main_is_unpinned ... ok
[INFO] [stdout] test verify::orchestration_tests::run_session_pins_clean_and_quarantines_dirty ... ok
[INFO] [stdout] test verify::provenance::tests::exact_popular_is_not_typosquat ... ok
[INFO] [stdout] test verify::provenance::tests::levenshtein_basic ... ok
[INFO] [stdout] test verify::provenance::tests::github_pinned_sha_is_ok ... ok
[INFO] [stdout] test verify::provenance::tests::npm_exact_version_is_ok ... ok
[INFO] [stdout] test verify::provenance::tests::npm_latest_is_flagged ... ok
[INFO] [stdout] test verify::provenance::tests::parse_github_variants ... ok
[INFO] [stdout] test verify::provenance::tests::parse_npm_shasum_fixture ... ok
[INFO] [stdout] test verify::provenance::tests::parse_npm_variants ... ok
[INFO] [stdout] test verify::provenance::tests::exact_version_classifier ... ok
[INFO] [stdout] test verify::provenance::tests::github_no_ref_is_unpinned ... ok
[INFO] [stdout] test verify::tests::max_severity_picks_highest ... ok
[INFO] [stdout] test verify::tests::merge_concatenates ... ok
[INFO] [stdout] test verify::tests::severity_ordering ... ok
[INFO] [stdout] test verify::provenance::tests::typosquat_is_high ... ok
[INFO] [stdout] test verify::provenance::tests::classify_sources ... ok
[INFO] [stdout] test policy::tests::ondisk_policy_equivalent_to_embedded ... FAILED
[INFO] [stdout] 
[INFO] [stdout] failures:
[INFO] [stdout] 
[INFO] [stdout] ---- policy::tests::ondisk_policy_equivalent_to_embedded stdout ----
[INFO] [stdout] 
[INFO] [stdout] thread 'policy::tests::ondisk_policy_equivalent_to_embedded' (1692) panicked at src/policy.rs:659:33:
[INFO] [stdout] on-disk policy missing at /opt/rustwide/workdir/../../plugins/safe-ai-skill/policy/default.policy.yaml: No such file or directory (os error 2)
[INFO] [stdout] stack backtrace:
[INFO] [stdout]    0:     0x5f8e48c49741 - std[70759c8f55707aa4]::backtrace_rs::backtrace::libunwind::trace
[INFO] [stdout]                                at /rustc/dfb0accb7f508ae8be965d8629557221c889dd98/library/std/src/../../backtrace/src/backtrace/libunwind.rs:117:9
[INFO] [stdout]    1:     0x5f8e48c49741 - std[70759c8f55707aa4]::backtrace_rs::backtrace::trace_unsynchronized::<std[70759c8f55707aa4]::sys::backtrace::_print_fmt::{closure#1}>
[INFO] [stdout]                                at /rustc/dfb0accb7f508ae8be965d8629557221c889dd98/library/std/src/../../backtrace/src/backtrace/mod.rs:66:14
[INFO] [stdout]    2:     0x5f8e48c49741 - std[70759c8f55707aa4]::sys::backtrace::_print_fmt
[INFO] [stdout]                                at /rustc/dfb0accb7f508ae8be965d8629557221c889dd98/library/std/src/sys/backtrace.rs:74:9
[INFO] [stdout]    3:     0x5f8e48c49741 - <<std[70759c8f55707aa4]::sys::backtrace::BacktraceLock>::print::DisplayBacktrace as core[df12db4294e9bfd3]::fmt::Display>::fmt
[INFO] [stdout]                                at /rustc/dfb0accb7f508ae8be965d8629557221c889dd98/library/std/src/sys/backtrace.rs:44:26
[INFO] [stdout]    4:     0x5f8e48c6264a - <core[df12db4294e9bfd3]::fmt::rt::Argument>::fmt
[INFO] [stdout]                                at /rustc/dfb0accb7f508ae8be965d8629557221c889dd98/library/core/src/fmt/rt.rs:152:76
[INFO] [stdout]    5:     0x5f8e48c6264a - core[df12db4294e9bfd3]::fmt::write
[INFO] [stdout]    6:     0x5f8e48c4e60c - core[df12db4294e9bfd3]::io::write::default_write_fmt::<alloc[2182bb758b4b3781]::vec::Vec<u8>>
[INFO] [stdout]                                at /rustc/dfb0accb7f508ae8be965d8629557221c889dd98/library/core/src/io/write.rs:402:11
[INFO] [stdout]    7:     0x5f8e48c4e60c - <alloc[2182bb758b4b3781]::vec::Vec<u8> as core[df12db4294e9bfd3]::io::write::Write>::write_fmt
[INFO] [stdout]                                at /rustc/dfb0accb7f508ae8be965d8629557221c889dd98/library/core/src/io/write.rs:335:13
[INFO] [stdout]    8:     0x5f8e48c20b66 - <std[70759c8f55707aa4]::sys::backtrace::BacktraceLock>::print
[INFO] [stdout]                                at /rustc/dfb0accb7f508ae8be965d8629557221c889dd98/library/std/src/sys/backtrace.rs:47:9
[INFO] [stdout]    9:     0x5f8e48c20b66 - std[70759c8f55707aa4]::panicking::default_hook::{closure#0}
[INFO] [stdout]                                at /rustc/dfb0accb7f508ae8be965d8629557221c889dd98/library/std/src/panicking.rs:292:27
[INFO] [stdout]   10:     0x5f8e48c3fcf9 - std[70759c8f55707aa4]::panicking::default_hook
[INFO] [stdout]                                at /rustc/dfb0accb7f508ae8be965d8629557221c889dd98/library/std/src/panicking.rs:316:9
[INFO] [stdout]   11:     0x5f8e48b07d00 - <alloc[2182bb758b4b3781]::boxed::Box<dyn for<'a, 'b> core[df12db4294e9bfd3]::ops::function::Fn<(&'a std[70759c8f55707aa4]::panic::PanicHookInfo<'b>,), Output = ()> + core[df12db4294e9bfd3]::marker::Send + core[df12db4294e9bfd3]::marker::Sync> as core[df12db4294e9bfd3]::ops::function::Fn<(&std[70759c8f55707aa4]::panic::PanicHookInfo,)>>::call
[INFO] [stdout]                                at /rustc/dfb0accb7f508ae8be965d8629557221c889dd98/library/alloc/src/boxed.rs:2334:9
[INFO] [stdout]   12:     0x5f8e48b07d00 - test[9d35eded1c95d3be]::test_main_inner::<test[9d35eded1c95d3be]::test_main_static::{closure#0}>::{closure#0}
[INFO] [stdout]                                at /rustc/dfb0accb7f508ae8be965d8629557221c889dd98/library/test/src/lib.rs:155:21
[INFO] [stdout]   13:     0x5f8e48c3feb2 - <alloc[2182bb758b4b3781]::boxed::Box<dyn for<'a, 'b> core[df12db4294e9bfd3]::ops::function::Fn<(&'a std[70759c8f55707aa4]::panic::PanicHookInfo<'b>,), Output = ()> + core[df12db4294e9bfd3]::marker::Send + core[df12db4294e9bfd3]::marker::Sync> as core[df12db4294e9bfd3]::ops::function::Fn<(&std[70759c8f55707aa4]::panic::PanicHookInfo,)>>::call
[INFO] [stdout]                                at /rustc/dfb0accb7f508ae8be965d8629557221c889dd98/library/alloc/src/boxed.rs:2334:9
[INFO] [stdout]   14:     0x5f8e48c3feb2 - std[70759c8f55707aa4]::panicking::panic_with_hook
[INFO] [stdout]                                at /rustc/dfb0accb7f508ae8be965d8629557221c889dd98/library/std/src/panicking.rs:823:13
[INFO] [stdout]   15:     0x5f8e48c20c12 - std[70759c8f55707aa4]::panicking::panic_handler::{closure#0}
[INFO] [stdout]                                at /rustc/dfb0accb7f508ae8be965d8629557221c889dd98/library/std/src/panicking.rs:688:13
[INFO] [stdout]   16:     0x5f8e48c19379 - std[70759c8f55707aa4]::sys::backtrace::__rust_end_short_backtrace::<std[70759c8f55707aa4]::panicking::panic_handler::{closure#0}, !>
[INFO] [stdout]                                at /rustc/dfb0accb7f508ae8be965d8629557221c889dd98/library/std/src/sys/backtrace.rs:182:18
[INFO] [stdout]   17:     0x5f8e48c21dcd - __rustc[8fa7c3cbc660c2b3]::rust_begin_unwind
[INFO] [stdout]                                at /rustc/dfb0accb7f508ae8be965d8629557221c889dd98/library/std/src/panicking.rs:679:5
[INFO] [stdout]   18:     0x5f8e48c62e3c - core[df12db4294e9bfd3]::panicking::panic_fmt
[INFO] [stdout]                                at /rustc/dfb0accb7f508ae8be965d8629557221c889dd98/library/core/src/panicking.rs:80:14
[INFO] [stdout]   19:     0x5f8e4875029c - safe_ai_skill[6251fe07c11809f7]::policy::tests::ondisk_policy::{closure#0}
[INFO] [stdout]                                at /opt/rustwide/workdir/src/policy.rs:659:33
[INFO] [stdout]   20:     0x5f8e487f6ad1 - <core[df12db4294e9bfd3]::result::Result<alloc[2182bb758b4b3781]::string::String, core[df12db4294e9bfd3]::io::error::Error>>::unwrap_or_else::<safe_ai_skill[6251fe07c11809f7]::policy::tests::ondisk_policy::{closure#0}>
[INFO] [stdout]                                at /rustc/dfb0accb7f508ae8be965d8629557221c889dd98/library/core/src/result.rs:1621:23
[INFO] [stdout]   21:     0x5f8e48758b0e - safe_ai_skill[6251fe07c11809f7]::policy::tests::ondisk_policy
[INFO] [stdout]                                at /opt/rustwide/workdir/src/policy.rs:659:14
[INFO] [stdout]   22:     0x5f8e4875a404 - safe_ai_skill[6251fe07c11809f7]::policy::tests::ondisk_policy_equivalent_to_embedded
[INFO] [stdout]                                at /opt/rustwide/workdir/src/policy.rs:667:20
[INFO] [stdout]   23:     0x5f8e48750427 - safe_ai_skill[6251fe07c11809f7]::policy::tests::ondisk_policy_equivalent_to_embedded::{closure#0}
[INFO] [stdout]                                at /opt/rustwide/workdir/src/policy.rs:664:46
[INFO] [stdout]   24:     0x5f8e48838fa6 - <safe_ai_skill[6251fe07c11809f7]::policy::tests::ondisk_policy_equivalent_to_embedded::{closure#0} as core[df12db4294e9bfd3]::ops::function::FnOnce<()>>::call_once
[INFO] [stdout]                                at /rustc/dfb0accb7f508ae8be965d8629557221c889dd98/library/core/src/ops/function.rs:250:5
[INFO] [stdout]   25:     0x5f8e48afafeb - <fn() -> core[df12db4294e9bfd3]::result::Result<(), alloc[2182bb758b4b3781]::string::String> as core[df12db4294e9bfd3]::ops::function::FnOnce<()>>::call_once
[INFO] [stdout]                                at /rustc/dfb0accb7f508ae8be965d8629557221c889dd98/library/core/src/ops/function.rs:250:5
[INFO] [stdout]   26:     0x5f8e48afafeb - test[9d35eded1c95d3be]::__rust_begin_short_backtrace::<core[df12db4294e9bfd3]::result::Result<(), alloc[2182bb758b4b3781]::string::String>, fn() -> core[df12db4294e9bfd3]::result::Result<(), alloc[2182bb758b4b3781]::string::String>>
[INFO] [stdout]                                at /rustc/dfb0accb7f508ae8be965d8629557221c889dd98/library/test/src/lib.rs:733:18
[INFO] [stdout]   27:     0x5f8e48b08655 - test[9d35eded1c95d3be]::run_test_in_process::{closure#0}
[INFO] [stdout]                                at /rustc/dfb0accb7f508ae8be965d8629557221c889dd98/library/test/src/lib.rs:756:74
[INFO] [stdout]   28:     0x5f8e48b08655 - <core[df12db4294e9bfd3]::panic::unwind_safe::AssertUnwindSafe<test[9d35eded1c95d3be]::run_test_in_process::{closure#0}> as core[df12db4294e9bfd3]::ops::function::FnOnce<()>>::call_once
[INFO] [stdout]                                at /rustc/dfb0accb7f508ae8be965d8629557221c889dd98/library/core/src/panic/unwind_safe.rs:275:9
[INFO] [stdout]   29:     0x5f8e48b08655 - std[70759c8f55707aa4]::panicking::catch_unwind::do_call::<core[df12db4294e9bfd3]::panic::unwind_safe::AssertUnwindSafe<test[9d35eded1c95d3be]::run_test_in_process::{closure#0}>, core[df12db4294e9bfd3]::result::Result<(), alloc[2182bb758b4b3781]::string::String>>
[INFO] [stdout]                                at /rustc/dfb0accb7f508ae8be965d8629557221c889dd98/library/std/src/panicking.rs:576:43
[INFO] [stdout]   30:     0x5f8e48b08655 - std[70759c8f55707aa4]::panicking::catch_unwind::<core[df12db4294e9bfd3]::result::Result<(), alloc[2182bb758b4b3781]::string::String>, core[df12db4294e9bfd3]::panic::unwind_safe::AssertUnwindSafe<test[9d35eded1c95d3be]::run_test_in_process::{closure#0}>>
[INFO] [stdout]                                at /rustc/dfb0accb7f508ae8be965d8629557221c889dd98/library/std/src/panicking.rs:544:19
[INFO] [stdout]   31:     0x5f8e48b08655 - std[70759c8f55707aa4]::panic::catch_unwind::<core[df12db4294e9bfd3]::panic::unwind_safe::AssertUnwindSafe<test[9d35eded1c95d3be]::run_test_in_process::{closure#0}>, core[df12db4294e9bfd3]::result::Result<(), alloc[2182bb758b4b3781]::string::String>>
[INFO] [stdout]                                at /rustc/dfb0accb7f508ae8be965d8629557221c889dd98/library/std/src/panic.rs:359:14
[INFO] [stdout]   32:     0x5f8e48b08655 - test[9d35eded1c95d3be]::run_test_in_process
[INFO] [stdout]                                at /rustc/dfb0accb7f508ae8be965d8629557221c889dd98/library/test/src/lib.rs:756:27
[INFO] [stdout]   33:     0x5f8e48b08655 - test[9d35eded1c95d3be]::run_test::{closure#0}
[INFO] [stdout]                                at /rustc/dfb0accb7f508ae8be965d8629557221c889dd98/library/test/src/lib.rs:677:43
[INFO] [stdout]   34:     0x5f8e48b01f14 - test[9d35eded1c95d3be]::run_test::{closure#1}
[INFO] [stdout]                                at /rustc/dfb0accb7f508ae8be965d8629557221c889dd98/library/test/src/lib.rs:707:41
[INFO] [stdout]   35:     0x5f8e48b01f14 - std[70759c8f55707aa4]::sys::backtrace::__rust_begin_short_backtrace::<test[9d35eded1c95d3be]::run_test::{closure#1}, ()>
[INFO] [stdout]                                at /rustc/dfb0accb7f508ae8be965d8629557221c889dd98/library/std/src/sys/backtrace.rs:166:18
[INFO] [stdout]   36:     0x5f8e48b0b7b2 - std[70759c8f55707aa4]::thread::lifecycle::spawn_unchecked::<test[9d35eded1c95d3be]::run_test::{closure#1}, ()>::{closure#1}::{closure#0}
[INFO] [stdout]                                at /rustc/dfb0accb7f508ae8be965d8629557221c889dd98/library/std/src/thread/lifecycle.rs:70:13
[INFO] [stdout]   37:     0x5f8e48b0b7b2 - <core[df12db4294e9bfd3]::panic::unwind_safe::AssertUnwindSafe<std[70759c8f55707aa4]::thread::lifecycle::spawn_unchecked<test[9d35eded1c95d3be]::run_test::{closure#1}, ()>::{closure#1}::{closure#0}> as core[df12db4294e9bfd3]::ops::function::FnOnce<()>>::call_once
[INFO] [stdout]                                at /rustc/dfb0accb7f508ae8be965d8629557221c889dd98/library/core/src/panic/unwind_safe.rs:275:9
[INFO] [stdout]   38:     0x5f8e48b0b7b2 - std[70759c8f55707aa4]::panicking::catch_unwind::do_call::<core[df12db4294e9bfd3]::panic::unwind_safe::AssertUnwindSafe<std[70759c8f55707aa4]::thread::lifecycle::spawn_unchecked<test[9d35eded1c95d3be]::run_test::{closure#1}, ()>::{closure#1}::{closure#0}>, ()>
[INFO] [stdout]                                at /rustc/dfb0accb7f508ae8be965d8629557221c889dd98/library/std/src/panicking.rs:576:43
[INFO] [stdout]   39:     0x5f8e48b0b7b2 - std[70759c8f55707aa4]::panicking::catch_unwind::<(), core[df12db4294e9bfd3]::panic::unwind_safe::AssertUnwindSafe<std[70759c8f55707aa4]::thread::lifecycle::spawn_unchecked<test[9d35eded1c95d3be]::run_test::{closure#1}, ()>::{closure#1}::{closure#0}>>
[INFO] [stdout]                                at /rustc/dfb0accb7f508ae8be965d8629557221c889dd98/library/std/src/panicking.rs:544:19
[INFO] [stdout]   40:     0x5f8e48b0b7b2 - std[70759c8f55707aa4]::panic::catch_unwind::<core[df12db4294e9bfd3]::panic::unwind_safe::AssertUnwindSafe<std[70759c8f55707aa4]::thread::lifecycle::spawn_unchecked<test[9d35eded1c95d3be]::run_test::{closure#1}, ()>::{closure#1}::{closure#0}>, ()>
[INFO] [stdout]                                at /rustc/dfb0accb7f508ae8be965d8629557221c889dd98/library/std/src/panic.rs:359:14
[INFO] [stdout]   41:     0x5f8e48b0b7b2 - std[70759c8f55707aa4]::thread::lifecycle::spawn_unchecked::<test[9d35eded1c95d3be]::run_test::{closure#1}, ()>::{closure#1}
[INFO] [stdout]                                at /rustc/dfb0accb7f508ae8be965d8629557221c889dd98/library/std/src/thread/lifecycle.rs:68:26
[INFO] [stdout]   42:     0x5f8e48b0b7b2 - <std[70759c8f55707aa4]::thread::lifecycle::spawn_unchecked<test[9d35eded1c95d3be]::run_test::{closure#1}, ()>::{closure#1} as core[df12db4294e9bfd3]::ops::function::FnOnce<()>>::call_once::{shim:vtable#0}
[INFO] [stdout]                                at /rustc/dfb0accb7f508ae8be965d8629557221c889dd98/library/core/src/ops/function.rs:250:5
[INFO] [stdout]   43:     0x5f8e48c47ff9 - <alloc[2182bb758b4b3781]::boxed::Box<dyn core[df12db4294e9bfd3]::ops::function::FnOnce<(), Output = ()> + core[df12db4294e9bfd3]::marker::Send> as core[df12db4294e9bfd3]::ops::function::FnOnce<()>>::call_once
[INFO] [stdout]                                at /rustc/dfb0accb7f508ae8be965d8629557221c889dd98/library/alloc/src/boxed.rs:2320:9
[INFO] [stdout]   44:     0x5f8e48c47ff9 - <std[70759c8f55707aa4]::sys::thread::unix::Thread>::new::thread_start
[INFO] [stdout]                                at /rustc/dfb0accb7f508ae8be965d8629557221c889dd98/library/std/src/sys/thread/unix.rs:123:17
[INFO] [stdout]   45:     0x71c9bfa67dfa - <unknown>
[INFO] [stdout]   46:     0x71c9bfafb3d4 - clone
[INFO] [stdout]   47:                0x0 - <unknown>
[INFO] [stdout] 
[INFO] [stdout] 
[INFO] [stdout] failures:
[INFO] [stdout]     policy::tests::ondisk_policy_equivalent_to_embedded
[INFO] [stdout] 
[INFO] [stdout] test result: FAILED. 258 passed; 1 failed; 0 ignored; 0 measured; 0 filtered out; finished in 0.20s
[INFO] [stdout] 
[INFO] [stderr] error: test failed, to rerun pass `--lib`
[INFO] running `Command { std: "docker" "inspect" "bb55de65fb392b656832c55ad5c853fe185f503cbf4ca697f7f5e53bdabe8810", kill_on_drop: false }`
[INFO] running `Command { std: "docker" "rm" "-f" "bb55de65fb392b656832c55ad5c853fe185f503cbf4ca697f7f5e53bdabe8810", kill_on_drop: false }`
[INFO] [stdout] bb55de65fb392b656832c55ad5c853fe185f503cbf4ca697f7f5e53bdabe8810
