[INFO] fetching crate sabiql 3.0.1...
[INFO] testing sabiql-3.0.1 against 1.99.0-beta.8 for beta-1.100-2
[INFO] extracting crate sabiql 3.0.1 into /workspace/builds/worker-1-tc1/source
[INFO] removed /workspace/builds/worker-1-tc1/source/rust-toolchain.toml
[INFO] started tweaking crates.io crate sabiql 3.0.1
[INFO] finished tweaking crates.io crate sabiql 3.0.1
[INFO] tweaked toml for crates.io crate sabiql 3.0.1 written to /workspace/builds/worker-1-tc1/source/Cargo.toml
[INFO] validating manifest of crates.io crate sabiql 3.0.1 on toolchain 1.99.0-beta.8
[INFO] running `Command { std: CARGO_HOME="/workspace/cargo-home" RUSTUP_HOME="/workspace/rustup-home" "/workspace/cargo-home/bin/cargo" "+1.99.0-beta.8" "metadata" "--manifest-path" "Cargo.toml" "--no-deps", kill_on_drop: false }`
[INFO] crate crates.io crate sabiql 3.0.1 already has a lockfile, it will not be regenerated
[INFO] running `Command { std: CARGO_HOME="/workspace/cargo-home" RUSTUP_HOME="/workspace/rustup-home" "/workspace/cargo-home/bin/cargo" "+1.99.0-beta.8" "fetch" "--manifest-path" "Cargo.toml", kill_on_drop: false }`
[INFO] [stderr]     Updating crates.io index
[INFO] [stderr]  Downloading crates ...
[INFO] [stderr]   Downloaded zipsign-api v0.1.5
[INFO] [stderr]   Downloaded self_update v0.44.0
[INFO] [stderr]   Downloaded zip v6.0.0
[INFO] [stderr]   Downloaded ureq v3.4.0
[INFO] [stderr]   Downloaded ureq-proto v0.6.1
[INFO] [stderr]   Downloaded socks v0.3.4
[INFO] [stderr]   Downloaded self-replace v1.5.0
[INFO] [stderr]   Downloaded unicode-casefold v0.2.0
[INFO] [stderr]   Downloaded sabiql-ui v3.0.1
[INFO] [stderr]   Downloaded sabiql-domain v3.0.1
[INFO] [stderr]   Downloaded lru v0.18.3
[INFO] [stderr]   Downloaded sabiql-app v3.0.1
[INFO] [stderr]   Downloaded sabiql-infra v3.0.1
[INFO] [stderr]   Downloaded error-code v3.4.0
[INFO] running `Command { std: "docker" "create" "-v" "/var/lib/crater-agent-workspace/builds/worker-1-tc1/source:/opt/rustwide/workdir:ro,Z" "-v" "/var/lib/crater-agent-workspace/builds/worker-1-tc1/target:/opt/rustwide/target:rw,Z" "-v" "/var/lib/crater-agent-workspace/cargo-home:/opt/rustwide/cargo-home:ro,Z" "-v" "/var/lib/crater-agent-workspace/rustup-home:/opt/rustwide/rustup-home:ro,Z" "-m" "1610612736" "--network" "none" "ghcr.io/rust-lang/crates-build-env/linux@sha256:3111399a4047eeb3a02b7a90e478d715f38a8c6669b5c4b49d30a17385265909" "sleep" "infinity", kill_on_drop: false }`
[INFO] [stdout] 577beb9e2d1406aec571ed5961f7c87ab8ddb91a54085605d246bc9caad5e04f
[INFO] running `Command { std: "docker" "start" "577beb9e2d1406aec571ed5961f7c87ab8ddb91a54085605d246bc9caad5e04f", kill_on_drop: false }`
[INFO] running `Command { std: "docker" "inspect" "577beb9e2d1406aec571ed5961f7c87ab8ddb91a54085605d246bc9caad5e04f", kill_on_drop: false }`
[INFO] running `Command { std: "docker" "exec" "-e" "SOURCE_DIR=/opt/rustwide/workdir" "-e" "CARGO_HOME=/opt/rustwide/cargo-home" "-e" "RUSTUP_HOME=/opt/rustwide/rustup-home" "-e" "CARGO_TARGET_DIR=/opt/rustwide/target" "-w" "/opt/rustwide/workdir" "--user" "0:0" "577beb9e2d1406aec571ed5961f7c87ab8ddb91a54085605d246bc9caad5e04f" "/opt/rustwide/cargo-home/bin/cargo" "+1.99.0-beta.8" "metadata" "--no-deps" "--format-version=1", kill_on_drop: false }`
[INFO] running `Command { std: "docker" "inspect" "577beb9e2d1406aec571ed5961f7c87ab8ddb91a54085605d246bc9caad5e04f", kill_on_drop: false }`
[INFO] running `Command { std: "docker" "exec" "-e" "SOURCE_DIR=/opt/rustwide/workdir" "-e" "CARGO_HOME=/opt/rustwide/cargo-home" "-e" "RUSTUP_HOME=/opt/rustwide/rustup-home" "-e" "CARGO_TARGET_DIR=/opt/rustwide/target" "-e" "CARGO_INCREMENTAL=0" "-e" "RUST_BACKTRACE=full" "-e" "RUSTFLAGS=--cap-lints=warn" "-e" "RUSTDOCFLAGS=--cap-lints=warn" "-w" "/opt/rustwide/workdir" "--user" "0:0" "577beb9e2d1406aec571ed5961f7c87ab8ddb91a54085605d246bc9caad5e04f" "/opt/rustwide/cargo-home/bin/cargo" "+1.99.0-beta.8" "build" "--frozen" "--message-format=json", kill_on_drop: false }`
[INFO] [stderr]    Compiling smallvec v1.15.2
[INFO] [stderr]    Compiling serde_core v1.0.229
[INFO] [stderr]    Compiling hashbrown v0.17.1
[INFO] [stderr]    Compiling rustix v1.1.4
[INFO] [stderr]    Compiling linux-raw-sys v0.12.1
[INFO] [stderr]    Compiling syn v3.0.4
[INFO] [stderr]    Compiling syn v2.0.119
[INFO] [stderr]    Compiling mio v1.2.2
[INFO] [stderr]    Compiling itertools v0.14.0
[INFO] [stderr]    Compiling instability v0.3.13
[INFO] [stderr]    Compiling object v0.37.3
[INFO] [stderr]    Compiling tracing-subscriber v0.3.23
[INFO] [stderr]    Compiling compact_str v0.9.1
[INFO] [stderr]    Compiling tracing v0.1.44
[INFO] [stderr]    Compiling eyre v0.6.14
[INFO] [stderr]    Compiling convert_case v0.10.0
[INFO] [stderr]    Compiling color-spantrace v0.3.0
[INFO] [stderr]    Compiling parking_lot_core v0.9.12
[INFO] [stderr]    Compiling gimli v0.32.3
[INFO] [stderr]    Compiling parking_lot v0.12.5
[INFO] [stderr]    Compiling critical-section v1.2.0
[INFO] [stderr]    Compiling signal-hook v0.3.18
[INFO] [stderr]    Compiling getrandom v0.4.3
[INFO] [stderr]    Compiling rustc-demangle v0.1.28
[INFO] [stderr]    Compiling owo-colors v4.4.0
[INFO] [stderr]    Compiling indenter v0.3.4
[INFO] [stderr]    Compiling lru v0.18.3
[INFO] [stderr]    Compiling indexmap v2.14.1
[INFO] [stderr]    Compiling uuid v1.26.0
[INFO] [stderr]    Compiling time v0.3.55
[INFO] [stderr]    Compiling signal-hook-mio v0.2.5
[INFO] [stderr]    Compiling futures-channel v0.3.34
[INFO] [stderr]    Compiling line-clipping v0.3.8
[INFO] [stderr]    Compiling tracing-error v0.2.1
[INFO] [stderr]    Compiling csv-core v0.1.13
[INFO] [stderr]    Compiling moxcms v0.8.1
[INFO] [stderr]    Compiling png v0.18.1
[INFO] [stderr]    Compiling nucleo-matcher v0.3.1
[INFO] [stderr]    Compiling unicode-casefold v0.2.0
[INFO] [stderr]    Compiling unicode-truncate v2.0.1
[INFO] [stderr]    Compiling x11rb-protocol v0.13.2
[INFO] [stderr]    Compiling dirs-sys v0.4.1
[INFO] [stderr]    Compiling urlencoding v2.1.3
[INFO] [stderr]    Compiling dirs v5.0.1
[INFO] [stderr]    Compiling clap_builder v4.6.6
[INFO] [stderr]    Compiling synstructure v0.13.2
[INFO] [stderr]    Compiling addr2line v0.25.1
[INFO] [stderr]    Compiling serde_json v1.0.151
[INFO] [stderr]    Compiling csv v1.4.0
[INFO] [stderr]    Compiling strum_macros v0.28.0
[INFO] [stderr]    Compiling derive_more-impl v2.1.1
[INFO] [stderr]    Compiling zerofrom-derive v0.1.7
[INFO] [stderr]    Compiling yoke-derive v0.8.2
[INFO] [stderr]    Compiling zerofrom v0.1.8
[INFO] [stderr]    Compiling derive_more v2.1.1
[INFO] [stderr]    Compiling yoke v0.8.3
[INFO] [stderr]    Compiling darling_core v0.24.1
[INFO] [stderr]    Compiling backtrace v0.3.76
[INFO] [stderr]    Compiling strum v0.28.0
[INFO] [stderr]    Compiling zerovec-derive v0.11.6
[INFO] [stderr]    Compiling displaydoc v0.2.7
[INFO] [stderr]    Compiling thiserror-impl v2.0.20
[INFO] [stderr]    Compiling serde_derive v1.0.229
[INFO] [stderr]    Compiling tokio-macros v2.7.2
[INFO] [stderr]    Compiling futures-macro v0.3.34
[INFO] [stderr]    Compiling async-trait v0.1.92
[INFO] [stderr]    Compiling clap_derive v4.6.4
[INFO] [stderr]    Compiling crossterm v0.29.0
[INFO] [stderr]    Compiling gethostname v1.1.0
[INFO] [stderr]    Compiling x11rb v0.13.2
[INFO] [stderr]    Compiling zerotrie v0.2.5
[INFO] [stderr]    Compiling futures-util v0.3.34
[INFO] [stderr]    Compiling color-eyre v0.6.5
[INFO] [stderr]    Compiling tokio v1.53.1
[INFO] [stderr]    Compiling zerovec v0.11.8
[INFO] [stderr]    Compiling image v0.25.10
[INFO] [stderr]    Compiling thiserror v2.0.20
[INFO] [stderr]    Compiling kasuari v0.4.12
[INFO] [stderr]    Compiling clap v4.6.6
[INFO] [stderr]    Compiling darling_macro v0.24.1
[INFO] [stderr]    Compiling darling v0.24.1
[INFO] [stderr]    Compiling tinystr v0.8.4
[INFO] [stderr]    Compiling potential_utf v0.1.6
[INFO] [stderr]    Compiling ratatui-core v0.1.2
[INFO] [stderr]    Compiling icu_locale_core v2.3.0
[INFO] [stderr]    Compiling icu_collections v2.3.0
[INFO] [stderr]    Compiling serde v1.0.229
[INFO] [stderr]    Compiling arboard v3.6.1
[INFO] [stderr]    Compiling icu_provider v2.3.1
[INFO] [stderr]    Compiling icu_normalizer v2.3.0
[INFO] [stderr]    Compiling icu_properties v2.3.0
[INFO] [stderr]    Compiling futures-executor v0.3.34
[INFO] [stderr]    Compiling ratatui-widgets v0.3.2
[INFO] [stderr]    Compiling ratatui-crossterm v0.1.2
[INFO] [stderr]    Compiling futures v0.3.34
[INFO] [stderr]    Compiling toml_datetime v0.6.11
[INFO] [stderr]    Compiling serde_spanned v0.6.9
[INFO] [stderr]    Compiling toml_edit v0.22.27
[INFO] [stderr]    Compiling ratatui-macros v0.7.2
[INFO] [stderr]    Compiling ratatui v0.30.2
[INFO] [stderr]    Compiling tokio-util v0.7.19
[INFO] [stderr]    Compiling quick-xml v0.38.4
[INFO] [stderr]    Compiling idna_adapter v1.2.2
[INFO] [stderr]    Compiling idna v1.1.0
[INFO] [stderr]    Compiling url v2.5.8
[INFO] [stderr]    Compiling sabiql-domain v3.0.1
[INFO] [stderr]    Compiling toml v0.8.23
[INFO] [stderr]    Compiling sabiql-app v3.0.1
[INFO] [stderr]    Compiling sabiql-ui v3.0.1
[INFO] [stderr]    Compiling sabiql-infra v3.0.1
[INFO] [stderr]    Compiling sabiql v3.0.1 (/opt/rustwide/workdir)
[INFO] [stderr]     Finished `dev` profile [unoptimized + debuginfo] target(s) in 1m 03s
[INFO] running `Command { std: "docker" "inspect" "577beb9e2d1406aec571ed5961f7c87ab8ddb91a54085605d246bc9caad5e04f", kill_on_drop: false }`
[INFO] running `Command { std: "docker" "exec" "-e" "SOURCE_DIR=/opt/rustwide/workdir" "-e" "CARGO_HOME=/opt/rustwide/cargo-home" "-e" "RUSTUP_HOME=/opt/rustwide/rustup-home" "-e" "CARGO_TARGET_DIR=/opt/rustwide/target" "-e" "CARGO_INCREMENTAL=0" "-e" "RUST_BACKTRACE=full" "-e" "RUSTFLAGS=--cap-lints=warn" "-e" "RUSTDOCFLAGS=--cap-lints=warn" "-w" "/opt/rustwide/workdir" "--user" "0:0" "577beb9e2d1406aec571ed5961f7c87ab8ddb91a54085605d246bc9caad5e04f" "/opt/rustwide/cargo-home/bin/cargo" "+1.99.0-beta.8" "test" "--frozen" "--no-run" "--message-format=json", kill_on_drop: false }`
[INFO] [stderr]    Compiling rustix v1.1.4
[INFO] [stderr]    Compiling tokio v1.53.1
[INFO] [stderr]    Compiling console v0.16.4
[INFO] [stderr]    Compiling similar v2.7.0
[INFO] [stderr]    Compiling gethostname v1.1.0
[INFO] [stderr]    Compiling crossterm v0.29.0
[INFO] [stderr]    Compiling tempfile v3.27.0
[INFO] [stderr]    Compiling sabiql-app v3.0.1
[INFO] [stderr]    Compiling tokio-util v0.7.19
[INFO] [stderr]    Compiling quick-xml v0.38.4
[INFO] [stderr]    Compiling x11rb v0.13.2
[INFO] [stderr]    Compiling insta v1.48.0
[INFO] [stderr]    Compiling arboard v3.6.1
[INFO] [stderr]    Compiling ratatui-crossterm v0.1.2
[INFO] [stderr]    Compiling ratatui v0.30.2
[INFO] [stderr]    Compiling sabiql-infra v3.0.1
[INFO] [stderr]    Compiling sabiql-ui v3.0.1
[INFO] [stderr]    Compiling sabiql v3.0.1 (/opt/rustwide/workdir)
[INFO] [stderr]     Finished `test` profile [unoptimized + debuginfo] target(s) in 33.83s
[INFO] running `Command { std: "docker" "inspect" "577beb9e2d1406aec571ed5961f7c87ab8ddb91a54085605d246bc9caad5e04f", kill_on_drop: false }`
[INFO] running `Command { std: "docker" "exec" "-e" "SOURCE_DIR=/opt/rustwide/workdir" "-e" "CARGO_HOME=/opt/rustwide/cargo-home" "-e" "RUSTUP_HOME=/opt/rustwide/rustup-home" "-e" "CARGO_TARGET_DIR=/opt/rustwide/target" "-e" "CARGO_INCREMENTAL=0" "-e" "RUST_BACKTRACE=full" "-e" "RUSTFLAGS=--cap-lints=warn" "-e" "RUSTDOCFLAGS=--cap-lints=warn" "-w" "/opt/rustwide/workdir" "--user" "0:0" "577beb9e2d1406aec571ed5961f7c87ab8ddb91a54085605d246bc9caad5e04f" "/opt/rustwide/cargo-home/bin/cargo" "+1.99.0-beta.8" "test" "--frozen", kill_on_drop: false }`
[INFO] [stderr]     Finished `test` profile [unoptimized + debuginfo] target(s) in 0.39s
[INFO] [stderr]      Running unittests src/main.rs (/opt/rustwide/target/debug/deps/sabiql-649422a356aa8c26)
[INFO] [stdout] 
[INFO] [stdout] running 268 tests
[INFO] [stdout] test panic_hooks::tests::continues_restore_when_raw_mode_probe_fails ... ok
[INFO] [stdout] test panic_hooks::tests::continues_restore_steps_after_a_failure ... ok
[INFO] [stdout] test render_snapshots::connection_flow::connection_error_omits_service_file_hint_for_mysql_save ... ok
[INFO] [stdout] test render_snapshots::connection_flow::connection_error_omits_service_file_hint_for_mysql_switch ... ok
[INFO] [stdout] test render_snapshots::confirm_dialogs::confirm_dialog ... ok
[INFO] [stdout] test render_snapshots::confirm_dialogs::confirm_dialog_update_preview_narrow_terminal ... ok
[INFO] [stdout] test render_snapshots::confirm_dialogs::confirm_dialog_update_preview_multi_column ... ok
[INFO] [stdout] test render_snapshots::confirm_dialogs::confirm_dialog_update_preview_scrollable ... ok
[INFO] [stdout] test render_snapshots::confirm_dialogs::confirm_dialog_update_preview_json_key_order_normalized ... ok
[INFO] [stdout] test render_snapshots::confirm_dialogs::confirm_dialog_update_preview_rich ... ok
[INFO] [stdout] test render_snapshots::connection_flow::connection_error_expanded_with_tabs ... ok
[INFO] [stdout] test render_snapshots::connection_flow::connection_error_collapsed ... ok
[INFO] [stdout] test render_snapshots::confirm_dialogs::confirm_dialog_update_preview_json_and_string_mixed ... ok
[INFO] [stdout] test render_snapshots::confirm_dialogs::confirm_dialog_update_preview_long_json ... ok
[INFO] [stdout] test render_snapshots::confirm_dialogs::confirm_dialog_delete_preview_low_risk ... ok
[INFO] [stdout] test render_snapshots::confirm_dialogs::confirm_dialog_update_preview_json_structured_diff_with_ellipsis ... ok
[INFO] [stdout] test render_snapshots::connection_flow::connection_error_expanded ... ok
[INFO] [stdout] test render_snapshots::confirm_dialogs::confirm_dialog_update_preview ... ok
[INFO] [stdout] test render_snapshots::connection_flow::connection_error_expanded_long_details_capped ... ok
[INFO] [stdout] test render_snapshots::connection_flow::footer_shows_success_message ... ok
[INFO] [stdout] test render_snapshots::connection_flow::connection_setup_empty_password_focused ... ok
[INFO] [stdout] test render_snapshots::connection_flow::connection_setup_preview_uses_postgres_conninfo_escaping ... ok
[INFO] [stdout] test render_snapshots::connection_flow::connection_setup_preview_with_max_length_fields ... ok
[INFO] [stdout] test render_snapshots::connection_flow::connection_error_save_failure_hides_retry_in_modal_and_footer ... ok
[INFO] [stdout] test render_snapshots::connection_flow::connection_setup_sqlite_form ... ok
[INFO] [stdout] test render_snapshots::connection_management::confirm_dialog_delete_inactive_connection ... ok
[INFO] [stdout] test render_snapshots::connection_management::confirm_dialog_delete_active_connection ... ok
[INFO] [stdout] test render_snapshots::connection_flow::connection_setup_ssl_mode_ide_hint ... ok
[INFO] [stdout] test render_snapshots::connection_flow::connection_setup_preview_wraps_across_multiple_rows_for_long_conninfo ... ok
[INFO] [stdout] test render_snapshots::connection_management::connection_selector_with_active_service ... ok
[INFO] [stdout] test render_snapshots::connection_flow::mysql_active_connection_retryable_error_shows_retry_action ... ok
[INFO] [stdout] test render_snapshots::connection_flow::non_mysql_retryable_error_hides_retry_in_modal_and_footer ... ok
[INFO] [stdout] test render_snapshots::connection_management::connection_selector_with_multibyte_service_name ... ok
[INFO] [stdout] test render_snapshots::connection_management::connection_selector_with_long_service_name ... ok
[INFO] [stdout] test render_snapshots::connection_flow::connection_setup_empty_host_focused ... ok
[INFO] [stdout] test render_snapshots::connection_flow::connection_setup_preview_omits_empty_optional_fields ... ok
[INFO] [stdout] test render_snapshots::er_diagram::er_table_picker_all_selected ... ok
[INFO] [stdout] test render_snapshots::connection_management::connection_selector_with_multiple_connections ... ok
[INFO] [stdout] test render_snapshots::connection_flow::connection_setup_form ... ok
[INFO] [stdout] test render_snapshots::connection_flow::connection_setup_with_validation_errors ... ok
[INFO] [stdout] test render_snapshots::er_diagram::er_table_picker_modal ... ok
[INFO] [stdout] test render_snapshots::initial_state::explorer_shows_not_connected_when_no_active_connection ... ok
[INFO] [stdout] test render_snapshots::initial_state::header_shows_read_only_badge_at_narrow_width ... ok
[INFO] [stdout] test render_snapshots::connection_management::connection_selector_with_service_entries ... ok
[INFO] [stdout] test render_snapshots::er_diagram::mysql_er_table_picker_shows_table_names_without_database ... ok
[INFO] [stdout] test render_snapshots::er_diagram::er_table_picker_filtered ... ok
[INFO] [stdout] test render_snapshots::er_diagram::er_table_picker_multi_select ... ok
[INFO] [stdout] test render_snapshots::initial_state::header_shows_effective_user_at_normal_width ... ok
[INFO] [stdout] test render_snapshots::initial_state::explorer_shows_retry_when_metadata_reload_fails ... ok
[INFO] [stdout] test render_snapshots::initial_state::mysql_header_shows_effective_user_without_dsn_password ... ok
[INFO] [stdout] test render_snapshots::initial_state::header_truncates_connection_name_at_narrow_width ... ok
[INFO] [stdout] test render_snapshots::inspector::inspector_ddl_tab_uses_source_ddl ... ok
[INFO] [stdout] test render_snapshots::inspector::inspector_columns_marks_read_only_generated_columns ... ok
[INFO] [stdout] test render_snapshots::er_diagram::er_table_picker_single_select ... ok
[INFO] [stdout] test render_snapshots::inspector::inspector_foreign_keys_tab_marks_unresolved_reference ... ok
[INFO] [stdout] test render_snapshots::inspector::inspector_indexes_tab_for_mysql_hides_unsupported_partial_column ... ok
[INFO] [stdout] test render_snapshots::er_diagram::er_waiting_progress ... ok
[INFO] [stdout] test render_snapshots::initial_state::initial_state_no_metadata ... ok
[INFO] [stdout] test render_snapshots::er_diagram::mysql_er_table_picker_single_select_shows_table_name_without_database ... ok
[INFO] [stdout] test render_snapshots::inspector::inspector_columns_narrow_pane_right_edge_truncates_cjk_comment ... ok
[INFO] [stdout] test render_snapshots::inspector::inspector_columns_narrow_pane_caps_wide_comment ... ok
[INFO] [stdout] test render_snapshots::inspector::inspector_columns_narrow_pane_keeps_horizontal_scroll ... ok
[INFO] [stdout] test render_snapshots::inspector::inspector_columns_shows_mysql_column_metadata ... ok
[INFO] [stdout] test render_snapshots::inspector::inspector_foreign_keys_tab_with_data ... ok
[INFO] [stdout] test render_snapshots::inspector::inspector_info_tab_for_mysql_shows_storage_attributes ... ok
[INFO] [stdout] test render_snapshots::inspector::inspector_indexes_tab_shows_sqlite_partial_expression_details ... ok
[INFO] [stdout] test render_snapshots::inspector::inspector_info_tab_shows_owner_and_comment ... ok
[INFO] [stdout] test render_snapshots::inspector::inspector_indexes_tab_for_sqlite_hides_unknown_type ... ok
[INFO] [stdout] test render_snapshots::inspector::inspector_indexes_tab_shows_sqlite_descending_index_definition ... ok
[INFO] [stdout] test render_snapshots::inspector::inspector_info_tab_for_sqlite_shows_view_kind ... ok
[INFO] [stdout] test render_snapshots::inspector::inspector_triggers_tab_empty ... ok
[INFO] [stdout] test render_snapshots::connection_flow::connection_setup_mysql_cleartext_auth_notice ... ok
[INFO] [stdout] test render_snapshots::connection_flow::connection_setup_mysql_form ... ok
[INFO] [stdout] test render_snapshots::inspector::inspector_indexes_tab_shows_sqlite_partial_index_definition ... ok
[INFO] [stdout] test render_snapshots::inspector::inspector_info_tab_with_no_metadata ... ok
[INFO] [stdout] test render_snapshots::overlays::help_overlay_narrow_horizontal_scroll ... ok
[INFO] [stdout] test render_snapshots::inspector::inspector_info_tab_for_mysql_hides_schema_field ... ok
[INFO] [stdout] test render_snapshots::inspector::inspector_indexes_tab_shows_sqlite_collation_index_definition ... ok
[INFO] [stdout] test render_snapshots::overlays::help_overlay_long_key_rows ... ok
[INFO] [stdout] test render_snapshots::inspector::inspector_info_tab_for_sqlite_hides_postgres_only_fields ... ok
[INFO] [stdout] test render_snapshots::connection_flow::connection_setup_mysql_preview_does_not_mask_empty_password ... ok
[INFO] [stdout] test render_snapshots::inspector::inspector_indexes_tab_with_data ... ok
[INFO] [stdout] test render_snapshots::overlays::help_overlay_filtered_current_result ... ok
[INFO] [stdout] test render_snapshots::inspector::inspector_info_tab_for_sqlite_shows_table_kind_fields ... ok
[INFO] [stdout] test render_snapshots::overlays::settings_overlay_er_diagram_custom_browser ... ok
[INFO] [stdout] test render_snapshots::overlays::query_history_picker_empty ... ok
[INFO] [stdout] test render_snapshots::overlays::settings_overlay ... ok
[INFO] [stdout] test render_snapshots::overlays::command_palette_overlay ... ok
[INFO] [stdout] test render_snapshots::overlays::command_line_input ... ok
[INFO] [stdout] test render_snapshots::overlays::sql_modal_compare_tab_right_only ... ok
[INFO] [stdout] test render_snapshots::overlays::sql_modal_compare_tab_narrow_stacked ... ok
[INFO] [stdout] test render_snapshots::inspector::inspector_triggers_tab_with_data ... ok
[INFO] [stdout] test render_snapshots::overlays::help_overlay ... ok
[INFO] [stdout] test render_snapshots::overlays::query_history_picker_with_entries ... ok
[INFO] [stdout] test render_snapshots::overlays::mysql_table_picker_shows_table_names_without_database ... ok
[INFO] [stdout] test render_snapshots::overlays::settings_overlay_keymap ... ok
[INFO] [stdout] test render_snapshots::overlays::settings_overlay_er_diagram ... ok
[INFO] [stdout] test render_snapshots::overlays::sql_modal_compare_tab_with_verdict ... ok
[INFO] [stdout] test render_snapshots::overlays::query_history_picker_filter_mode ... ok
[INFO] [stdout] test render_snapshots::overlays::sql_modal_confirming_high_matched ... ok
[INFO] [stdout] test render_snapshots::overlays::sql_modal_plan_tab_placeholder ... ok
[INFO] [stdout] test render_snapshots::overlays::sql_modal_ide_editing ... ok
[INFO] [stdout] test render_snapshots::overlays::sql_modal_analyze_unknown_risk_acknowledge ... ok
[INFO] [stdout] test render_snapshots::overlays::sql_modal_confirming_high_unmatched ... ok
[INFO] [stdout] test render_snapshots::overlays::sql_modal_analyze_read_only_acknowledge ... ok
[INFO] [stdout] test render_snapshots::overlays::sql_modal_plan_tab_with_error ... ok
[INFO] [stdout] test render_snapshots::overlays::sql_modal_completion_popup_with_scroll ... ok
[INFO] [stdout] test render_snapshots::overlays::sql_modal_compare_tab_unavailable ... ok
[INFO] [stdout] test render_snapshots::overlays::sql_modal_high_risk_without_target_acknowledge ... ok
[INFO] [stdout] test render_snapshots::overlays::sql_modal_normal_initial ... ok
[INFO] [stdout] test render_snapshots::overlays::sql_modal_compare_tab_empty ... ok
[INFO] [stdout] test render_snapshots::overlays::sql_modal_normal_cursor_at_tail ... ok
[INFO] [stdout] test render_snapshots::overlays::sql_modal_success_with_mysql_diagnostics ... ok
[INFO] [stdout] test render_snapshots::overlays::sql_modal_error_with_message ... ok
[INFO] [stdout] test render_snapshots::overlays::sql_modal_success_dml_with_command_tag ... ok
[INFO] [stdout] test render_snapshots::overlays::sqlite_table_picker_shows_table_names_without_database ... ok
[INFO] [stdout] test render_snapshots::overlays::sql_modal_unknown_risk_acknowledge ... ok
[INFO] [stdout] test render_snapshots::overlays::sqlite_diagnostics_overlay_wrapped_scroll ... ok
[INFO] [stdout] test render_snapshots::overlays::sql_modal_with_completion ... ok
[INFO] [stdout] test render_snapshots::overlays::sql_modal_non_atomic_transaction_acknowledge ... ok
[INFO] [stdout] test render_snapshots::overlays::sqlite_diagnostics_overlay_loaded ... ok
[INFO] [stdout] test render_snapshots::overlays::sql_modal_success_ddl_create_table ... ok
[INFO] [stdout] test render_snapshots::overlays::sqlite_diagnostics_overlay_quick_check_pending ... ok
[INFO] [stdout] test render_snapshots::overlays::table_picker_overlay ... ok
[INFO] [stdout] test render_snapshots::overlays::sqlite_sql_modal_omits_compare_tab ... ok
[INFO] [stdout] test render_snapshots::overlays::sql_modal_plan_tab_with_plan_text ... ok
[INFO] [stdout] test render_snapshots::overlays::sqlite_diagnostics_overlay_loading ... ok
[INFO] [stdout] test render_snapshots::result_pane::result_pane_cell_edit_mode ... ok
[INFO] [stdout] test render_snapshots::overlays::sqlite_diagnostics_overlay_partial_failure ... ok
[INFO] [stdout] test render_snapshots::overlays::sqlite_diagnostics_overlay_quick_check_not_run ... ok
[INFO] [stdout] test render_snapshots::result_pane::result_pane_cell_active_pending_draft ... ok
[INFO] [stdout] test render_snapshots::result_pane::result_pane_cell_detail_mode ... ok
[INFO] [stdout] test render_snapshots::result_pane::result_pane_view_cell_active_hides_write_hints ... ok
[INFO] [stdout] test render_snapshots::result_pane::result_pane_scrolled_past_wide_column_fills_width ... ok
[INFO] [stdout] test render_snapshots::result_pane::result_pane_first_cell_active_mode ... ok
[INFO] [stdout] test render_snapshots::result_pane::result_pane_narrow_pane_keeps_horizontal_scroll ... ok
[INFO] [stdout] test render_snapshots::result_pane::result_pane_json_detail_shows_vertical_scrollbar ... ok
[INFO] [stdout] test render_snapshots::result_pane::result_pane_json_detail_mode ... ok
[INFO] [stdout] test render_snapshots::result_pane::result_pane_staged_delete_row ... ok
[INFO] [stdout] test render_snapshots::result_pane::result_pane_row_detail_shows_scrollbars ... ok
[INFO] [stdout] test render_snapshots::result_pane::result_pane_json_edit_mode ... ok
[INFO] [stdout] test render_snapshots::style_assertions::completion_popup::sql_completion_popup_uses_injected_theme_styles ... ok
[INFO] [stdout] test render_snapshots::overlays::sql_modal_success_select ... ok
[INFO] [stdout] test render_snapshots::style_assertions::cursor_geometry::json_search_cursor_uses_display_width_for_wide_chars ... ok
[INFO] [stdout] test render_snapshots::result_pane::result_pane_cell_active_mode ... ok
[INFO] [stdout] test render_snapshots::style_assertions::cursor_geometry::sql_modal_insert_cursor_advances_visual_row_when_line_wraps ... ok
[INFO] [stdout] test render_snapshots::overlays::sqlite_sql_modal_plan_tab_labels_query_plan ... ok
[INFO] [stdout] test render_snapshots::style_assertions::cursor_geometry::sql_modal_insert_cursor_uses_display_width_for_wide_chars ... ok
[INFO] [stdout] test render_snapshots::result_pane::result_pane_right_edge_peeks_truncated_previous_column ... ok
[INFO] [stdout] test render_snapshots::result_pane::result_pane_sqlite_json_text_cell_detail_mode ... ok
[INFO] [stdout] test render_snapshots::style_assertions::sql_syntax::sql_modal_keyword_and_number_use_syntax_colors ... ok
[INFO] [stdout] test render_snapshots::style_assertions::sql_syntax::sql_modal_unterminated_block_comment_keeps_comment_highlight ... ok
[INFO] [stdout] test render_snapshots::style_assertions::sql_syntax::test_contrast_theme_applies_sql_syntax_colors ... ok
[INFO] [stdout] test render_snapshots::style_assertions::style_colors::header_status_uses_success_warning_and_error_colors ... ok
[INFO] [stdout] test render_snapshots::style_assertions::style_colors::modal_border_uses_theme_color ... ok
[INFO] [stdout] test render_snapshots::style_assertions::style_colors::pending_draft_cell_uses_orange_fg ... ok
[INFO] [stdout] test render_snapshots::style_assertions::style_colors::read_only_header_uses_warning_badge_style ... ok
[INFO] [stdout] test render_snapshots::style_assertions::sql_syntax::sql_modal_unterminated_string_keeps_string_highlight ... ok
[INFO] [stdout] test render_snapshots::result_pane::result_pane_row_detail_mode ... ok
[INFO] [stdout] test render_snapshots::style_assertions::sql_syntax::sql_modal_string_comment_and_operator_use_syntax_colors ... ok
[INFO] [stdout] test render_snapshots::style_assertions::cursor_geometry::cell_edit_cursor_position_tracks_head_middle_and_tail ... ok
[INFO] [stdout] test render_snapshots::style_assertions::cursor_geometry::sql_modal_insert_cursor_position_tracks_head_middle_and_tail ... ok
[INFO] [stdout] test render_snapshots::style_assertions::style_colors::staged_delete_row_uses_dark_red_bg ... ok
[INFO] [stdout] test render_snapshots::style_assertions::cursor_geometry::sql_modal_normal_and_insert_use_distinct_cursor_styles ... ok
[INFO] [stdout] test render_snapshots::style_assertions::theme_injection::settings_theme::preview_uses_selected_theme_while_chrome_keeps_current ... ok
[INFO] [stdout] test render_snapshots::style_assertions::style_colors::active_cell_edit_uses_yellow_fg ... ok
[INFO] [stdout] test render_snapshots::style_assertions::cursor_geometry::help_uses_block_cursor_while_browsing_and_terminal_cursor_while_filtering ... ok
[INFO] [stdout] test render_snapshots::style_assertions::theme_injection::test_contrast_theme_applies_result_pane_table_colors ... ok
[INFO] [stdout] test render_snapshots::style_assertions::cursor_geometry::sql_modal_normal_cursor_position_tracks_head_middle_and_tail ... ok
[INFO] [stdout] test render_snapshots::style_assertions::cursor_geometry::json_edit_uses_terminal_cursor_without_fake_glyph ... ok
[INFO] [stdout] test render_snapshots::table_explorer::empty_query_result ... ok
[INFO] [stdout] test render_snapshots::style_assertions::style_colors::help_overlay_uses_section_header_and_scrollbar_colors ... ok
[INFO] [stdout] test render_snapshots::table_explorer::error_message_in_footer ... ok
[INFO] [stdout] test render_snapshots::table_explorer::focus_mode_fullscreen_result ... ok
[INFO] [stdout] test render_snapshots::style_assertions::theme_injection::light_theme_applies_shell_and_sql_colors ... ok
[INFO] [stdout] test render_snapshots::table_explorer::focus_on_result_pane ... ok
[INFO] [stdout] test tests::adapter_mysql::connection::batch_mysql_cli_does_not_execute_shell_commands ... ignored, requires Oracle MySQL 8.4 server and CLI
[INFO] [stdout] test tests::adapter_mysql::connection::classifies_real_mysql_connection_errors_by_server_code ... ignored, requires Oracle MySQL 8.4 server and CLI
[INFO] [stdout] test tests::adapter_mysql::connection::connects_to_oracle_mysql_84_fixture_with_ca_and_client_certificate ... ignored, requires Oracle MySQL 8.4 server and mysql CLI
[INFO] [stdout] test tests::adapter_mysql::connection::connects_to_oracle_mysql_84_without_tls_with_trusted_server_public_key ... ignored, requires Oracle MySQL 8.4 server and mysql CLI
[INFO] [stdout] test tests::adapter_mysql::connection::preserves_control_characters_in_real_mysql_pty_input ... ignored, requires Oracle MySQL 8.4 server and CLI
[INFO] [stdout] test tests::adapter_mysql::connection::rejects_oracle_mysql_84_fixture_with_wrong_ca ... ignored, requires Oracle MySQL 8.4 server and mysql CLI
[INFO] [stdout] test tests::adapter_mysql::connection::rejects_oracle_mysql_84_fixture_with_wrong_hostname ... ignored, requires Oracle MySQL 8.4 server and mysql CLI
[INFO] [stdout] test tests::adapter_mysql::connection::rejects_oracle_mysql_84_fixture_without_client_certificate ... ignored, requires Oracle MySQL 8.4 server and mysql CLI
[INFO] [stdout] test tests::adapter_mysql::csv_export::enforces_mysql_csv_decoded_field_and_row_limits_through_real_mysql_cli ... ignored, requires Oracle MySQL 8.4 server and CLI
[INFO] [stdout] test tests::adapter_mysql::csv_export::exports_a_header_only_csv_for_an_empty_result ... ignored, requires Oracle MySQL 8.4 server and mysql CLI
[INFO] [stdout] test tests::adapter_mysql::csv_export::exports_each_supported_mysql_result_statement ... ignored, requires Oracle MySQL 8.4 server and mysql CLI
[INFO] [stdout] test tests::adapter_mysql::csv_export::exports_resultset_field_error_text_verbatim_through_real_mysql_cli ... ignored, requires Oracle MySQL 8.4 server and mysql CLI
[INFO] [stdout] test tests::adapter_mysql::csv_export::exports_with_a_read_only_session_and_rejects_writes ... ignored, requires Oracle MySQL 8.4 server and CLI
[INFO] [stdout] test tests::adapter_mysql::metadata_fetch::columns_metadata_matches_mysql_84_collation_and_generation_ddl ... ignored, requires Oracle MySQL 8.4 server and CLI
[INFO] [stdout] test tests::adapter_mysql::metadata_fetch::loads_mysql_table_catalog ... ignored, requires Oracle MySQL 8.4 server and CLI
[INFO] [stdout] test tests::adapter_mysql::metadata_fetch::loads_mysql_table_detail_and_preserves_attributes ... ignored, requires Oracle MySQL 8.4 server and CLI
[INFO] [stdout] test tests::adapter_mysql::metadata_fetch::loads_mysql_view_detail ... ignored, requires Oracle MySQL 8.4 server and CLI
[INFO] [stdout] test tests::adapter_mysql::metadata_fetch::reflects_mysql_index_prefix_direction_visibility_and_functional_parts ... ignored, requires Oracle MySQL 8.4 server and CLI
[INFO] [stdout] test tests::adapter_mysql::metadata_fetch::reflects_single_column_unique_metadata_in_columns_and_signatures ... ignored, requires Oracle MySQL 8.4 server and CLI
[INFO] [stdout] test tests::adapter_mysql::metadata_fetch::registry_fetches_mysql_effective_user_for_the_connection_header ... ignored, requires Oracle MySQL 8.4 server and CLI
[INFO] [stdout] test tests::adapter_mysql::metadata_fetch::table_metadata_reports_effective_storage_attributes_from_information_schema ... ignored, requires Oracle MySQL 8.4 server and CLI
[INFO] [stdout] test tests::adapter_mysql::query_execution::applies_read_only_session_before_adhoc_sql_and_preserves_fixture ... ignored, requires Oracle MySQL 8.4 server and CLI
[INFO] [stdout] test tests::adapter_mysql::query_execution::classifies_real_mysql_server_errors_by_server_code ... ignored, requires Oracle MySQL 8.4 server and CLI
[INFO] [stdout] test tests::adapter_mysql::query_execution::discards_real_cli_results_when_query_fails ... ignored, requires Oracle MySQL 8.4 server and CLI
[INFO] [stdout] test tests::adapter_mysql::query_execution::displays_successful_warning_and_note_diagnostics ... ignored, requires Oracle MySQL 8.4 server and CLI
[INFO] [stdout] test tests::adapter_mysql::query_execution::executes_multiple_statements_and_returns_only_the_last_result ... ignored, requires Oracle MySQL 8.4 server and CLI
[INFO] [stdout] test tests::adapter_mysql::query_execution::executes_select_into_user_variable_and_reads_it_later_in_the_submission ... ignored, requires Oracle MySQL 8.4 server and CLI
[INFO] [stdout] test tests::adapter_mysql::query_execution::executes_tree_explain_successfully_on_oracle_mysql_84 ... ignored, requires Oracle MySQL 8.4 server and CLI
[INFO] [stdout] test tests::adapter_mysql::query_execution::keeps_refresh_scope_and_discards_partial_result_after_a_later_failure ... ignored, requires Oracle MySQL 8.4 server and CLI
[INFO] [stdout] test tests::adapter_mysql::query_execution::keeps_temporary_table_state_inside_one_submission ... ignored, requires Oracle MySQL 8.4 server and CLI
[INFO] [stdout] test tests::adapter_mysql::query_execution::normalizes_server_transaction_defaults_before_adhoc_sql ... ignored, requires Oracle MySQL 8.4 server and CLI
[INFO] [stdout] test tests::adapter_mysql::query_execution::preserves_empty_describe_columns ... ignored, requires Oracle MySQL 8.4 server and mysql CLI
[INFO] [stdout] test tests::adapter_mysql::query_execution::preserves_empty_select_columns_without_reexecution ... ignored, requires Oracle MySQL 8.4 server and mysql CLI
[INFO] [stdout] test tests::adapter_mysql::query_execution::preserves_empty_show_columns ... ignored, requires Oracle MySQL 8.4 server and mysql CLI
[INFO] [stdout] test tests::adapter_mysql::query_execution::preserves_empty_table_columns ... ignored, requires Oracle MySQL 8.4 server and mysql CLI
[INFO] [stdout] test tests::adapter_mysql::query_execution::preserves_explicit_transaction_order_and_scope ... ignored, requires Oracle MySQL 8.4 server and CLI
[INFO] [stdout] test tests::adapter_mysql::query_execution::preserves_multi_statement_warnings_and_found_rows ... ignored, requires Oracle MySQL 8.4 server and CLI
[INFO] [stdout] test tests::adapter_mysql::query_execution::preserves_session_row_count_and_omits_multi_statement_affected_rows ... ignored, requires Oracle MySQL 8.4 server and CLI
[INFO] [stdout] test tests::adapter_mysql::query_execution::preserves_xml_value_boundaries_for_real_mysql_results ... ignored, requires Oracle MySQL 8.4 server and CLI
[INFO] [stdout] test tests::adapter_mysql::query_execution::rejects_implicit_commit_transaction_and_matches_oracle_mysql_behavior ... ignored, requires Oracle MySQL 8.4 server and CLI
[INFO] [stdout] test tests::adapter_mysql::query_execution::rejects_next_process_when_global_sql_mode_is_unsupported ... ignored, requires Oracle MySQL 8.4 server and CLI
[INFO] [stdout] test tests::adapter_mysql::query_execution::rejects_quoted_mysql_side_effects_in_read_only_adhoc ... ignored, requires Oracle MySQL 8.4 server and CLI
[INFO] [stdout] test tests::adapter_mysql::query_execution::reports_metadata_scope_when_a_later_ddl_statement_fails ... ignored, requires Oracle MySQL 8.4 server and CLI
[INFO] [stdout] test tests::adapter_mysql::query_execution::times_out_real_cli_query_and_discards_output ... ignored, requires Oracle MySQL 8.4 server and CLI
[INFO] [stdout] test tests::adapter_mysql::query_preview::previews_and_writes_binary_charset_strings_without_byte_changes ... ignored, requires Oracle MySQL 8.4 server and mysql CLI
[INFO] [stdout] test tests::adapter_mysql::query_preview::previews_empty_mysql_table_with_metadata_columns ... ignored, requires Oracle MySQL 8.4 server and CLI
[INFO] [stdout] test tests::adapter_mysql::query_preview::previews_mysql_rows_with_visible_columns_types_and_pagination ... ignored, requires Oracle MySQL 8.4 server and CLI
[INFO] [stdout] test tests::adapter_mysql::query_preview::previews_mysql_spatial_point_as_binary_equal_to_hex ... ignored, requires Oracle MySQL 8.4 server and CLI
[INFO] [stdout] test tests::adapter_mysql::write_operations::enforces_case_sensitive_database_scope_on_oracle_mysql_84 ... ignored, requires Oracle MySQL 8.4 server and CLI
[INFO] [stdout] test tests::adapter_mysql::write_operations::executes_supported_mysql_ddl_forms_on_oracle_mysql_84 ... ignored, requires Oracle MySQL 8.4 server and CLI
[INFO] [stdout] test tests::adapter_mysql::write_operations::loads_and_updates_mysql_functional_index_table ... ignored, requires Oracle MySQL 8.4 server and CLI
[INFO] [stdout] test tests::adapter_mysql::write_operations::previews_and_writes_rows_using_hidden_mysql_primary_keys ... ignored, requires Oracle MySQL 8.4 server and CLI
[INFO] [stdout] test tests::adapter_mysql::write_operations::updates_and_bulk_deletes_mysql_rows_with_visible_composite_primary_keys ... ignored, requires Oracle MySQL 8.4 server and CLI
[INFO] [stdout] test tests::adapter_mysql::write_operations::updates_mysql_json_documents_as_whole_values ... ignored, requires Oracle MySQL 8.4 server and mysql CLI
[INFO] [stdout] test tests::adapter_postgres::error_paths::bad_dsn_returns_connection_or_query_error ... ignored, requires PostgreSQL, tracked: #133
[INFO] [stdout] test tests::adapter_postgres::error_paths::timeout_with_pg_sleep_returns_timeout_error ... ignored, requires PostgreSQL, tracked: #133
[INFO] [stdout] test tests::adapter_postgres::metadata_fetch::fetch_metadata_returns_schemas ... ignored, requires PostgreSQL, tracked: #133
[INFO] [stdout] test tests::adapter_postgres::metadata_fetch::fetch_table_detail_returns_columns ... ignored, requires PostgreSQL, tracked: #133
[INFO] [stdout] test tests::adapter_postgres::multi_statement_boundaries::data_rows_identical_to_header_are_preserved ... ignored, requires PostgreSQL, tracked: #133
[INFO] [stdout] test tests::adapter_postgres::multi_statement_boundaries::empty_leading_result_set_returns_last ... ignored, requires PostgreSQL, tracked: #133
[INFO] [stdout] test tests::adapter_postgres::multi_statement_boundaries::empty_trailing_result_set_returns_zero_rows ... ignored, requires PostgreSQL, tracked: #133
[INFO] [stdout] test tests::adapter_postgres::multi_statement_boundaries::error_in_later_statement_rolls_back_earlier_writes ... ignored, requires PostgreSQL, tracked: #133
[INFO] [stdout] test tests::adapter_postgres::multi_statement_boundaries::returns_last_result_set ... ignored, requires PostgreSQL, tracked: #133
[INFO] [stdout] test tests::adapter_postgres::multi_statement_boundaries::statements_share_one_session_and_transaction ... ignored, requires PostgreSQL, tracked: #133
[INFO] [stdout] test tests::adapter_postgres::multi_statement_boundaries::write_only_statements_report_aggregate_tag ... ignored, requires PostgreSQL, tracked: #133
[INFO] [stdout] test tests::adapter_postgres::query_execution::execute_adhoc_select_returns_query_result ... ignored, requires PostgreSQL, tracked: #133
[INFO] [stdout] test tests::adapter_postgres::query_execution::execute_preview_returns_columns ... ignored, requires PostgreSQL, tracked: #133
[INFO] [stdout] test render_snapshots::style_assertions::style_colors::scrim_applies_dim_modifier ... ok
[INFO] [stdout] test tests::cli_sqlite_startup::rejects_missing_file_before_startup ... ok
[INFO] [stdout] test tests::cli_sqlite_startup::resolves_extensionless_sqlite_file ... ok
[INFO] [stdout] test tests::cli_sqlite_startup::resolves_existing_sqlite_file ... ok
[INFO] [stdout] test tests::database_positional_is_recognized ... ok
[INFO] [stdout] test render_snapshots::style_assertions::style_colors::result_highlight_respects_injected_now ... ok
[INFO] [stdout] test render_snapshots::table_explorer::mysql_header_and_explorer_show_table_names ... ok
[INFO] [stdout] test tests::cli_sqlite_startup::rejects_non_sqlite_file_before_startup ... ok
[INFO] [stdout] test tests::disabled_message_contains_version_and_upgrade_guidance ... ok
[INFO] [stdout] test tests::dispatch_overflow_fallback::reports_dropped_count_when_channel_is_full ... ok
[INFO] [stdout] test tests::update_subcommand_is_recognized ... ok
[INFO] [stdout] test tests::dispatch_overflow_fallback::requeues_all_actions_and_reports_them_as_deferred ... ok
[INFO] [stdout] test tests::harness::mysql::tests::mysql_config_uses_the_same_defaults_for_both_ssl_modes ... ok
[INFO] [stdout] test tests::harness::mysql::tests::wrappers_share_env_values_and_keep_tls_specific_settings ... ok
[INFO] [stdout] test tests::no_subcommand_returns_none ... ok
[INFO] [stdout] test render_snapshots::style_assertions::style_colors::test_contrast_theme_applies_help_overlay_navigation_colors ... ok
[INFO] [stdout] test render_snapshots::table_explorer::long_error_message_wraps_into_footer_and_command_line ... ok
[INFO] [stdout] test render_snapshots::style_assertions::cursor_geometry::connection_setup_cursor_position_tracks_head_middle_and_tail ... ok
[INFO] [stdout] test render_snapshots::table_explorer::sqlite_explorer_shows_table_names_without_schema_or_kind_suffixes ... ok
[INFO] [stdout] test render_snapshots::style_assertions::theme_injection::injected_palette_changes_shell_modal_and_picker_styles ... ok
[INFO] [stdout] test render_snapshots::table_explorer::sqlite_header_shows_table_name_without_schema ... ok
[INFO] [stdout] test render_snapshots::table_explorer::table_selection_with_preview ... ok
[INFO] [stdout] test tests::cli_sqlite_startup::activation_pins_canonical_target_for_identity_preview_and_write ... FAILED
[INFO] [stdout] test render_snapshots::style_assertions::style_colors::help_overlay_omits_scrollbars_when_content_fits ... ok
[INFO] [stdout] test render_snapshots::result_pane::result_pane_row_detail_renders_tail_beyond_u16_range ... ok
[INFO] [stdout] 
[INFO] [stdout] failures:
[INFO] [stdout] 
[INFO] [stdout] ---- tests::cli_sqlite_startup::activation_pins_canonical_target_for_identity_preview_and_write stdout ----
[INFO] [stdout] 
[INFO] [stdout] thread 'tests::cli_sqlite_startup::activation_pins_canonical_target_for_identity_preview_and_write' (2315) panicked at src/tests/mod.rs:112:14:
[INFO] [stdout] called `Result::unwrap()` on an `Err` value: Custom { kind: ReadOnlyFilesystem, error: PathError { path: "/opt/rustwide/workdir/./sabiql-sab-351-EQsoUT", err: Os { code: 30, kind: ReadOnlyFilesystem, message: "Read-only file system" } } }
[INFO] [stdout] stack backtrace:
[INFO] [stdout]    0:     0x63fe421bc8a1 - std[70759c8f55707aa4]::backtrace_rs::backtrace::libunwind::trace
[INFO] [stdout]                                at /rustc/dfb0accb7f508ae8be965d8629557221c889dd98/library/std/src/../../backtrace/src/backtrace/libunwind.rs:117:9
[INFO] [stdout]    1:     0x63fe421bc8a1 - std[70759c8f55707aa4]::backtrace_rs::backtrace::trace_unsynchronized::<std[70759c8f55707aa4]::sys::backtrace::_print_fmt::{closure#1}>
[INFO] [stdout]                                at /rustc/dfb0accb7f508ae8be965d8629557221c889dd98/library/std/src/../../backtrace/src/backtrace/mod.rs:66:14
[INFO] [stdout]    2:     0x63fe421bc8a1 - std[70759c8f55707aa4]::sys::backtrace::_print_fmt
[INFO] [stdout]                                at /rustc/dfb0accb7f508ae8be965d8629557221c889dd98/library/std/src/sys/backtrace.rs:74:9
[INFO] [stdout]    3:     0x63fe421bc8a1 - <<std[70759c8f55707aa4]::sys::backtrace::BacktraceLock>::print::DisplayBacktrace as core[df12db4294e9bfd3]::fmt::Display>::fmt
[INFO] [stdout]                                at /rustc/dfb0accb7f508ae8be965d8629557221c889dd98/library/std/src/sys/backtrace.rs:44:26
[INFO] [stdout]    4:     0x63fe421d6b9a - <core[df12db4294e9bfd3]::fmt::rt::Argument>::fmt
[INFO] [stdout]                                at /rustc/dfb0accb7f508ae8be965d8629557221c889dd98/library/core/src/fmt/rt.rs:152:76
[INFO] [stdout]    5:     0x63fe421d6b9a - core[df12db4294e9bfd3]::fmt::write
[INFO] [stdout]    6:     0x63fe421c27cc - core[df12db4294e9bfd3]::io::write::default_write_fmt::<alloc[2182bb758b4b3781]::vec::Vec<u8>>
[INFO] [stdout]                                at /rustc/dfb0accb7f508ae8be965d8629557221c889dd98/library/core/src/io/write.rs:402:11
[INFO] [stdout]    7:     0x63fe421c27cc - <alloc[2182bb758b4b3781]::vec::Vec<u8> as core[df12db4294e9bfd3]::io::write::Write>::write_fmt
[INFO] [stdout]                                at /rustc/dfb0accb7f508ae8be965d8629557221c889dd98/library/core/src/io/write.rs:335:13
[INFO] [stdout]    8:     0x63fe42194206 - <std[70759c8f55707aa4]::sys::backtrace::BacktraceLock>::print
[INFO] [stdout]                                at /rustc/dfb0accb7f508ae8be965d8629557221c889dd98/library/std/src/sys/backtrace.rs:47:9
[INFO] [stdout]    9:     0x63fe42194206 - std[70759c8f55707aa4]::panicking::default_hook::{closure#0}
[INFO] [stdout]                                at /rustc/dfb0accb7f508ae8be965d8629557221c889dd98/library/std/src/panicking.rs:292:27
[INFO] [stdout]   10:     0x63fe421b3569 - std[70759c8f55707aa4]::panicking::default_hook
[INFO] [stdout]                                at /rustc/dfb0accb7f508ae8be965d8629557221c889dd98/library/std/src/panicking.rs:316:9
[INFO] [stdout]   11:     0x63fe419cb840 - <alloc[2182bb758b4b3781]::boxed::Box<dyn for<'a, 'b> core[df12db4294e9bfd3]::ops::function::Fn<(&'a std[70759c8f55707aa4]::panic::PanicHookInfo<'b>,), Output = ()> + core[df12db4294e9bfd3]::marker::Send + core[df12db4294e9bfd3]::marker::Sync> as core[df12db4294e9bfd3]::ops::function::Fn<(&std[70759c8f55707aa4]::panic::PanicHookInfo,)>>::call
[INFO] [stdout]                                at /rustc/dfb0accb7f508ae8be965d8629557221c889dd98/library/alloc/src/boxed.rs:2334:9
[INFO] [stdout]   12:     0x63fe419cb840 - test[9d35eded1c95d3be]::test_main_inner::<test[9d35eded1c95d3be]::test_main_static::{closure#0}>::{closure#0}
[INFO] [stdout]                                at /rustc/dfb0accb7f508ae8be965d8629557221c889dd98/library/test/src/lib.rs:155:21
[INFO] [stdout]   13:     0x63fe421b3892 - <alloc[2182bb758b4b3781]::boxed::Box<dyn for<'a, 'b> core[df12db4294e9bfd3]::ops::function::Fn<(&'a std[70759c8f55707aa4]::panic::PanicHookInfo<'b>,), Output = ()> + core[df12db4294e9bfd3]::marker::Send + core[df12db4294e9bfd3]::marker::Sync> as core[df12db4294e9bfd3]::ops::function::Fn<(&std[70759c8f55707aa4]::panic::PanicHookInfo,)>>::call
[INFO] [stdout]                                at /rustc/dfb0accb7f508ae8be965d8629557221c889dd98/library/alloc/src/boxed.rs:2334:9
[INFO] [stdout]   14:     0x63fe421b3892 - std[70759c8f55707aa4]::panicking::panic_with_hook
[INFO] [stdout]                                at /rustc/dfb0accb7f508ae8be965d8629557221c889dd98/library/std/src/panicking.rs:823:13
[INFO] [stdout]   15:     0x63fe421942b2 - std[70759c8f55707aa4]::panicking::panic_handler::{closure#0}
[INFO] [stdout]                                at /rustc/dfb0accb7f508ae8be965d8629557221c889dd98/library/std/src/panicking.rs:688:13
[INFO] [stdout]   16:     0x63fe4218c4f9 - std[70759c8f55707aa4]::sys::backtrace::__rust_end_short_backtrace::<std[70759c8f55707aa4]::panicking::panic_handler::{closure#0}, !>
[INFO] [stdout]                                at /rustc/dfb0accb7f508ae8be965d8629557221c889dd98/library/std/src/sys/backtrace.rs:182:18
[INFO] [stdout]   17:     0x63fe4219523d - __rustc[8fa7c3cbc660c2b3]::rust_begin_unwind
[INFO] [stdout]                                at /rustc/dfb0accb7f508ae8be965d8629557221c889dd98/library/std/src/panicking.rs:679:5
[INFO] [stdout]   18:     0x63fe421d73bc - core[df12db4294e9bfd3]::panicking::panic_fmt
[INFO] [stdout]                                at /rustc/dfb0accb7f508ae8be965d8629557221c889dd98/library/core/src/panicking.rs:80:14
[INFO] [stdout]   19:     0x63fe421d7112 - core[df12db4294e9bfd3]::result::unwrap_failed
[INFO] [stdout]                                at /rustc/dfb0accb7f508ae8be965d8629557221c889dd98/library/core/src/result.rs:1871:5
[INFO] [stdout]   20:     0x63fe4186408f - <core[df12db4294e9bfd3]::result::Result<tempfile[28e4401ff00bbe60]::dir::TempDir, core[df12db4294e9bfd3]::io::error::Error>>::unwrap
[INFO] [stdout]                                at /rustc/dfb0accb7f508ae8be965d8629557221c889dd98/library/core/src/result.rs:1232:23
[INFO] [stdout]   21:     0x63fe4186408f - sabiql[3799123334f960b1]::tests::cli_sqlite_startup::activation_pins_canonical_target_for_identity_preview_and_write::{closure#0}
[INFO] [stdout]                                at /opt/rustwide/workdir/src/tests/mod.rs:112:14
[INFO] [stdout]   22:     0x63fe418822a2 - <core[df12db4294e9bfd3]::pin::Pin<&mut dyn core[df12db4294e9bfd3]::future::future::Future<Output = ()>> as core[df12db4294e9bfd3]::future::future::Future>::poll
[INFO] [stdout]                                at /rustc/dfb0accb7f508ae8be965d8629557221c889dd98/library/core/src/future/future.rs:133:9
[INFO] [stdout]   23:     0x63fe4188231d - <core[df12db4294e9bfd3]::pin::Pin<&mut core[df12db4294e9bfd3]::pin::Pin<&mut dyn core[df12db4294e9bfd3]::future::future::Future<Output = ()>>> as core[df12db4294e9bfd3]::future::future::Future>::poll
[INFO] [stdout]                                at /rustc/dfb0accb7f508ae8be965d8629557221c889dd98/library/core/src/future/future.rs:133:9
[INFO] [stdout]   24:     0x63fe418a667d - <tokio[8f02549e0c0e1af3]::runtime::scheduler::current_thread::CoreGuard>::block_on::<core[df12db4294e9bfd3]::pin::Pin<&mut core[df12db4294e9bfd3]::pin::Pin<&mut dyn core[df12db4294e9bfd3]::future::future::Future<Output = ()>>>>::{closure#0}::{closure#0}::{closure#0}
[INFO] [stdout]                                at /opt/rustwide/cargo-home/registry/src/index.crates.io-1949cf8c6b5b557f/tokio-1.53.1/src/runtime/scheduler/current_thread/mod.rs:830:70
[INFO] [stdout]   25:     0x63fe418a65b5 - tokio[8f02549e0c0e1af3]::task::coop::with_budget::<core[df12db4294e9bfd3]::task::poll::Poll<()>, <tokio[8f02549e0c0e1af3]::runtime::scheduler::current_thread::CoreGuard>::block_on<core[df12db4294e9bfd3]::pin::Pin<&mut core[df12db4294e9bfd3]::pin::Pin<&mut dyn core[df12db4294e9bfd3]::future::future::Future<Output = ()>>>>::{closure#0}::{closure#0}::{closure#0}>
[INFO] [stdout]                                at /opt/rustwide/cargo-home/registry/src/index.crates.io-1949cf8c6b5b557f/tokio-1.53.1/src/task/coop/mod.rs:167:5
[INFO] [stdout]   26:     0x63fe418a65b5 - tokio[8f02549e0c0e1af3]::task::coop::budget::<core[df12db4294e9bfd3]::task::poll::Poll<()>, <tokio[8f02549e0c0e1af3]::runtime::scheduler::current_thread::CoreGuard>::block_on<core[df12db4294e9bfd3]::pin::Pin<&mut core[df12db4294e9bfd3]::pin::Pin<&mut dyn core[df12db4294e9bfd3]::future::future::Future<Output = ()>>>>::{closure#0}::{closure#0}::{closure#0}>
[INFO] [stdout]                                at /opt/rustwide/cargo-home/registry/src/index.crates.io-1949cf8c6b5b557f/tokio-1.53.1/src/task/coop/mod.rs:133:5
[INFO] [stdout]   27:     0x63fe418a65b5 - <tokio[8f02549e0c0e1af3]::runtime::scheduler::current_thread::CoreGuard>::block_on::<core[df12db4294e9bfd3]::pin::Pin<&mut core[df12db4294e9bfd3]::pin::Pin<&mut dyn core[df12db4294e9bfd3]::future::future::Future<Output = ()>>>>::{closure#0}::{closure#0}
[INFO] [stdout]                                at /opt/rustwide/cargo-home/registry/src/index.crates.io-1949cf8c6b5b557f/tokio-1.53.1/src/runtime/scheduler/current_thread/mod.rs:830:25
[INFO] [stdout]   28:     0x63fe418a25c2 - <tokio[8f02549e0c0e1af3]::runtime::scheduler::current_thread::Context>::enter::<core[df12db4294e9bfd3]::task::poll::Poll<()>, <tokio[8f02549e0c0e1af3]::runtime::scheduler::current_thread::CoreGuard>::block_on<core[df12db4294e9bfd3]::pin::Pin<&mut core[df12db4294e9bfd3]::pin::Pin<&mut dyn core[df12db4294e9bfd3]::future::future::Future<Output = ()>>>>::{closure#0}::{closure#0}>
[INFO] [stdout]                                at /opt/rustwide/cargo-home/registry/src/index.crates.io-1949cf8c6b5b557f/tokio-1.53.1/src/runtime/scheduler/current_thread/mod.rs:488:19
[INFO] [stdout]   29:     0x63fe418a58fd - <tokio[8f02549e0c0e1af3]::runtime::scheduler::current_thread::CoreGuard>::block_on::<core[df12db4294e9bfd3]::pin::Pin<&mut core[df12db4294e9bfd3]::pin::Pin<&mut dyn core[df12db4294e9bfd3]::future::future::Future<Output = ()>>>>::{closure#0}
[INFO] [stdout]                                at /opt/rustwide/cargo-home/registry/src/index.crates.io-1949cf8c6b5b557f/tokio-1.53.1/src/runtime/scheduler/current_thread/mod.rs:829:44
[INFO] [stdout]   30:     0x63fe418a4b94 - <tokio[8f02549e0c0e1af3]::runtime::scheduler::current_thread::CoreGuard>::enter::<<tokio[8f02549e0c0e1af3]::runtime::scheduler::current_thread::CoreGuard>::block_on<core[df12db4294e9bfd3]::pin::Pin<&mut core[df12db4294e9bfd3]::pin::Pin<&mut dyn core[df12db4294e9bfd3]::future::future::Future<Output = ()>>>>::{closure#0}, core[df12db4294e9bfd3]::option::Option<()>>::{closure#0}
[INFO] [stdout]                                at /opt/rustwide/cargo-home/registry/src/index.crates.io-1949cf8c6b5b557f/tokio-1.53.1/src/runtime/scheduler/current_thread/mod.rs:906:68
[INFO] [stdout]   31:     0x63fe417b61db - <tokio[8f02549e0c0e1af3]::runtime::context::scoped::Scoped<tokio[8f02549e0c0e1af3]::runtime::scheduler::Context>>::set::<<tokio[8f02549e0c0e1af3]::runtime::scheduler::current_thread::CoreGuard>::enter<<tokio[8f02549e0c0e1af3]::runtime::scheduler::current_thread::CoreGuard>::block_on<core[df12db4294e9bfd3]::pin::Pin<&mut core[df12db4294e9bfd3]::pin::Pin<&mut dyn core[df12db4294e9bfd3]::future::future::Future<Output = ()>>>>::{closure#0}, core[df12db4294e9bfd3]::option::Option<()>>::{closure#0}, (alloc[2182bb758b4b3781]::boxed::Box<tokio[8f02549e0c0e1af3]::runtime::scheduler::current_thread::Core>, core[df12db4294e9bfd3]::option::Option<()>)>
[INFO] [stdout]                                at /opt/rustwide/cargo-home/registry/src/index.crates.io-1949cf8c6b5b557f/tokio-1.53.1/src/runtime/context/scoped.rs:40:9
[INFO] [stdout]   32:     0x63fe418a61f9 - tokio[8f02549e0c0e1af3]::runtime::context::set_scheduler::<(alloc[2182bb758b4b3781]::boxed::Box<tokio[8f02549e0c0e1af3]::runtime::scheduler::current_thread::Core>, core[df12db4294e9bfd3]::option::Option<()>), <tokio[8f02549e0c0e1af3]::runtime::scheduler::current_thread::CoreGuard>::enter<<tokio[8f02549e0c0e1af3]::runtime::scheduler::current_thread::CoreGuard>::block_on<core[df12db4294e9bfd3]::pin::Pin<&mut core[df12db4294e9bfd3]::pin::Pin<&mut dyn core[df12db4294e9bfd3]::future::future::Future<Output = ()>>>>::{closure#0}, core[df12db4294e9bfd3]::option::Option<()>>::{closure#0}>::{closure#0}
[INFO] [stdout]                                at /opt/rustwide/cargo-home/registry/src/index.crates.io-1949cf8c6b5b557f/tokio-1.53.1/src/runtime/context.rs:187:38
[INFO] [stdout]   33:     0x63fe417cc20f - <std[70759c8f55707aa4]::thread::local::LocalKey<tokio[8f02549e0c0e1af3]::runtime::context::Context>>::try_with::<tokio[8f02549e0c0e1af3]::runtime::context::set_scheduler<(alloc[2182bb758b4b3781]::boxed::Box<tokio[8f02549e0c0e1af3]::runtime::scheduler::current_thread::Core>, core[df12db4294e9bfd3]::option::Option<()>), <tokio[8f02549e0c0e1af3]::runtime::scheduler::current_thread::CoreGuard>::enter<<tokio[8f02549e0c0e1af3]::runtime::scheduler::current_thread::CoreGuard>::block_on<core[df12db4294e9bfd3]::pin::Pin<&mut core[df12db4294e9bfd3]::pin::Pin<&mut dyn core[df12db4294e9bfd3]::future::future::Future<Output = ()>>>>::{closure#0}, core[df12db4294e9bfd3]::option::Option<()>>::{closure#0}>::{closure#0}, (alloc[2182bb758b4b3781]::boxed::Box<tokio[8f02549e0c0e1af3]::runtime::scheduler::current_thread::Core>, core[df12db4294e9bfd3]::option::Option<()>)>
[INFO] [stdout]                                at /rustc/dfb0accb7f508ae8be965d8629557221c889dd98/library/std/src/thread/local.rs:463:12
[INFO] [stdout]   34:     0x63fe417cbdbe - <std[70759c8f55707aa4]::thread::local::LocalKey<tokio[8f02549e0c0e1af3]::runtime::context::Context>>::with::<tokio[8f02549e0c0e1af3]::runtime::context::set_scheduler<(alloc[2182bb758b4b3781]::boxed::Box<tokio[8f02549e0c0e1af3]::runtime::scheduler::current_thread::Core>, core[df12db4294e9bfd3]::option::Option<()>), <tokio[8f02549e0c0e1af3]::runtime::scheduler::current_thread::CoreGuard>::enter<<tokio[8f02549e0c0e1af3]::runtime::scheduler::current_thread::CoreGuard>::block_on<core[df12db4294e9bfd3]::pin::Pin<&mut core[df12db4294e9bfd3]::pin::Pin<&mut dyn core[df12db4294e9bfd3]::future::future::Future<Output = ()>>>>::{closure#0}, core[df12db4294e9bfd3]::option::Option<()>>::{closure#0}>::{closure#0}, (alloc[2182bb758b4b3781]::boxed::Box<tokio[8f02549e0c0e1af3]::runtime::scheduler::current_thread::Core>, core[df12db4294e9bfd3]::option::Option<()>)>
[INFO] [stdout]                                at /rustc/dfb0accb7f508ae8be965d8629557221c889dd98/library/std/src/thread/local.rs:427:20
[INFO] [stdout]   35:     0x63fe418a361d - tokio[8f02549e0c0e1af3]::runtime::context::set_scheduler::<(alloc[2182bb758b4b3781]::boxed::Box<tokio[8f02549e0c0e1af3]::runtime::scheduler::current_thread::Core>, core[df12db4294e9bfd3]::option::Option<()>), <tokio[8f02549e0c0e1af3]::runtime::scheduler::current_thread::CoreGuard>::enter<<tokio[8f02549e0c0e1af3]::runtime::scheduler::current_thread::CoreGuard>::block_on<core[df12db4294e9bfd3]::pin::Pin<&mut core[df12db4294e9bfd3]::pin::Pin<&mut dyn core[df12db4294e9bfd3]::future::future::Future<Output = ()>>>>::{closure#0}, core[df12db4294e9bfd3]::option::Option<()>>::{closure#0}>
[INFO] [stdout]                                at /opt/rustwide/cargo-home/registry/src/index.crates.io-1949cf8c6b5b557f/tokio-1.53.1/src/runtime/context.rs:187:17
[INFO] [stdout]   36:     0x63fe418a3270 - <tokio[8f02549e0c0e1af3]::runtime::scheduler::current_thread::CoreGuard>::enter::<<tokio[8f02549e0c0e1af3]::runtime::scheduler::current_thread::CoreGuard>::block_on<core[df12db4294e9bfd3]::pin::Pin<&mut core[df12db4294e9bfd3]::pin::Pin<&mut dyn core[df12db4294e9bfd3]::future::future::Future<Output = ()>>>>::{closure#0}, core[df12db4294e9bfd3]::option::Option<()>>
[INFO] [stdout]                                at /opt/rustwide/cargo-home/registry/src/index.crates.io-1949cf8c6b5b557f/tokio-1.53.1/src/runtime/scheduler/current_thread/mod.rs:906:27
[INFO] [stdout]   37:     0x63fe418a3566 - <tokio[8f02549e0c0e1af3]::runtime::scheduler::current_thread::CoreGuard>::block_on::<core[df12db4294e9bfd3]::pin::Pin<&mut core[df12db4294e9bfd3]::pin::Pin<&mut dyn core[df12db4294e9bfd3]::future::future::Future<Output = ()>>>>
[INFO] [stdout]                                at /opt/rustwide/cargo-home/registry/src/index.crates.io-1949cf8c6b5b557f/tokio-1.53.1/src/runtime/scheduler/current_thread/mod.rs:817:24
[INFO] [stdout]   38:     0x63fe418a4a40 - <tokio[8f02549e0c0e1af3]::runtime::scheduler::current_thread::CurrentThread>::block_on::<core[df12db4294e9bfd3]::pin::Pin<&mut dyn core[df12db4294e9bfd3]::future::future::Future<Output = ()>>>::{closure#0}
[INFO] [stdout]                                at /opt/rustwide/cargo-home/registry/src/index.crates.io-1949cf8c6b5b557f/tokio-1.53.1/src/runtime/scheduler/current_thread/mod.rs:218:33
[INFO] [stdout]   39:     0x63fe41883838 - tokio[8f02549e0c0e1af3]::runtime::context::runtime::enter_runtime::<<tokio[8f02549e0c0e1af3]::runtime::scheduler::current_thread::CurrentThread>::block_on<core[df12db4294e9bfd3]::pin::Pin<&mut dyn core[df12db4294e9bfd3]::future::future::Future<Output = ()>>>::{closure#0}, ()>
[INFO] [stdout]                                at /opt/rustwide/cargo-home/registry/src/index.crates.io-1949cf8c6b5b557f/tokio-1.53.1/src/runtime/context/runtime.rs:65:16
[INFO] [stdout]   40:     0x63fe418a1e54 - <tokio[8f02549e0c0e1af3]::runtime::scheduler::current_thread::CurrentThread>::block_on::<core[df12db4294e9bfd3]::pin::Pin<&mut dyn core[df12db4294e9bfd3]::future::future::Future<Output = ()>>>
[INFO] [stdout]                                at /opt/rustwide/cargo-home/registry/src/index.crates.io-1949cf8c6b5b557f/tokio-1.53.1/src/runtime/scheduler/current_thread/mod.rs:206:9
[INFO] [stdout]   41:     0x63fe417cbb6f - <tokio[8f02549e0c0e1af3]::runtime::runtime::Runtime>::block_on_inner::<core[df12db4294e9bfd3]::pin::Pin<&mut dyn core[df12db4294e9bfd3]::future::future::Future<Output = ()>>>
[INFO] [stdout]                                at /opt/rustwide/cargo-home/registry/src/index.crates.io-1949cf8c6b5b557f/tokio-1.53.1/src/runtime/runtime.rs:374:52
[INFO] [stdout]   42:     0x63fe417cbcbb - <tokio[8f02549e0c0e1af3]::runtime::runtime::Runtime>::block_on::<core[df12db4294e9bfd3]::pin::Pin<&mut dyn core[df12db4294e9bfd3]::future::future::Future<Output = ()>>>
[INFO] [stdout]                                at /opt/rustwide/cargo-home/registry/src/index.crates.io-1949cf8c6b5b557f/tokio-1.53.1/src/runtime/runtime.rs:343:18
[INFO] [stdout]   43:     0x63fe4186a8fa - sabiql[3799123334f960b1]::tests::cli_sqlite_startup::activation_pins_canonical_target_for_identity_preview_and_write
[INFO] [stdout]                                at /opt/rustwide/workdir/src/tests/mod.rs:209:75
[INFO] [stdout]   44:     0x63fe41863e47 - sabiql[3799123334f960b1]::tests::cli_sqlite_startup::activation_pins_canonical_target_for_identity_preview_and_write::{closure#0}
[INFO] [stdout]                                at /opt/rustwide/workdir/src/tests/mod.rs:106:79
[INFO] [stdout]   45:     0x63fe4178d176 - <sabiql[3799123334f960b1]::tests::cli_sqlite_startup::activation_pins_canonical_target_for_identity_preview_and_write::{closure#0} as core[df12db4294e9bfd3]::ops::function::FnOnce<()>>::call_once
[INFO] [stdout]                                at /rustc/dfb0accb7f508ae8be965d8629557221c889dd98/library/core/src/ops/function.rs:250:5
[INFO] [stdout]   46:     0x63fe419beb2b - <fn() -> core[df12db4294e9bfd3]::result::Result<(), alloc[2182bb758b4b3781]::string::String> as core[df12db4294e9bfd3]::ops::function::FnOnce<()>>::call_once
[INFO] [stdout]                                at /rustc/dfb0accb7f508ae8be965d8629557221c889dd98/library/core/src/ops/function.rs:250:5
[INFO] [stdout]   47:     0x63fe419beb2b - test[9d35eded1c95d3be]::__rust_begin_short_backtrace::<core[df12db4294e9bfd3]::result::Result<(), alloc[2182bb758b4b3781]::string::String>, fn() -> core[df12db4294e9bfd3]::result::Result<(), alloc[2182bb758b4b3781]::string::String>>
[INFO] [stdout]                                at /rustc/dfb0accb7f508ae8be965d8629557221c889dd98/library/test/src/lib.rs:733:18
[INFO] [stdout]   48:     0x63fe419cc195 - test[9d35eded1c95d3be]::run_test_in_process::{closure#0}
[INFO] [stdout]                                at /rustc/dfb0accb7f508ae8be965d8629557221c889dd98/library/test/src/lib.rs:756:74
[INFO] [stdout]   49:     0x63fe419cc195 - <core[df12db4294e9bfd3]::panic::unwind_safe::AssertUnwindSafe<test[9d35eded1c95d3be]::run_test_in_process::{closure#0}> as core[df12db4294e9bfd3]::ops::function::FnOnce<()>>::call_once
[INFO] [stdout]                                at /rustc/dfb0accb7f508ae8be965d8629557221c889dd98/library/core/src/panic/unwind_safe.rs:275:9
[INFO] [stdout]   50:     0x63fe419cc195 - std[70759c8f55707aa4]::panicking::catch_unwind::do_call::<core[df12db4294e9bfd3]::panic::unwind_safe::AssertUnwindSafe<test[9d35eded1c95d3be]::run_test_in_process::{closure#0}>, core[df12db4294e9bfd3]::result::Result<(), alloc[2182bb758b4b3781]::string::String>>
[INFO] [stdout]                                at /rustc/dfb0accb7f508ae8be965d8629557221c889dd98/library/std/src/panicking.rs:576:43
[INFO] [stdout]   51:     0x63fe419cc195 - std[70759c8f55707aa4]::panicking::catch_unwind::<core[df12db4294e9bfd3]::result::Result<(), alloc[2182bb758b4b3781]::string::String>, core[df12db4294e9bfd3]::panic::unwind_safe::AssertUnwindSafe<test[9d35eded1c95d3be]::run_test_in_process::{closure#0}>>
[INFO] [stdout]                                at /rustc/dfb0accb7f508ae8be965d8629557221c889dd98/library/std/src/panicking.rs:544:19
[INFO] [stdout]   52:     0x63fe419cc195 - std[70759c8f55707aa4]::panic::catch_unwind::<core[df12db4294e9bfd3]::panic::unwind_safe::AssertUnwindSafe<test[9d35eded1c95d3be]::run_test_in_process::{closure#0}>, core[df12db4294e9bfd3]::result::Result<(), alloc[2182bb758b4b3781]::string::String>>
[INFO] [stdout]                                at /rustc/dfb0accb7f508ae8be965d8629557221c889dd98/library/std/src/panic.rs:359:14
[INFO] [stdout]   53:     0x63fe419cc195 - test[9d35eded1c95d3be]::run_test_in_process
[INFO] [stdout]                                at /rustc/dfb0accb7f508ae8be965d8629557221c889dd98/library/test/src/lib.rs:756:27
[INFO] [stdout]   54:     0x63fe419cc195 - test[9d35eded1c95d3be]::run_test::{closure#0}
[INFO] [stdout]                                at /rustc/dfb0accb7f508ae8be965d8629557221c889dd98/library/test/src/lib.rs:677:43
[INFO] [stdout]   55:     0x63fe419c5a54 - test[9d35eded1c95d3be]::run_test::{closure#1}
[INFO] [stdout]                                at /rustc/dfb0accb7f508ae8be965d8629557221c889dd98/library/test/src/lib.rs:707:41
[INFO] [stdout]   56:     0x63fe419c5a54 - std[70759c8f55707aa4]::sys::backtrace::__rust_begin_short_backtrace::<test[9d35eded1c95d3be]::run_test::{closure#1}, ()>
[INFO] [stdout]                                at /rustc/dfb0accb7f508ae8be965d8629557221c889dd98/library/std/src/sys/backtrace.rs:166:18
[INFO] [stdout]   57:     0x63fe419cf2f2 - std[70759c8f55707aa4]::thread::lifecycle::spawn_unchecked::<test[9d35eded1c95d3be]::run_test::{closure#1}, ()>::{closure#1}::{closure#0}
[INFO] [stdout]                                at /rustc/dfb0accb7f508ae8be965d8629557221c889dd98/library/std/src/thread/lifecycle.rs:70:13
[INFO] [stdout]   58:     0x63fe419cf2f2 - <core[df12db4294e9bfd3]::panic::unwind_safe::AssertUnwindSafe<std[70759c8f55707aa4]::thread::lifecycle::spawn_unchecked<test[9d35eded1c95d3be]::run_test::{closure#1}, ()>::{closure#1}::{closure#0}> as core[df12db4294e9bfd3]::ops::function::FnOnce<()>>::call_once
[INFO] [stdout]                                at /rustc/dfb0accb7f508ae8be965d8629557221c889dd98/library/core/src/panic/unwind_safe.rs:275:9
[INFO] [stdout]   59:     0x63fe419cf2f2 - std[70759c8f55707aa4]::panicking::catch_unwind::do_call::<core[df12db4294e9bfd3]::panic::unwind_safe::AssertUnwindSafe<std[70759c8f55707aa4]::thread::lifecycle::spawn_unchecked<test[9d35eded1c95d3be]::run_test::{closure#1}, ()>::{closure#1}::{closure#0}>, ()>
[INFO] [stdout]                                at /rustc/dfb0accb7f508ae8be965d8629557221c889dd98/library/std/src/panicking.rs:576:43
[INFO] [stdout]   60:     0x63fe419cf2f2 - std[70759c8f55707aa4]::panicking::catch_unwind::<(), core[df12db4294e9bfd3]::panic::unwind_safe::AssertUnwindSafe<std[70759c8f55707aa4]::thread::lifecycle::spawn_unchecked<test[9d35eded1c95d3be]::run_test::{closure#1}, ()>::{closure#1}::{closure#0}>>
[INFO] [stdout]                                at /rustc/dfb0accb7f508ae8be965d8629557221c889dd98/library/std/src/panicking.rs:544:19
[INFO] [stdout]   61:     0x63fe419cf2f2 - std[70759c8f55707aa4]::panic::catch_unwind::<core[df12db4294e9bfd3]::panic::unwind_safe::AssertUnwindSafe<std[70759c8f55707aa4]::thread::lifecycle::spawn_unchecked<test[9d35eded1c95d3be]::run_test::{closure#1}, ()>::{closure#1}::{closure#0}>, ()>
[INFO] [stdout]                                at /rustc/dfb0accb7f508ae8be965d8629557221c889dd98/library/std/src/panic.rs:359:14
[INFO] [stdout]   62:     0x63fe419cf2f2 - std[70759c8f55707aa4]::thread::lifecycle::spawn_unchecked::<test[9d35eded1c95d3be]::run_test::{closure#1}, ()>::{closure#1}
[INFO] [stdout]                                at /rustc/dfb0accb7f508ae8be965d8629557221c889dd98/library/std/src/thread/lifecycle.rs:68:26
[INFO] [stdout]   63:     0x63fe419cf2f2 - <std[70759c8f55707aa4]::thread::lifecycle::spawn_unchecked<test[9d35eded1c95d3be]::run_test::{closure#1}, ()>::{closure#1} as core[df12db4294e9bfd3]::ops::function::FnOnce<()>>::call_once::{shim:vtable#0}
[INFO] [stdout]                                at /rustc/dfb0accb7f508ae8be965d8629557221c889dd98/library/core/src/ops/function.rs:250:5
[INFO] [stdout]   64:     0x63fe421bb8b9 - <alloc[2182bb758b4b3781]::boxed::Box<dyn core[df12db4294e9bfd3]::ops::function::FnOnce<(), Output = ()> + core[df12db4294e9bfd3]::marker::Send> as core[df12db4294e9bfd3]::ops::function::FnOnce<()>>::call_once
[INFO] [stdout]                                at /rustc/dfb0accb7f508ae8be965d8629557221c889dd98/library/alloc/src/boxed.rs:2320:9
[INFO] [stdout]   65:     0x63fe421bb8b9 - <std[70759c8f55707aa4]::sys::thread::unix::Thread>::new::thread_start
[INFO] [stdout]                                at /rustc/dfb0accb7f508ae8be965d8629557221c889dd98/library/std/src/sys/thread/unix.rs:123:17
[INFO] [stdout]   66:     0x7e778f6b5dfa - <unknown>
[INFO] [stdout]   67:     0x7e778f7493d4 - clone
[INFO] [stdout]   68:                0x0 - <unknown>
[INFO] [stdout] 
[INFO] [stdout] 
[INFO] [stdout] failures:
[INFO] [stdout]     tests::cli_sqlite_startup::activation_pins_canonical_target_for_identity_preview_and_write
[INFO] [stdout] 
[INFO] [stdout] test result: FAILED. 200 passed; 1 failed; 67 ignored; 0 measured; 0 filtered out; finished in 2.20s
[INFO] [stdout] 
[INFO] [stderr] error: test failed, to rerun pass `--bin sabiql`
[INFO] running `Command { std: "docker" "inspect" "577beb9e2d1406aec571ed5961f7c87ab8ddb91a54085605d246bc9caad5e04f", kill_on_drop: false }`
[INFO] running `Command { std: "docker" "rm" "-f" "577beb9e2d1406aec571ed5961f7c87ab8ddb91a54085605d246bc9caad5e04f", kill_on_drop: false }`
[INFO] [stdout] 577beb9e2d1406aec571ed5961f7c87ab8ddb91a54085605d246bc9caad5e04f
